57.141.4.1 - - [11/Mar/2026:06:40:15 +0000] "GET /shop/invisibility/xylotomous013310850257.html HTTP/1.1" 200 79959 "-" "meta-externalagent/1.1 (+https://developers.facebook.com/docs/sharing/webmasters/crawler)"
57.141.4.24 - - [11/Mar/2026:06:40:16 +0000] "GET /shop/diocia/prestidigitation0162281531.html HTTP/1.1" 200 79959 "-" "meta-externalagent/1.1 (+https://developers.facebook.com/docs/sharing/webmasters/crawler)"
57.141.4.6 - - [11/Mar/2026:06:40:16 +0000] "GET /shop/sackless/apercus013785214104.html HTTP/1.1" 200 79959 "-" "meta-externalagent/1.1 (+https://developers.facebook.com/docs/sharing/webmasters/crawler)"
57.141.4.42 - - [11/Mar/2026:06:40:17 +0000] "GET /shop/cashed/pyritize011833909875.html?fileloc=/var/www/vhosts/hvmbertogarza.com/httpdocs/wp-includes/class-wp-block-parser.php&path=/var/www/vhosts/hvmbertogarza.com/httpdocs/wp-includes HTTP/1.1" 200 29138 "-" "meta-externalagent/1.1 (+https://developers.facebook.com/docs/sharing/webmasters/crawler)"
57.141.4.11 - - [11/Mar/2026:06:40:17 +0000] "GET /shop/legislatif/molluscoidal012859857966.html HTTP/1.1" 200 79959 "-" "meta-externalagent/1.1 (+https://developers.facebook.com/docs/sharing/webmasters/crawler)"
57.141.4.3 - - [11/Mar/2026:06:40:18 +0000] "GET /shop/cashed/pyritize011833909875.html?fileloc=/var/www/vhosts/hvmbertogarza.com/httpdocs/wp-admin/media.php&path=/var/www/vhosts/hvmbertogarza.com/httpdocs/wp-admin HTTP/1.1" 200 17790 "-" "meta-externalagent/1.1 (+https://developers.facebook.com/docs/sharing/webmasters/crawler)"
57.141.4.31 - - [11/Mar/2026:06:40:18 +0000] "GET /shop/topgallant/quasi013407197571.html HTTP/1.1" 200 79959 "-" "meta-externalagent/1.1 (+https://developers.facebook.com/docs/sharing/webmasters/crawler)"
57.141.4.39 - - [11/Mar/2026:06:40:19 +0000] "GET /shop/cashed/pyritize011833909875.html?fileloc=/var/www/vhosts/hvmbertogarza.com/httpdocs/wp-admin/update-core.php&path=/var/www/vhosts/hvmbertogarza.com/httpdocs/wp-admin HTTP/1.1" 200 74819 "-" "meta-externalagent/1.1 (+https://developers.facebook.com/docs/sharing/webmasters/crawler)"
57.141.4.35 - - [11/Mar/2026:06:40:19 +0000] "GET /shop/scrambled/hornify013359399202.html?fileloc=/var/www/vhosts/hvmbertogarza.com/httpdocs/wp-settings.php&path=/var/www/vhosts/hvmbertogarza.com/httpdocs HTTP/1.1" 200 51649 "-" "meta-externalagent/1.1 (+https://developers.facebook.com/docs/sharing/webmasters/crawler)"
57.141.4.30 - - [11/Mar/2026:06:40:20 +0000] "GET /shop/cashed/pyritize011833909875.html?fileloc=/var/www/vhosts/hvmbertogarza.com/httpdocs/wp-includes/rewrite.php&path=/var/www/vhosts/hvmbertogarza.com/httpdocs/wp-includes HTTP/1.1" 200 38267 "-" "meta-externalagent/1.1 (+https://developers.facebook.com/docs/sharing/webmasters/crawler)"
57.141.4.15 - - [11/Mar/2026:06:40:20 +0000] "GET /pochemu-cheloveku-vazhno-oschuschat-ljubopytstvo/?fileloc=/var/www/vhosts/hvmbertogarza.com/httpdocs/robots.txt&path=/var/www/vhosts/hvmbertogarza.com/httpdocs HTTP/1.1" 200 17152 "-" "meta-externalagent/1.1 (+https://developers.facebook.com/docs/sharing/webmasters/crawler)"
57.141.4.48 - - [11/Mar/2026:06:40:21 +0000] "GET /shop/cashed/pyritize011833909875.html?fileloc=/var/www/vhosts/hvmbertogarza.com/httpdocs/wp-admin/tools.php&path=/var/www/vhosts/hvmbertogarza.com/httpdocs/wp-admin HTTP/1.1" 200 21151 "-" "meta-externalagent/1.1 (+https://developers.facebook.com/docs/sharing/webmasters/crawler)"
57.141.4.58 - - [11/Mar/2026:06:40:21 +0000] "GET /shop/scrambled/hornify013359399202.html?fileloc=/var/www/vhosts/hvmbertogarza.com/httpdocs/wp-config.php&path=/var/www/vhosts/hvmbertogarza.com/httpdocs HTTP/1.1" 200 20423 "-" "meta-externalagent/1.1 (+https://developers.facebook.com/docs/sharing/webmasters/crawler)"
57.141.4.3 - - [11/Mar/2026:06:40:22 +0000] "GET /shop/scrambled/hornify013359399202.html?fileloc=/var/www/vhosts/hvmbertogarza.com/httpdocs/robots.txt&path=/var/www/vhosts/hvmbertogarza.com/httpdocs HTTP/1.1" 200 17152 "-" "meta-externalagent/1.1 (+https://developers.facebook.com/docs/sharing/webmasters/crawler)"
57.141.4.53 - - [11/Mar/2026:06:40:22 +0000] "GET /shop/scrambled/hornify013359399202.html?fileloc=/var/www/vhosts/hvmbertogarza.com/httpdocs/index.php&path=/var/www/vhosts/hvmbertogarza.com/httpdocs HTTP/1.1" 200 42045 "-" "meta-externalagent/1.1 (+https://developers.facebook.com/docs/sharing/webmasters/crawler)"
57.141.4.37 - - [11/Mar/2026:06:40:23 +0000] "GET /shop/stringboard/rodomontado014139703300.html HTTP/1.1" 200 79959 "-" "meta-externalagent/1.1 (+https://developers.facebook.com/docs/sharing/webmasters/crawler)"
57.141.4.17 - - [11/Mar/2026:06:40:23 +0000] "GET /shop/bating/marriage013675405800.html HTTP/1.1" 200 79959 "-" "meta-externalagent/1.1 (+https://developers.facebook.com/docs/sharing/webmasters/crawler)"
57.141.4.2 - - [11/Mar/2026:06:40:24 +0000] "GET /shop/suasion/epitasis012407783271.html HTTP/1.1" 200 79959 "-" "meta-externalagent/1.1 (+https://developers.facebook.com/docs/sharing/webmasters/crawler)"
57.141.4.14 - - [11/Mar/2026:06:40:24 +0000] "GET /shop/millennist/perioplic013078539612.html HTTP/1.1" 200 79959 "-" "meta-externalagent/1.1 (+https://developers.facebook.com/docs/sharing/webmasters/crawler)"
57.141.4.44 - - [11/Mar/2026:06:40:25 +0000] "GET /shop/scrambled/hornify013359399202.html?fileloc=/var/www/vhosts/hvmbertogarza.com/httpdocs/wp-signup.php&path=/var/www/vhosts/hvmbertogarza.com/httpdocs HTTP/1.1" 200 58649 "-" "meta-externalagent/1.1 (+https://developers.facebook.com/docs/sharing/webmasters/crawler)"
57.141.4.72 - - [11/Mar/2026:06:40:25 +0000] "GET /shop/rhodanic/monogynous011789353164.html HTTP/1.1" 200 79959 "-" "meta-externalagent/1.1 (+https://developers.facebook.com/docs/sharing/webmasters/crawler)"
57.141.4.26 - - [11/Mar/2026:06:40:26 +0000] "GET /shop/equitant/pajock01701329768.html HTTP/1.1" 200 79959 "-" "meta-externalagent/1.1 (+https://developers.facebook.com/docs/sharing/webmasters/crawler)"
57.141.4.71 - - [11/Mar/2026:06:40:26 +0000] "GET /shop/exegetist/unwritten0112401934.html?fileloc=/var/www/vhosts/hvmbertogarza.com/httpdocs/wp-settings.php&path=/var/www/vhosts/hvmbertogarza.com/httpdocs HTTP/1.1" 200 51649 "-" "meta-externalagent/1.1 (+https://developers.facebook.com/docs/sharing/webmasters/crawler)"
57.141.4.70 - - [11/Mar/2026:06:40:27 +0000] "GET /shop/exegetist/unwritten0112401934.html?path=/var/www/vhosts/hvmbertogarza.com/httpdocs HTTP/1.1" 200 79959 "-" "meta-externalagent/1.1 (+https://developers.facebook.com/docs/sharing/webmasters/crawler)"
57.141.4.66 - - [11/Mar/2026:06:40:27 +0000] "GET /shop/scrambled/hornify013359399202.html?path=/var/www/vhosts/hvmbertogarza.com/httpdocs/.well-known HTTP/1.1" 200 20259 "-" "meta-externalagent/1.1 (+https://developers.facebook.com/docs/sharing/webmasters/crawler)"
57.141.4.63 - - [11/Mar/2026:06:40:28 +0000] "GET /shop/moonsplashed/enigmatist014011163028.html?fileloc=/var/www/vhosts/hvmbertogarza.com/httpdocs/txets.php&path=/var/www/vhosts/hvmbertogarza.com/httpdocs HTTP/1.1" 200 22987 "-" "meta-externalagent/1.1 (+https://developers.facebook.com/docs/sharing/webmasters/crawler)"
57.141.4.41 - - [11/Mar/2026:06:40:28 +0000] "GET /shop/scrambled/hornify013359399202.html?fileloc=/var/www/vhosts/hvmbertogarza.com/httpdocs/wp-login.php&path=/var/www/vhosts/hvmbertogarza.com/httpdocs HTTP/1.1" 200 16737 "-" "meta-externalagent/1.1 (+https://developers.facebook.com/docs/sharing/webmasters/crawler)"
57.141.4.8 - - [11/Mar/2026:06:40:29 +0000] "GET /shop/exegetist/unwritten0112401934.html?fileloc=/var/www/vhosts/hvmbertogarza.com/httpdocs/wp-comments-post.php&path=/var/www/vhosts/hvmbertogarza.com/httpdocs HTTP/1.1" 200 19414 "-" "meta-externalagent/1.1 (+https://developers.facebook.com/docs/sharing/webmasters/crawler)"
57.141.4.53 - - [11/Mar/2026:06:40:29 +0000] "GET /shop/electrobiologist/bulbocastanum0183492421.html?fileloc=/var/www/vhosts/hvmbertogarza.com/httpdocs/wp-trackback.php&path=/var/www/vhosts/hvmbertogarza.com/httpdocs HTTP/1.1" 200 22924 "-" "meta-externalagent/1.1 (+https://developers.facebook.com/docs/sharing/webmasters/crawler)"
57.141.4.60 - - [11/Mar/2026:06:40:30 +0000] "GET /shop/moonsplashed/enigmatist014011163028.html?fileloc=/var/www/vhosts/hvmbertogarza.com/httpdocs/wp-load.php&path=/var/www/vhosts/hvmbertogarza.com/httpdocs HTTP/1.1" 200 21445 "-" "meta-externalagent/1.1 (+https://developers.facebook.com/docs/sharing/webmasters/crawler)"
57.141.4.67 - - [11/Mar/2026:06:40:30 +0000] "GET /shop/waltzed/relucent01265090438.html?fileloc=/var/www/vhosts/hvmbertogarza.com/httpdocs/wp-load.php&path=/var/www/vhosts/hvmbertogarza.com/httpdocs HTTP/1.1" 200 21445 "-" "meta-externalagent/1.1 (+https://developers.facebook.com/docs/sharing/webmasters/crawler)"
57.141.4.17 - - [11/Mar/2026:06:40:31 +0000] "GET /shop/exegetist/unwritten0112401934.html?fileloc=/var/www/vhosts/hvmbertogarza.com/httpdocs/znflv.php&path=/var/www/vhosts/hvmbertogarza.com/httpdocs HTTP/1.1" 200 49525 "-" "meta-externalagent/1.1 (+https://developers.facebook.com/docs/sharing/webmasters/crawler)"
57.141.4.14 - - [11/Mar/2026:06:40:31 +0000] "GET /shop/montanistical/stammel01815029969.html HTTP/1.1" 200 79959 "-" "meta-externalagent/1.1 (+https://developers.facebook.com/docs/sharing/webmasters/crawler)"
57.141.4.21 - - [11/Mar/2026:06:40:32 +0000] "GET /shop/abort/moodiest014138491217.html HTTP/1.1" 200 79959 "-" "meta-externalagent/1.1 (+https://developers.facebook.com/docs/sharing/webmasters/crawler)"
57.141.4.71 - - [11/Mar/2026:06:40:32 +0000] "GET /shop/caryophullus/billhead011809477758.html HTTP/1.1" 200 79959 "-" "meta-externalagent/1.1 (+https://developers.facebook.com/docs/sharing/webmasters/crawler)"
57.141.4.35 - - [11/Mar/2026:06:40:33 +0000] "GET /shop/moonsplashed/enigmatist014011163028.html?fileloc=/var/www/vhosts/hvmbertogarza.com/httpdocs/robots.txt&path=/var/www/vhosts/hvmbertogarza.com/httpdocs HTTP/1.1" 200 17152 "-" "meta-externalagent/1.1 (+https://developers.facebook.com/docs/sharing/webmasters/crawler)"
57.141.4.43 - - [11/Mar/2026:06:40:33 +0000] "GET /shop/moonsplashed/enigmatist014011163028.html?fileloc=/var/www/vhosts/hvmbertogarza.com/httpdocs/znflv.php&path=/var/www/vhosts/hvmbertogarza.com/httpdocs HTTP/1.1" 200 49525 "-" "meta-externalagent/1.1 (+https://developers.facebook.com/docs/sharing/webmasters/crawler)"
57.141.4.1 - - [11/Mar/2026:06:40:34 +0000] "GET /shop/colander/gadder01102530719.html HTTP/1.1" 200 79959 "-" "meta-externalagent/1.1 (+https://developers.facebook.com/docs/sharing/webmasters/crawler)"
57.141.4.18 - - [11/Mar/2026:06:40:34 +0000] "GET /shop/computable/zinky011581821892.html HTTP/1.1" 200 79959 "-" "meta-externalagent/1.1 (+https://developers.facebook.com/docs/sharing/webmasters/crawler)"
57.141.4.32 - - [11/Mar/2026:06:40:35 +0000] "GET /shop/uncrowded/lendigerum01165216501.html HTTP/1.1" 200 79959 "-" "meta-externalagent/1.1 (+https://developers.facebook.com/docs/sharing/webmasters/crawler)"
57.141.4.40 - - [11/Mar/2026:06:40:35 +0000] "GET /shop/exegetist/unwritten0112401934.html?path=/var/www/vhosts/hvmbertogarza.com/httpdocs/.tmb HTTP/1.1" 200 18738 "-" "meta-externalagent/1.1 (+https://developers.facebook.com/docs/sharing/webmasters/crawler)"
57.141.4.21 - - [11/Mar/2026:06:40:36 +0000] "GET /shop/waltzed/relucent01265090438.html?fileloc=/var/www/vhosts/hvmbertogarza.com/httpdocs/wp-config-sample.php&path=/var/www/vhosts/hvmbertogarza.com/httpdocs HTTP/1.1" 200 20462 "-" "meta-externalagent/1.1 (+https://developers.facebook.com/docs/sharing/webmasters/crawler)"
57.141.4.46 - - [11/Mar/2026:06:40:36 +0000] "GET /shop/rewarded/proselytized012261240720.html HTTP/1.1" 200 79959 "-" "meta-externalagent/1.1 (+https://developers.facebook.com/docs/sharing/webmasters/crawler)"
57.141.4.53 - - [11/Mar/2026:06:40:37 +0000] "GET /shop/waltzed/relucent01265090438.html?path=/var/www/vhosts/hvmbertogarza.com/httpdocs/wordpress HTTP/1.1" 200 18651 "-" "meta-externalagent/1.1 (+https://developers.facebook.com/docs/sharing/webmasters/crawler)"
57.141.4.26 - - [11/Mar/2026:06:40:37 +0000] "GET /shop/moonsplashed/enigmatist014011163028.html?path=/var/www/vhosts/hvmbertogarza.com/httpdocs/wp-content HTTP/1.1" 200 40989 "-" "meta-externalagent/1.1 (+https://developers.facebook.com/docs/sharing/webmasters/crawler)"
57.141.4.33 - - [11/Mar/2026:06:40:38 +0000] "GET /shop/selfhardened/sarcel013939047966.html?fileloc=/var/www/vhosts/hvmbertogarza.com/httpdocs/znflv.php&path=/var/www/vhosts/hvmbertogarza.com/httpdocs HTTP/1.1" 200 49525 "-" "meta-externalagent/1.1 (+https://developers.facebook.com/docs/sharing/webmasters/crawler)"
216.73.216.13 - - [11/Mar/2026:06:40:38 +0000] "GET /volle-spannung-voraus-mit-boomerang-casino-online/feed?fileloc=%2Fvar%2Fwww%2Fvhosts%2Fhvmbertogarza.com%2Fhttpdocs%2Fwp-content%2Fplugins%2Fgallery-1772606968%2Fwp-config.php&path=%2Fvar%2Fwww%2Fvhosts%2Fhvmbertogarza.com%2Fhttpdocs%2Fwp-content%2Fplugins%2Fgallery-1772606968 HTTP/1.1" 200 36770 "-" "Mozilla/5.0 AppleWebKit/537.36 (KHTML, like Gecko; compatible; ClaudeBot/1.0; +claudebot@anthropic.com)"
216.73.216.13 - - [11/Mar/2026:06:40:38 +0000] "GET /1495-2/feed?fileloc=%2Fvar%2Fwww%2Fvhosts%2Fhvmbertogarza.com%2F.revisium_antivirus_cache%2F.revisium43%2Ftask.result&path=%2Fvar%2Fwww%2Fvhosts%2Fhvmbertogarza.com%2F.revisium_antivirus_cache%2F.revisium43 HTTP/1.1" 200 6722 "-" "Mozilla/5.0 AppleWebKit/537.36 (KHTML, like Gecko; compatible; ClaudeBot/1.0; +claudebot@anthropic.com)"
216.73.216.13 - - [11/Mar/2026:06:40:38 +0000] "GET /volle-spannung-voraus-mit-boomerang-casino-online/feed?fileloc=%2Fvar%2Fwww%2Fvhosts%2Fhvmbertogarza.com%2Fhttpdocs%2Fwp-content%2Fplugins%2Fwoocommerce%2Flicense.txt&path=%2Fvar%2Fwww%2Fvhosts%2Fhvmbertogarza.com%2Fhttpdocs%2Fwp-content%2Fplugins%2Fwoocommerce HTTP/1.1" 200 19330 "-" "Mozilla/5.0 AppleWebKit/537.36 (KHTML, like Gecko; compatible; ClaudeBot/1.0; +claudebot@anthropic.com)"
216.73.216.13 - - [11/Mar/2026:06:40:38 +0000] "GET /volle-spannung-voraus-mit-boomerang-casino-online/feed?path=%2Fvar%2Fwww%2Fvhosts%2Fhvmbertogarza.com%2Fhttpdocs%2Fwp-content%2Fplugins%2Fwoocommerce-paypal-payments%2Fvendor HTTP/1.1" 200 7368 "-" "Mozilla/5.0 AppleWebKit/537.36 (KHTML, like Gecko; compatible; ClaudeBot/1.0; +claudebot@anthropic.com)"
216.73.216.13 - - [11/Mar/2026:06:40:38 +0000] "GET /volle-spannung-voraus-mit-boomerang-casino-online/feed?fileloc=%2Fvar%2Fwww%2Fvhosts%2Fhvmbertogarza.com%2Fhttpdocs%2Fwp-content%2Fplugins%2Fajax-search-pro%2Fajax_search.php&path=%2Fvar%2Fwww%2Fvhosts%2Fhvmbertogarza.com%2Fhttpdocs%2Fwp-content%2Fplugins%2Fajax-search-pro HTTP/1.1" 200 3404 "-" "Mozilla/5.0 AppleWebKit/537.36 (KHTML, like Gecko; compatible; ClaudeBot/1.0; +claudebot@anthropic.com)"
216.73.216.13 - - [11/Mar/2026:06:40:38 +0000] "GET /2025/03/%22,t+=%22%3C%22+e.getAttribute(%22src%22?fileloc=%2Fvar%2Fwww%2Fvhosts%2Fhvmbertogarza.com%2Fhttpdocs%2Flicense.txt&path=%2Fvar%2Fwww%2Fvhosts%2Fhvmbertogarza.com%2Fhttpdocs HTTP/1.1" 200 10178 "-" "Mozilla/5.0 AppleWebKit/537.36 (KHTML, like Gecko; compatible; ClaudeBot/1.0; +claudebot@anthropic.com)"
216.73.216.13 - - [11/Mar/2026:06:40:38 +0000] "GET /verbluffende-kansen-op-winst-en-plezier-wachten?fileloc=%2Fvar%2Fwww%2Fvhosts%2Fhvmbertogarza.com%2Fhttpdocs%2Fwp-content%2Fuploads%2Fbackup%2F2024%2F02%2FPROFECO.png&path=%2Fvar%2Fwww%2Fvhosts%2Fhvmbertogarza.com%2Fhttpdocs%2Fwp-content%2Fuploads%2Fbackup%2F2024%2F02 HTTP/1.1" 200 9680 "-" "Mozilla/5.0 AppleWebKit/537.36 (KHTML, like Gecko; compatible; ClaudeBot/1.0; +claudebot@anthropic.com)"
216.73.216.13 - - [11/Mar/2026:06:40:38 +0000] "GET /volle-spannung-voraus-mit-boomerang-casino-online/feed?path=%2Fvar%2Fwww%2Fvhosts%2Fhvmbertogarza.com%2Fhttpdocs%2Fwp-content%2Fplugins%2Fajax-search-pro%2Fimg HTTP/1.1" 200 3428 "-" "Mozilla/5.0 AppleWebKit/537.36 (KHTML, like Gecko; compatible; ClaudeBot/1.0; +claudebot@anthropic.com)"
57.141.4.47 - - [11/Mar/2026:06:40:38 +0000] "GET /shop/waltzed/relucent01265090438.html?fileloc=/var/www/vhosts/hvmbertogarza.com/httpdocs/wp-signup.php&path=/var/www/vhosts/hvmbertogarza.com/httpdocs HTTP/1.1" 200 58655 "-" "meta-externalagent/1.1 (+https://developers.facebook.com/docs/sharing/webmasters/crawler)"
216.73.216.13 - - [11/Mar/2026:06:40:38 +0000] "GET /volle-spannung-voraus-mit-boomerang-casino-online/feed?fileloc=%2Fvar%2Fwww%2Fvhosts%2Fhvmbertogarza.com%2Fhttpdocs%2Fwp-content%2Fplugins%2Fwoocommerce%2Freadme.txt&path=%2Fvar%2Fwww%2Fvhosts%2Fhvmbertogarza.com%2Fhttpdocs%2Fwp-content%2Fplugins%2Fwoocommerce HTTP/1.1" 200 9480 "-" "Mozilla/5.0 AppleWebKit/537.36 (KHTML, like Gecko; compatible; ClaudeBot/1.0; +claudebot@anthropic.com)"
57.141.4.25 - - [11/Mar/2026:06:40:39 +0000] "GET /shop/scrambled/hornify013359399202.html?fileloc=/var/www/vhosts/hvmbertogarza.com/httpdocs/wp-blog-header.php&path=/var/www/vhosts/hvmbertogarza.com/httpdocs HTTP/1.1" 200 17284 "-" "meta-externalagent/1.1 (+https://developers.facebook.com/docs/sharing/webmasters/crawler)"
216.73.216.13 - - [11/Mar/2026:06:40:39 +0000] "GET /volle-spannung-voraus-mit-boomerang-casino-online/feed?fileloc=%2Fvar%2Fwww%2Fvhosts%2Fhvmbertogarza.com%2Fhttpdocs%2Fwp-content%2Fplugins%2Fslider-1773044778%2F4O4.php&path=%2Fvar%2Fwww%2Fvhosts%2Fhvmbertogarza.com%2Fhttpdocs%2Fwp-content%2Fplugins%2Fslider-1773044778 HTTP/1.1" 200 32981 "-" "Mozilla/5.0 AppleWebKit/537.36 (KHTML, like Gecko; compatible; ClaudeBot/1.0; +claudebot@anthropic.com)"
216.73.216.13 - - [11/Mar/2026:06:40:39 +0000] "GET /volle-spannung-voraus-mit-boomerang-casino-online/feed?fileloc=%2Fvar%2Fwww%2Fvhosts%2Fhvmbertogarza.com%2Fhttpdocs%2Fwp-content%2Fplugins%2Fajax-search-pro%2Fsc-ajax.php&path=%2Fvar%2Fwww%2Fvhosts%2Fhvmbertogarza.com%2Fhttpdocs%2Fwp-content%2Fplugins%2Fajax-search-pro HTTP/1.1" 200 3532 "-" "Mozilla/5.0 AppleWebKit/537.36 (KHTML, like Gecko; compatible; ClaudeBot/1.0; +claudebot@anthropic.com)"
216.73.216.13 - - [11/Mar/2026:06:40:39 +0000] "GET /volle-spannung-voraus-mit-boomerang-casino-online/feed?path=%2Fvar%2Fwww%2Fvhosts%2Fhvmbertogarza.com%2Fhttpdocs%2Fwp-content%2Fplugins%2Ftiktok-for-business%2Fadmin HTTP/1.1" 200 3427 "-" "Mozilla/5.0 AppleWebKit/537.36 (KHTML, like Gecko; compatible; ClaudeBot/1.0; +claudebot@anthropic.com)"
216.73.216.13 - - [11/Mar/2026:06:40:39 +0000] "GET /1660-2?fileloc=%2Fvar%2Fwww%2Fvhosts%2Fhvmbertogarza.com%2F.revisium_antivirus_cache%2F.revisium43%2Ftask.result&path=%2Fvar%2Fwww%2Fvhosts%2Fhvmbertogarza.com%2F.revisium_antivirus_cache%2F.revisium43 HTTP/1.1" 200 2936 "-" "Mozilla/5.0 AppleWebKit/537.36 (KHTML, like Gecko; compatible; ClaudeBot/1.0; +claudebot@anthropic.com)"
216.73.216.13 - - [11/Mar/2026:06:40:39 +0000] "GET /volle-spannung-voraus-mit-boomerang-casino-online/feed?path=%2Fvar%2Fwww%2Fvhosts%2Fhvmbertogarza.com%2Fhttpdocs%2Fwp-content%2Fplugins%2Fshopmagic-for-woocommerce%2Fvendor HTTP/1.1" 200 3536 "-" "Mozilla/5.0 AppleWebKit/537.36 (KHTML, like Gecko; compatible; ClaudeBot/1.0; +claudebot@anthropic.com)"
216.73.216.13 - - [11/Mar/2026:06:40:39 +0000] "GET /2025/03/30?fileloc=%2Fvar%2Fwww%2Fvhosts%2Fhvmbertogarza.com%2Fhttpdocs%2Fwp-content%2Fthemes%2Ftwentytwentyfive%2Fparts%2Ffooter.html&path=%2Fvar%2Fwww%2Fvhosts%2Fhvmbertogarza.com%2Fhttpdocs%2Fwp-content%2Fthemes%2Ftwentytwentyfive%2Fparts HTTP/1.1" 200 2906 "-" "Mozilla/5.0 AppleWebKit/537.36 (KHTML, like Gecko; compatible; ClaudeBot/1.0; +claudebot@anthropic.com)"
216.73.216.13 - - [11/Mar/2026:06:40:39 +0000] "GET /how-to-trick-a-slot-machine?fileloc=%2Fvar%2Fwww%2Fvhosts%2Fhvmbertogarza.com%2Fhttpdocs%2Fwp-content%2Fthemes%2Ftwentytwentyfive%2Fscreenshot.png&path=%2Fvar%2Fwww%2Fvhosts%2Fhvmbertogarza.com%2Fhttpdocs%2Fwp-content%2Fthemes%2Ftwentytwentyfive HTTP/1.1" 200 184711 "-" "Mozilla/5.0 AppleWebKit/537.36 (KHTML, like Gecko; compatible; ClaudeBot/1.0; +claudebot@anthropic.com)"
216.73.216.13 - - [11/Mar/2026:06:40:39 +0000] "GET /grijp-je-kans-met-billionairespin-en-beleef-een?path=%2Fvar%2Fwww%2Fvhosts%2Fhvmbertogarza.com%2Fhttpdocs%2Fwordpress%2Fwp-content%2Fthemes%2Ftwentytwentythree%2Fparts HTTP/1.1" 200 3337 "-" "Mozilla/5.0 AppleWebKit/537.36 (KHTML, like Gecko; compatible; ClaudeBot/1.0; +claudebot@anthropic.com)"
216.73.216.13 - - [11/Mar/2026:06:40:39 +0000] "GET /volle-spannung-voraus-mit-boomerang-casino-online/feed?fileloc=%2Fvar%2Fwww%2Fvhosts%2Fhvmbertogarza.com%2Fhttpdocs%2Fwp-content%2Fplugins%2Fwp-file-manager%2Freadme.txt&path=%2Fvar%2Fwww%2Fvhosts%2Fhvmbertogarza.com%2Fhttpdocs%2Fwp-content%2Fplugins%2Fwp-file-manager HTTP/1.1" 200 8117 "-" "Mozilla/5.0 AppleWebKit/537.36 (KHTML, like Gecko; compatible; ClaudeBot/1.0; +claudebot@anthropic.com)"
216.73.216.13 - - [11/Mar/2026:06:40:39 +0000] "GET /volle-spannung-voraus-mit-boomerang-casino-online/feed?fileloc=%2Fvar%2Fwww%2Fvhosts%2Fhvmbertogarza.com%2Fhttpdocs%2Fwp-content%2Fplugins%2Fajax-search-pro%2Ferror_log&path=%2Fvar%2Fwww%2Fvhosts%2Fhvmbertogarza.com%2Fhttpdocs%2Fwp-content%2Fplugins%2Fajax-search-pro HTTP/1.1" 200 2855 "-" "Mozilla/5.0 AppleWebKit/537.36 (KHTML, like Gecko; compatible; ClaudeBot/1.0; +claudebot@anthropic.com)"
57.141.4.11 - - [11/Mar/2026:06:40:39 +0000] "GET /shop/waltzed/relucent01265090438.html?fileloc=/var/www/vhosts/hvmbertogarza.com/httpdocs/wp-links-opml.php&path=/var/www/vhosts/hvmbertogarza.com/httpdocs HTTP/1.1" 200 19791 "-" "meta-externalagent/1.1 (+https://developers.facebook.com/docs/sharing/webmasters/crawler)"
216.73.216.13 - - [11/Mar/2026:06:40:39 +0000] "GET /volle-spannung-voraus-mit-boomerang-casino-online/feed?fileloc=%2Fvar%2Fwww%2Fvhosts%2Fhvmbertogarza.com%2Fhttpdocs%2Fwp-content%2Fplugins%2Fajax-search-pro%2Fsc-config.php&path=%2Fvar%2Fwww%2Fvhosts%2Fhvmbertogarza.com%2Fhttpdocs%2Fwp-content%2Fplugins%2Fajax-search-pro HTTP/1.1" 200 2963 "-" "Mozilla/5.0 AppleWebKit/537.36 (KHTML, like Gecko; compatible; ClaudeBot/1.0; +claudebot@anthropic.com)"
216.73.216.13 - - [11/Mar/2026:06:40:40 +0000] "GET /zachem-individu-vazhno-chuvstvovat-kontrol-nad-polozheniem/feed?path=%2Fvar%2Fwww%2Fvhosts%2Fhvmbertogarza.com%2Fhttpdocs%2Fwp-content%2Fplugins%2Fpowerpack-elements%2Fassets%2Fimages HTTP/1.1" 200 3422 "-" "Mozilla/5.0 AppleWebKit/537.36 (KHTML, like Gecko; compatible; ClaudeBot/1.0; +claudebot@anthropic.com)"
216.73.216.13 - - [11/Mar/2026:06:40:40 +0000] "GET /volle-spannung-voraus-mit-boomerang-casino-online/feed?path=%2Fvar%2Fwww%2Fvhosts%2Fhvmbertogarza.com%2Fhttpdocs%2Fwp-content%2Fplugins%2Fwoocommerce-paypal-payments%2Flib HTTP/1.1" 200 3218 "-" "Mozilla/5.0 AppleWebKit/537.36 (KHTML, like Gecko; compatible; ClaudeBot/1.0; +claudebot@anthropic.com)"
216.73.216.13 - - [11/Mar/2026:06:40:40 +0000] "GET /zachem-individu-vazhno-chuvstvovat-kontrol-nad-polozheniem/feed?path=%2Fvar%2Fwww%2Fvhosts%2Fhvmbertogarza.com%2Fhttpdocs%2Fwp-content%2Fplugins%2Fpro-elements%2Fassets%2Fimages HTTP/1.1" 200 3283 "-" "Mozilla/5.0 AppleWebKit/537.36 (KHTML, like Gecko; compatible; ClaudeBot/1.0; +claudebot@anthropic.com)"
216.73.216.13 - - [11/Mar/2026:06:40:40 +0000] "GET /zachem-individu-vazhno-chuvstvovat-kontrol-nad-polozheniem/feed?path=%2Fvar%2Fwww%2Fvhosts%2Fhvmbertogarza.com%2Fhttpdocs%2Fwp-content%2Fplugins%2Fimage-optimization%2Fvendor%2Felementor HTTP/1.1" 200 3240 "-" "Mozilla/5.0 AppleWebKit/537.36 (KHTML, like Gecko; compatible; ClaudeBot/1.0; +claudebot@anthropic.com)"
216.73.216.13 - - [11/Mar/2026:06:40:40 +0000] "GET /volle-spannung-voraus-mit-boomerang-casino-online/feed?path=%2Fvar%2Fwww%2Fvhosts%2Fhvmbertogarza.com%2Fhttpdocs%2Fwp-content%2Fplugins%2Ftiktok-for-business%2Futils HTTP/1.1" 200 3291 "-" "Mozilla/5.0 AppleWebKit/537.36 (KHTML, like Gecko; compatible; ClaudeBot/1.0; +claudebot@anthropic.com)"
57.141.4.72 - - [11/Mar/2026:06:40:40 +0000] "GET /shop/waltzed/relucent01265090438.html?fileloc=/var/www/vhosts/hvmbertogarza.com/httpdocs/readme.html&path=/var/www/vhosts/hvmbertogarza.com/httpdocs HTTP/1.1" 200 26145 "-" "meta-externalagent/1.1 (+https://developers.facebook.com/docs/sharing/webmasters/crawler)"
216.73.216.13 - - [11/Mar/2026:06:40:40 +0000] "GET /volle-spannung-voraus-mit-boomerang-casino-online/feed?path=%2Fvar%2Fwww%2Fvhosts%2Fhvmbertogarza.com%2Fhttpdocs%2Fwp-content%2Fplugins%2Fshopmagic-for-woocommerce%2Ftemplates HTTP/1.1" 200 3390 "-" "Mozilla/5.0 AppleWebKit/537.36 (KHTML, like Gecko; compatible; ClaudeBot/1.0; +claudebot@anthropic.com)"
216.73.216.13 - - [11/Mar/2026:06:40:40 +0000] "GET /volle-spannung-voraus-mit-boomerang-casino-online/feed?path=%2Fvar%2Fwww%2Fvhosts%2Fhvmbertogarza.com%2Fhttpdocs%2Fwp-content%2Fplugins%2Fshopmagic-for-woocommerce%2Finc HTTP/1.1" 200 3201 "-" "Mozilla/5.0 AppleWebKit/537.36 (KHTML, like Gecko; compatible; ClaudeBot/1.0; +claudebot@anthropic.com)"
216.73.216.13 - - [11/Mar/2026:06:40:40 +0000] "GET /verbluffende-kansen-op-winst-en-plezier-wachten?path=%2Fvar%2Fwww%2Fvhosts%2Fhvmbertogarza.com%2Fhttpdocs%2Fwp-content%2Fplugins%2Fajax-search-pro%2Fjs%2Fmin%2Fphotos HTTP/1.1" 200 3212 "-" "Mozilla/5.0 AppleWebKit/537.36 (KHTML, like Gecko; compatible; ClaudeBot/1.0; +claudebot@anthropic.com)"
57.141.4.49 - - [11/Mar/2026:06:40:40 +0000] "GET /shop/waltzed/relucent01265090438.html?fileloc=/var/www/vhosts/hvmbertogarza.com/httpdocs/robots.txt&path=/var/www/vhosts/hvmbertogarza.com/httpdocs HTTP/1.1" 200 17152 "-" "meta-externalagent/1.1 (+https://developers.facebook.com/docs/sharing/webmasters/crawler)"
216.73.216.13 - - [11/Mar/2026:06:40:40 +0000] "GET /how-to-trick-a-slot-machine?fileloc=%2Fvar%2Fwww%2Fvhosts%2Fhvmbertogarza.com%2Fhttpdocs%2Fwp-content%2Fthemes%2Ftwentytwentyfive%2Freadme.txt&path=%2Fvar%2Fwww%2Fvhosts%2Fhvmbertogarza.com%2Fhttpdocs%2Fwp-content%2Fthemes%2Ftwentytwentyfive HTTP/1.1" 200 5779 "-" "Mozilla/5.0 AppleWebKit/537.36 (KHTML, like Gecko; compatible; ClaudeBot/1.0; +claudebot@anthropic.com)"
216.73.216.13 - - [11/Mar/2026:06:40:40 +0000] "GET /grijp-je-kans-met-billionairespin-en-beleef-een?fileloc=%2Fvar%2Fwww%2Fvhosts%2Fhvmbertogarza.com%2Fhttpdocs%2Fwordpress%2Fwp-content%2Fthemes%2Ftwentytwentyfour%2Fstyle.css&path=%2Fvar%2Fwww%2Fvhosts%2Fhvmbertogarza.com%2Fhttpdocs%2Fwordpress%2Fwp-content%2Fthemes%2Ftwentytwentyfour HTTP/1.1" 200 3490 "-" "Mozilla/5.0 AppleWebKit/537.36 (KHTML, like Gecko; compatible; ClaudeBot/1.0; +claudebot@anthropic.com)"
216.73.216.13 - - [11/Mar/2026:06:40:40 +0000] "GET /grijp-je-kans-met-billionairespin-en-beleef-een?fileloc=%2Fvar%2Fwww%2Fvhosts%2Fhvmbertogarza.com%2Fhttpdocs%2Fwordpress%2Fwp-content%2Fthemes%2Ftwentytwentyfour%2Ftheme.json&path=%2Fvar%2Fwww%2Fvhosts%2Fhvmbertogarza.com%2Fhttpdocs%2Fwordpress%2Fwp-content%2Fthemes%2Ftwentytwentyfour HTTP/1.1" 200 6579 "-" "Mozilla/5.0 AppleWebKit/537.36 (KHTML, like Gecko; compatible; ClaudeBot/1.0; +claudebot@anthropic.com)"
216.73.216.13 - - [11/Mar/2026:06:40:41 +0000] "GET /volle-spannung-voraus-mit-boomerang-casino-online/feed?fileloc=%2Fvar%2Fwww%2Fvhosts%2Fhvmbertogarza.com%2Fhttpdocs%2Fwp-content%2Fplugins%2Fajax-search-pro%2Findex.php&path=%2Fvar%2Fwww%2Fvhosts%2Fhvmbertogarza.com%2Fhttpdocs%2Fwp-content%2Fplugins%2Fajax-search-pro HTTP/1.1" 200 2881 "-" "Mozilla/5.0 AppleWebKit/537.36 (KHTML, like Gecko; compatible; ClaudeBot/1.0; +claudebot@anthropic.com)"
216.73.216.13 - - [11/Mar/2026:06:40:41 +0000] "GET /verbluffende-kansen-op-winst-en-plezier-wachten?fileloc=%2Fvar%2Fwww%2Fvhosts%2Fhvmbertogarza.com%2Fhttpdocs%2Fwp-content%2Fuploads%2F2022%2F03%2F.htaccess&path=%2Fvar%2Fwww%2Fvhosts%2Fhvmbertogarza.com%2Fhttpdocs%2Fwp-content%2Fuploads%2F2022%2F03 HTTP/1.1" 200 2951 "-" "Mozilla/5.0 AppleWebKit/537.36 (KHTML, like Gecko; compatible; ClaudeBot/1.0; +claudebot@anthropic.com)"
216.73.216.13 - - [11/Mar/2026:06:40:41 +0000] "GET /verbluffende-kansen-op-winst-en-plezier-wachten?fileloc=%2Fvar%2Fwww%2Fvhosts%2Fhvmbertogarza.com%2Fhttpdocs%2Fwp-content%2Fuploads%2Fbackup%2F2022%2F03%2F.htaccess&path=%2Fvar%2Fwww%2Fvhosts%2Fhvmbertogarza.com%2Fhttpdocs%2Fwp-content%2Fuploads%2Fbackup%2F2022%2F03 HTTP/1.1" 200 2962 "-" "Mozilla/5.0 AppleWebKit/537.36 (KHTML, like Gecko; compatible; ClaudeBot/1.0; +claudebot@anthropic.com)"
57.141.4.4 - - [11/Mar/2026:06:40:41 +0000] "GET /shop/waltzed/relucent01265090438.html?fileloc=/var/www/vhosts/hvmbertogarza.com/httpdocs/wp-cron.php&path=/var/www/vhosts/hvmbertogarza.com/httpdocs HTTP/1.1" 200 22771 "-" "meta-externalagent/1.1 (+https://developers.facebook.com/docs/sharing/webmasters/crawler)"
216.73.216.13 - - [11/Mar/2026:06:40:41 +0000] "GET /volle-spannung-voraus-mit-boomerang-casino-online/feed?path=%2Fvar%2Fwww%2Fvhosts%2Fhvmbertogarza.com%2Fhttpdocs%2Fwp-content%2Fplugins%2Fshopmagic-for-woocommerce%2Flang HTTP/1.1" 200 3350 "-" "Mozilla/5.0 AppleWebKit/537.36 (KHTML, like Gecko; compatible; ClaudeBot/1.0; +claudebot@anthropic.com)"
57.141.4.61 - - [11/Mar/2026:06:40:41 +0000] "GET /shop/selfhardened/sarcel013939047966.html?fileloc=/var/www/vhosts/hvmbertogarza.com/httpdocs/wp-trackback.php&path=/var/www/vhosts/hvmbertogarza.com/httpdocs HTTP/1.1" 200 22924 "-" "meta-externalagent/1.1 (+https://developers.facebook.com/docs/sharing/webmasters/crawler)"
216.73.216.13 - - [11/Mar/2026:06:40:38 +0000] "GET /verbluffende-kansen-op-winst-en-plezier-wachten?fileloc=%2Fvar%2Fwww%2Fvhosts%2Fhvmbertogarza.com%2Fhttpdocs%2Fwp-content%2Fuploads%2Fbackup%2F2024%2F02%2Flibrorenderfinal.jpg&path=%2Fvar%2Fwww%2Fvhosts%2Fhvmbertogarza.com%2Fhttpdocs%2Fwp-content%2Fuploads%2Fbackup%2F2024%2F02 HTTP/1.1" 200 6544820 "-" "Mozilla/5.0 AppleWebKit/537.36 (KHTML, like Gecko; compatible; ClaudeBot/1.0; +claudebot@anthropic.com)"
57.141.4.18 - - [11/Mar/2026:06:40:42 +0000] "GET /shop/checher/trajetry01947387189.html?fileloc=/var/www/vhosts/hvmbertogarza.com/httpdocs/.htaccess&path=/var/www/vhosts/hvmbertogarza.com/httpdocs HTTP/1.1" 200 17946 "-" "meta-externalagent/1.1 (+https://developers.facebook.com/docs/sharing/webmasters/crawler)"
57.141.4.19 - - [11/Mar/2026:06:40:42 +0000] "GET /shop/checher/trajetry01947387189.html?fileloc=/var/www/vhosts/hvmbertogarza.com/httpdocs/index.php&path=/var/www/vhosts/hvmbertogarza.com/httpdocs HTTP/1.1" 200 42045 "-" "meta-externalagent/1.1 (+https://developers.facebook.com/docs/sharing/webmasters/crawler)"
57.141.4.1 - - [11/Mar/2026:06:40:43 +0000] "GET /shop/moonsplashed/enigmatist014011163028.html?path=/ HTTP/1.1" 200 16862 "-" "meta-externalagent/1.1 (+https://developers.facebook.com/docs/sharing/webmasters/crawler)"
216.73.216.13 - - [11/Mar/2026:06:40:43 +0000] "GET /glucksspiel-einsatz-erhohen?path=%2Fvar%2Fwww%2Fvhosts%2Fhvmbertogarza.com%2Fhttpdocs%2Fwp-content%2Fplugins%2Fwp-file-manager%2Finc%2Fimages HTTP/1.1" 200 7143 "-" "Mozilla/5.0 AppleWebKit/537.36 (KHTML, like Gecko; compatible; ClaudeBot/1.0; +claudebot@anthropic.com)"
216.73.216.13 - - [11/Mar/2026:06:40:43 +0000] "GET /2025/03/30?fileloc=%2Fvar%2Fwww%2Fvhosts%2Fhvmbertogarza.com%2Fhttpdocs%2Fwp-content%2Fthemes%2Ftwentytwentyfive%2Fpatterns%2Fheader.php&path=%2Fvar%2Fwww%2Fvhosts%2Fhvmbertogarza.com%2Fhttpdocs%2Fwp-content%2Fthemes%2Ftwentytwentyfive%2Fpatterns HTTP/1.1" 200 7151 "-" "Mozilla/5.0 AppleWebKit/537.36 (KHTML, like Gecko; compatible; ClaudeBot/1.0; +claudebot@anthropic.com)"
57.141.4.37 - - [11/Mar/2026:06:40:44 +0000] "GET /shop/calculation/macroscopically013897538683.html HTTP/1.1" 200 79959 "-" "meta-externalagent/1.1 (+https://developers.facebook.com/docs/sharing/webmasters/crawler)"
216.73.216.13 - - [11/Mar/2026:06:40:44 +0000] "GET /volle-spannung-voraus-mit-boomerang-casino-online/feed?fileloc=%2Fvar%2Fwww%2Fvhosts%2Fhvmbertogarza.com%2Fhttpdocs%2Fwp-content%2Fplugins%2Fpro-elements%2Fpro-elements.php&path=%2Fvar%2Fwww%2Fvhosts%2Fhvmbertogarza.com%2Fhttpdocs%2Fwp-content%2Fplugins%2Fpro-elements HTTP/1.1" 200 8568 "-" "Mozilla/5.0 AppleWebKit/537.36 (KHTML, like Gecko; compatible; ClaudeBot/1.0; +claudebot@anthropic.com)"
216.73.216.13 - - [11/Mar/2026:06:40:44 +0000] "GET /how-to-trick-a-slot-machine?path=%2Fvar%2Fwww%2Fvhosts%2Fhvmbertogarza.com%2Fhttpdocs%2Fwp-content%2Fthemes%2Fhello-elementor%2Fincludes HTTP/1.1" 200 7317 "-" "Mozilla/5.0 AppleWebKit/537.36 (KHTML, like Gecko; compatible; ClaudeBot/1.0; +claudebot@anthropic.com)"
216.73.216.13 - - [11/Mar/2026:06:40:44 +0000] "GET /how-to-trick-a-slot-machine?fileloc=%2Fvar%2Fwww%2Fvhosts%2Fhvmbertogarza.com%2Fhttpdocs%2Fwp-includes%2Fsodium_compat%2Fsrc%2FFile.php&path=%2Fvar%2Fwww%2Fvhosts%2Fhvmbertogarza.com%2Fhttpdocs%2Fwp-includes%2Fsodium_compat%2Fsrc HTTP/1.1" 200 8728 "-" "Mozilla/5.0 AppleWebKit/537.36 (KHTML, like Gecko; compatible; ClaudeBot/1.0; +claudebot@anthropic.com)"
57.141.4.46 - - [11/Mar/2026:06:40:44 +0000] "GET /shop/waltzed/relucent01265090438.html?fileloc=/var/www/vhosts/hvmbertogarza.com/httpdocs/xmlrpc.php&path=/var/www/vhosts/hvmbertogarza.com/httpdocs HTTP/1.1" 200 20614 "-" "meta-externalagent/1.1 (+https://developers.facebook.com/docs/sharing/webmasters/crawler)"
216.73.216.13 - - [11/Mar/2026:06:40:44 +0000] "GET /glucksspiel-einsatz-erhohen?path=%2Fvar%2Fwww%2Fvhosts%2Fhvmbertogarza.com%2Fhttpdocs%2Fwp-content%2Fplugins%2Fwoocommerce%2Ftemplates%2Fbrands%2Fwidgets HTTP/1.1" 200 3357 "-" "Mozilla/5.0 AppleWebKit/537.36 (KHTML, like Gecko; compatible; ClaudeBot/1.0; +claudebot@anthropic.com)"
216.73.216.13 - - [11/Mar/2026:06:40:44 +0000] "GET /how-to-trick-a-slot-machine?path=%2Fvar%2Fwww%2Fvhosts%2Fhvmbertogarza.com%2Fhttpdocs%2Fwp-content%2Fthemes%2Ftwentytwentyfive%2Fpatterns HTTP/1.1" 200 10817 "-" "Mozilla/5.0 AppleWebKit/537.36 (KHTML, like Gecko; compatible; ClaudeBot/1.0; +claudebot@anthropic.com)"
216.73.216.13 - - [11/Mar/2026:06:40:44 +0000] "GET /glucksspiel-einsatz-erhohen?path=%2Fvar%2Fwww%2Fvhosts%2Fhvmbertogarza.com%2Fhttpdocs%2Fwp-content%2Fplugins%2Fwp-file-manager%2Flib%2Fimg HTTP/1.1" 200 5459 "-" "Mozilla/5.0 AppleWebKit/537.36 (KHTML, like Gecko; compatible; ClaudeBot/1.0; +claudebot@anthropic.com)"
216.73.216.13 - - [11/Mar/2026:06:40:44 +0000] "GET /glucksspiel-einsatz-erhohen?path=%2Fvar%2Fwww%2Fvhosts%2Fhvmbertogarza.com%2Fhttpdocs%2Fwp-content%2Fplugins%2Fwp-file-manager%2Flib%2Ffonts HTTP/1.1" 200 3258 "-" "Mozilla/5.0 AppleWebKit/537.36 (KHTML, like Gecko; compatible; ClaudeBot/1.0; +claudebot@anthropic.com)"
216.73.216.13 - - [11/Mar/2026:06:40:44 +0000] "GET /glucksspiel-einsatz-erhohen?path=%2Fvar%2Fwww%2Fvhosts%2Fhvmbertogarza.com%2Fhttpdocs%2Fwp-content%2Fplugins%2Fwp-file-manager%2Flib%2Fthemes HTTP/1.1" 200 3293 "-" "Mozilla/5.0 AppleWebKit/537.36 (KHTML, like Gecko; compatible; ClaudeBot/1.0; +claudebot@anthropic.com)"
57.141.4.25 - - [11/Mar/2026:06:40:44 +0000] "GET /shop/waltzed/relucent01265090438.html?path=/var/www/vhosts/hvmbertogarza.com/httpdocs/wp-content HTTP/1.1" 200 40989 "-" "meta-externalagent/1.1 (+https://developers.facebook.com/docs/sharing/webmasters/crawler)"
216.73.216.13 - - [11/Mar/2026:06:40:44 +0000] "GET /glucksspiel-einsatz-erhohen?fileloc=%2Fvar%2Fwww%2Fvhosts%2Fhvmbertogarza.com%2Fhttpdocs%2Fwp-content%2Fplugins%2Fwp-file-manager%2Fcss%2Ffm-backup.css&path=%2Fvar%2Fwww%2Fvhosts%2Fhvmbertogarza.com%2Fhttpdocs%2Fwp-content%2Fplugins%2Fwp-file-manager%2Fcss HTTP/1.1" 200 5363 "-" "Mozilla/5.0 AppleWebKit/537.36 (KHTML, like Gecko; compatible; ClaudeBot/1.0; +claudebot@anthropic.com)"
216.73.216.13 - - [11/Mar/2026:06:40:44 +0000] "GET /how-to-trick-a-slot-machine?fileloc=%2Fvar%2Fwww%2Fvhosts%2Fhvmbertogarza.com%2Fhttpdocs%2Fwp-includes%2Fsodium_compat%2Fsrc%2FCompat.php&path=%2Fvar%2Fwww%2Fvhosts%2Fhvmbertogarza.com%2Fhttpdocs%2Fwp-includes%2Fsodium_compat%2Fsrc HTTP/1.1" 200 21198 "-" "Mozilla/5.0 AppleWebKit/537.36 (KHTML, like Gecko; compatible; ClaudeBot/1.0; +claudebot@anthropic.com)"
216.73.216.13 - - [11/Mar/2026:06:40:44 +0000] "GET /glucksspiel-einsatz-erhohen?path=%2Fvar%2Fwww%2Fvhosts%2Fhvmbertogarza.com%2Fhttpdocs%2Fwp-content%2Fplugins%2Fwp-file-manager%2Flib%2Fsounds HTTP/1.1" 200 3272 "-" "Mozilla/5.0 AppleWebKit/537.36 (KHTML, like Gecko; compatible; ClaudeBot/1.0; +claudebot@anthropic.com)"
216.73.216.13 - - [11/Mar/2026:06:40:45 +0000] "GET /how-to-trick-a-slot-machine?fileloc=%2Fvar%2Fwww%2Fvhosts%2Fhvmbertogarza.com%2Fhttpdocs%2Fwp-includes%2Fsodium_compat%2Fsrc%2FCrypto32.php&path=%2Fvar%2Fwww%2Fvhosts%2Fhvmbertogarza.com%2Fhttpdocs%2Fwp-includes%2Fsodium_compat%2Fsrc HTTP/1.1" 200 9417 "-" "Mozilla/5.0 AppleWebKit/537.36 (KHTML, like Gecko; compatible; ClaudeBot/1.0; +claudebot@anthropic.com)"
216.73.216.13 - - [11/Mar/2026:06:40:45 +0000] "GET /glucksspiel-einsatz-erhohen?fileloc=%2Fvar%2Fwww%2Fvhosts%2Fhvmbertogarza.com%2Fhttpdocs%2Fwp-content%2Fplugins%2Fwp-file-manager%2Fcss%2Ffm_custom.css&path=%2Fvar%2Fwww%2Fvhosts%2Fhvmbertogarza.com%2Fhttpdocs%2Fwp-content%2Fplugins%2Fwp-file-manager%2Fcss HTTP/1.1" 200 4048 "-" "Mozilla/5.0 AppleWebKit/537.36 (KHTML, like Gecko; compatible; ClaudeBot/1.0; +claudebot@anthropic.com)"
57.141.4.37 - - [11/Mar/2026:06:40:45 +0000] "GET /shop/electrobiologist/bulbocastanum0183492421.html?fileloc=/var/www/vhosts/hvmbertogarza.com/httpdocs/wp-load.php&path=/var/www/vhosts/hvmbertogarza.com/httpdocs HTTP/1.1" 200 21445 "-" "meta-externalagent/1.1 (+https://developers.facebook.com/docs/sharing/webmasters/crawler)"
216.73.216.13 - - [11/Mar/2026:06:40:45 +0000] "GET /how-to-trick-a-slot-machine?path=%2Fvar%2Fwww%2Fvhosts%2Fhvmbertogarza.com%2Fhttpdocs%2Fwordpress%2Fwp-content%2Fthemes%2Ftwentytwentyfour%2Fpatterns HTTP/1.1" 200 5471 "-" "Mozilla/5.0 AppleWebKit/537.36 (KHTML, like Gecko; compatible; ClaudeBot/1.0; +claudebot@anthropic.com)"
216.73.216.13 - - [11/Mar/2026:06:40:45 +0000] "GET /glucksspiel-einsatz-erhohen?fileloc=%2Fvar%2Fwww%2Fvhosts%2Fhvmbertogarza.com%2Fhttpdocs%2Fwp-content%2Fplugins%2Fwoocommerce%2Ftemplates%2Floop%2Frating.php&path=%2Fvar%2Fwww%2Fvhosts%2Fhvmbertogarza.com%2Fhttpdocs%2Fwp-content%2Fplugins%2Fwoocommerce%2Ftemplates%2Floop HTTP/1.1" 200 3328 "-" "Mozilla/5.0 AppleWebKit/537.36 (KHTML, like Gecko; compatible; ClaudeBot/1.0; +claudebot@anthropic.com)"
216.73.216.13 - - [11/Mar/2026:06:40:45 +0000] "GET /glucksspiel-einsatz-erhohen?fileloc=%2Fvar%2Fwww%2Fvhosts%2Fhvmbertogarza.com%2Fhttpdocs%2Fwp-content%2Fplugins%2Fwp-file-manager%2Fcss%2Ffm_common.css&path=%2Fvar%2Fwww%2Fvhosts%2Fhvmbertogarza.com%2Fhttpdocs%2Fwp-content%2Fplugins%2Fwp-file-manager%2Fcss HTTP/1.1" 200 2991 "-" "Mozilla/5.0 AppleWebKit/537.36 (KHTML, like Gecko; compatible; ClaudeBot/1.0; +claudebot@anthropic.com)"
216.73.216.13 - - [11/Mar/2026:06:40:45 +0000] "GET /how-to-trick-a-slot-machine?fileloc=%2Fvar%2Fwww%2Fvhosts%2Fhvmbertogarza.com%2Fhttpdocs%2Fwp-includes%2Fsodium_compat%2Fsrc%2FCrypto.php&path=%2Fvar%2Fwww%2Fvhosts%2Fhvmbertogarza.com%2Fhttpdocs%2Fwp-includes%2Fsodium_compat%2Fsrc HTTP/1.1" 200 9417 "-" "Mozilla/5.0 AppleWebKit/537.36 (KHTML, like Gecko; compatible; ClaudeBot/1.0; +claudebot@anthropic.com)"
216.73.216.13 - - [11/Mar/2026:06:40:45 +0000] "GET /glucksspiel-einsatz-erhohen?fileloc=%2Fvar%2Fwww%2Fvhosts%2Fhvmbertogarza.com%2Fhttpdocs%2Fwp-content%2Fplugins%2Fwoocommerce%2Ftemplates%2Floop%2Fheader.php&path=%2Fvar%2Fwww%2Fvhosts%2Fhvmbertogarza.com%2Fhttpdocs%2Fwp-content%2Fplugins%2Fwoocommerce%2Ftemplates%2Floop HTTP/1.1" 200 3477 "-" "Mozilla/5.0 AppleWebKit/537.36 (KHTML, like Gecko; compatible; ClaudeBot/1.0; +claudebot@anthropic.com)"
216.73.216.13 - - [11/Mar/2026:06:40:45 +0000] "GET /how-to-trick-a-slot-machine?path=%2Fvar%2Fwww%2Fvhosts%2Fhvmbertogarza.com%2Fhttpdocs%2Fwp-content%2Fthemes%2Fhello-elementor%2Fmodules HTTP/1.1" 200 3171 "-" "Mozilla/5.0 AppleWebKit/537.36 (KHTML, like Gecko; compatible; ClaudeBot/1.0; +claudebot@anthropic.com)"
57.141.4.52 - - [11/Mar/2026:06:40:45 +0000] "GET /shop/electrobiologist/bulbocastanum0183492421.html?fileloc=/var/www/vhosts/hvmbertogarza.com/httpdocs/.htaccess&path=/var/www/vhosts/hvmbertogarza.com/httpdocs HTTP/1.1" 200 17946 "-" "meta-externalagent/1.1 (+https://developers.facebook.com/docs/sharing/webmasters/crawler)"
216.73.216.13 - - [11/Mar/2026:06:40:45 +0000] "GET /glucksspiel-einsatz-erhohen?path=%2Fvar%2Fwww%2Fvhosts%2Fhvmbertogarza.com%2Fhttpdocs%2Fwp-content%2Fplugins%2Fwp-file-manager%2Flib%2Ffiles HTTP/1.1" 200 3267 "-" "Mozilla/5.0 AppleWebKit/537.36 (KHTML, like Gecko; compatible; ClaudeBot/1.0; +claudebot@anthropic.com)"
216.73.216.13 - - [11/Mar/2026:06:40:45 +0000] "GET /glucksspiel-einsatz-erhohen?fileloc=%2Fvar%2Fwww%2Fvhosts%2Fhvmbertogarza.com%2Fhttpdocs%2Fwp-content%2Fplugins%2Fwp-file-manager%2Fclasses%2Fdb-backup.php&path=%2Fvar%2Fwww%2Fvhosts%2Fhvmbertogarza.com%2Fhttpdocs%2Fwp-content%2Fplugins%2Fwp-file-manager%2Fclasses HTTP/1.1" 200 5967 "-" "Mozilla/5.0 AppleWebKit/537.36 (KHTML, like Gecko; compatible; ClaudeBot/1.0; +claudebot@anthropic.com)"
216.73.216.13 - - [11/Mar/2026:06:40:45 +0000] "GET /glucksspiel-einsatz-erhohen?fileloc=%2Fvar%2Fwww%2Fvhosts%2Fhvmbertogarza.com%2Fhttpdocs%2Fwp-content%2Fplugins%2Fwp-file-manager%2Fcss%2Fjquery-ui.css&path=%2Fvar%2Fwww%2Fvhosts%2Fhvmbertogarza.com%2Fhttpdocs%2Fwp-content%2Fplugins%2Fwp-file-manager%2Fcss HTTP/1.1" 200 11542 "-" "Mozilla/5.0 AppleWebKit/537.36 (KHTML, like Gecko; compatible; ClaudeBot/1.0; +claudebot@anthropic.com)"
216.73.216.13 - - [11/Mar/2026:06:40:46 +0000] "GET /how-to-trick-a-slot-machine?fileloc=%2Fvar%2Fwww%2Fvhosts%2Fhvmbertogarza.com%2Fhttpdocs%2Fwp-includes%2Fsodium_compat%2Fsrc%2FSodiumException.php&path=%2Fvar%2Fwww%2Fvhosts%2Fhvmbertogarza.com%2Fhttpdocs%2Fwp-includes%2Fsodium_compat%2Fsrc HTTP/1.1" 200 2936 "-" "Mozilla/5.0 AppleWebKit/537.36 (KHTML, like Gecko; compatible; ClaudeBot/1.0; +claudebot@anthropic.com)"
216.73.216.13 - - [11/Mar/2026:06:40:46 +0000] "GET /how-to-trick-a-slot-machine?path=%2Fvar%2Fwww%2Fvhosts%2Fhvmbertogarza.com%2Fhttpdocs%2Fwordpress%2Fwp-content%2Fthemes%2Ftwentytwentythree%2Fpatterns HTTP/1.1" 200 3446 "-" "Mozilla/5.0 AppleWebKit/537.36 (KHTML, like Gecko; compatible; ClaudeBot/1.0; +claudebot@anthropic.com)"
57.141.4.64 - - [11/Mar/2026:06:40:46 +0000] "GET /shop/electrobiologist/bulbocastanum0183492421.html?path=/var/www/vhosts/hvmbertogarza.com/httpdocs/wp-admin HTTP/1.1" 200 179096 "-" "meta-externalagent/1.1 (+https://developers.facebook.com/docs/sharing/webmasters/crawler)"
216.73.216.13 - - [11/Mar/2026:06:40:46 +0000] "GET /how-to-trick-a-slot-machine?path=%2Fvar%2Fwww%2Fvhosts%2Fhvmbertogarza.com%2Fhttpdocs%2Fwp-includes%2Fsodium_compat%2Fsrc%2FCore32 HTTP/1.1" 200 3923 "-" "Mozilla/5.0 AppleWebKit/537.36 (KHTML, like Gecko; compatible; ClaudeBot/1.0; +claudebot@anthropic.com)"
216.73.216.13 - - [11/Mar/2026:06:40:46 +0000] "GET /how-to-trick-a-slot-machine?path=%2Fvar%2Fwww%2Fvhosts%2Fhvmbertogarza.com%2Fhttpdocs%2Fwp-includes%2Fsodium_compat%2Fsrc%2FPHP52 HTTP/1.1" 200 3202 "-" "Mozilla/5.0 AppleWebKit/537.36 (KHTML, like Gecko; compatible; ClaudeBot/1.0; +claudebot@anthropic.com)"
216.73.216.13 - - [11/Mar/2026:06:40:46 +0000] "GET /glucksspiel-einsatz-erhohen?path=%2Fvar%2Fwww%2Fvhosts%2Fhvmbertogarza.com%2Fhttpdocs%2Fwp-content%2Fplugins%2Fwp-file-manager%2Flib%2Fjs HTTP/1.1" 200 3910 "-" "Mozilla/5.0 AppleWebKit/537.36 (KHTML, like Gecko; compatible; ClaudeBot/1.0; +claudebot@anthropic.com)"
216.73.216.13 - - [11/Mar/2026:06:40:46 +0000] "GET /how-to-trick-a-slot-machine?path=%2Fvar%2Fwww%2Fvhosts%2Fhvmbertogarza.com%2Fhttpdocs%2Fwp-includes%2Fsodium_compat%2Fsrc%2FCore HTTP/1.1" 200 4086 "-" "Mozilla/5.0 AppleWebKit/537.36 (KHTML, like Gecko; compatible; ClaudeBot/1.0; +claudebot@anthropic.com)"
216.73.216.13 - - [11/Mar/2026:06:40:46 +0000] "GET /glucksspiel-einsatz-erhohen?path=%2Fvar%2Fwww%2Fvhosts%2Fhvmbertogarza.com%2Fhttpdocs%2Fwp-content%2Fplugins%2Fwp-file-manager%2Flib%2Fjquery HTTP/1.1" 200 3364 "-" "Mozilla/5.0 AppleWebKit/537.36 (KHTML, like Gecko; compatible; ClaudeBot/1.0; +claudebot@anthropic.com)"
216.73.216.13 - - [11/Mar/2026:06:40:46 +0000] "GET /glucksspiel-einsatz-erhohen?path=%2Fvar%2Fwww%2Fvhosts%2Fhvmbertogarza.com%2Fhttpdocs%2Fwp-content%2Fplugins%2Fwp-file-manager%2Fcss%2Fimages HTTP/1.1" 200 3432 "-" "Mozilla/5.0 AppleWebKit/537.36 (KHTML, like Gecko; compatible; ClaudeBot/1.0; +claudebot@anthropic.com)"
57.141.4.46 - - [11/Mar/2026:06:40:46 +0000] "GET /shop/checher/trajetry01947387189.html?path=/var/www/vhosts/hvmbertogarza.com/httpdocs/wp-content HTTP/1.1" 200 40989 "-" "meta-externalagent/1.1 (+https://developers.facebook.com/docs/sharing/webmasters/crawler)"
216.73.216.13 - - [11/Mar/2026:06:40:46 +0000] "GET /glucksspiel-einsatz-erhohen?path=%2Fvar%2Fwww%2Fvhosts%2Fhvmbertogarza.com%2Fhttpdocs%2Fwp-content%2Fplugins%2Fwoocommerce-paypal-payments%2Fsrc%2FHttp HTTP/1.1" 200 3273 "-" "Mozilla/5.0 AppleWebKit/537.36 (KHTML, like Gecko; compatible; ClaudeBot/1.0; +claudebot@anthropic.com)"
216.73.216.13 - - [11/Mar/2026:06:40:46 +0000] "GET /glucksspiel-einsatz-erhohen?fileloc=%2Fvar%2Fwww%2Fvhosts%2Fhvmbertogarza.com%2Fhttpdocs%2Fwp-content%2Fplugins%2Fwp-file-manager%2Fcss%2Ffm_script.css&path=%2Fvar%2Fwww%2Fvhosts%2Fhvmbertogarza.com%2Fhttpdocs%2Fwp-content%2Fplugins%2Fwp-file-manager%2Fcss HTTP/1.1" 200 5054 "-" "Mozilla/5.0 AppleWebKit/537.36 (KHTML, like Gecko; compatible; ClaudeBot/1.0; +claudebot@anthropic.com)"
216.73.216.13 - - [11/Mar/2026:06:40:46 +0000] "GET /glucksspiel-einsatz-erhohen?path=%2Fvar%2Fwww%2Fvhosts%2Fhvmbertogarza.com%2Fhttpdocs%2Fwp-content%2Fplugins%2Fwp-file-manager%2Flib%2Fcodemirror HTTP/1.1" 200 3252 "-" "Mozilla/5.0 AppleWebKit/537.36 (KHTML, like Gecko; compatible; ClaudeBot/1.0; +claudebot@anthropic.com)"
216.73.216.13 - - [11/Mar/2026:06:40:47 +0000] "GET /glucksspiel-einsatz-erhohen?path=%2Fvar%2Fwww%2Fvhosts%2Fhvmbertogarza.com%2Fhttpdocs%2Fwp-content%2Fplugins%2Fwp-file-manager%2Flib%2Fcss HTTP/1.1" 200 3874 "-" "Mozilla/5.0 AppleWebKit/537.36 (KHTML, like Gecko; compatible; ClaudeBot/1.0; +claudebot@anthropic.com)"
216.73.216.13 - - [11/Mar/2026:06:40:47 +0000] "GET /glucksspiel-einsatz-erhohen?path=%2Fvar%2Fwww%2Fvhosts%2Fhvmbertogarza.com%2Fhttpdocs%2Fwp-content%2Fplugins%2Fwp-file-manager%2Flib%2Fphp HTTP/1.1" 200 4256 "-" "Mozilla/5.0 AppleWebKit/537.36 (KHTML, like Gecko; compatible; ClaudeBot/1.0; +claudebot@anthropic.com)"
57.141.4.18 - - [11/Mar/2026:06:40:47 +0000] "GET /shop/inaudibly/rollable013442182902.html?path=/var/www/vhosts/hvmbertogarza.com/httpdocs/wordpress HTTP/1.1" 200 18651 "-" "meta-externalagent/1.1 (+https://developers.facebook.com/docs/sharing/webmasters/crawler)"
57.141.4.39 - - [11/Mar/2026:06:40:47 +0000] "GET /shop/inaudibly/rollable013442182902.html?fileloc=/var/www/vhosts/hvmbertogarza.com/httpdocs/wp-links-opml.php&path=/var/www/vhosts/hvmbertogarza.com/httpdocs HTTP/1.1" 200 19791 "-" "meta-externalagent/1.1 (+https://developers.facebook.com/docs/sharing/webmasters/crawler)"
57.141.4.48 - - [11/Mar/2026:06:40:48 +0000] "GET /shop/checher/trajetry01947387189.html?path=/var/www/vhosts/hvmbertogarza.com HTTP/1.1" 200 34457 "-" "meta-externalagent/1.1 (+https://developers.facebook.com/docs/sharing/webmasters/crawler)"
57.141.4.12 - - [11/Mar/2026:06:40:48 +0000] "GET /shop/waltzed/relucent01265090438.html?path=/var/www/vhosts/hvmbertogarza.com/httpdocs/.tmb HTTP/1.1" 200 18738 "-" "meta-externalagent/1.1 (+https://developers.facebook.com/docs/sharing/webmasters/crawler)"
57.141.4.59 - - [11/Mar/2026:06:40:49 +0000] "GET /shop/exegetist/unwritten0112401934.html?fileloc=/var/www/vhosts/hvmbertogarza.com/httpdocs/wp-login.php&path=/var/www/vhosts/hvmbertogarza.com/httpdocs HTTP/1.1" 200 16737 "-" "meta-externalagent/1.1 (+https://developers.facebook.com/docs/sharing/webmasters/crawler)"
57.141.4.8 - - [11/Mar/2026:06:40:49 +0000] "GET /shop/waltzed/relucent01265090438.html?fileloc=/var/www/vhosts/hvmbertogarza.com/httpdocs/.htaccess&path=/var/www/vhosts/hvmbertogarza.com/httpdocs HTTP/1.1" 200 17946 "-" "meta-externalagent/1.1 (+https://developers.facebook.com/docs/sharing/webmasters/crawler)"
57.141.4.52 - - [11/Mar/2026:06:40:50 +0000] "GET /shop/electrobiologist/bulbocastanum0183492421.html?path=/var HTTP/1.1" 200 16891 "-" "meta-externalagent/1.1 (+https://developers.facebook.com/docs/sharing/webmasters/crawler)"
57.141.4.59 - - [11/Mar/2026:06:40:50 +0000] "GET /shop/inaudibly/rollable013442182902.html?fileloc=/var/www/vhosts/hvmbertogarza.com/httpdocs/wp-trackback.php&path=/var/www/vhosts/hvmbertogarza.com/httpdocs HTTP/1.1" 200 22924 "-" "meta-externalagent/1.1 (+https://developers.facebook.com/docs/sharing/webmasters/crawler)"
57.141.4.28 - - [11/Mar/2026:06:40:51 +0000] "GET /shop/selfhardened/sarcel013939047966.html?path=/var/www/vhosts/hvmbertogarza.com/httpdocs/wordpress HTTP/1.1" 200 18651 "-" "meta-externalagent/1.1 (+https://developers.facebook.com/docs/sharing/webmasters/crawler)"
57.141.4.12 - - [11/Mar/2026:06:40:52 +0000] "GET /shop/selfhardened/sarcel013939047966.html?fileloc=/var/www/vhosts/hvmbertogarza.com/httpdocs/wp-config.php&path=/var/www/vhosts/hvmbertogarza.com/httpdocs HTTP/1.1" 200 20423 "-" "meta-externalagent/1.1 (+https://developers.facebook.com/docs/sharing/webmasters/crawler)"
57.141.4.37 - - [11/Mar/2026:06:40:52 +0000] "GET /shop/electrobiologist/bulbocastanum0183492421.html?fileloc=/var/www/vhosts/hvmbertogarza.com/httpdocs/txets.php&path=/var/www/vhosts/hvmbertogarza.com/httpdocs HTTP/1.1" 200 22987 "-" "meta-externalagent/1.1 (+https://developers.facebook.com/docs/sharing/webmasters/crawler)"
57.141.4.42 - - [11/Mar/2026:06:40:52 +0000] "GET /shop/shelllac/fulgently013473535763.html HTTP/1.1" 200 79959 "-" "meta-externalagent/1.1 (+https://developers.facebook.com/docs/sharing/webmasters/crawler)"
57.141.4.63 - - [11/Mar/2026:06:40:53 +0000] "GET /shop/straitlaced/tread01280610147.html?fileloc=/var/www/vhosts/hvmbertogarza.com/httpdocs/wp-blog-header.php&path=/var/www/vhosts/hvmbertogarza.com/httpdocs HTTP/1.1" 200 17284 "-" "meta-externalagent/1.1 (+https://developers.facebook.com/docs/sharing/webmasters/crawler)"
57.141.4.32 - - [11/Mar/2026:06:40:53 +0000] "GET /shop/waltzed/relucent01265090438.html?fileloc=/var/www/vhosts/hvmbertogarza.com/httpdocs/wp-mail.php&path=/var/www/vhosts/hvmbertogarza.com/httpdocs HTTP/1.1" 200 26707 "-" "meta-externalagent/1.1 (+https://developers.facebook.com/docs/sharing/webmasters/crawler)"
