216.73.216.13 - - [11/Mar/2026:06:38:59 +0000] "GET /verbluffende-kansen-op-winst-en-plezier-wachten?fileloc=%2Fvar%2Fwww%2Fvhosts%2Fhvmbertogarza.com%2Fhttpdocs%2Fwp-content%2Fuploads%2F2022%2F03%2F2-BAPHOMET-300x300.jpg.webp&path=%2Fvar%2Fwww%2Fvhosts%2Fhvmbertogarza.com%2Fhttpdocs%2Fwp-content%2Fuploads%2F2022%2F03 HTTP/1.1" 200 12177 "-" "Mozilla/5.0 AppleWebKit/537.36 (KHTML, like Gecko; compatible; ClaudeBot/1.0; +claudebot@anthropic.com)"
216.73.216.13 - - [11/Mar/2026:06:38:59 +0000] "GET /verbluffende-kansen-op-winst-en-plezier-wachten?fileloc=%2Fvar%2Fwww%2Fvhosts%2Fhvmbertogarza.com%2Fhttpdocs%2Fwp-content%2Fuploads%2F2022%2F03%2F1-OUIJARACHNO-DEAD.jpg.webp&path=%2Fvar%2Fwww%2Fvhosts%2Fhvmbertogarza.com%2Fhttpdocs%2Fwp-content%2Fuploads%2F2022%2F03 HTTP/1.1" 200 38961 "-" "Mozilla/5.0 AppleWebKit/537.36 (KHTML, like Gecko; compatible; ClaudeBot/1.0; +claudebot@anthropic.com)"
57.141.4.26 - - [11/Mar/2026:06:38:59 +0000] "GET /shop/sadduceeism/tabuensis013818268487.html HTTP/1.1" 200 79959 "-" "meta-externalagent/1.1 (+https://developers.facebook.com/docs/sharing/webmasters/crawler)"
216.73.216.13 - - [11/Mar/2026:06:38:59 +0000] "GET /verbluffende-kansen-op-winst-en-plezier-wachten?fileloc=%2Fvar%2Fwww%2Fvhosts%2Fhvmbertogarza.com%2Fhttpdocs%2Fwp-content%2Fuploads%2F2022%2F03%2F8-LORD-XIX-300x300.jpg.webp&path=%2Fvar%2Fwww%2Fvhosts%2Fhvmbertogarza.com%2Fhttpdocs%2Fwp-content%2Fuploads%2F2022%2F03 HTTP/1.1" 200 12103 "-" "Mozilla/5.0 AppleWebKit/537.36 (KHTML, like Gecko; compatible; ClaudeBot/1.0; +claudebot@anthropic.com)"
216.73.216.13 - - [11/Mar/2026:06:38:59 +0000] "GET /verbluffende-kansen-op-winst-en-plezier-wachten?fileloc=%2Fvar%2Fwww%2Fvhosts%2Fhvmbertogarza.com%2Fhttpdocs%2Fwp-content%2Fuploads%2F2022%2F03%2F3-INSANEMIND-300x300.jpg.webp&path=%2Fvar%2Fwww%2Fvhosts%2Fhvmbertogarza.com%2Fhttpdocs%2Fwp-content%2Fuploads%2F2022%2F03 HTTP/1.1" 200 10077 "-" "Mozilla/5.0 AppleWebKit/537.36 (KHTML, like Gecko; compatible; ClaudeBot/1.0; +claudebot@anthropic.com)"
216.73.216.13 - - [11/Mar/2026:06:38:59 +0000] "GET /verbluffende-kansen-op-winst-en-plezier-wachten?fileloc=%2Fvar%2Fwww%2Fvhosts%2Fhvmbertogarza.com%2Fhttpdocs%2Fwp-content%2Fuploads%2F2022%2F03%2F2-BAPHOMET-300x225.jpg.webp&path=%2Fvar%2Fwww%2Fvhosts%2Fhvmbertogarza.com%2Fhttpdocs%2Fwp-content%2Fuploads%2F2022%2F03 HTTP/1.1" 200 8892 "-" "Mozilla/5.0 AppleWebKit/537.36 (KHTML, like Gecko; compatible; ClaudeBot/1.0; +claudebot@anthropic.com)"
216.73.216.13 - - [11/Mar/2026:06:39:00 +0000] "GET /verbluffende-kansen-op-winst-en-plezier-wachten?fileloc=%2Fvar%2Fwww%2Fvhosts%2Fhvmbertogarza.com%2Fhttpdocs%2Fwp-content%2Fuploads%2F2022%2F03%2F8-LORD-XIX-300x225.jpg.webp&path=%2Fvar%2Fwww%2Fvhosts%2Fhvmbertogarza.com%2Fhttpdocs%2Fwp-content%2Fuploads%2F2022%2F03 HTTP/1.1" 200 8933 "-" "Mozilla/5.0 AppleWebKit/537.36 (KHTML, like Gecko; compatible; ClaudeBot/1.0; +claudebot@anthropic.com)"
216.73.216.13 - - [11/Mar/2026:06:39:00 +0000] "GET /volle-spannung-voraus-mit-boomerang-casino-online/feed?fileloc=%2Fvar%2Fwww%2Fvhosts%2Fhvmbertogarza.com%2Fhttpdocs%2Fwp-content%2Fplugins%2Ftiktok-for-business%2Fcomposer.lock&path=%2Fvar%2Fwww%2Fvhosts%2Fhvmbertogarza.com%2Fhttpdocs%2Fwp-content%2Fplugins%2Ftiktok-for-business HTTP/1.1" 200 7014 "-" "Mozilla/5.0 AppleWebKit/537.36 (KHTML, like Gecko; compatible; ClaudeBot/1.0; +claudebot@anthropic.com)"
57.141.4.14 - - [11/Mar/2026:06:39:00 +0000] "GET /shop/amatungulu/sorties012980752956.html HTTP/1.1" 200 79959 "-" "meta-externalagent/1.1 (+https://developers.facebook.com/docs/sharing/webmasters/crawler)"
216.73.216.13 - - [11/Mar/2026:06:39:00 +0000] "GET /verbluffende-kansen-op-winst-en-plezier-wachten?fileloc=%2Fvar%2Fwww%2Fvhosts%2Fhvmbertogarza.com%2Fhttpdocs%2Fwp-content%2Fuploads%2Fbackup%2F2022%2F03%2F5-CTHULHUCRAFT-1.jpg&path=%2Fvar%2Fwww%2Fvhosts%2Fhvmbertogarza.com%2Fhttpdocs%2Fwp-content%2Fuploads%2Fbackup%2F2022%2F03 HTTP/1.1" 200 139783 "-" "Mozilla/5.0 AppleWebKit/537.36 (KHTML, like Gecko; compatible; ClaudeBot/1.0; +claudebot@anthropic.com)"
216.73.216.13 - - [11/Mar/2026:06:39:00 +0000] "GET /volle-spannung-voraus-mit-boomerang-casino-online/feed?fileloc=%2Fvar%2Fwww%2Fvhosts%2Fhvmbertogarza.com%2Fhttpdocs%2Fwp-content%2Fthemes%2Fhello-elementor%2Fassets%2Fimages%2Fplus.svg&path=%2Fvar%2Fwww%2Fvhosts%2Fhvmbertogarza.com%2Fhttpdocs%2Fwp-content%2Fthemes%2Fhello-elementor%2Fassets%2Fimages HTTP/1.1" 200 3207 "-" "Mozilla/5.0 AppleWebKit/537.36 (KHTML, like Gecko; compatible; ClaudeBot/1.0; +claudebot@anthropic.com)"
216.73.216.13 - - [11/Mar/2026:06:39:00 +0000] "GET /verbluffende-kansen-op-winst-en-plezier-wachten?fileloc=%2Fvar%2Fwww%2Fvhosts%2Fhvmbertogarza.com%2Fhttpdocs%2Fwp-content%2Fuploads%2F2022%2F03%2F3-INSANEMIND-300x204.jpg.webp&path=%2Fvar%2Fwww%2Fvhosts%2Fhvmbertogarza.com%2Fhttpdocs%2Fwp-content%2Fuploads%2F2022%2F03 HTTP/1.1" 200 7146 "-" "Mozilla/5.0 AppleWebKit/537.36 (KHTML, like Gecko; compatible; ClaudeBot/1.0; +claudebot@anthropic.com)"
216.73.216.13 - - [11/Mar/2026:06:39:00 +0000] "GET /verbluffende-kansen-op-winst-en-plezier-wachten?fileloc=%2Fvar%2Fwww%2Fvhosts%2Fhvmbertogarza.com%2Fhttpdocs%2Fwp-content%2Fuploads%2Fbackup%2F2024%2F02%2FBandanas-VaneGear.jpg&path=%2Fvar%2Fwww%2Fvhosts%2Fhvmbertogarza.com%2Fhttpdocs%2Fwp-content%2Fuploads%2Fbackup%2F2024%2F02 HTTP/1.1" 200 124951 "-" "Mozilla/5.0 AppleWebKit/537.36 (KHTML, like Gecko; compatible; ClaudeBot/1.0; +claudebot@anthropic.com)"
216.73.216.13 - - [11/Mar/2026:06:39:00 +0000] "GET /color-theory-and-psychological-reaction-in-digital-products?path=%2Fvar%2Fwww%2Fvhosts%2Fhvmbertogarza.com%2Fhttpdocs%2Fwp-content%2Fthemes%2Ftwentytwentyfive%2Fassets%2Ffonts%2Fvollkorn HTTP/1.1" 200 3333 "-" "Mozilla/5.0 AppleWebKit/537.36 (KHTML, like Gecko; compatible; ClaudeBot/1.0; +claudebot@anthropic.com)"
216.73.216.13 - - [11/Mar/2026:06:39:00 +0000] "GET /verbluffende-kansen-op-winst-en-plezier-wachten?fileloc=%2Fvar%2Fwww%2Fvhosts%2Fhvmbertogarza.com%2Fhttpdocs%2Fwp-content%2Fuploads%2F2022%2F03%2F7-GOACAT-768x576.jpg.webp&path=%2Fvar%2Fwww%2Fvhosts%2Fhvmbertogarza.com%2Fhttpdocs%2Fwp-content%2Fuploads%2F2022%2F03 HTTP/1.1" 200 30063 "-" "Mozilla/5.0 AppleWebKit/537.36 (KHTML, like Gecko; compatible; ClaudeBot/1.0; +claudebot@anthropic.com)"
57.141.4.37 - - [11/Mar/2026:06:39:00 +0000] "GET /shop/militarism/corruption013181638105.html HTTP/1.1" 200 79959 "-" "meta-externalagent/1.1 (+https://developers.facebook.com/docs/sharing/webmasters/crawler)"
216.73.216.13 - - [11/Mar/2026:06:39:00 +0000] "GET /verbluffende-kansen-op-winst-en-plezier-wachten?fileloc=%2Fvar%2Fwww%2Fvhosts%2Fhvmbertogarza.com%2Fhttpdocs%2Fwp-content%2Fuploads%2F2022%2F03%2F5-CTHULHUCRAFT-1.jpg.webp&path=%2Fvar%2Fwww%2Fvhosts%2Fhvmbertogarza.com%2Fhttpdocs%2Fwp-content%2Fuploads%2F2022%2F03 HTTP/1.1" 200 88950 "-" "Mozilla/5.0 AppleWebKit/537.36 (KHTML, like Gecko; compatible; ClaudeBot/1.0; +claudebot@anthropic.com)"
216.73.216.13 - - [11/Mar/2026:06:39:00 +0000] "GET /verbluffende-kansen-op-winst-en-plezier-wachten?fileloc=%2Fvar%2Fwww%2Fvhosts%2Fhvmbertogarza.com%2Fhttpdocs%2Fwp-content%2Fuploads%2F2022%2F03%2F7-GOACAT-600x450.jpg.webp&path=%2Fvar%2Fwww%2Fvhosts%2Fhvmbertogarza.com%2Fhttpdocs%2Fwp-content%2Fuploads%2F2022%2F03 HTTP/1.1" 200 21261 "-" "Mozilla/5.0 AppleWebKit/537.36 (KHTML, like Gecko; compatible; ClaudeBot/1.0; +claudebot@anthropic.com)"
216.73.216.13 - - [11/Mar/2026:06:39:00 +0000] "GET /verbluffende-kansen-op-winst-en-plezier-wachten?fileloc=%2Fvar%2Fwww%2Fvhosts%2Fhvmbertogarza.com%2Fhttpdocs%2Fwp-content%2Fuploads%2F2022%2F03%2F4-BATHCHRIST-600x407.jpg.webp&path=%2Fvar%2Fwww%2Fvhosts%2Fhvmbertogarza.com%2Fhttpdocs%2Fwp-content%2Fuploads%2F2022%2F03 HTTP/1.1" 200 12933 "-" "Mozilla/5.0 AppleWebKit/537.36 (KHTML, like Gecko; compatible; ClaudeBot/1.0; +claudebot@anthropic.com)"
216.73.216.13 - - [11/Mar/2026:06:39:01 +0000] "GET /verbluffende-kansen-op-winst-en-plezier-wachten?fileloc=%2Fvar%2Fwww%2Fvhosts%2Fhvmbertogarza.com%2Fhttpdocs%2Fwp-content%2Fuploads%2F2022%2F03%2F7-GOACAT-1024x768.jpg.webp&path=%2Fvar%2Fwww%2Fvhosts%2Fhvmbertogarza.com%2Fhttpdocs%2Fwp-content%2Fuploads%2F2022%2F03 HTTP/1.1" 200 45699 "-" "Mozilla/5.0 AppleWebKit/537.36 (KHTML, like Gecko; compatible; ClaudeBot/1.0; +claudebot@anthropic.com)"
216.73.216.13 - - [11/Mar/2026:06:39:01 +0000] "GET /volle-spannung-voraus-mit-boomerang-casino-online/feed?fileloc=%2Fvar%2Fwww%2Fvhosts%2Fhvmbertogarza.com%2Fhttpdocs%2Fwp-content%2Fplugins%2Fslider-1773044778%2Freadme.txt&path=%2Fvar%2Fwww%2Fvhosts%2Fhvmbertogarza.com%2Fhttpdocs%2Fwp-content%2Fplugins%2Fslider-1773044778 HTTP/1.1" 200 2898 "-" "Mozilla/5.0 AppleWebKit/537.36 (KHTML, like Gecko; compatible; ClaudeBot/1.0; +claudebot@anthropic.com)"
216.73.216.13 - - [11/Mar/2026:06:39:01 +0000] "GET /verbluffende-kansen-op-winst-en-plezier-wachten?fileloc=%2Fvar%2Fwww%2Fvhosts%2Fhvmbertogarza.com%2Fhttpdocs%2Fwp-content%2Fuploads%2F2022%2F03%2F2-BAPHOMET-768x576.jpg.webp&path=%2Fvar%2Fwww%2Fvhosts%2Fhvmbertogarza.com%2Fhttpdocs%2Fwp-content%2Fuploads%2F2022%2F03 HTTP/1.1" 200 27537 "-" "Mozilla/5.0 AppleWebKit/537.36 (KHTML, like Gecko; compatible; ClaudeBot/1.0; +claudebot@anthropic.com)"
57.141.4.49 - - [11/Mar/2026:06:39:01 +0000] "GET /shop/willughbii/unbay01989480772.html HTTP/1.1" 200 79959 "-" "meta-externalagent/1.1 (+https://developers.facebook.com/docs/sharing/webmasters/crawler)"
216.73.216.13 - - [11/Mar/2026:06:39:01 +0000] "GET /verbluffende-kansen-op-winst-en-plezier-wachten?fileloc=%2Fvar%2Fwww%2Fvhosts%2Fhvmbertogarza.com%2Fhttpdocs%2Fwp-content%2Fuploads%2F2022%2F03%2F8-LORD-XIX-768x576.jpg.webp&path=%2Fvar%2Fwww%2Fvhosts%2Fhvmbertogarza.com%2Fhttpdocs%2Fwp-content%2Fuploads%2F2022%2F03 HTTP/1.1" 200 29549 "-" "Mozilla/5.0 AppleWebKit/537.36 (KHTML, like Gecko; compatible; ClaudeBot/1.0; +claudebot@anthropic.com)"
216.73.216.13 - - [11/Mar/2026:06:39:01 +0000] "GET /verbluffende-kansen-op-winst-en-plezier-wachten?fileloc=%2Fvar%2Fwww%2Fvhosts%2Fhvmbertogarza.com%2Fhttpdocs%2Fwp-content%2Fuploads%2F2022%2F03%2F3-INSANEMIND-768x521.jpg.webp&path=%2Fvar%2Fwww%2Fvhosts%2Fhvmbertogarza.com%2Fhttpdocs%2Fwp-content%2Fuploads%2F2022%2F03 HTTP/1.1" 200 18624 "-" "Mozilla/5.0 AppleWebKit/537.36 (KHTML, like Gecko; compatible; ClaudeBot/1.0; +claudebot@anthropic.com)"
216.73.216.13 - - [11/Mar/2026:06:39:01 +0000] "GET /verbluffende-kansen-op-winst-en-plezier-wachten?fileloc=%2Fvar%2Fwww%2Fvhosts%2Fhvmbertogarza.com%2Fhttpdocs%2Fwp-content%2Fuploads%2F2022%2F03%2F2-BAPHOMET-600x450.jpg.webp&path=%2Fvar%2Fwww%2Fvhosts%2Fhvmbertogarza.com%2Fhttpdocs%2Fwp-content%2Fuploads%2F2022%2F03 HTTP/1.1" 200 19844 "-" "Mozilla/5.0 AppleWebKit/537.36 (KHTML, like Gecko; compatible; ClaudeBot/1.0; +claudebot@anthropic.com)"
57.141.4.47 - - [11/Mar/2026:06:39:01 +0000] "GET /shop/biograph/dipsomania012460782628.html HTTP/1.1" 200 79959 "-" "meta-externalagent/1.1 (+https://developers.facebook.com/docs/sharing/webmasters/crawler)"
57.141.4.63 - - [11/Mar/2026:06:39:02 +0000] "GET /shop/languaged/onduty013502492980.html?path=/var/www HTTP/1.1" 200 16924 "-" "meta-externalagent/1.1 (+https://developers.facebook.com/docs/sharing/webmasters/crawler)"
57.141.4.59 - - [11/Mar/2026:06:39:02 +0000] "GET /shop/nobler/curlyheads012554865954.html?fileloc=/var/www/vhosts/hvmbertogarza.com/httpdocs/wp-admin/my-sites.php&path=/var/www/vhosts/hvmbertogarza.com/httpdocs/wp-admin HTTP/1.1" 200 23147 "-" "meta-externalagent/1.1 (+https://developers.facebook.com/docs/sharing/webmasters/crawler)"
57.141.4.37 - - [11/Mar/2026:06:39:03 +0000] "GET /shop/nobler/curlyheads012554865954.html?fileloc=/var/www/vhosts/hvmbertogarza.com/httpdocs/wp-admin/admin-ajax.php&path=/var/www/vhosts/hvmbertogarza.com/httpdocs/wp-admin HTTP/1.1" 200 23517 "-" "meta-externalagent/1.1 (+https://developers.facebook.com/docs/sharing/webmasters/crawler)"
57.141.4.62 - - [11/Mar/2026:06:39:03 +0000] "GET /shop/nobler/curlyheads012554865954.html?fileloc=/var/www/vhosts/hvmbertogarza.com/httpdocs/wp-admin/user-edit.php&path=/var/www/vhosts/hvmbertogarza.com/httpdocs/wp-admin HTTP/1.1" 200 69849 "-" "meta-externalagent/1.1 (+https://developers.facebook.com/docs/sharing/webmasters/crawler)"
57.141.4.13 - - [11/Mar/2026:06:39:04 +0000] "GET /shop/nobler/curlyheads012554865954.html?fileloc=/var/www/vhosts/hvmbertogarza.com/httpdocs/wp-admin/ms-sites.php&path=/var/www/vhosts/hvmbertogarza.com/httpdocs/wp-admin HTTP/1.1" 200 17065 "-" "meta-externalagent/1.1 (+https://developers.facebook.com/docs/sharing/webmasters/crawler)"
57.141.4.46 - - [11/Mar/2026:06:39:04 +0000] "GET /shop/nobler/curlyheads012554865954.html?fileloc=/var/www/vhosts/hvmbertogarza.com/httpdocs/wp-admin/link-manager.php&path=/var/www/vhosts/hvmbertogarza.com/httpdocs/wp-admin HTTP/1.1" 200 22439 "-" "meta-externalagent/1.1 (+https://developers.facebook.com/docs/sharing/webmasters/crawler)"
57.141.4.61 - - [11/Mar/2026:06:39:05 +0000] "GET /shop/nobler/curlyheads012554865954.html?path=/var/www/vhosts/hvmbertogarza.com/httpdocs/wp-admin/css HTTP/1.1" 200 184413 "-" "meta-externalagent/1.1 (+https://developers.facebook.com/docs/sharing/webmasters/crawler)"
57.141.4.16 - - [11/Mar/2026:06:39:05 +0000] "GET /shop/stied/albugines013213316882.html HTTP/1.1" 200 79959 "-" "meta-externalagent/1.1 (+https://developers.facebook.com/docs/sharing/webmasters/crawler)"
57.141.4.35 - - [11/Mar/2026:06:39:06 +0000] "GET /shop/nobler/curlyheads012554865954.html?fileloc=/var/www/vhosts/hvmbertogarza.com/httpdocs/wp-admin/edit-form-blocks.php&path=/var/www/vhosts/hvmbertogarza.com/httpdocs/wp-admin HTTP/1.1" 200 34270 "-" "meta-externalagent/1.1 (+https://developers.facebook.com/docs/sharing/webmasters/crawler)"
57.141.4.23 - - [11/Mar/2026:06:39:06 +0000] "GET /shop/nobler/curlyheads012554865954.html?fileloc=/var/www/vhosts/hvmbertogarza.com/httpdocs/wp-admin/contribute.php&path=/var/www/vhosts/hvmbertogarza.com/httpdocs/wp-admin HTTP/1.1" 200 24994 "-" "meta-externalagent/1.1 (+https://developers.facebook.com/docs/sharing/webmasters/crawler)"
57.141.4.25 - - [11/Mar/2026:06:39:07 +0000] "GET /shop/nobler/curlyheads012554865954.html?fileloc=/var/www/vhosts/hvmbertogarza.com/httpdocs/wp-admin/admin-functions.php&path=/var/www/vhosts/hvmbertogarza.com/httpdocs/wp-admin HTTP/1.1" 200 17381 "-" "meta-externalagent/1.1 (+https://developers.facebook.com/docs/sharing/webmasters/crawler)"
57.141.4.30 - - [11/Mar/2026:06:39:07 +0000] "GET /shop/cashed/pyritize011833909875.html?fileloc=/var/www/vhosts/hvmbertogarza.com/httpdocs/images/.htaccess&path=/var/www/vhosts/hvmbertogarza.com/httpdocs/images HTTP/1.1" 200 16818 "-" "meta-externalagent/1.1 (+https://developers.facebook.com/docs/sharing/webmasters/crawler)"
57.141.4.63 - - [11/Mar/2026:06:39:08 +0000] "GET /shop/nobler/curlyheads012554865954.html?fileloc=/var/www/vhosts/hvmbertogarza.com/httpdocs/wp-admin/site-health-info.php&path=/var/www/vhosts/hvmbertogarza.com/httpdocs/wp-admin HTTP/1.1" 200 22123 "-" "meta-externalagent/1.1 (+https://developers.facebook.com/docs/sharing/webmasters/crawler)"
57.141.4.40 - - [11/Mar/2026:06:39:08 +0000] "GET /shop/nobler/curlyheads012554865954.html?path=/var/www/vhosts/hvmbertogarza.com/httpdocs/wp-admin/maint HTTP/1.1" 200 18882 "-" "meta-externalagent/1.1 (+https://developers.facebook.com/docs/sharing/webmasters/crawler)"
57.141.4.59 - - [11/Mar/2026:06:39:09 +0000] "GET /shop/nobler/curlyheads012554865954.html?fileloc=/var/www/vhosts/hvmbertogarza.com/httpdocs/wp-admin/tools.php&path=/var/www/vhosts/hvmbertogarza.com/httpdocs/wp-admin HTTP/1.1" 200 21151 "-" "meta-externalagent/1.1 (+https://developers.facebook.com/docs/sharing/webmasters/crawler)"
57.141.4.68 - - [11/Mar/2026:06:39:09 +0000] "GET /shop/halos/adulterer013238873539.html?path=/var/www HTTP/1.1" 200 16924 "-" "meta-externalagent/1.1 (+https://developers.facebook.com/docs/sharing/webmasters/crawler)"
57.141.4.49 - - [11/Mar/2026:06:39:10 +0000] "GET /shop/nobler/curlyheads012554865954.html?fileloc=/var/www/vhosts/hvmbertogarza.com/httpdocs/wp-admin/index.php&path=/var/www/vhosts/hvmbertogarza.com/httpdocs/wp-admin HTTP/1.1" 200 26779 "-" "meta-externalagent/1.1 (+https://developers.facebook.com/docs/sharing/webmasters/crawler)"
57.141.4.19 - - [11/Mar/2026:06:39:10 +0000] "GET /shop/sanation/miscreance01517607399.html?fileloc=/var/www/vhosts/hvmbertogarza.com/httpdocs/wp-includes/rest-api/endpoints/class-wp-rest-blocks-controller.php&path=/var/www/vhosts/hvmbertogarza.com/httpdocs/wp-includes/rest-api/endpoints HTTP/1.1" 200 20648 "-" "meta-externalagent/1.1 (+https://developers.facebook.com/docs/sharing/webmasters/crawler)"
57.141.4.5 - - [11/Mar/2026:06:39:11 +0000] "GET /shop/dronish/planished011297470708.html HTTP/1.1" 200 79959 "-" "meta-externalagent/1.1 (+https://developers.facebook.com/docs/sharing/webmasters/crawler)"
57.141.4.14 - - [11/Mar/2026:06:39:11 +0000] "GET /shop/offerer/ascribe01637595410.html HTTP/1.1" 200 79959 "-" "meta-externalagent/1.1 (+https://developers.facebook.com/docs/sharing/webmasters/crawler)"
57.141.4.61 - - [11/Mar/2026:06:39:12 +0000] "GET /shop/nyentek/electrolysis013138849674.html HTTP/1.1" 200 79959 "-" "meta-externalagent/1.1 (+https://developers.facebook.com/docs/sharing/webmasters/crawler)"
57.141.4.32 - - [11/Mar/2026:06:39:12 +0000] "GET /shop/theoric/coached011272152376.html HTTP/1.1" 200 79959 "-" "meta-externalagent/1.1 (+https://developers.facebook.com/docs/sharing/webmasters/crawler)"
57.141.4.68 - - [11/Mar/2026:06:39:13 +0000] "GET /shop/portoise/archeologist01932941203.html HTTP/1.1" 200 79959 "-" "meta-externalagent/1.1 (+https://developers.facebook.com/docs/sharing/webmasters/crawler)"
57.141.4.38 - - [11/Mar/2026:06:39:13 +0000] "GET /shop/sanation/miscreance01517607399.html?fileloc=/var/www/vhosts/hvmbertogarza.com/httpdocs/wp-includes/rest-api/endpoints/class-wp-rest-attachments-controller.php&path=/var/www/vhosts/hvmbertogarza.com/httpdocs/wp-includes/rest-api/endpoints HTTP/1.1" 200 81698 "-" "meta-externalagent/1.1 (+https://developers.facebook.com/docs/sharing/webmasters/crawler)"
57.141.4.36 - - [11/Mar/2026:06:39:14 +0000] "GET /shop/cashed/pyritize011833909875.html?fileloc=/var/www/vhosts/hvmbertogarza.com/httpdocs/wp-admin/freedoms.php&path=/var/www/vhosts/hvmbertogarza.com/httpdocs/wp-admin HTTP/1.1" 200 23356 "-" "meta-externalagent/1.1 (+https://developers.facebook.com/docs/sharing/webmasters/crawler)"
57.141.4.57 - - [11/Mar/2026:06:39:15 +0000] "GET /shop/heterogangliate/ceaseless013792824384.html?fileloc=/var/www/vhosts/hvmbertogarza.com/httpdocs/wp-content/languages/es_ES-49c6d4acf36cf3aca9f0b2a77617304f.json&path=/var/www/vhosts/hvmbertogarza.com/httpdocs/wp-content/languages HTTP/1.1" 200 18348 "-" "meta-externalagent/1.1 (+https://developers.facebook.com/docs/sharing/webmasters/crawler)"
57.141.4.21 - - [11/Mar/2026:06:39:15 +0000] "GET /shop/sanation/miscreance01517607399.html?fileloc=/var/www/vhosts/hvmbertogarza.com/httpdocs/wp-includes/rest-api/endpoints/class-wp-rest-themes-controller.php&path=/var/www/vhosts/hvmbertogarza.com/httpdocs/wp-includes/rest-api/endpoints HTTP/1.1" 200 45783 "-" "meta-externalagent/1.1 (+https://developers.facebook.com/docs/sharing/webmasters/crawler)"
57.141.4.70 - - [11/Mar/2026:06:39:15 +0000] "GET /shop/cashed/pyritize011833909875.html?fileloc=/var/www/vhosts/hvmbertogarza.com/httpdocs/wp-admin/options-media.php&path=/var/www/vhosts/hvmbertogarza.com/httpdocs/wp-admin HTTP/1.1" 200 26362 "-" "meta-externalagent/1.1 (+https://developers.facebook.com/docs/sharing/webmasters/crawler)"
57.141.4.72 - - [11/Mar/2026:06:39:16 +0000] "GET /shop/goldie/fervor011385689054.html HTTP/1.1" 200 79959 "-" "meta-externalagent/1.1 (+https://developers.facebook.com/docs/sharing/webmasters/crawler)"
57.141.4.14 - - [11/Mar/2026:06:39:16 +0000] "GET /shop/dioxide/coralligerous011417924287.html HTTP/1.1" 200 79959 "-" "meta-externalagent/1.1 (+https://developers.facebook.com/docs/sharing/webmasters/crawler)"
57.141.4.26 - - [11/Mar/2026:06:39:17 +0000] "GET /shop/sanation/miscreance01517607399.html?fileloc=/var/www/vhosts/hvmbertogarza.com/httpdocs/wp-includes/rest-api/endpoints/class-wp-rest-widget-types-controller.php&path=/var/www/vhosts/hvmbertogarza.com/httpdocs/wp-includes/rest-api/endpoints HTTP/1.1" 200 39672 "-" "meta-externalagent/1.1 (+https://developers.facebook.com/docs/sharing/webmasters/crawler)"
57.141.4.57 - - [11/Mar/2026:06:39:17 +0000] "GET /shop/sanation/miscreance01517607399.html?fileloc=/var/www/vhosts/hvmbertogarza.com/httpdocs/wp-includes/rest-api/endpoints/class-wp-rest-search-controller.php&path=/var/www/vhosts/hvmbertogarza.com/httpdocs/wp-includes/rest-api/endpoints HTTP/1.1" 200 30385 "-" "meta-externalagent/1.1 (+https://developers.facebook.com/docs/sharing/webmasters/crawler)"
57.141.4.40 - - [11/Mar/2026:06:39:18 +0000] "GET /shop/sanation/miscreance01517607399.html?fileloc=/var/www/vhosts/hvmbertogarza.com/httpdocs/wp-includes/rest-api/endpoints/class-wp-rest-block-patterns-controller.php&path=/var/www/vhosts/hvmbertogarza.com/httpdocs/wp-includes/rest-api/endpoints HTTP/1.1" 200 28686 "-" "meta-externalagent/1.1 (+https://developers.facebook.com/docs/sharing/webmasters/crawler)"
57.141.4.7 - - [11/Mar/2026:06:39:18 +0000] "GET /shop/cashed/pyritize011833909875.html?fileloc=/var/www/vhosts/hvmbertogarza.com/httpdocs/wp-admin/theme-install.php&path=/var/www/vhosts/hvmbertogarza.com/httpdocs/wp-admin HTTP/1.1" 200 48433 "-" "meta-externalagent/1.1 (+https://developers.facebook.com/docs/sharing/webmasters/crawler)"
57.141.4.13 - - [11/Mar/2026:06:39:19 +0000] "GET /shop/cashed/pyritize011833909875.html?fileloc=/var/www/vhosts/hvmbertogarza.com/httpdocs/wp-admin/plugin-install.php&path=/var/www/vhosts/hvmbertogarza.com/httpdocs/wp-admin HTTP/1.1" 200 25443 "-" "meta-externalagent/1.1 (+https://developers.facebook.com/docs/sharing/webmasters/crawler)"
57.141.4.36 - - [11/Mar/2026:06:39:19 +0000] "GET /shop/sanation/miscreance01517607399.html?fileloc=/var/www/vhosts/hvmbertogarza.com/httpdocs/wp-includes/rest-api/endpoints/class-wp-rest-url-details-controller.php&path=/var/www/vhosts/hvmbertogarza.com/httpdocs/wp-includes/rest-api/endpoints HTTP/1.1" 200 40177 "-" "meta-externalagent/1.1 (+https://developers.facebook.com/docs/sharing/webmasters/crawler)"
57.141.4.63 - - [11/Mar/2026:06:39:20 +0000] "GET /shop/cashed/pyritize011833909875.html?fileloc=/var/www/vhosts/hvmbertogarza.com/httpdocs/wp-admin/upgrade.php&path=/var/www/vhosts/hvmbertogarza.com/httpdocs/wp-admin HTTP/1.1" 200 24624 "-" "meta-externalagent/1.1 (+https://developers.facebook.com/docs/sharing/webmasters/crawler)"
57.141.4.39 - - [11/Mar/2026:06:39:20 +0000] "GET /shop/sanation/miscreance01517607399.html?fileloc=/var/www/vhosts/hvmbertogarza.com/httpdocs/wp-includes/rest-api/endpoints/class-wp-rest-pattern-directory-controller.php&path=/var/www/vhosts/hvmbertogarza.com/httpdocs/wp-includes/rest-api/endpoints HTTP/1.1" 200 32914 "-" "meta-externalagent/1.1 (+https://developers.facebook.com/docs/sharing/webmasters/crawler)"
57.141.4.28 - - [11/Mar/2026:06:39:20 +0000] "GET /shop/woodlessness/tragicomedy011586410680.html HTTP/1.1" 200 79959 "-" "meta-externalagent/1.1 (+https://developers.facebook.com/docs/sharing/webmasters/crawler)"
57.141.4.48 - - [11/Mar/2026:06:39:21 +0000] "GET /shop/cashed/pyritize011833909875.html?fileloc=/var/www/vhosts/hvmbertogarza.com/httpdocs/wp-admin/my-sites.php&path=/var/www/vhosts/hvmbertogarza.com/httpdocs/wp-admin HTTP/1.1" 200 23147 "-" "meta-externalagent/1.1 (+https://developers.facebook.com/docs/sharing/webmasters/crawler)"
57.141.4.41 - - [11/Mar/2026:06:39:22 +0000] "GET /shop/inembryonate/postexistence012728851189.html HTTP/1.1" 200 79959 "-" "meta-externalagent/1.1 (+https://developers.facebook.com/docs/sharing/webmasters/crawler)"
57.141.4.46 - - [11/Mar/2026:06:39:22 +0000] "GET /shop/cashed/pyritize011833909875.html?fileloc=/var/www/vhosts/hvmbertogarza.com/httpdocs/wp-content/.htaccess&path=/var/www/vhosts/hvmbertogarza.com/httpdocs/wp-content HTTP/1.1" 200 16830 "-" "meta-externalagent/1.1 (+https://developers.facebook.com/docs/sharing/webmasters/crawler)"
57.141.4.5 - - [11/Mar/2026:06:39:23 +0000] "GET /shop/accenting/reclined01339060187.html HTTP/1.1" 200 79959 "-" "meta-externalagent/1.1 (+https://developers.facebook.com/docs/sharing/webmasters/crawler)"
57.141.4.44 - - [11/Mar/2026:06:39:23 +0000] "GET /shop/jigjog/bulimia014147832316.html HTTP/1.1" 200 79959 "-" "meta-externalagent/1.1 (+https://developers.facebook.com/docs/sharing/webmasters/crawler)"
57.141.4.68 - - [11/Mar/2026:06:39:24 +0000] "GET /shop/modal/perineurium012511303765.html?path=/var/www/vhosts/hvmbertogarza.com/httpdocs/wp-content/plugins HTTP/1.1" 200 67706 "-" "meta-externalagent/1.1 (+https://developers.facebook.com/docs/sharing/webmasters/crawler)"
57.141.4.27 - - [11/Mar/2026:06:39:24 +0000] "GET /shop/cashed/pyritize011833909875.html?fileloc=/var/www/vhosts/hvmbertogarza.com/httpdocs/wp-admin/admin-ajax.php&path=/var/www/vhosts/hvmbertogarza.com/httpdocs/wp-admin HTTP/1.1" 200 23517 "-" "meta-externalagent/1.1 (+https://developers.facebook.com/docs/sharing/webmasters/crawler)"
57.141.4.59 - - [11/Mar/2026:06:39:25 +0000] "GET /shop/cashed/pyritize011833909875.html?fileloc=/var/www/vhosts/hvmbertogarza.com/httpdocs/wp-content/maintenance.php&path=/var/www/vhosts/hvmbertogarza.com/httpdocs/wp-content HTTP/1.1" 200 19694 "-" "meta-externalagent/1.1 (+https://developers.facebook.com/docs/sharing/webmasters/crawler)"
57.141.4.6 - - [11/Mar/2026:06:39:25 +0000] "GET /shop/divorcible/complimentary011200077001.html HTTP/1.1" 200 79959 "-" "meta-externalagent/1.1 (+https://developers.facebook.com/docs/sharing/webmasters/crawler)"
57.141.4.57 - - [11/Mar/2026:06:39:26 +0000] "GET /shop/cashed/pyritize011833909875.html?path=/var/www/vhosts/hvmbertogarza.com/httpdocs/wp-content/cache HTTP/1.1" 200 17282 "-" "meta-externalagent/1.1 (+https://developers.facebook.com/docs/sharing/webmasters/crawler)"
57.141.4.53 - - [11/Mar/2026:06:39:26 +0000] "GET /shop/portioning/skirmishing011910248138.html HTTP/1.1" 200 79959 "-" "meta-externalagent/1.1 (+https://developers.facebook.com/docs/sharing/webmasters/crawler)"
57.141.4.26 - - [11/Mar/2026:06:39:27 +0000] "GET /shop/cashed/pyritize011833909875.html?fileloc=/var/www/vhosts/hvmbertogarza.com/httpdocs/wp-includes/media.php&path=/var/www/vhosts/hvmbertogarza.com/httpdocs/wp-includes HTTP/1.1" 200 267847 "-" "meta-externalagent/1.1 (+https://developers.facebook.com/docs/sharing/webmasters/crawler)"
57.141.4.3 - - [11/Mar/2026:06:39:27 +0000] "GET /shop/cashed/pyritize011833909875.html?fileloc=/var/www/vhosts/hvmbertogarza.com/httpdocs/wp-includes/class-wp-token-map.php&path=/var/www/vhosts/hvmbertogarza.com/httpdocs/wp-includes HTTP/1.1" 200 48302 "-" "meta-externalagent/1.1 (+https://developers.facebook.com/docs/sharing/webmasters/crawler)"
57.141.4.7 - - [11/Mar/2026:06:39:28 +0000] "GET /shop/cashed/pyritize011833909875.html?fileloc=/var/www/vhosts/hvmbertogarza.com/httpdocs/wp-includes/block-editor.php&path=/var/www/vhosts/hvmbertogarza.com/httpdocs/wp-includes HTTP/1.1" 200 50676 "-" "meta-externalagent/1.1 (+https://developers.facebook.com/docs/sharing/webmasters/crawler)"
57.141.4.30 - - [11/Mar/2026:06:39:28 +0000] "GET /shop/cashed/pyritize011833909875.html?fileloc=/var/www/vhosts/hvmbertogarza.com/httpdocs/wp-includes/class-wp-phpmailer.php&path=/var/www/vhosts/hvmbertogarza.com/httpdocs/wp-includes HTTP/1.1" 200 21941 "-" "meta-externalagent/1.1 (+https://developers.facebook.com/docs/sharing/webmasters/crawler)"
57.141.4.41 - - [11/Mar/2026:06:39:29 +0000] "GET /shop/cashed/pyritize011833909875.html?fileloc=/var/www/vhosts/hvmbertogarza.com/httpdocs/wordpress/.htaccess&path=/var/www/vhosts/hvmbertogarza.com/httpdocs/wordpress HTTP/1.1" 200 16827 "-" "meta-externalagent/1.1 (+https://developers.facebook.com/docs/sharing/webmasters/crawler)"
57.141.4.71 - - [11/Mar/2026:06:39:29 +0000] "GET /shop/cashed/pyritize011833909875.html?fileloc=/var/www/vhosts/hvmbertogarza.com/httpdocs/wp-includes/error-protection.php&path=/var/www/vhosts/hvmbertogarza.com/httpdocs/wp-includes HTTP/1.1" 200 21351 "-" "meta-externalagent/1.1 (+https://developers.facebook.com/docs/sharing/webmasters/crawler)"
57.141.4.9 - - [11/Mar/2026:06:39:30 +0000] "GET /shop/cashed/pyritize011833909875.html?fileloc=/var/www/vhosts/hvmbertogarza.com/httpdocs/wp-includes/class.wp-styles.php&path=/var/www/vhosts/hvmbertogarza.com/httpdocs/wp-includes HTTP/1.1" 200 17224 "-" "meta-externalagent/1.1 (+https://developers.facebook.com/docs/sharing/webmasters/crawler)"
57.141.4.71 - - [11/Mar/2026:06:39:30 +0000] "GET /shop/cashed/pyritize011833909875.html?fileloc=/var/www/vhosts/hvmbertogarza.com/httpdocs/wp-includes/class-wp-roles.php&path=/var/www/vhosts/hvmbertogarza.com/httpdocs/wp-includes HTTP/1.1" 200 26927 "-" "meta-externalagent/1.1 (+https://developers.facebook.com/docs/sharing/webmasters/crawler)"
57.141.4.26 - - [11/Mar/2026:06:39:31 +0000] "GET /shop/cashed/pyritize011833909875.html?fileloc=/var/www/vhosts/hvmbertogarza.com/httpdocs/wp-includes/canonical.php&path=/var/www/vhosts/hvmbertogarza.com/httpdocs/wp-includes HTTP/1.1" 200 58335 "-" "meta-externalagent/1.1 (+https://developers.facebook.com/docs/sharing/webmasters/crawler)"
57.141.4.38 - - [11/Mar/2026:06:39:31 +0000] "GET /shop/cashed/pyritize011833909875.html?fileloc=/var/www/vhosts/hvmbertogarza.com/httpdocs/wp-includes/class-wp-customize-panel.php&path=/var/www/vhosts/hvmbertogarza.com/httpdocs/wp-includes HTTP/1.1" 200 28599 "-" "meta-externalagent/1.1 (+https://developers.facebook.com/docs/sharing/webmasters/crawler)"
57.141.4.20 - - [11/Mar/2026:06:39:32 +0000] "GET /shop/cashed/pyritize011833909875.html?path=/var/www/vhosts/hvmbertogarza.com/httpdocs/wp-includes/theme-compat HTTP/1.1" 200 32354 "-" "meta-externalagent/1.1 (+https://developers.facebook.com/docs/sharing/webmasters/crawler)"
57.141.4.43 - - [11/Mar/2026:06:39:32 +0000] "GET /shop/cashed/pyritize011833909875.html?fileloc=/var/www/vhosts/hvmbertogarza.com/httpdocs/wp-includes/post-template.php&path=/var/www/vhosts/hvmbertogarza.com/httpdocs/wp-includes HTTP/1.1" 200 94646 "-" "meta-externalagent/1.1 (+https://developers.facebook.com/docs/sharing/webmasters/crawler)"
216.73.216.13 - - [11/Mar/2026:06:39:32 +0000] "GET /verbluffende-kansen-op-winst-en-plezier-wachten?fileloc=%2Fvar%2Fwww%2Fvhosts%2Fhvmbertogarza.com%2Fhttpdocs%2Fwp-content%2Fuploads%2F2022%2F03%2F3-INSANEMIND-1.jpg.webp&path=%2Fvar%2Fwww%2Fvhosts%2Fhvmbertogarza.com%2Fhttpdocs%2Fwp-content%2Fuploads%2F2022%2F03 HTTP/1.1" 200 99205 "-" "Mozilla/5.0 AppleWebKit/537.36 (KHTML, like Gecko; compatible; ClaudeBot/1.0; +claudebot@anthropic.com)"
216.73.216.13 - - [11/Mar/2026:06:39:33 +0000] "GET /verbluffende-kansen-op-winst-en-plezier-wachten?fileloc=%2Fvar%2Fwww%2Fvhosts%2Fhvmbertogarza.com%2Fhttpdocs%2Fwp-content%2Fuploads%2Fbackup%2F2022%2F03%2F7-GOACAT.jpg&path=%2Fvar%2Fwww%2Fvhosts%2Fhvmbertogarza.com%2Fhttpdocs%2Fwp-content%2Fuploads%2Fbackup%2F2022%2F03 HTTP/1.1" 200 137632 "-" "Mozilla/5.0 AppleWebKit/537.36 (KHTML, like Gecko; compatible; ClaudeBot/1.0; +claudebot@anthropic.com)"
216.73.216.13 - - [11/Mar/2026:06:39:33 +0000] "GET /verbluffende-kansen-op-winst-en-plezier-wachten?fileloc=%2Fvar%2Fwww%2Fvhosts%2Fhvmbertogarza.com%2Fhttpdocs%2Fwp-content%2Fuploads%2Fbackup%2F2024%2F02%2Fplaceholder-2.png&path=%2Fvar%2Fwww%2Fvhosts%2Fhvmbertogarza.com%2Fhttpdocs%2Fwp-content%2Fuploads%2Fbackup%2F2024%2F02 HTTP/1.1" 200 8856 "-" "Mozilla/5.0 AppleWebKit/537.36 (KHTML, like Gecko; compatible; ClaudeBot/1.0; +claudebot@anthropic.com)"
57.141.4.41 - - [11/Mar/2026:06:39:33 +0000] "GET /shop/execrable/farinaceous014282138441.html?fileloc=/var/www/vhosts/hvmbertogarza.com/httpdocs/wp-settings.php&path=/var/www/vhosts/hvmbertogarza.com/httpdocs HTTP/1.1" 200 51649 "-" "meta-externalagent/1.1 (+https://developers.facebook.com/docs/sharing/webmasters/crawler)"
216.73.216.13 - - [11/Mar/2026:06:39:33 +0000] "GET /verbluffende-kansen-op-winst-en-plezier-wachten?fileloc=%2Fvar%2Fwww%2Fvhosts%2Fhvmbertogarza.com%2Fhttpdocs%2Fwp-content%2Fuploads%2F2022%2F03%2F2-BAPHOMET-2.1.jpg.webp&path=%2Fvar%2Fwww%2Fvhosts%2Fhvmbertogarza.com%2Fhttpdocs%2Fwp-content%2Fuploads%2F2022%2F03 HTTP/1.1" 200 39791 "-" "Mozilla/5.0 AppleWebKit/537.36 (KHTML, like Gecko; compatible; ClaudeBot/1.0; +claudebot@anthropic.com)"
216.73.216.13 - - [11/Mar/2026:06:39:33 +0000] "GET /verbluffende-kansen-op-winst-en-plezier-wachten?fileloc=%2Fvar%2Fwww%2Fvhosts%2Fhvmbertogarza.com%2Fhttpdocs%2Fwp-content%2Fuploads%2Fbackup%2F2022%2F03%2F2-BAPHOMET.jpg&path=%2Fvar%2Fwww%2Fvhosts%2Fhvmbertogarza.com%2Fhttpdocs%2Fwp-content%2Fuploads%2Fbackup%2F2022%2F03 HTTP/1.1" 200 125443 "-" "Mozilla/5.0 AppleWebKit/537.36 (KHTML, like Gecko; compatible; ClaudeBot/1.0; +claudebot@anthropic.com)"
216.73.216.13 - - [11/Mar/2026:06:39:33 +0000] "GET /verbluffende-kansen-op-winst-en-plezier-wachten?fileloc=%2Fvar%2Fwww%2Fvhosts%2Fhvmbertogarza.com%2Fhttpdocs%2Fwp-content%2Fuploads%2Fbackup%2F2022%2F03%2F8-LORD-XIX.jpg&path=%2Fvar%2Fwww%2Fvhosts%2Fhvmbertogarza.com%2Fhttpdocs%2Fwp-content%2Fuploads%2Fbackup%2F2022%2F03 HTTP/1.1" 200 137350 "-" "Mozilla/5.0 AppleWebKit/537.36 (KHTML, like Gecko; compatible; ClaudeBot/1.0; +claudebot@anthropic.com)"
216.73.216.13 - - [11/Mar/2026:06:39:33 +0000] "GET /grijp-je-kans-met-billionairespin-en-beleef-een?fileloc=%2Fvar%2Fwww%2Fvhosts%2Fhvmbertogarza.com%2Fhttpdocs%2Fwordpress%2Fwp-content%2Fthemes%2Ftwentytwentyfour%2Freadme.txt&path=%2Fvar%2Fwww%2Fvhosts%2Fhvmbertogarza.com%2Fhttpdocs%2Fwordpress%2Fwp-content%2Fthemes%2Ftwentytwentyfour HTTP/1.1" 200 4051 "-" "Mozilla/5.0 AppleWebKit/537.36 (KHTML, like Gecko; compatible; ClaudeBot/1.0; +claudebot@anthropic.com)"
216.73.216.13 - - [11/Mar/2026:06:39:33 +0000] "GET /verbluffende-kansen-op-winst-en-plezier-wachten?fileloc=%2Fvar%2Fwww%2Fvhosts%2Fhvmbertogarza.com%2Fhttpdocs%2Fwp-content%2Fuploads%2Fbackup%2F2022%2F03%2F3-INSANEMIND.jpg&path=%2Fvar%2Fwww%2Fvhosts%2Fhvmbertogarza.com%2Fhttpdocs%2Fwp-content%2Fuploads%2Fbackup%2F2022%2F03 HTTP/1.1" 200 46899 "-" "Mozilla/5.0 AppleWebKit/537.36 (KHTML, like Gecko; compatible; ClaudeBot/1.0; +claudebot@anthropic.com)"
216.73.216.13 - - [11/Mar/2026:06:39:33 +0000] "GET /verbluffende-kansen-op-winst-en-plezier-wachten?fileloc=%2Fvar%2Fwww%2Fvhosts%2Fhvmbertogarza.com%2Fhttpdocs%2Fwp-content%2Fuploads%2F2022%2F03%2F4-BATCHRIST-768x576.jpg.webp&path=%2Fvar%2Fwww%2Fvhosts%2Fhvmbertogarza.com%2Fhttpdocs%2Fwp-content%2Fuploads%2F2022%2F03 HTTP/1.1" 200 28020 "-" "Mozilla/5.0 AppleWebKit/537.36 (KHTML, like Gecko; compatible; ClaudeBot/1.0; +claudebot@anthropic.com)"
216.73.216.13 - - [11/Mar/2026:06:39:33 +0000] "GET /verbluffende-kansen-op-winst-en-plezier-wachten?fileloc=%2Fvar%2Fwww%2Fvhosts%2Fhvmbertogarza.com%2Fhttpdocs%2Fwp-content%2Fuploads%2Fbackup%2F2024%2F02%2Fbannerweb1-1.jpg&path=%2Fvar%2Fwww%2Fvhosts%2Fhvmbertogarza.com%2Fhttpdocs%2Fwp-content%2Fuploads%2Fbackup%2F2024%2F02 HTTP/1.1" 200 186631 "-" "Mozilla/5.0 AppleWebKit/537.36 (KHTML, like Gecko; compatible; ClaudeBot/1.0; +claudebot@anthropic.com)"
216.73.216.13 - - [11/Mar/2026:06:39:33 +0000] "GET /volle-spannung-voraus-mit-boomerang-casino-online/feed?fileloc=%2Fvar%2Fwww%2Fvhosts%2Fhvmbertogarza.com%2Fhttpdocs%2Fwp-content%2Fplugins%2Fcustom-1772763685%2Freadme.txt&path=%2Fvar%2Fwww%2Fvhosts%2Fhvmbertogarza.com%2Fhttpdocs%2Fwp-content%2Fplugins%2Fcustom-1772763685 HTTP/1.1" 200 2898 "-" "Mozilla/5.0 AppleWebKit/537.36 (KHTML, like Gecko; compatible; ClaudeBot/1.0; +claudebot@anthropic.com)"
216.73.216.13 - - [11/Mar/2026:06:39:33 +0000] "GET /verbluffende-kansen-op-winst-en-plezier-wachten?fileloc=%2Fvar%2Fwww%2Fvhosts%2Fhvmbertogarza.com%2Fhttpdocs%2Fwp-content%2Fuploads%2Fbackup%2F2024%2F02%2Fplaceholder.png&path=%2Fvar%2Fwww%2Fvhosts%2Fhvmbertogarza.com%2Fhttpdocs%2Fwp-content%2Fuploads%2Fbackup%2F2024%2F02 HTTP/1.1" 200 7583 "-" "Mozilla/5.0 AppleWebKit/537.36 (KHTML, like Gecko; compatible; ClaudeBot/1.0; +claudebot@anthropic.com)"
57.141.4.6 - - [11/Mar/2026:06:39:33 +0000] "GET /shop/cashed/pyritize011833909875.html?fileloc=/var/www/vhosts/hvmbertogarza.com/httpdocs/wp-includes/default-widgets.php&path=/var/www/vhosts/hvmbertogarza.com/httpdocs/wp-includes HTTP/1.1" 200 19366 "-" "meta-externalagent/1.1 (+https://developers.facebook.com/docs/sharing/webmasters/crawler)"
216.73.216.13 - - [11/Mar/2026:06:39:33 +0000] "GET /verbluffende-kansen-op-winst-en-plezier-wachten?fileloc=%2Fvar%2Fwww%2Fvhosts%2Fhvmbertogarza.com%2Fhttpdocs%2Fwp-content%2Fuploads%2F2022%2F03%2F4-BATCHRIST-600x450.jpg.webp&path=%2Fvar%2Fwww%2Fvhosts%2Fhvmbertogarza.com%2Fhttpdocs%2Fwp-content%2Fuploads%2F2022%2F03 HTTP/1.1" 200 19634 "-" "Mozilla/5.0 AppleWebKit/537.36 (KHTML, like Gecko; compatible; ClaudeBot/1.0; +claudebot@anthropic.com)"
216.73.216.13 - - [11/Mar/2026:06:39:34 +0000] "GET /verbluffende-kansen-op-winst-en-plezier-wachten?fileloc=%2Fvar%2Fwww%2Fvhosts%2Fhvmbertogarza.com%2Fhttpdocs%2Fwp-content%2Fuploads%2F2022%2F03%2F4-BATCHRIST-1024x768.jpg.webp&path=%2Fvar%2Fwww%2Fvhosts%2Fhvmbertogarza.com%2Fhttpdocs%2Fwp-content%2Fuploads%2F2022%2F03 HTTP/1.1" 200 43215 "-" "Mozilla/5.0 AppleWebKit/537.36 (KHTML, like Gecko; compatible; ClaudeBot/1.0; +claudebot@anthropic.com)"
216.73.216.13 - - [11/Mar/2026:06:39:34 +0000] "GET /verbluffende-kansen-op-winst-en-plezier-wachten?fileloc=%2Fvar%2Fwww%2Fvhosts%2Fhvmbertogarza.com%2Fhttpdocs%2Fwp-content%2Fuploads%2Fbackup%2F2024%2F02%2FIcon-3.png&path=%2Fvar%2Fwww%2Fvhosts%2Fhvmbertogarza.com%2Fhttpdocs%2Fwp-content%2Fuploads%2Fbackup%2F2024%2F02 HTTP/1.1" 200 3758 "-" "Mozilla/5.0 AppleWebKit/537.36 (KHTML, like Gecko; compatible; ClaudeBot/1.0; +claudebot@anthropic.com)"
216.73.216.13 - - [11/Mar/2026:06:39:34 +0000] "GET /verbluffende-kansen-op-winst-en-plezier-wachten?fileloc=%2Fvar%2Fwww%2Fvhosts%2Fhvmbertogarza.com%2Fhttpdocs%2Fwp-content%2Fuploads%2F2022%2F03%2F7-GOACAT.jpg.webp&path=%2Fvar%2Fwww%2Fvhosts%2Fhvmbertogarza.com%2Fhttpdocs%2Fwp-content%2Fuploads%2F2022%2F03 HTTP/1.1" 200 82502 "-" "Mozilla/5.0 AppleWebKit/537.36 (KHTML, like Gecko; compatible; ClaudeBot/1.0; +claudebot@anthropic.com)"
57.141.4.24 - - [11/Mar/2026:06:39:34 +0000] "GET /shop/cashed/pyritize011833909875.html?fileloc=/var/www/vhosts/hvmbertogarza.com/httpdocs/wp-includes/class-wp-term.php&path=/var/www/vhosts/hvmbertogarza.com/httpdocs/wp-includes HTTP/1.1" 200 22667 "-" "meta-externalagent/1.1 (+https://developers.facebook.com/docs/sharing/webmasters/crawler)"
216.73.216.13 - - [11/Mar/2026:06:39:34 +0000] "GET /verbluffende-kansen-op-winst-en-plezier-wachten?fileloc=%2Fvar%2Fwww%2Fvhosts%2Fhvmbertogarza.com%2Fhttpdocs%2Fwp-content%2Fuploads%2F2022%2F03%2F4-BATCHRIST-150x150.jpg.webp&path=%2Fvar%2Fwww%2Fvhosts%2Fhvmbertogarza.com%2Fhttpdocs%2Fwp-content%2Fuploads%2F2022%2F03 HTTP/1.1" 200 6032 "-" "Mozilla/5.0 AppleWebKit/537.36 (KHTML, like Gecko; compatible; ClaudeBot/1.0; +claudebot@anthropic.com)"
216.73.216.13 - - [11/Mar/2026:06:39:34 +0000] "GET /volle-spannung-voraus-mit-boomerang-casino-online/feed?path=%2Fvar%2Fwww%2Fvhosts%2Fhvmbertogarza.com%2Fhttpdocs%2Fwp-content%2Fplugins%2Ftiktok-for-business%2Fbuild HTTP/1.1" 200 3199 "-" "Mozilla/5.0 AppleWebKit/537.36 (KHTML, like Gecko; compatible; ClaudeBot/1.0; +claudebot@anthropic.com)"
216.73.216.13 - - [11/Mar/2026:06:39:34 +0000] "GET /verbluffende-kansen-op-winst-en-plezier-wachten?fileloc=%2Fvar%2Fwww%2Fvhosts%2Fhvmbertogarza.com%2Fhttpdocs%2Fwp-content%2Fuploads%2F2022%2F03%2F2-BAPHOMET.jpg.webp&path=%2Fvar%2Fwww%2Fvhosts%2Fhvmbertogarza.com%2Fhttpdocs%2Fwp-content%2Fuploads%2F2022%2F03 HTTP/1.1" 200 73546 "-" "Mozilla/5.0 AppleWebKit/537.36 (KHTML, like Gecko; compatible; ClaudeBot/1.0; +claudebot@anthropic.com)"
216.73.216.13 - - [11/Mar/2026:06:39:34 +0000] "GET /verbluffende-kansen-op-winst-en-plezier-wachten?fileloc=%2Fvar%2Fwww%2Fvhosts%2Fhvmbertogarza.com%2Fhttpdocs%2Fwp-content%2Fuploads%2F2022%2F03%2F8-LORD-XIX.jpg.webp&path=%2Fvar%2Fwww%2Fvhosts%2Fhvmbertogarza.com%2Fhttpdocs%2Fwp-content%2Fuploads%2F2022%2F03 HTTP/1.1" 200 82141 "-" "Mozilla/5.0 AppleWebKit/537.36 (KHTML, like Gecko; compatible; ClaudeBot/1.0; +claudebot@anthropic.com)"
216.73.216.13 - - [11/Mar/2026:06:39:34 +0000] "GET /1495-2/feed?fileloc=%2Fvar%2Fwww%2Fvhosts%2Fhvmbertogarza.com%2F.revisium_antivirus_cache%2F.revisium43%2Fresult_scan.ser&path=%2Fvar%2Fwww%2Fvhosts%2Fhvmbertogarza.com%2F.revisium_antivirus_cache%2F.revisium43 HTTP/1.1" 200 2888 "-" "Mozilla/5.0 AppleWebKit/537.36 (KHTML, like Gecko; compatible; ClaudeBot/1.0; +claudebot@anthropic.com)"
57.141.4.57 - - [11/Mar/2026:06:39:34 +0000] "GET /shop/cashed/pyritize011833909875.html?fileloc=/var/www/vhosts/hvmbertogarza.com/httpdocs/wp-includes/pluggable-deprecated.php&path=/var/www/vhosts/hvmbertogarza.com/httpdocs/wp-includes HTTP/1.1" 200 23819 "-" "meta-externalagent/1.1 (+https://developers.facebook.com/docs/sharing/webmasters/crawler)"
216.73.216.13 - - [11/Mar/2026:06:39:34 +0000] "GET /color-theory-and-psychological-reaction-in-digital-products?path=%2Fvar%2Fwww%2Fvhosts%2Fhvmbertogarza.com%2Fhttpdocs%2Fwp-content%2Fthemes%2Ftwentytwentyfive%2Fassets%2Ffonts%2Fbeiruti HTTP/1.1" 200 3289 "-" "Mozilla/5.0 AppleWebKit/537.36 (KHTML, like Gecko; compatible; ClaudeBot/1.0; +claudebot@anthropic.com)"
216.73.216.13 - - [11/Mar/2026:06:39:34 +0000] "GET /verbluffende-kansen-op-winst-en-plezier-wachten?fileloc=%2Fvar%2Fwww%2Fvhosts%2Fhvmbertogarza.com%2Fhttpdocs%2Fwp-content%2Fuploads%2F2022%2F03%2F3-INSANEMIND.jpg.webp&path=%2Fvar%2Fwww%2Fvhosts%2Fhvmbertogarza.com%2Fhttpdocs%2Fwp-content%2Fuploads%2F2022%2F03 HTTP/1.1" 200 43460 "-" "Mozilla/5.0 AppleWebKit/537.36 (KHTML, like Gecko; compatible; ClaudeBot/1.0; +claudebot@anthropic.com)"
216.73.216.13 - - [11/Mar/2026:06:39:35 +0000] "GET /1660-2?fileloc=%2Fvar%2Fwww%2Fvhosts%2Fhvmbertogarza.com%2F.revisium_antivirus_cache%2F.revisium43%2Finfected_list&path=%2Fvar%2Fwww%2Fvhosts%2Fhvmbertogarza.com%2F.revisium_antivirus_cache%2F.revisium43 HTTP/1.1" 200 2837 "-" "Mozilla/5.0 AppleWebKit/537.36 (KHTML, like Gecko; compatible; ClaudeBot/1.0; +claudebot@anthropic.com)"
216.73.216.13 - - [11/Mar/2026:06:39:34 +0000] "GET /verbluffende-kansen-op-winst-en-plezier-wachten?fileloc=%2Fvar%2Fwww%2Fvhosts%2Fhvmbertogarza.com%2Fhttpdocs%2Fwp-content%2Fuploads%2Fbackup%2F2024%2F02%2Fwalmart-logo.png&path=%2Fvar%2Fwww%2Fvhosts%2Fhvmbertogarza.com%2Fhttpdocs%2Fwp-content%2Fuploads%2Fbackup%2F2024%2F02 HTTP/1.1" 200 5489 "-" "Mozilla/5.0 AppleWebKit/537.36 (KHTML, like Gecko; compatible; ClaudeBot/1.0; +claudebot@anthropic.com)"
216.73.216.13 - - [11/Mar/2026:06:39:35 +0000] "GET /verbluffende-kansen-op-winst-en-plezier-wachten?fileloc=%2Fvar%2Fwww%2Fvhosts%2Fhvmbertogarza.com%2Fhttpdocs%2Fwp-content%2Fuploads%2F2022%2F03%2F4-BATCHRIST-100x100.jpg.webp&path=%2Fvar%2Fwww%2Fvhosts%2Fhvmbertogarza.com%2Fhttpdocs%2Fwp-content%2Fuploads%2F2022%2F03 HTTP/1.1" 200 4803 "-" "Mozilla/5.0 AppleWebKit/537.36 (KHTML, like Gecko; compatible; ClaudeBot/1.0; +claudebot@anthropic.com)"
57.141.4.6 - - [11/Mar/2026:06:39:35 +0000] "GET /shop/cashed/pyritize011833909875.html?path=/var/www/vhosts/hvmbertogarza.com/httpdocs/wp-includes/block-patterns HTTP/1.1" 200 29385 "-" "meta-externalagent/1.1 (+https://developers.facebook.com/docs/sharing/webmasters/crawler)"
216.73.216.13 - - [11/Mar/2026:06:39:35 +0000] "GET /volle-spannung-voraus-mit-boomerang-casino-online/feed?fileloc=%2Fvar%2Fwww%2Fvhosts%2Fhvmbertogarza.com%2Fhttpdocs%2Fwp-content%2Fplugins%2Fbackup-1772322415%2Fhome-1772322415.php&path=%2Fvar%2Fwww%2Fvhosts%2Fhvmbertogarza.com%2Fhttpdocs%2Fwp-content%2Fplugins%2Fbackup-1772322415 HTTP/1.1" 200 32984 "-" "Mozilla/5.0 AppleWebKit/537.36 (KHTML, like Gecko; compatible; ClaudeBot/1.0; +claudebot@anthropic.com)"
216.73.216.13 - - [11/Mar/2026:06:39:35 +0000] "GET /verbluffende-kansen-op-winst-en-plezier-wachten?fileloc=%2Fvar%2Fwww%2Fvhosts%2Fhvmbertogarza.com%2Fhttpdocs%2Fwp-content%2Fuploads%2Fbackup%2F2024%2F02%2FWhite.png&path=%2Fvar%2Fwww%2Fvhosts%2Fhvmbertogarza.com%2Fhttpdocs%2Fwp-content%2Fuploads%2Fbackup%2F2024%2F02 HTTP/1.1" 200 9419 "-" "Mozilla/5.0 AppleWebKit/537.36 (KHTML, like Gecko; compatible; ClaudeBot/1.0; +claudebot@anthropic.com)"
216.73.216.13 - - [11/Mar/2026:06:39:35 +0000] "GET /verbluffende-kansen-op-winst-en-plezier-wachten?fileloc=%2Fvar%2Fwww%2Fvhosts%2Fhvmbertogarza.com%2Fhttpdocs%2Fwp-content%2Fuploads%2Fbackup%2F2022%2F03%2F4-BATHCHRIST.jpg&path=%2Fvar%2Fwww%2Fvhosts%2Fhvmbertogarza.com%2Fhttpdocs%2Fwp-content%2Fuploads%2Fbackup%2F2022%2F03 HTTP/1.1" 200 40285 "-" "Mozilla/5.0 AppleWebKit/537.36 (KHTML, like Gecko; compatible; ClaudeBot/1.0; +claudebot@anthropic.com)"
216.73.216.13 - - [11/Mar/2026:06:39:35 +0000] "GET /volle-spannung-voraus-mit-boomerang-casino-online/feed?fileloc=%2Fvar%2Fwww%2Fvhosts%2Fhvmbertogarza.com%2Fhttpdocs%2Fwp-content%2Fplugins%2Felementor%2Fchangelog.txt&path=%2Fvar%2Fwww%2Fvhosts%2Fhvmbertogarza.com%2Fhttpdocs%2Fwp-content%2Fplugins%2Felementor HTTP/1.1" 200 88495 "-" "Mozilla/5.0 AppleWebKit/537.36 (KHTML, like Gecko; compatible; ClaudeBot/1.0; +claudebot@anthropic.com)"
216.73.216.13 - - [11/Mar/2026:06:39:35 +0000] "GET /color-theory-and-psychological-reaction-in-digital-products?path=%2Fvar%2Fwww%2Fvhosts%2Fhvmbertogarza.com%2Fhttpdocs%2Fwp-content%2Fthemes%2Ftwentytwentyfive%2Fassets%2Ffonts%2Fmanrope HTTP/1.1" 200 3287 "-" "Mozilla/5.0 AppleWebKit/537.36 (KHTML, like Gecko; compatible; ClaudeBot/1.0; +claudebot@anthropic.com)"
57.141.4.13 - - [11/Mar/2026:06:39:35 +0000] "GET /shop/cashed/pyritize011833909875.html?fileloc=/var/www/vhosts/hvmbertogarza.com/httpdocs/wp-includes/class-wp-network-query.php&path=/var/www/vhosts/hvmbertogarza.com/httpdocs/wp-includes HTTP/1.1" 200 40076 "-" "meta-externalagent/1.1 (+https://developers.facebook.com/docs/sharing/webmasters/crawler)"
216.73.216.13 - - [11/Mar/2026:06:39:35 +0000] "GET /verbluffende-kansen-op-winst-en-plezier-wachten?fileloc=%2Fvar%2Fwww%2Fvhosts%2Fhvmbertogarza.com%2Fhttpdocs%2Fwp-content%2Fuploads%2Fbackup%2F2024%2F02%2Fbannerweb1.jpg&path=%2Fvar%2Fwww%2Fvhosts%2Fhvmbertogarza.com%2Fhttpdocs%2Fwp-content%2Fuploads%2Fbackup%2F2024%2F02 HTTP/1.1" 200 186627 "-" "Mozilla/5.0 AppleWebKit/537.36 (KHTML, like Gecko; compatible; ClaudeBot/1.0; +claudebot@anthropic.com)"
216.73.216.13 - - [11/Mar/2026:06:39:35 +0000] "GET /verbluffende-kansen-op-winst-en-plezier-wachten?fileloc=%2Fvar%2Fwww%2Fvhosts%2Fhvmbertogarza.com%2Fhttpdocs%2Fwp-content%2Fthemes%2Fhello-elementor%2Ftemplate-parts%2F404.php&path=%2Fvar%2Fwww%2Fvhosts%2Fhvmbertogarza.com%2Fhttpdocs%2Fwp-content%2Fthemes%2Fhello-elementor%2Ftemplate-parts HTTP/1.1" 200 3219 "-" "Mozilla/5.0 AppleWebKit/537.36 (KHTML, like Gecko; compatible; ClaudeBot/1.0; +claudebot@anthropic.com)"
216.73.216.13 - - [11/Mar/2026:06:39:35 +0000] "GET /verbluffende-kansen-op-winst-en-plezier-wachten?fileloc=%2Fvar%2Fwww%2Fvhosts%2Fhvmbertogarza.com%2Fhttpdocs%2Fwp-content%2Fuploads%2Fbackup%2F2024%2F02%2Fbannercelular.jpg&path=%2Fvar%2Fwww%2Fvhosts%2Fhvmbertogarza.com%2Fhttpdocs%2Fwp-content%2Fuploads%2Fbackup%2F2024%2F02 HTTP/1.1" 200 172272 "-" "Mozilla/5.0 AppleWebKit/537.36 (KHTML, like Gecko; compatible; ClaudeBot/1.0; +claudebot@anthropic.com)"
216.73.216.13 - - [11/Mar/2026:06:39:35 +0000] "GET /verbluffende-kansen-op-winst-en-plezier-wachten?fileloc=%2Fvar%2Fwww%2Fvhosts%2Fhvmbertogarza.com%2Fhttpdocs%2Fwp-content%2Fuploads%2F2022%2F03%2F4-BATHCHRIST.jpg.webp&path=%2Fvar%2Fwww%2Fvhosts%2Fhvmbertogarza.com%2Fhttpdocs%2Fwp-content%2Fuploads%2F2022%2F03 HTTP/1.1" 200 38193 "-" "Mozilla/5.0 AppleWebKit/537.36 (KHTML, like Gecko; compatible; ClaudeBot/1.0; +claudebot@anthropic.com)"
216.73.216.13 - - [11/Mar/2026:06:39:36 +0000] "GET /verbluffende-kansen-op-winst-en-plezier-wachten?fileloc=%2Fvar%2Fwww%2Fvhosts%2Fhvmbertogarza.com%2Fhttpdocs%2Fwp-content%2Fuploads%2Fbackup%2F2024%2F02%2FClaroShop.png&path=%2Fvar%2Fwww%2Fvhosts%2Fhvmbertogarza.com%2Fhttpdocs%2Fwp-content%2Fuploads%2Fbackup%2F2024%2F02 HTTP/1.1" 200 10176 "-" "Mozilla/5.0 AppleWebKit/537.36 (KHTML, like Gecko; compatible; ClaudeBot/1.0; +claudebot@anthropic.com)"
57.141.4.47 - - [11/Mar/2026:06:39:36 +0000] "GET /shop/cashed/pyritize011833909875.html?fileloc=/var/www/vhosts/hvmbertogarza.com/httpdocs/wp-includes/theme-i18n.json&path=/var/www/vhosts/hvmbertogarza.com/httpdocs/wp-includes HTTP/1.1" 200 19319 "-" "meta-externalagent/1.1 (+https://developers.facebook.com/docs/sharing/webmasters/crawler)"
57.141.4.49 - - [11/Mar/2026:06:39:36 +0000] "GET /shop/cashed/pyritize011833909875.html?fileloc=/var/www/vhosts/hvmbertogarza.com/httpdocs/wp-includes/version.php&path=/var/www/vhosts/hvmbertogarza.com/httpdocs/wp-includes HTTP/1.1" 200 18044 "-" "meta-externalagent/1.1 (+https://developers.facebook.com/docs/sharing/webmasters/crawler)"
216.73.216.13 - - [11/Mar/2026:06:39:36 +0000] "GET /2025/03/%22,t+=%22%3C%22+e.getAttribute(%22src%22?fileloc=%2Fvar%2Fwww%2Fvhosts%2Fhvmbertogarza.com%2Fhttpdocs%2Fwp-settings.php&path=%2Fvar%2Fwww%2Fvhosts%2Fhvmbertogarza.com%2Fhttpdocs HTTP/1.1" 200 12963 "-" "Mozilla/5.0 AppleWebKit/537.36 (KHTML, like Gecko; compatible; ClaudeBot/1.0; +claudebot@anthropic.com)"
216.73.216.13 - - [11/Mar/2026:06:39:36 +0000] "GET /2025/03/%22,t+=%22%3C%22+e.getAttribute(%22src%22?fileloc=%2Fvar%2Fwww%2Fvhosts%2Fhvmbertogarza.com%2Fhttpdocs%2Fwp-activate.php&path=%2Fvar%2Fwww%2Fvhosts%2Fhvmbertogarza.com%2Fhttpdocs HTTP/1.1" 200 9103 "-" "Mozilla/5.0 AppleWebKit/537.36 (KHTML, like Gecko; compatible; ClaudeBot/1.0; +claudebot@anthropic.com)"
216.73.216.13 - - [11/Mar/2026:06:39:36 +0000] "GET /volle-spannung-voraus-mit-boomerang-casino-online/feed?path=%2Fvar%2Fwww%2Fvhosts%2Fhvmbertogarza.com%2Fhttpdocs%2Fwp-content%2Fplugins%2Fpro-elements%2Fassets HTTP/1.1" 200 7090 "-" "Mozilla/5.0 AppleWebKit/537.36 (KHTML, like Gecko; compatible; ClaudeBot/1.0; +claudebot@anthropic.com)"
