216.73.216.13 - - [11/Mar/2026:06:52:14 +0000] "GET /casino-en-ligne-qui-accepte-discover/feed?fileloc=%2Fvar%2Fwww%2Fvhosts%2Fhvmbertogarza.com%2Fhttpdocs%2Fwp-includes%2Fjs%2Fdist%2Fblocks.js&path=%2Fvar%2Fwww%2Fvhosts%2Fhvmbertogarza.com%2Fhttpdocs%2Fwp-includes%2Fjs%2Fdist HTTP/1.1" 200 113704 "-" "Mozilla/5.0 AppleWebKit/537.36 (KHTML, like Gecko; compatible; ClaudeBot/1.0; +claudebot@anthropic.com)"
216.73.216.13 - - [11/Mar/2026:06:52:14 +0000] "GET /casino-en-ligne-qui-accepte-discover/feed?fileloc=%2Fvar%2Fwww%2Fvhosts%2Fhvmbertogarza.com%2Fhttpdocs%2Fwp-includes%2Fjs%2Fcustomize-preview-nav-menus.js&path=%2Fvar%2Fwww%2Fvhosts%2Fhvmbertogarza.com%2Fhttpdocs%2Fwp-includes%2Fjs HTTP/1.1" 200 6993 "-" "Mozilla/5.0 AppleWebKit/537.36 (KHTML, like Gecko; compatible; ClaudeBot/1.0; +claudebot@anthropic.com)"
57.141.4.31 - - [11/Mar/2026:06:52:14 +0000] "GET /shop/flowery/gloze01896646353.html HTTP/1.1" 200 79959 "-" "meta-externalagent/1.1 (+https://developers.facebook.com/docs/sharing/webmasters/crawler)"
216.73.216.13 - - [11/Mar/2026:06:52:14 +0000] "GET /casino-en-ligne-qui-accepte-discover/feed?fileloc=%2Fvar%2Fwww%2Fvhosts%2Fhvmbertogarza.com%2Fhttpdocs%2Fwp-includes%2Fjs%2Fmce-view.min.js&path=%2Fvar%2Fwww%2Fvhosts%2Fhvmbertogarza.com%2Fhttpdocs%2Fwp-includes%2Fjs HTTP/1.1" 200 6643 "-" "Mozilla/5.0 AppleWebKit/537.36 (KHTML, like Gecko; compatible; ClaudeBot/1.0; +claudebot@anthropic.com)"
57.141.4.35 - - [11/Mar/2026:06:52:15 +0000] "GET /shop/cammass/enzootic013663872794.html HTTP/1.1" 200 79959 "-" "meta-externalagent/1.1 (+https://developers.facebook.com/docs/sharing/webmasters/crawler)"
216.73.216.13 - - [11/Mar/2026:06:52:12 +0000] "GET /2026/01/30?fileloc=%2Fvar%2Fwww%2Fvhosts%2Fhvmbertogarza.com%2Flogs%2Faccess_ssl_log.webstat&path=%2Fvar%2Fwww%2Fvhosts%2Fhvmbertogarza.com%2Flogs HTTP/1.1" 200 3289517 "-" "Mozilla/5.0 AppleWebKit/537.36 (KHTML, like Gecko; compatible; ClaudeBot/1.0; +claudebot@anthropic.com)"
57.141.4.71 - - [11/Mar/2026:06:52:15 +0000] "GET /shop/prismatoidal/demising012691180717.html HTTP/1.1" 200 79959 "-" "meta-externalagent/1.1 (+https://developers.facebook.com/docs/sharing/webmasters/crawler)"
57.141.4.11 - - [11/Mar/2026:06:52:15 +0000] "GET /shop/japan/houseful011760973767.html?fileloc=/var/www/vhosts/hvmbertogarza.com/httpdocs/license.txt&path=/var/www/vhosts/hvmbertogarza.com/httpdocs HTTP/1.1" 200 36980 "-" "meta-externalagent/1.1 (+https://developers.facebook.com/docs/sharing/webmasters/crawler)"
57.141.4.9 - - [11/Mar/2026:06:52:16 +0000] "GET /shop/monogynia/difflation01566919001.html HTTP/1.1" 200 79959 "-" "meta-externalagent/1.1 (+https://developers.facebook.com/docs/sharing/webmasters/crawler)"
57.141.4.20 - - [11/Mar/2026:06:52:17 +0000] "GET /shop/octylene/bloomer011883179342.html HTTP/1.1" 200 79959 "-" "meta-externalagent/1.1 (+https://developers.facebook.com/docs/sharing/webmasters/crawler)"
57.141.4.60 - - [11/Mar/2026:06:52:17 +0000] "GET /shop/hibernicism/decumaria012364407997.html HTTP/1.1" 200 79959 "-" "meta-externalagent/1.1 (+https://developers.facebook.com/docs/sharing/webmasters/crawler)"
57.141.4.30 - - [11/Mar/2026:06:52:18 +0000] "GET /shop/myelencephalic/isomeric01274137074.html HTTP/1.1" 200 79959 "-" "meta-externalagent/1.1 (+https://developers.facebook.com/docs/sharing/webmasters/crawler)"
57.141.4.42 - - [11/Mar/2026:06:52:18 +0000] "GET /shop/hailstone/unslaked012793949981.html HTTP/1.1" 200 79959 "-" "meta-externalagent/1.1 (+https://developers.facebook.com/docs/sharing/webmasters/crawler)"
57.141.4.16 - - [11/Mar/2026:06:52:18 +0000] "GET /shop/pharmacy/misgye011732786262.html HTTP/1.1" 200 79959 "-" "meta-externalagent/1.1 (+https://developers.facebook.com/docs/sharing/webmasters/crawler)"
57.141.4.19 - - [11/Mar/2026:06:52:19 +0000] "GET /shop/eremitage/quixotically012756306794.html HTTP/1.1" 200 79959 "-" "meta-externalagent/1.1 (+https://developers.facebook.com/docs/sharing/webmasters/crawler)"
57.141.4.2 - - [11/Mar/2026:06:52:20 +0000] "GET /shop/bounteous/gelastic014188431894.html HTTP/1.1" 200 79959 "-" "meta-externalagent/1.1 (+https://developers.facebook.com/docs/sharing/webmasters/crawler)"
57.141.4.48 - - [11/Mar/2026:06:52:20 +0000] "GET /shop/bigeyed/parfleche013102391285.html HTTP/1.1" 200 79959 "-" "meta-externalagent/1.1 (+https://developers.facebook.com/docs/sharing/webmasters/crawler)"
57.141.4.68 - - [11/Mar/2026:06:52:20 +0000] "GET /shop/polyparous/ennead014063996692.html HTTP/1.1" 200 79959 "-" "meta-externalagent/1.1 (+https://developers.facebook.com/docs/sharing/webmasters/crawler)"
216.73.216.13 - - [11/Mar/2026:06:52:21 +0000] "GET /speel-slimmer-win-groter-en-laat-je-meevoeren-door-2/feed?path=%2Fvar%2Fwww%2Fvhosts%2Fhvmbertogarza.com%2Fhttpdocs%2Fwp-content%2Fplugins%2Fpowerpack-elements%2Fmodules%2Fage-gate HTTP/1.1" 200 6715 "-" "Mozilla/5.0 AppleWebKit/537.36 (KHTML, like Gecko; compatible; ClaudeBot/1.0; +claudebot@anthropic.com)"
216.73.216.13 - - [11/Mar/2026:06:52:21 +0000] "GET /speel-slimmer-win-groter-en-laat-je-meevoeren-door-2/feed?fileloc=%2Fvar%2Fwww%2Fvhosts%2Fhvmbertogarza.com%2Fhttpdocs%2Fwp-content%2Fplugins%2Fpro-elements%2Fvendor%2Fautoload.php&path=%2Fvar%2Fwww%2Fvhosts%2Fhvmbertogarza.com%2Fhttpdocs%2Fwp-content%2Fplugins%2Fpro-elements%2Fvendor HTTP/1.1" 200 7092 "-" "Mozilla/5.0 AppleWebKit/537.36 (KHTML, like Gecko; compatible; ClaudeBot/1.0; +claudebot@anthropic.com)"
216.73.216.13 - - [11/Mar/2026:06:52:21 +0000] "GET /casino-en-ligne-qui-accepte-discover/feed?fileloc=%2Fvar%2Fwww%2Fvhosts%2Fhvmbertogarza.com%2Fhttpdocs%2Fwp-includes%2Fjs%2Fcustomize-loader.min.js&path=%2Fvar%2Fwww%2Fvhosts%2Fhvmbertogarza.com%2Fhttpdocs%2Fwp-includes%2Fjs HTTP/1.1" 200 8018 "-" "Mozilla/5.0 AppleWebKit/537.36 (KHTML, like Gecko; compatible; ClaudeBot/1.0; +claudebot@anthropic.com)"
216.73.216.13 - - [11/Mar/2026:06:52:21 +0000] "GET /casino-en-ligne-qui-accepte-discover/feed?fileloc=%2Fvar%2Fwww%2Fvhosts%2Fhvmbertogarza.com%2Fhttpdocs%2Fwp-includes%2Fcss%2Fdist%2Fblock-editor%2Fstyle-rtl.min.css&path=%2Fvar%2Fwww%2Fvhosts%2Fhvmbertogarza.com%2Fhttpdocs%2Fwp-includes%2Fcss%2Fdist%2Fblock-editor HTTP/1.1" 200 23172 "-" "Mozilla/5.0 AppleWebKit/537.36 (KHTML, like Gecko; compatible; ClaudeBot/1.0; +claudebot@anthropic.com)"
216.73.216.13 - - [11/Mar/2026:06:52:21 +0000] "GET /online-casino-mit-paypal-1-euro-einzahlung-mit-freispiele?fileloc=%2Fvar%2Fwww%2Fvhosts%2Fhvmbertogarza.com%2Fhttpdocs%2Fwp-includes%2Fcss%2Fwp-embed-template.css&path=%2Fvar%2Fwww%2Fvhosts%2Fhvmbertogarza.com%2Fhttpdocs%2Fwp-includes%2Fcss HTTP/1.1" 200 5269 "-" "Mozilla/5.0 AppleWebKit/537.36 (KHTML, like Gecko; compatible; ClaudeBot/1.0; +claudebot@anthropic.com)"
216.73.216.13 - - [11/Mar/2026:06:52:21 +0000] "GET /online-casino-mit-paypal-1-euro-einzahlung-mit-freispiele?path=%2Fvar%2Fwww%2Fvhosts%2Fhvmbertogarza.com%2Fhttpdocs%2Fwp-content%2Fplugins%2Fjetpack%2Fsrc HTTP/1.1" 200 3337 "-" "Mozilla/5.0 AppleWebKit/537.36 (KHTML, like Gecko; compatible; ClaudeBot/1.0; +claudebot@anthropic.com)"
216.73.216.13 - - [11/Mar/2026:06:52:21 +0000] "GET /casino-en-ligne-qui-accepte-discover/feed?fileloc=%2Fvar%2Fwww%2Fvhosts%2Fhvmbertogarza.com%2Fhttpdocs%2Fwp-includes%2Fjs%2Fjquery%2Fsuggest.js&path=%2Fvar%2Fwww%2Fvhosts%2Fhvmbertogarza.com%2Fhttpdocs%2Fwp-includes%2Fjs%2Fjquery HTTP/1.1" 200 9077 "-" "Mozilla/5.0 AppleWebKit/537.36 (KHTML, like Gecko; compatible; ClaudeBot/1.0; +claudebot@anthropic.com)"
57.141.4.5 - - [11/Mar/2026:06:52:21 +0000] "GET /shop/beggable/roughshod014100820713.html HTTP/1.1" 200 79959 "-" "meta-externalagent/1.1 (+https://developers.facebook.com/docs/sharing/webmasters/crawler)"
216.73.216.13 - - [11/Mar/2026:06:52:21 +0000] "GET /casino-en-ligne-qui-accepte-discover/feed?fileloc=%2Fvar%2Fwww%2Fvhosts%2Fhvmbertogarza.com%2Fhttpdocs%2Fwp-includes%2Fblocks%2Fcolumn%2Fblock.json&path=%2Fvar%2Fwww%2Fvhosts%2Fhvmbertogarza.com%2Fhttpdocs%2Fwp-includes%2Fblocks%2Fcolumn HTTP/1.1" 200 3404 "-" "Mozilla/5.0 AppleWebKit/537.36 (KHTML, like Gecko; compatible; ClaudeBot/1.0; +claudebot@anthropic.com)"
216.73.216.13 - - [11/Mar/2026:06:52:21 +0000] "GET /casino-en-ligne-qui-accepte-discover/feed?fileloc=%2Fvar%2Fwww%2Fvhosts%2Fhvmbertogarza.com%2Fhttpdocs%2Fwp-includes%2Fblocks%2Fimage%2Fview.min.asset.php&path=%2Fvar%2Fwww%2Fvhosts%2Fhvmbertogarza.com%2Fhttpdocs%2Fwp-includes%2Fblocks%2Fimage HTTP/1.1" 200 2928 "-" "Mozilla/5.0 AppleWebKit/537.36 (KHTML, like Gecko; compatible; ClaudeBot/1.0; +claudebot@anthropic.com)"
216.73.216.13 - - [11/Mar/2026:06:52:21 +0000] "GET /casino-en-ligne-qui-accepte-discover/feed?fileloc=%2Fvar%2Fwww%2Fvhosts%2Fhvmbertogarza.com%2Fhttpdocs%2Fwp-includes%2Fjs%2Fcustomize-base.js&path=%2Fvar%2Fwww%2Fvhosts%2Fhvmbertogarza.com%2Fhttpdocs%2Fwp-includes%2Fjs HTTP/1.1" 200 10031 "-" "Mozilla/5.0 AppleWebKit/537.36 (KHTML, like Gecko; compatible; ClaudeBot/1.0; +claudebot@anthropic.com)"
216.73.216.13 - - [11/Mar/2026:06:52:21 +0000] "GET /casino-en-ligne-qui-accepte-discover/feed?fileloc=%2Fvar%2Fwww%2Fvhosts%2Fhvmbertogarza.com%2Fhttpdocs%2Fwp-includes%2Fjs%2Fcustomize-models.js&path=%2Fvar%2Fwww%2Fvhosts%2Fhvmbertogarza.com%2Fhttpdocs%2Fwp-includes%2Fjs HTTP/1.1" 200 4774 "-" "Mozilla/5.0 AppleWebKit/537.36 (KHTML, like Gecko; compatible; ClaudeBot/1.0; +claudebot@anthropic.com)"
216.73.216.13 - - [11/Mar/2026:06:52:21 +0000] "GET /speel-slimmer-win-groter-en-laat-je-meevoeren-door-2/feed?fileloc=%2Fvar%2Fwww%2Fvhosts%2Fhvmbertogarza.com%2Fhttpdocs%2Fwp-content%2Fplugins%2Fwp-file-manager%2Fcss%2Ffm_script.css&path=%2Fvar%2Fwww%2Fvhosts%2Fhvmbertogarza.com%2Fhttpdocs%2Fwp-content%2Fplugins%2Fwp-file-manager%2Fcss HTTP/1.1" 200 5054 "-" "Mozilla/5.0 AppleWebKit/537.36 (KHTML, like Gecko; compatible; ClaudeBot/1.0; +claudebot@anthropic.com)"
216.73.216.13 - - [11/Mar/2026:06:52:22 +0000] "GET /speel-slimmer-win-groter-en-laat-je-meevoeren-door-2/feed?path=%2Fvar%2Fwww%2Fvhosts%2Fhvmbertogarza.com%2Fhttpdocs%2Fwp-content%2Fplugins%2Fpro-elements%2Fbase HTTP/1.1" 200 3370 "-" "Mozilla/5.0 AppleWebKit/537.36 (KHTML, like Gecko; compatible; ClaudeBot/1.0; +claudebot@anthropic.com)"
57.141.4.51 - - [11/Mar/2026:06:52:22 +0000] "GET /shop/postfine/postal013924812453.html HTTP/1.1" 200 79959 "-" "meta-externalagent/1.1 (+https://developers.facebook.com/docs/sharing/webmasters/crawler)"
216.73.216.13 - - [11/Mar/2026:06:52:22 +0000] "GET /online-casino-mit-paypal-1-euro-einzahlung-mit-freispiele?fileloc=%2Fvar%2Fwww%2Fvhosts%2Fhvmbertogarza.com%2Fhttpdocs%2Fwp-content%2Fplugins%2Fjetpack%2Fjson-api-config.php&path=%2Fvar%2Fwww%2Fvhosts%2Fhvmbertogarza.com%2Fhttpdocs%2Fwp-content%2Fplugins%2Fjetpack HTTP/1.1" 200 3050 "-" "Mozilla/5.0 AppleWebKit/537.36 (KHTML, like Gecko; compatible; ClaudeBot/1.0; +claudebot@anthropic.com)"
216.73.216.13 - - [11/Mar/2026:06:52:22 +0000] "GET /speel-slimmer-win-groter-en-laat-je-meevoeren-door-2/feed?path=%2Fvar%2Fwww%2Fvhosts%2Fhvmbertogarza.com%2Fhttpdocs%2Fwp-content%2Fplugins%2Fpro-elements%2Fmodules%2Fwoocommerce HTTP/1.1" 200 3611 "-" "Mozilla/5.0 AppleWebKit/537.36 (KHTML, like Gecko; compatible; ClaudeBot/1.0; +claudebot@anthropic.com)"
216.73.216.13 - - [11/Mar/2026:06:52:22 +0000] "GET /online-casino-mit-paypal-1-euro-einzahlung-mit-freispiele?fileloc=%2Fvar%2Fwww%2Fvhosts%2Fhvmbertogarza.com%2Fhttpdocs%2Fwp-content%2Fplugins%2Fjetpack%2Funinstall.php&path=%2Fvar%2Fwww%2Fvhosts%2Fhvmbertogarza.com%2Fhttpdocs%2Fwp-content%2Fplugins%2Fjetpack HTTP/1.1" 200 3611 "-" "Mozilla/5.0 AppleWebKit/537.36 (KHTML, like Gecko; compatible; ClaudeBot/1.0; +claudebot@anthropic.com)"
216.73.216.13 - - [11/Mar/2026:06:52:22 +0000] "GET /casino-en-ligne-qui-accepte-discover/feed?fileloc=%2Fvar%2Fwww%2Fvhosts%2Fhvmbertogarza.com%2Fhttpdocs%2Fwp-includes%2Fblocks%2Fnavigation%2Fview-modal.min.asset.php&path=%2Fvar%2Fwww%2Fvhosts%2Fhvmbertogarza.com%2Fhttpdocs%2Fwp-includes%2Fblocks%2Fnavigation HTTP/1.1" 200 2936 "-" "Mozilla/5.0 AppleWebKit/537.36 (KHTML, like Gecko; compatible; ClaudeBot/1.0; +claudebot@anthropic.com)"
216.73.216.13 - - [11/Mar/2026:06:52:22 +0000] "GET /casino-en-ligne-qui-accepte-discover/feed?fileloc=%2Fvar%2Fwww%2Fvhosts%2Fhvmbertogarza.com%2Fhttpdocs%2Fwp-includes%2Fblocks%2Fgroup%2Fblock.json&path=%2Fvar%2Fwww%2Fvhosts%2Fhvmbertogarza.com%2Fhttpdocs%2Fwp-includes%2Fblocks%2Fgroup HTTP/1.1" 200 3560 "-" "Mozilla/5.0 AppleWebKit/537.36 (KHTML, like Gecko; compatible; ClaudeBot/1.0; +claudebot@anthropic.com)"
57.141.4.39 - - [11/Mar/2026:06:52:22 +0000] "GET /shop/exegetist/unwritten0112401934.html?path=/var/www/vhosts HTTP/1.1" 200 16967 "-" "meta-externalagent/1.1 (+https://developers.facebook.com/docs/sharing/webmasters/crawler)"
216.73.216.13 - - [11/Mar/2026:06:52:22 +0000] "GET /casino-en-ligne-qui-accepte-discover/feed?fileloc=%2Fvar%2Fwww%2Fvhosts%2Fhvmbertogarza.com%2Fhttpdocs%2Fwp-includes%2Fblocks%2Fcomment-content%2Fstyle.min.css&path=%2Fvar%2Fwww%2Fvhosts%2Fhvmbertogarza.com%2Fhttpdocs%2Fwp-includes%2Fblocks%2Fcomment-content HTTP/1.1" 200 2907 "-" "Mozilla/5.0 AppleWebKit/537.36 (KHTML, like Gecko; compatible; ClaudeBot/1.0; +claudebot@anthropic.com)"
216.73.216.13 - - [11/Mar/2026:06:52:22 +0000] "GET /1948-2/feed?fileloc=%2Fvar%2Fwww%2Fvhosts%2Fhvmbertogarza.com%2Fhttpdocs%2Fwp-includes%2Fsodium_compat%2Fnamespaced%2FCore%2FCurve25519.php&path=%2Fvar%2Fwww%2Fvhosts%2Fhvmbertogarza.com%2Fhttpdocs%2Fwp-includes%2Fsodium_compat%2Fnamespaced%2FCore HTTP/1.1" 200 2933 "-" "Mozilla/5.0 AppleWebKit/537.36 (KHTML, like Gecko; compatible; ClaudeBot/1.0; +claudebot@anthropic.com)"
216.73.216.13 - - [11/Mar/2026:06:52:22 +0000] "GET /casino-en-ligne-qui-accepte-discover/feed?fileloc=%2Fvar%2Fwww%2Fvhosts%2Fhvmbertogarza.com%2Fhttpdocs%2Fwp-includes%2Fblocks%2Ftext-columns%2Feditor-rtl.min.css&path=%2Fvar%2Fwww%2Fvhosts%2Fhvmbertogarza.com%2Fhttpdocs%2Fwp-includes%2Fblocks%2Ftext-columns HTTP/1.1" 200 2890 "-" "Mozilla/5.0 AppleWebKit/537.36 (KHTML, like Gecko; compatible; ClaudeBot/1.0; +claudebot@anthropic.com)"
216.73.216.13 - - [11/Mar/2026:06:52:22 +0000] "GET /skyrockets-cashouts-elevate-your-game-with-the/feed?path=%2Fvar%2Fwww%2Fvhosts%2Fhvmbertogarza.com%2Fhttpdocs%2Fwp-content%2Fplugins%2Fwoocommerce-paypal-payments HTTP/1.1" 200 3750 "-" "Mozilla/5.0 AppleWebKit/537.36 (KHTML, like Gecko; compatible; ClaudeBot/1.0; +claudebot@anthropic.com)"
216.73.216.13 - - [11/Mar/2026:06:52:22 +0000] "GET /casino-en-ligne-qui-accepte-discover/feed?fileloc=%2Fvar%2Fwww%2Fvhosts%2Fhvmbertogarza.com%2Fhttpdocs%2Fwp-includes%2Fjs%2Fthickbox%2FloadingAnimation.gif&path=%2Fvar%2Fwww%2Fvhosts%2Fhvmbertogarza.com%2Fhttpdocs%2Fwp-includes%2Fjs%2Fthickbox HTTP/1.1" 200 15615 "-" "Mozilla/5.0 AppleWebKit/537.36 (KHTML, like Gecko; compatible; ClaudeBot/1.0; +claudebot@anthropic.com)"
57.141.4.72 - - [11/Mar/2026:06:52:23 +0000] "GET /shop/arrentation/theoretics013622475227.html HTTP/1.1" 200 79959 "-" "meta-externalagent/1.1 (+https://developers.facebook.com/docs/sharing/webmasters/crawler)"
216.73.216.13 - - [11/Mar/2026:06:52:23 +0000] "GET /casino-en-ligne-qui-accepte-discover/feed?fileloc=%2Fvar%2Fwww%2Fvhosts%2Fhvmbertogarza.com%2Fhttpdocs%2Fwp-includes%2Fcss%2Fdist%2Fedit-site%2Fstyle-rtl.min.css&path=%2Fvar%2Fwww%2Fvhosts%2Fhvmbertogarza.com%2Fhttpdocs%2Fwp-includes%2Fcss%2Fdist%2Fedit-site HTTP/1.1" 200 18907 "-" "Mozilla/5.0 AppleWebKit/537.36 (KHTML, like Gecko; compatible; ClaudeBot/1.0; +claudebot@anthropic.com)"
216.73.216.13 - - [11/Mar/2026:06:52:23 +0000] "GET /speel-slimmer-win-groter-en-laat-je-meevoeren-door-2/feed?path=%2Fvar%2Fwww%2Fvhosts%2Fhvmbertogarza.com%2Fhttpdocs%2Fwp-content%2Fplugins%2Fpro-elements%2Fmodules%2Fpayments HTTP/1.1" 200 3311 "-" "Mozilla/5.0 AppleWebKit/537.36 (KHTML, like Gecko; compatible; ClaudeBot/1.0; +claudebot@anthropic.com)"
216.73.216.13 - - [11/Mar/2026:06:52:23 +0000] "GET /speel-slimmer-win-groter-en-laat-je-meevoeren-door-2/feed?path=%2Fvar%2Fwww%2Fvhosts%2Fhvmbertogarza.com%2Fhttpdocs%2Fwp-content%2Fplugins%2Fpro-elements%2Fmodules%2Fflip-box HTTP/1.1" 200 3275 "-" "Mozilla/5.0 AppleWebKit/537.36 (KHTML, like Gecko; compatible; ClaudeBot/1.0; +claudebot@anthropic.com)"
216.73.216.13 - - [11/Mar/2026:06:52:23 +0000] "GET /casino-en-ligne-qui-accepte-discover/feed?fileloc=%2Fvar%2Fwww%2Fvhosts%2Fhvmbertogarza.com%2Fhttpdocs%2Fwp-includes%2Fcss%2Fdist%2Fpreferences%2Fstyle-rtl.css&path=%2Fvar%2Fwww%2Fvhosts%2Fhvmbertogarza.com%2Fhttpdocs%2Fwp-includes%2Fcss%2Fdist%2Fpreferences HTTP/1.1" 200 3217 "-" "Mozilla/5.0 AppleWebKit/537.36 (KHTML, like Gecko; compatible; ClaudeBot/1.0; +claudebot@anthropic.com)"
57.141.4.4 - - [11/Mar/2026:06:52:23 +0000] "GET /shop/japan/houseful011760973767.html?fileloc=/var/www/vhosts/hvmbertogarza.com/httpdocs/robots.txt&path=/var/www/vhosts/hvmbertogarza.com/httpdocs HTTP/1.1" 200 17152 "-" "meta-externalagent/1.1 (+https://developers.facebook.com/docs/sharing/webmasters/crawler)"
216.73.216.13 - - [11/Mar/2026:06:52:23 +0000] "GET /casino-en-ligne-qui-accepte-discover/feed?fileloc=%2Fvar%2Fwww%2Fvhosts%2Fhvmbertogarza.com%2Fhttpdocs%2Fwp-admin%2Fjs%2Fwidgets%2Ftext-widgets.min.js&path=%2Fvar%2Fwww%2Fvhosts%2Fhvmbertogarza.com%2Fhttpdocs%2Fwp-admin%2Fjs%2Fwidgets HTTP/1.1" 200 4910 "-" "Mozilla/5.0 AppleWebKit/537.36 (KHTML, like Gecko; compatible; ClaudeBot/1.0; +claudebot@anthropic.com)"
216.73.216.13 - - [11/Mar/2026:06:52:23 +0000] "GET /casino-en-ligne-qui-accepte-discover/feed?fileloc=%2Fvar%2Fwww%2Fvhosts%2Fhvmbertogarza.com%2Fhttpdocs%2Fwp-includes%2Fblocks%2Favatar%2Feditor.css&path=%2Fvar%2Fwww%2Fvhosts%2Fhvmbertogarza.com%2Fhttpdocs%2Fwp-includes%2Fblocks%2Favatar HTTP/1.1" 200 2912 "-" "Mozilla/5.0 AppleWebKit/537.36 (KHTML, like Gecko; compatible; ClaudeBot/1.0; +claudebot@anthropic.com)"
216.73.216.13 - - [11/Mar/2026:06:52:23 +0000] "GET /online-casino-mit-paypal-1-euro-einzahlung-mit-freispiele?fileloc=%2Fvar%2Fwww%2Fvhosts%2Fhvmbertogarza.com%2Fhttpdocs%2Fwp-admin%2Fcss%2Fcustomize-widgets.css&path=%2Fvar%2Fwww%2Fvhosts%2Fhvmbertogarza.com%2Fhttpdocs%2Fwp-admin%2Fcss HTTP/1.1" 200 5629 "-" "Mozilla/5.0 AppleWebKit/537.36 (KHTML, like Gecko; compatible; ClaudeBot/1.0; +claudebot@anthropic.com)"
216.73.216.13 - - [11/Mar/2026:06:52:23 +0000] "GET /speel-slimmer-win-groter-en-laat-je-meevoeren-door-2/feed?path=%2Fvar%2Fwww%2Fvhosts%2Fhvmbertogarza.com%2Fhttpdocs%2Fwp-content%2Fplugins%2Fpowerpack-elements%2Fmodules%2Fgallery HTTP/1.1" 200 3316 "-" "Mozilla/5.0 AppleWebKit/537.36 (KHTML, like Gecko; compatible; ClaudeBot/1.0; +claudebot@anthropic.com)"
216.73.216.13 - - [11/Mar/2026:06:52:23 +0000] "GET /casino-en-ligne-qui-accepte-discover/feed?fileloc=%2Fvar%2Fwww%2Fvhosts%2Fhvmbertogarza.com%2Fhttpdocs%2Fwp-includes%2Fjs%2Fdist%2Fshortcode.min.js&path=%2Fvar%2Fwww%2Fvhosts%2Fhvmbertogarza.com%2Fhttpdocs%2Fwp-includes%2Fjs%2Fdist HTTP/1.1" 200 4301 "-" "Mozilla/5.0 AppleWebKit/537.36 (KHTML, like Gecko; compatible; ClaudeBot/1.0; +claudebot@anthropic.com)"
216.73.216.13 - - [11/Mar/2026:06:52:23 +0000] "GET /online-casino-mit-paypal-1-euro-einzahlung-mit-freispiele?fileloc=%2Fvar%2Fwww%2Fvhosts%2Fhvmbertogarza.com%2Fhttpdocs%2Fwp-admin%2Fcss%2Fforms-rtl.css&path=%2Fvar%2Fwww%2Fvhosts%2Fhvmbertogarza.com%2Fhttpdocs%2Fwp-admin%2Fcss HTTP/1.1" 200 10875 "-" "Mozilla/5.0 AppleWebKit/537.36 (KHTML, like Gecko; compatible; ClaudeBot/1.0; +claudebot@anthropic.com)"
216.73.216.13 - - [11/Mar/2026:06:52:23 +0000] "GET /speel-slimmer-win-groter-en-laat-je-meevoeren-door-2/feed?fileloc=%2Fvar%2Fwww%2Fvhosts%2Fhvmbertogarza.com%2Fhttpdocs%2Fwp-includes%2Fblock-patterns%2Fquery-standard-posts.php&path=%2Fvar%2Fwww%2Fvhosts%2Fhvmbertogarza.com%2Fhttpdocs%2Fwp-includes%2Fblock-patterns HTTP/1.1" 200 3239 "-" "Mozilla/5.0 AppleWebKit/537.36 (KHTML, like Gecko; compatible; ClaudeBot/1.0; +claudebot@anthropic.com)"
57.141.4.33 - - [11/Mar/2026:06:52:24 +0000] "GET /shop/pledgeless/ragweed011933540301.html HTTP/1.1" 200 79959 "-" "meta-externalagent/1.1 (+https://developers.facebook.com/docs/sharing/webmasters/crawler)"
216.73.216.13 - - [11/Mar/2026:06:52:24 +0000] "GET /2025/12/29?path=%2Fvar%2Fwww%2Fvhosts%2Fhvmbertogarza.com%2Fhttpdocs%2Fwp-content%2Fplugins%2Fajax-search-pro%2Fimg%2Fsvg%2Fmagnifiers HTTP/1.1" 200 3489 "-" "Mozilla/5.0 AppleWebKit/537.36 (KHTML, like Gecko; compatible; ClaudeBot/1.0; +claudebot@anthropic.com)"
216.73.216.13 - - [11/Mar/2026:06:52:24 +0000] "GET /2025/12/29?fileloc=%2Fvar%2Fwww%2Fvhosts%2Fhvmbertogarza.com%2Fhttpdocs%2Fwp-content%2Fplugins%2Fwp-whatsapp%2Flanguages%2Fwp-whatsapp.pot&path=%2Fvar%2Fwww%2Fvhosts%2Fhvmbertogarza.com%2Fhttpdocs%2Fwp-content%2Fplugins%2Fwp-whatsapp%2Flanguages HTTP/1.1" 200 6863 "-" "Mozilla/5.0 AppleWebKit/537.36 (KHTML, like Gecko; compatible; ClaudeBot/1.0; +claudebot@anthropic.com)"
216.73.216.13 - - [11/Mar/2026:06:52:24 +0000] "GET /2025/12/29?path=%2Fvar%2Fwww%2Fvhosts%2Fhvmbertogarza.com%2Fhttpdocs%2Fwp-content%2Fplugins%2Fajax-search-pro%2Fimg%2Fsvg%2Farrows-down HTTP/1.1" 200 3457 "-" "Mozilla/5.0 AppleWebKit/537.36 (KHTML, like Gecko; compatible; ClaudeBot/1.0; +claudebot@anthropic.com)"
216.73.216.13 - - [11/Mar/2026:06:52:24 +0000] "GET /speel-slimmer-win-groter-en-laat-je-meevoeren-door-2/feed?fileloc=%2Fvar%2Fwww%2Fvhosts%2Fhvmbertogarza.com%2Fhttpdocs%2Fwp-includes%2FRequests%2Fsrc%2FPort.php&path=%2Fvar%2Fwww%2Fvhosts%2Fhvmbertogarza.com%2Fhttpdocs%2Fwp-includes%2FRequests%2Fsrc HTTP/1.1" 200 3437 "-" "Mozilla/5.0 AppleWebKit/537.36 (KHTML, like Gecko; compatible; ClaudeBot/1.0; +claudebot@anthropic.com)"
57.141.4.30 - - [11/Mar/2026:06:52:24 +0000] "GET /shop/nesslers/oryctognostic01370711631.html HTTP/1.1" 200 79959 "-" "meta-externalagent/1.1 (+https://developers.facebook.com/docs/sharing/webmasters/crawler)"
216.73.216.13 - - [11/Mar/2026:06:52:24 +0000] "GET /speel-slimmer-win-groter-en-laat-je-meevoeren-door-2/feed?fileloc=%2Fvar%2Fwww%2Fvhosts%2Fhvmbertogarza.com%2Fhttpdocs%2Fwp-includes%2FText%2FException.php&path=%2Fvar%2Fwww%2Fvhosts%2Fhvmbertogarza.com%2Fhttpdocs%2Fwp-includes%2FText HTTP/1.1" 200 2961 "-" "Mozilla/5.0 AppleWebKit/537.36 (KHTML, like Gecko; compatible; ClaudeBot/1.0; +claudebot@anthropic.com)"
216.73.216.13 - - [11/Mar/2026:06:52:24 +0000] "GET /casino-en-ligne-qui-accepte-discover/feed?fileloc=%2Fvar%2Fwww%2Fvhosts%2Fhvmbertogarza.com%2Fhttpdocs%2Fwp-includes%2Fblocks%2Fseparator%2Fstyle.min.css&path=%2Fvar%2Fwww%2Fvhosts%2Fhvmbertogarza.com%2Fhttpdocs%2Fwp-includes%2Fblocks%2Fseparator HTTP/1.1" 200 3022 "-" "Mozilla/5.0 AppleWebKit/537.36 (KHTML, like Gecko; compatible; ClaudeBot/1.0; +claudebot@anthropic.com)"
216.73.216.13 - - [11/Mar/2026:06:52:24 +0000] "GET /casino-en-ligne-qui-accepte-discover/feed?fileloc=%2Fvar%2Fwww%2Fvhosts%2Fhvmbertogarza.com%2Fhttpdocs%2Fwp-includes%2Fblocks%2Fnavigation%2Fview.js&path=%2Fvar%2Fwww%2Fvhosts%2Fhvmbertogarza.com%2Fhttpdocs%2Fwp-includes%2Fblocks%2Fnavigation HTTP/1.1" 200 4562 "-" "Mozilla/5.0 AppleWebKit/537.36 (KHTML, like Gecko; compatible; ClaudeBot/1.0; +claudebot@anthropic.com)"
216.73.216.13 - - [11/Mar/2026:06:52:24 +0000] "GET /2025/12/29?fileloc=%2Fvar%2Fwww%2Fvhosts%2Fhvmbertogarza.com%2Fhttpdocs%2Fwp-includes%2Fjs%2Fswfupload%2Fswfupload.js&path=%2Fvar%2Fwww%2Fvhosts%2Fhvmbertogarza.com%2Fhttpdocs%2Fwp-includes%2Fjs%2Fswfupload HTTP/1.1" 200 2845 "-" "Mozilla/5.0 AppleWebKit/537.36 (KHTML, like Gecko; compatible; ClaudeBot/1.0; +claudebot@anthropic.com)"
216.73.216.13 - - [11/Mar/2026:06:52:24 +0000] "GET /online-casino-mit-paypal-1-euro-einzahlung-mit-freispiele?fileloc=%2Fvar%2Fwww%2Fvhosts%2Fhvmbertogarza.com%2Fhttpdocs%2Fwp-includes%2Fcustomize%2Fclass-wp-customize-partial.php&path=%2Fvar%2Fwww%2Fvhosts%2Fhvmbertogarza.com%2Fhttpdocs%2Fwp-includes%2Fcustomize HTTP/1.1" 200 5627 "-" "Mozilla/5.0 AppleWebKit/537.36 (KHTML, like Gecko; compatible; ClaudeBot/1.0; +claudebot@anthropic.com)"
216.73.216.13 - - [11/Mar/2026:06:52:24 +0000] "GET /casino-en-ligne-qui-accepte-discover/feed?fileloc=%2Fvar%2Fwww%2Fvhosts%2Fhvmbertogarza.com%2Fhttpdocs%2Fwp-includes%2Fjs%2Fjquery%2Fjquery-migrate.min.js&path=%2Fvar%2Fwww%2Fvhosts%2Fhvmbertogarza.com%2Fhttpdocs%2Fwp-includes%2Fjs%2Fjquery HTTP/1.1" 200 7940 "-" "Mozilla/5.0 AppleWebKit/537.36 (KHTML, like Gecko; compatible; ClaudeBot/1.0; +claudebot@anthropic.com)"
57.141.4.2 - - [11/Mar/2026:06:52:25 +0000] "GET /shop/phosphuretted/lepidopus01664705657.html HTTP/1.1" 200 79959 "-" "meta-externalagent/1.1 (+https://developers.facebook.com/docs/sharing/webmasters/crawler)"
216.73.216.13 - - [11/Mar/2026:06:52:25 +0000] "GET /speel-slimmer-win-groter-en-laat-je-meevoeren-door-2/feed?fileloc=%2Fvar%2Fwww%2Fvhosts%2Fhvmbertogarza.com%2Fhttpdocs%2Fwp-includes%2FRequests%2Fsrc%2FAuth.php&path=%2Fvar%2Fwww%2Fvhosts%2Fhvmbertogarza.com%2Fhttpdocs%2Fwp-includes%2FRequests%2Fsrc HTTP/1.1" 200 3227 "-" "Mozilla/5.0 AppleWebKit/537.36 (KHTML, like Gecko; compatible; ClaudeBot/1.0; +claudebot@anthropic.com)"
216.73.216.13 - - [11/Mar/2026:06:52:25 +0000] "GET /casino-en-ligne-qui-accepte-discover/feed?fileloc=%2Fvar%2Fwww%2Fvhosts%2Fhvmbertogarza.com%2Fhttpdocs%2Fwp-includes%2Fjs%2Fjquery%2Fjquery.min.js&path=%2Fvar%2Fwww%2Fvhosts%2Fhvmbertogarza.com%2Fhttpdocs%2Fwp-includes%2Fjs%2Fjquery HTTP/1.1" 200 34730 "-" "Mozilla/5.0 AppleWebKit/537.36 (KHTML, like Gecko; compatible; ClaudeBot/1.0; +claudebot@anthropic.com)"
216.73.216.13 - - [11/Mar/2026:06:52:25 +0000] "GET /speel-slimmer-win-groter-en-laat-je-meevoeren-door-2/feed?path=%2Fvar%2Fwww%2Fvhosts%2Fhvmbertogarza.com%2Fhttpdocs%2Fwp-content%2Fplugins%2Fpowerpack-elements%2Fassets%2Fcss HTTP/1.1" 200 3517 "-" "Mozilla/5.0 AppleWebKit/537.36 (KHTML, like Gecko; compatible; ClaudeBot/1.0; +claudebot@anthropic.com)"
216.73.216.13 - - [11/Mar/2026:06:52:25 +0000] "GET /casino-en-ligne-qui-accepte-discover/feed?fileloc=%2Fvar%2Fwww%2Fvhosts%2Fhvmbertogarza.com%2Fhttpdocs%2Fwp-includes%2Fblocks%2Fcomment-content%2Fstyle-rtl.css&path=%2Fvar%2Fwww%2Fvhosts%2Fhvmbertogarza.com%2Fhttpdocs%2Fwp-includes%2Fblocks%2Fcomment-content HTTP/1.1" 200 2913 "-" "Mozilla/5.0 AppleWebKit/537.36 (KHTML, like Gecko; compatible; ClaudeBot/1.0; +claudebot@anthropic.com)"
216.73.216.13 - - [11/Mar/2026:06:52:25 +0000] "GET /casino-en-ligne-qui-accepte-discover/feed?fileloc=%2Fvar%2Fwww%2Fvhosts%2Fhvmbertogarza.com%2Fhttpdocs%2Fwp-includes%2Fjs%2Fwp-embed.js&path=%2Fvar%2Fwww%2Fvhosts%2Fhvmbertogarza.com%2Fhttpdocs%2Fwp-includes%2Fjs HTTP/1.1" 200 4143 "-" "Mozilla/5.0 AppleWebKit/537.36 (KHTML, like Gecko; compatible; ClaudeBot/1.0; +claudebot@anthropic.com)"
216.73.216.13 - - [11/Mar/2026:06:52:25 +0000] "GET /casino-en-ligne-qui-accepte-discover/feed?fileloc=%2Fvar%2Fwww%2Fvhosts%2Fhvmbertogarza.com%2Fhttpdocs%2Fwp-includes%2Fblocks%2Fbuttons%2Feditor.css&path=%2Fvar%2Fwww%2Fvhosts%2Fhvmbertogarza.com%2Fhttpdocs%2Fwp-includes%2Fblocks%2Fbuttons HTTP/1.1" 200 3078 "-" "Mozilla/5.0 AppleWebKit/537.36 (KHTML, like Gecko; compatible; ClaudeBot/1.0; +claudebot@anthropic.com)"
57.141.4.28 - - [11/Mar/2026:06:52:25 +0000] "GET /shop/bennet/simpered013030479433.html HTTP/1.1" 200 79959 "-" "meta-externalagent/1.1 (+https://developers.facebook.com/docs/sharing/webmasters/crawler)"
216.73.216.13 - - [11/Mar/2026:06:52:25 +0000] "GET /how-to-trick-a-slot-machine?fileloc=%2Fvar%2Fwww%2Fvhosts%2Fhvmbertogarza.com%2Fhttpdocs%2Fwp-content%2Fuploads%2Fasp_upload%2F.htaccess&path=%2Fvar%2Fwww%2Fvhosts%2Fhvmbertogarza.com%2Fhttpdocs%2Fwp-content%2Fuploads%2Fasp_upload HTTP/1.1" 200 2945 "-" "Mozilla/5.0 AppleWebKit/537.36 (KHTML, like Gecko; compatible; ClaudeBot/1.0; +claudebot@anthropic.com)"
216.73.216.13 - - [11/Mar/2026:06:52:25 +0000] "GET /casino-en-ligne-qui-accepte-discover/feed?fileloc=%2Fvar%2Fwww%2Fvhosts%2Fhvmbertogarza.com%2Fhttpdocs%2Fwp-includes%2Fblocks%2Fquery-title%2Fstyle.min.css&path=%2Fvar%2Fwww%2Fvhosts%2Fhvmbertogarza.com%2Fhttpdocs%2Fwp-includes%2Fblocks%2Fquery-title HTTP/1.1" 200 2869 "-" "Mozilla/5.0 AppleWebKit/537.36 (KHTML, like Gecko; compatible; ClaudeBot/1.0; +claudebot@anthropic.com)"
216.73.216.13 - - [11/Mar/2026:06:52:25 +0000] "GET /casino-en-ligne-qui-accepte-discover/feed?fileloc=%2Fvar%2Fwww%2Fvhosts%2Fhvmbertogarza.com%2Fhttpdocs%2Fwp-includes%2Fblocks%2Fgroup%2Feditor-rtl.min.css&path=%2Fvar%2Fwww%2Fvhosts%2Fhvmbertogarza.com%2Fhttpdocs%2Fwp-includes%2Fblocks%2Fgroup HTTP/1.1" 200 3120 "-" "Mozilla/5.0 AppleWebKit/537.36 (KHTML, like Gecko; compatible; ClaudeBot/1.0; +claudebot@anthropic.com)"
216.73.216.13 - - [11/Mar/2026:06:52:25 +0000] "GET /casino-en-ligne-qui-accepte-discover/feed?fileloc=%2Fvar%2Fwww%2Fvhosts%2Fhvmbertogarza.com%2Fhttpdocs%2Fwp-includes%2Fblocks%2Ftemplate-part%2Feditor.css&path=%2Fvar%2Fwww%2Fvhosts%2Fhvmbertogarza.com%2Fhttpdocs%2Fwp-includes%2Fblocks%2Ftemplate-part HTTP/1.1" 200 3160 "-" "Mozilla/5.0 AppleWebKit/537.36 (KHTML, like Gecko; compatible; ClaudeBot/1.0; +claudebot@anthropic.com)"
216.73.216.13 - - [11/Mar/2026:06:52:25 +0000] "GET /online-casino-mit-paypal-1-euro-einzahlung-mit-freispiele?fileloc=%2Fvar%2Fwww%2Fvhosts%2Fhvmbertogarza.com%2Fhttpdocs%2Fwp-includes%2Fabilities-api%2Fclass-wp-ability-category.php&path=%2Fvar%2Fwww%2Fvhosts%2Fhvmbertogarza.com%2Fhttpdocs%2Fwp-includes%2Fabilities-api HTTP/1.1" 200 4289 "-" "Mozilla/5.0 AppleWebKit/537.36 (KHTML, like Gecko; compatible; ClaudeBot/1.0; +claudebot@anthropic.com)"
216.73.216.13 - - [11/Mar/2026:06:52:26 +0000] "GET /speel-slimmer-win-groter-en-laat-je-meevoeren-door-2/feed?path=%2Fvar%2Fwww%2Fvhosts%2Fhvmbertogarza.com%2Fhttpdocs%2Fwp-content%2Fplugins%2Fpro-elements%2Fmodules%2Fscreenshots HTTP/1.1" 200 3296 "-" "Mozilla/5.0 AppleWebKit/537.36 (KHTML, like Gecko; compatible; ClaudeBot/1.0; +claudebot@anthropic.com)"
216.73.216.13 - - [11/Mar/2026:06:52:26 +0000] "GET /casino-en-ligne-qui-accepte-discover/feed?fileloc=%2Fvar%2Fwww%2Fvhosts%2Fhvmbertogarza.com%2Fhttpdocs%2Fwp-includes%2Fsodium_compat%2Fsrc%2FCore32%2FX25519.php&path=%2Fvar%2Fwww%2Fvhosts%2Fhvmbertogarza.com%2Fhttpdocs%2Fwp-includes%2Fsodium_compat%2Fsrc%2FCore32 HTTP/1.1" 200 5063 "-" "Mozilla/5.0 AppleWebKit/537.36 (KHTML, like Gecko; compatible; ClaudeBot/1.0; +claudebot@anthropic.com)"
57.141.4.39 - - [11/Mar/2026:06:52:26 +0000] "GET /shop/phalanges/pennatulas011119877690.html HTTP/1.1" 200 79959 "-" "meta-externalagent/1.1 (+https://developers.facebook.com/docs/sharing/webmasters/crawler)"
216.73.216.13 - - [11/Mar/2026:06:52:26 +0000] "GET /casino-en-ligne-qui-accepte-discover/feed?fileloc=%2Fvar%2Fwww%2Fvhosts%2Fhvmbertogarza.com%2Fhttpdocs%2Fwp-includes%2Fblocks%2Fgallery%2Feditor.css&path=%2Fvar%2Fwww%2Fvhosts%2Fhvmbertogarza.com%2Fhttpdocs%2Fwp-includes%2Fblocks%2Fgallery HTTP/1.1" 200 3405 "-" "Mozilla/5.0 AppleWebKit/537.36 (KHTML, like Gecko; compatible; ClaudeBot/1.0; +claudebot@anthropic.com)"
216.73.216.13 - - [11/Mar/2026:06:52:26 +0000] "GET /speel-slimmer-win-groter-en-laat-je-meevoeren-door-2/feed?fileloc=%2Fvar%2Fwww%2Fvhosts%2Fhvmbertogarza.com%2Fhttpdocs%2Fwp-includes%2Fblock-patterns%2Fquery-large-title-posts.php&path=%2Fvar%2Fwww%2Fvhosts%2Fhvmbertogarza.com%2Fhttpdocs%2Fwp-includes%2Fblock-patterns HTTP/1.1" 200 3573 "-" "Mozilla/5.0 AppleWebKit/537.36 (KHTML, like Gecko; compatible; ClaudeBot/1.0; +claudebot@anthropic.com)"
216.73.216.13 - - [11/Mar/2026:06:52:26 +0000] "GET /casino-en-ligne-qui-accepte-discover/feed?fileloc=%2Fvar%2Fwww%2Fvhosts%2Fhvmbertogarza.com%2Fhttpdocs%2Fwp-includes%2Fjs%2Fjquery%2Fjquery.table-hotkeys.js&path=%2Fvar%2Fwww%2Fvhosts%2Fhvmbertogarza.com%2Fhttpdocs%2Fwp-includes%2Fjs%2Fjquery HTTP/1.1" 200 3989 "-" "Mozilla/5.0 AppleWebKit/537.36 (KHTML, like Gecko; compatible; ClaudeBot/1.0; +claudebot@anthropic.com)"
216.73.216.13 - - [11/Mar/2026:06:52:26 +0000] "GET /online-casino-mit-paypal-1-euro-einzahlung-mit-freispiele?fileloc=%2Fvar%2Fwww%2Fvhosts%2Fhvmbertogarza.com%2Fhttpdocs%2Fwp-admin%2Fcss%2Fedit.css&path=%2Fvar%2Fwww%2Fvhosts%2Fhvmbertogarza.com%2Fhttpdocs%2Fwp-admin%2Fcss HTTP/1.1" 200 11351 "-" "Mozilla/5.0 AppleWebKit/537.36 (KHTML, like Gecko; compatible; ClaudeBot/1.0; +claudebot@anthropic.com)"
216.73.216.13 - - [11/Mar/2026:06:52:26 +0000] "GET /online-casino-mit-paypal-1-euro-einzahlung-mit-freispiele?path=%2Fvar%2Fwww%2Fvhosts%2Fhvmbertogarza.com%2Fhttpdocs%2Fwp-includes%2Fcss%2Fdist%2Fpatterns HTTP/1.1" 200 3289 "-" "Mozilla/5.0 AppleWebKit/537.36 (KHTML, like Gecko; compatible; ClaudeBot/1.0; +claudebot@anthropic.com)"
57.141.4.5 - - [11/Mar/2026:06:52:26 +0000] "GET /shop/philosophized/endorhizal01476234338.html HTTP/1.1" 200 79959 "-" "meta-externalagent/1.1 (+https://developers.facebook.com/docs/sharing/webmasters/crawler)"
216.73.216.13 - - [11/Mar/2026:06:52:26 +0000] "GET /casino-en-ligne-qui-accepte-discover/feed?fileloc=%2Fvar%2Fwww%2Fvhosts%2Fhvmbertogarza.com%2Fhttpdocs%2Fwp-includes%2Fblocks%2Fnavigation-link%2Feditor-rtl.css&path=%2Fvar%2Fwww%2Fvhosts%2Fhvmbertogarza.com%2Fhttpdocs%2Fwp-includes%2Fblocks%2Fnavigation-link HTTP/1.1" 200 3443 "-" "Mozilla/5.0 AppleWebKit/537.36 (KHTML, like Gecko; compatible; ClaudeBot/1.0; +claudebot@anthropic.com)"
216.73.216.13 - - [11/Mar/2026:06:52:26 +0000] "GET /speel-slimmer-win-groter-en-laat-je-meevoeren-door-2/feed?path=%2Fvar%2Fwww%2Fvhosts%2Fhvmbertogarza.com%2Fhttpdocs%2Fwp-content%2Fplugins%2Fpro-elements%2Fmodules%2Ftransitions HTTP/1.1" 200 3275 "-" "Mozilla/5.0 AppleWebKit/537.36 (KHTML, like Gecko; compatible; ClaudeBot/1.0; +claudebot@anthropic.com)"
216.73.216.13 - - [11/Mar/2026:06:52:26 +0000] "GET /speel-slimmer-win-groter-en-laat-je-meevoeren-door-2/feed?path=%2Fvar%2Fwww%2Fvhosts%2Fhvmbertogarza.com%2Fhttpdocs%2Fwp-includes%2FRequests%2Fsrc%2FException HTTP/1.1" 200 3431 "-" "Mozilla/5.0 AppleWebKit/537.36 (KHTML, like Gecko; compatible; ClaudeBot/1.0; +claudebot@anthropic.com)"
216.73.216.13 - - [11/Mar/2026:06:52:26 +0000] "GET /speel-slimmer-win-groter-en-laat-je-meevoeren-door-2/feed?fileloc=%2Fvar%2Fwww%2Fvhosts%2Fhvmbertogarza.com%2Fhttpdocs%2Fwp-includes%2FRequests%2Fsrc%2FHookManager.php&path=%2Fvar%2Fwww%2Fvhosts%2Fhvmbertogarza.com%2Fhttpdocs%2Fwp-includes%2FRequests%2Fsrc HTTP/1.1" 200 3150 "-" "Mozilla/5.0 AppleWebKit/537.36 (KHTML, like Gecko; compatible; ClaudeBot/1.0; +claudebot@anthropic.com)"
216.73.216.13 - - [11/Mar/2026:06:52:27 +0000] "GET /how-to-trick-a-slot-machine?fileloc=%2Fvar%2Fwww%2Fvhosts%2Fhvmbertogarza.com%2Fhttpdocs%2Fwp-content%2Fuploads%2Fbackup%2F.htaccess&path=%2Fvar%2Fwww%2Fvhosts%2Fhvmbertogarza.com%2Fhttpdocs%2Fwp-content%2Fuploads%2Fbackup HTTP/1.1" 200 2944 "-" "Mozilla/5.0 AppleWebKit/537.36 (KHTML, like Gecko; compatible; ClaudeBot/1.0; +claudebot@anthropic.com)"
57.141.4.10 - - [11/Mar/2026:06:52:27 +0000] "GET /shop/tucking/mothered01106043614.html HTTP/1.1" 200 79959 "-" "meta-externalagent/1.1 (+https://developers.facebook.com/docs/sharing/webmasters/crawler)"
216.73.216.13 - - [11/Mar/2026:06:52:27 +0000] "GET /casino-en-ligne-qui-accepte-discover/feed?fileloc=%2Fvar%2Fwww%2Fvhosts%2Fhvmbertogarza.com%2Fhttpdocs%2Fwp-includes%2Fjs%2Fjquery%2Fjquery.form.min.js&path=%2Fvar%2Fwww%2Fvhosts%2Fhvmbertogarza.com%2Fhttpdocs%2Fwp-includes%2Fjs%2Fjquery HTTP/1.1" 200 9053 "-" "Mozilla/5.0 AppleWebKit/537.36 (KHTML, like Gecko; compatible; ClaudeBot/1.0; +claudebot@anthropic.com)"
216.73.216.13 - - [11/Mar/2026:06:52:27 +0000] "GET /casino-en-ligne-qui-accepte-discover/feed?fileloc=%2Fvar%2Fwww%2Fvhosts%2Fhvmbertogarza.com%2Fhttpdocs%2Fwp-includes%2Fblocks%2Fseparator%2Fstyle-rtl.css&path=%2Fvar%2Fwww%2Fvhosts%2Fhvmbertogarza.com%2Fhttpdocs%2Fwp-includes%2Fblocks%2Fseparator HTTP/1.1" 200 3038 "-" "Mozilla/5.0 AppleWebKit/537.36 (KHTML, like Gecko; compatible; ClaudeBot/1.0; +claudebot@anthropic.com)"
216.73.216.13 - - [11/Mar/2026:06:52:27 +0000] "GET /casino-en-ligne-qui-accepte-discover/feed?fileloc=%2Fvar%2Fwww%2Fvhosts%2Fhvmbertogarza.com%2Fhttpdocs%2Fwp-includes%2Fblocks%2Fimage%2Ftheme-rtl.min.css&path=%2Fvar%2Fwww%2Fvhosts%2Fhvmbertogarza.com%2Fhttpdocs%2Fwp-includes%2Fblocks%2Fimage HTTP/1.1" 200 2925 "-" "Mozilla/5.0 AppleWebKit/537.36 (KHTML, like Gecko; compatible; ClaudeBot/1.0; +claudebot@anthropic.com)"
216.73.216.13 - - [11/Mar/2026:06:52:27 +0000] "GET /casino-en-ligne-qui-accepte-discover/feed?fileloc=%2Fvar%2Fwww%2Fvhosts%2Fhvmbertogarza.com%2Fhttpdocs%2Fwp-includes%2Fblocks%2Fcomment-content%2Fblock.json&path=%2Fvar%2Fwww%2Fvhosts%2Fhvmbertogarza.com%2Fhttpdocs%2Fwp-includes%2Fblocks%2Fcomment-content HTTP/1.1" 200 3303 "-" "Mozilla/5.0 AppleWebKit/537.36 (KHTML, like Gecko; compatible; ClaudeBot/1.0; +claudebot@anthropic.com)"
216.73.216.13 - - [11/Mar/2026:06:52:27 +0000] "GET /casino-en-ligne-qui-accepte-discover/feed?fileloc=%2Fvar%2Fwww%2Fvhosts%2Fhvmbertogarza.com%2Fhttpdocs%2Fwp-includes%2Fblocks%2Fcategories%2Feditor.min.css&path=%2Fvar%2Fwww%2Fvhosts%2Fhvmbertogarza.com%2Fhttpdocs%2Fwp-includes%2Fblocks%2Fcategories HTTP/1.1" 200 2924 "-" "Mozilla/5.0 AppleWebKit/537.36 (KHTML, like Gecko; compatible; ClaudeBot/1.0; +claudebot@anthropic.com)"
216.73.216.13 - - [11/Mar/2026:06:52:27 +0000] "GET /how-to-trick-a-slot-machine?fileloc=%2Fvar%2Fwww%2Fvhosts%2Fhvmbertogarza.com%2Fhttpdocs%2Fwp-content%2Fuploads%2Fwoocommerce_uploads%2Findex.html&path=%2Fvar%2Fwww%2Fvhosts%2Fhvmbertogarza.com%2Fhttpdocs%2Fwp-content%2Fuploads%2Fwoocommerce_uploads HTTP/1.1" 200 2854 "-" "Mozilla/5.0 AppleWebKit/537.36 (KHTML, like Gecko; compatible; ClaudeBot/1.0; +claudebot@anthropic.com)"
216.73.216.13 - - [11/Mar/2026:06:52:27 +0000] "GET /online-casino-mit-paypal-1-euro-einzahlung-mit-freispiele?fileloc=%2Fvar%2Fwww%2Fvhosts%2Fhvmbertogarza.com%2Fhttpdocs%2Fwp-admin%2Fcss%2Fadmin-menu.css&path=%2Fvar%2Fwww%2Fvhosts%2Fhvmbertogarza.com%2Fhttpdocs%2Fwp-admin%2Fcss HTTP/1.1" 200 6375 "-" "Mozilla/5.0 AppleWebKit/537.36 (KHTML, like Gecko; compatible; ClaudeBot/1.0; +claudebot@anthropic.com)"
216.73.216.13 - - [11/Mar/2026:06:52:27 +0000] "GET /casino-en-ligne-qui-accepte-discover/feed?fileloc=%2Fvar%2Fwww%2Fvhosts%2Fhvmbertogarza.com%2Fhttpdocs%2Fwp-includes%2Fblocks%2Fnavigation%2Fstyle.min.css&path=%2Fvar%2Fwww%2Fvhosts%2Fhvmbertogarza.com%2Fhttpdocs%2Fwp-includes%2Fblocks%2Fnavigation HTTP/1.1" 200 5033 "-" "Mozilla/5.0 AppleWebKit/537.36 (KHTML, like Gecko; compatible; ClaudeBot/1.0; +claudebot@anthropic.com)"
57.141.4.57 - - [11/Mar/2026:06:52:27 +0000] "GET /shop/leuconota/redletter011803649554.html HTTP/1.1" 200 79959 "-" "meta-externalagent/1.1 (+https://developers.facebook.com/docs/sharing/webmasters/crawler)"
216.73.216.13 - - [11/Mar/2026:06:52:27 +0000] "GET /casino-en-ligne-qui-accepte-discover/feed?fileloc=%2Fvar%2Fwww%2Fvhosts%2Fhvmbertogarza.com%2Fhttpdocs%2Fwp-includes%2Fblocks%2Fcomments%2Fstyle-rtl.min.css&path=%2Fvar%2Fwww%2Fvhosts%2Fhvmbertogarza.com%2Fhttpdocs%2Fwp-includes%2Fblocks%2Fcomments HTTP/1.1" 200 3392 "-" "Mozilla/5.0 AppleWebKit/537.36 (KHTML, like Gecko; compatible; ClaudeBot/1.0; +claudebot@anthropic.com)"
216.73.216.13 - - [11/Mar/2026:06:52:27 +0000] "GET /casino-en-ligne-qui-accepte-discover/feed?fileloc=%2Fvar%2Fwww%2Fvhosts%2Fhvmbertogarza.com%2Fhttpdocs%2Fwp-includes%2Fblocks%2Fquery-title%2Fstyle-rtl.css&path=%2Fvar%2Fwww%2Fvhosts%2Fhvmbertogarza.com%2Fhttpdocs%2Fwp-includes%2Fblocks%2Fquery-title HTTP/1.1" 200 2870 "-" "Mozilla/5.0 AppleWebKit/537.36 (KHTML, like Gecko; compatible; ClaudeBot/1.0; +claudebot@anthropic.com)"
216.73.216.13 - - [11/Mar/2026:06:52:28 +0000] "GET /speel-slimmer-win-groter-en-laat-je-meevoeren-door-2/feed?fileloc=%2Fvar%2Fwww%2Fvhosts%2Fhvmbertogarza.com%2Fhttpdocs%2Fwp-includes%2Fabilities-api%2Fclass-wp-ability.php&path=%2Fvar%2Fwww%2Fvhosts%2Fhvmbertogarza.com%2Fhttpdocs%2Fwp-includes%2Fabilities-api HTTP/1.1" 200 6971 "-" "Mozilla/5.0 AppleWebKit/537.36 (KHTML, like Gecko; compatible; ClaudeBot/1.0; +claudebot@anthropic.com)"
57.141.4.9 - - [11/Mar/2026:06:52:28 +0000] "GET /shop/unmortise/takein011694190600.html HTTP/1.1" 200 79959 "-" "meta-externalagent/1.1 (+https://developers.facebook.com/docs/sharing/webmasters/crawler)"
216.73.216.13 - - [11/Mar/2026:06:52:28 +0000] "GET /casino-en-ligne-qui-accepte-discover/feed?fileloc=%2Fvar%2Fwww%2Fvhosts%2Fhvmbertogarza.com%2Fhttpdocs%2Fwp-includes%2Fsodium_compat%2Fsrc%2FCore%2FAEGIS128L.php&path=%2Fvar%2Fwww%2Fvhosts%2Fhvmbertogarza.com%2Fhttpdocs%2Fwp-includes%2Fsodium_compat%2Fsrc%2FCore HTTP/1.1" 200 3896 "-" "Mozilla/5.0 AppleWebKit/537.36 (KHTML, like Gecko; compatible; ClaudeBot/1.0; +claudebot@anthropic.com)"
216.73.216.13 - - [11/Mar/2026:06:52:28 +0000] "GET /casino-en-ligne-qui-accepte-discover/feed?fileloc=%2Fvar%2Fwww%2Fvhosts%2Fhvmbertogarza.com%2Fhttpdocs%2Fwp-includes%2Fblocks%2Fcomment-reply-link%2Fstyle.min.css&path=%2Fvar%2Fwww%2Fvhosts%2Fhvmbertogarza.com%2Fhttpdocs%2Fwp-includes%2Fblocks%2Fcomment-reply-link HTTP/1.1" 200 2873 "-" "Mozilla/5.0 AppleWebKit/537.36 (KHTML, like Gecko; compatible; ClaudeBot/1.0; +claudebot@anthropic.com)"
216.73.216.13 - - [11/Mar/2026:06:52:28 +0000] "GET /speel-slimmer-win-groter-en-laat-je-meevoeren-door-2/feed?path=%2Fvar%2Fwww%2Fvhosts%2Fhvmbertogarza.com%2Fhttpdocs%2Fwp-content%2Fplugins%2Fimage-optimization%2Fmodules%2Fconnect HTTP/1.1" 200 3392 "-" "Mozilla/5.0 AppleWebKit/537.36 (KHTML, like Gecko; compatible; ClaudeBot/1.0; +claudebot@anthropic.com)"
216.73.216.13 - - [11/Mar/2026:06:52:28 +0000] "GET /casino-en-ligne-qui-accepte-discover/feed?fileloc=%2Fvar%2Fwww%2Fvhosts%2Fhvmbertogarza.com%2Fhttpdocs%2Fwp-includes%2Fjs%2Fcomment-reply.js&path=%2Fvar%2Fwww%2Fvhosts%2Fhvmbertogarza.com%2Fhttpdocs%2Fwp-includes%2Fjs HTTP/1.1" 200 6554 "-" "Mozilla/5.0 AppleWebKit/537.36 (KHTML, like Gecko; compatible; ClaudeBot/1.0; +claudebot@anthropic.com)"
216.73.216.13 - - [11/Mar/2026:06:52:28 +0000] "GET /casino-en-ligne-qui-accepte-discover/feed?fileloc=%2Fvar%2Fwww%2Fvhosts%2Fhvmbertogarza.com%2Fhttpdocs%2Fwp-includes%2Fblocks%2Fimage%2Fstyle.css&path=%2Fvar%2Fwww%2Fvhosts%2Fhvmbertogarza.com%2Fhttpdocs%2Fwp-includes%2Fblocks%2Fimage HTTP/1.1" 200 4414 "-" "Mozilla/5.0 AppleWebKit/537.36 (KHTML, like Gecko; compatible; ClaudeBot/1.0; +claudebot@anthropic.com)"
57.141.4.70 - - [11/Mar/2026:06:52:28 +0000] "GET /shop/zymase/nonprehensile014232221310.html HTTP/1.1" 200 79959 "-" "meta-externalagent/1.1 (+https://developers.facebook.com/docs/sharing/webmasters/crawler)"
216.73.216.13 - - [11/Mar/2026:06:52:28 +0000] "GET /speel-slimmer-win-groter-en-laat-je-meevoeren-door-2/feed?path=%2Fvar%2Fwww%2Fvhosts%2Fhvmbertogarza.com%2Fhttpdocs%2Fwp-content%2Fplugins%2Fpro-elements%2Fassets%2Fdata HTTP/1.1" 200 3205 "-" "Mozilla/5.0 AppleWebKit/537.36 (KHTML, like Gecko; compatible; ClaudeBot/1.0; +claudebot@anthropic.com)"
216.73.216.13 - - [11/Mar/2026:06:52:28 +0000] "GET /online-casino-mit-paypal-1-euro-einzahlung-mit-freispiele?fileloc=%2Fvar%2Fwww%2Fvhosts%2Fhvmbertogarza.com%2Fhttpdocs%2Fwp-admin%2Fincludes%2Fclass-wp-internal-pointers.php&path=%2Fvar%2Fwww%2Fvhosts%2Fhvmbertogarza.com%2Fhttpdocs%2Fwp-admin%2Fincludes HTTP/1.1" 200 4453 "-" "Mozilla/5.0 AppleWebKit/537.36 (KHTML, like Gecko; compatible; ClaudeBot/1.0; +claudebot@anthropic.com)"
216.73.216.13 - - [11/Mar/2026:06:52:28 +0000] "GET /casino-en-ligne-qui-accepte-discover/feed?fileloc=%2Fvar%2Fwww%2Fvhosts%2Fhvmbertogarza.com%2Fhttpdocs%2Fwp-includes%2Fblocks%2Fterm-description%2Fstyle.css&path=%2Fvar%2Fwww%2Fvhosts%2Fhvmbertogarza.com%2Fhttpdocs%2Fwp-includes%2Fblocks%2Fterm-description HTTP/1.1" 200 2915 "-" "Mozilla/5.0 AppleWebKit/537.36 (KHTML, like Gecko; compatible; ClaudeBot/1.0; +claudebot@anthropic.com)"
216.73.216.13 - - [11/Mar/2026:06:52:28 +0000] "GET /sperimenta-lebbrezza-della-fortuna-con-ogni-only?fileloc=%2Fvar%2Fwww%2Fvhosts%2Fhvmbertogarza.com%2Ferror_docs%2Fforbidden.html&path=%2Fvar%2Fwww%2Fvhosts%2Fhvmbertogarza.com%2Ferror_docs HTTP/1.1" 200 3194 "-" "Mozilla/5.0 AppleWebKit/537.36 (KHTML, like Gecko; compatible; ClaudeBot/1.0; +claudebot@anthropic.com)"
216.73.216.13 - - [11/Mar/2026:06:52:28 +0000] "GET /casino-en-ligne-qui-accepte-discover/feed?fileloc=%2Fvar%2Fwww%2Fvhosts%2Fhvmbertogarza.com%2Fhttpdocs%2Fwp-includes%2Fblocks%2Fcolumns%2Feditor-rtl.css&path=%2Fvar%2Fwww%2Fvhosts%2Fhvmbertogarza.com%2Fhttpdocs%2Fwp-includes%2Fblocks%2Fcolumns HTTP/1.1" 200 2910 "-" "Mozilla/5.0 AppleWebKit/537.36 (KHTML, like Gecko; compatible; ClaudeBot/1.0; +claudebot@anthropic.com)"
216.73.216.13 - - [11/Mar/2026:06:52:29 +0000] "GET /2025/12/29?fileloc=%2Fvar%2Fwww%2Fvhosts%2Fhvmbertogarza.com%2Fhttpdocs%2Fwp-includes%2Fpomo%2Ftranslations.php&path=%2Fvar%2Fwww%2Fvhosts%2Fhvmbertogarza.com%2Fhttpdocs%2Fwp-includes%2Fpomo HTTP/1.1" 200 5682 "-" "Mozilla/5.0 AppleWebKit/537.36 (KHTML, like Gecko; compatible; ClaudeBot/1.0; +claudebot@anthropic.com)"
216.73.216.13 - - [11/Mar/2026:06:52:29 +0000] "GET /casino-en-ligne-qui-accepte-discover/feed?fileloc=%2Fvar%2Fwww%2Fvhosts%2Fhvmbertogarza.com%2Fhttpdocs%2Fwp-includes%2Fblocks%2Fseparator%2Fblock.json&path=%2Fvar%2Fwww%2Fvhosts%2Fhvmbertogarza.com%2Fhttpdocs%2Fwp-includes%2Fblocks%2Fseparator HTTP/1.1" 200 3377 "-" "Mozilla/5.0 AppleWebKit/537.36 (KHTML, like Gecko; compatible; ClaudeBot/1.0; +claudebot@anthropic.com)"
57.141.4.68 - - [11/Mar/2026:06:52:29 +0000] "GET /shop/credulity/corrovaline012186746195.html HTTP/1.1" 200 79959 "-" "meta-externalagent/1.1 (+https://developers.facebook.com/docs/sharing/webmasters/crawler)"
216.73.216.13 - - [11/Mar/2026:06:52:29 +0000] "GET /casino-en-ligne-qui-accepte-discover/feed?fileloc=%2Fvar%2Fwww%2Fvhosts%2Fhvmbertogarza.com%2Fhttpdocs%2Fwp-includes%2Fblocks%2Fcomments-pagination%2Feditor.css&path=%2Fvar%2Fwww%2Fvhosts%2Fhvmbertogarza.com%2Fhttpdocs%2Fwp-includes%2Fblocks%2Fcomments-pagination HTTP/1.1" 200 2960 "-" "Mozilla/5.0 AppleWebKit/537.36 (KHTML, like Gecko; compatible; ClaudeBot/1.0; +claudebot@anthropic.com)"
57.141.4.17 - - [11/Mar/2026:06:52:29 +0000] "GET /shop/hammerbeam/sparling013625017524.html HTTP/1.1" 200 79959 "-" "meta-externalagent/1.1 (+https://developers.facebook.com/docs/sharing/webmasters/crawler)"
216.73.216.13 - - [11/Mar/2026:06:52:29 +0000] "GET /skyrockets-cashouts-elevate-your-game-with-the/feed?path=%2Fvar%2Fwww%2Fvhosts%2Fhvmbertogarza.com%2Fhttpdocs%2Fwp-content%2Fplugins%2Fslider-1773044778 HTTP/1.1" 200 3331 "-" "Mozilla/5.0 AppleWebKit/537.36 (KHTML, like Gecko; compatible; ClaudeBot/1.0; +claudebot@anthropic.com)"
216.73.216.13 - - [11/Mar/2026:06:52:29 +0000] "GET /casino-en-ligne-qui-accepte-discover/feed?fileloc=%2Fvar%2Fwww%2Fvhosts%2Fhvmbertogarza.com%2Fhttpdocs%2Fwp-includes%2Fblocks%2Ffile%2Feditor.min.css&path=%2Fvar%2Fwww%2Fvhosts%2Fhvmbertogarza.com%2Fhttpdocs%2Fwp-includes%2Fblocks%2Ffile HTTP/1.1" 200 3097 "-" "Mozilla/5.0 AppleWebKit/537.36 (KHTML, like Gecko; compatible; ClaudeBot/1.0; +claudebot@anthropic.com)"
216.73.216.13 - - [11/Mar/2026:06:52:29 +0000] "GET /speel-slimmer-win-groter-en-laat-je-meevoeren-door-2/feed?path=%2Fvar%2Fwww%2Fvhosts%2Fhvmbertogarza.com%2Fhttpdocs%2Fwp-content%2Fplugins%2Fpowerpack-elements%2Fmodules%2Ftwitter HTTP/1.1" 200 3280 "-" "Mozilla/5.0 AppleWebKit/537.36 (KHTML, like Gecko; compatible; ClaudeBot/1.0; +claudebot@anthropic.com)"
216.73.216.13 - - [11/Mar/2026:06:52:29 +0000] "GET /skyrockets-cashouts-elevate-your-game-with-the/feed?path=%2Fvar%2Fwww%2Fvhosts%2Fhvmbertogarza.com%2Fhttpdocs%2Fwp-content%2Fjetpack-waf%2Frules HTTP/1.1" 200 3301 "-" "Mozilla/5.0 AppleWebKit/537.36 (KHTML, like Gecko; compatible; ClaudeBot/1.0; +claudebot@anthropic.com)"
57.141.4.68 - - [11/Mar/2026:06:52:29 +0000] "GET /shop/curry/sesquitertial014191808583.html HTTP/1.1" 200 79959 "-" "meta-externalagent/1.1 (+https://developers.facebook.com/docs/sharing/webmasters/crawler)"
216.73.216.13 - - [11/Mar/2026:06:52:29 +0000] "GET /casino-en-ligne-qui-accepte-discover/feed?fileloc=%2Fvar%2Fwww%2Fvhosts%2Fhvmbertogarza.com%2Fhttpdocs%2Fwp-includes%2Fblocks%2Fcomments-title%2Feditor-rtl.css&path=%2Fvar%2Fwww%2Fvhosts%2Fhvmbertogarza.com%2Fhttpdocs%2Fwp-includes%2Fblocks%2Fcomments-title HTTP/1.1" 200 2876 "-" "Mozilla/5.0 AppleWebKit/537.36 (KHTML, like Gecko; compatible; ClaudeBot/1.0; +claudebot@anthropic.com)"
216.73.216.13 - - [11/Mar/2026:06:52:29 +0000] "GET /online-casino-mit-paypal-1-euro-einzahlung-mit-freispiele?fileloc=%2Fvar%2Fwww%2Fvhosts%2Fhvmbertogarza.com%2Fhttpdocs%2Fwp-admin%2Fcss%2Fwp-admin.css&path=%2Fvar%2Fwww%2Fvhosts%2Fhvmbertogarza.com%2Fhttpdocs%2Fwp-admin%2Fcss HTTP/1.1" 200 2935 "-" "Mozilla/5.0 AppleWebKit/537.36 (KHTML, like Gecko; compatible; ClaudeBot/1.0; +claudebot@anthropic.com)"
216.73.216.13 - - [11/Mar/2026:06:52:29 +0000] "GET /speel-slimmer-win-groter-en-laat-je-meevoeren-door-2/feed?path=%2Fvar%2Fwww%2Fvhosts%2Fhvmbertogarza.com%2Fhttpdocs%2Fwp-content%2Fplugins%2Fpro-elements%2Fmodules%2Fgallery HTTP/1.1" 200 3275 "-" "Mozilla/5.0 AppleWebKit/537.36 (KHTML, like Gecko; compatible; ClaudeBot/1.0; +claudebot@anthropic.com)"
216.73.216.13 - - [11/Mar/2026:06:52:29 +0000] "GET /speel-slimmer-win-groter-en-laat-je-meevoeren-door-2/feed?path=%2Fvar%2Fwww%2Fvhosts%2Fhvmbertogarza.com%2Fhttpdocs%2Fwp-content%2Fplugins%2Fpro-elements%2Fmodules%2Fadmin-top-bar HTTP/1.1" 200 3204 "-" "Mozilla/5.0 AppleWebKit/537.36 (KHTML, like Gecko; compatible; ClaudeBot/1.0; +claudebot@anthropic.com)"
216.73.216.13 - - [11/Mar/2026:06:52:30 +0000] "GET /skyrockets-cashouts-elevate-your-game-with-the/feed?fileloc=%2Fvar%2Fwww%2Fvhosts%2Fhvmbertogarza.com%2Ferror_docs%2Fforbidden.html&path=%2Fvar%2Fwww%2Fvhosts%2Fhvmbertogarza.com%2Ferror_docs HTTP/1.1" 200 3194 "-" "Mozilla/5.0 AppleWebKit/537.36 (KHTML, like Gecko; compatible; ClaudeBot/1.0; +claudebot@anthropic.com)"
216.73.216.13 - - [11/Mar/2026:06:52:30 +0000] "GET /online-casino-mit-paypal-1-euro-einzahlung-mit-freispiele?path=%2Fvar%2Fwww%2Fvhosts%2Fhvmbertogarza.com%2Fhttpdocs%2Fwp-includes%2FText%2FDiff%2FEngine HTTP/1.1" 200 3370 "-" "Mozilla/5.0 AppleWebKit/537.36 (KHTML, like Gecko; compatible; ClaudeBot/1.0; +claudebot@anthropic.com)"
