143.198.220.252 - - [10/Mar/2026:08:13:55 +0000] "POST /wp-login.php HTTP/1.1" 200 3855 "https://hvmbertogarza.com/wp-login.php" "Mozilla/5.0 (X11; Ubuntu; Linux x86_64) AppleWebKit/537.36 (KHTML, like Gecko) Chrome/119.0.0.0 Safari/537.36"
45.86.202.187 - - [10/Mar/2026:08:13:56 +0000] "POST //xmlrpc.php HTTP/1.1" 200 3997 "-" "Mozilla/5.0 (Windows NT 10.0; Win64; x64) AppleWebKit/537.36 (KHTML, like Gecko) Chrome/95.0.4638.69 Safari/537.36"
143.198.220.252 - - [10/Mar/2026:08:13:57 +0000] "GET /wp-admin/index.php HTTP/1.1" 302 525 "https://hvmbertogarza.com/wp-login.php" "Mozilla/5.0 (Windows NT 10.0; Win64; x64) AppleWebKit/537.36 (KHTML, like Gecko) Chrome/119.0.0.0 Safari/537.36"
45.86.202.165 - - [10/Mar/2026:08:13:58 +0000] "POST //xmlrpc.php HTTP/1.1" 200 3997 "-" "Mozilla/5.0 (Windows NT 10.0; Win64; x64) AppleWebKit/537.36 (KHTML, like Gecko) Chrome/95.0.4638.69 Safari/537.36"
143.198.220.252 - - [10/Mar/2026:08:13:58 +0000] "GET /wp-login.php?redirect_to=https%3A%2F%2Fhvmbertogarza.com%2Fwp-admin%2Findex.php&reauth=1 HTTP/1.1" 200 5797 "https://hvmbertogarza.com/wp-login.php" "Mozilla/5.0 (Windows NT 10.0; Win64; x64) AppleWebKit/537.36 (KHTML, like Gecko) Chrome/119.0.0.0 Safari/537.36"
45.86.202.171 - - [10/Mar/2026:08:14:00 +0000] "POST //xmlrpc.php HTTP/1.1" 200 3997 "-" "Mozilla/5.0 (Windows NT 10.0; Win64; x64) AppleWebKit/537.36 (KHTML, like Gecko) Chrome/95.0.4638.69 Safari/537.36"
143.198.220.252 - - [10/Mar/2026:08:14:00 +0000] "POST /wp-login.php HTTP/1.1" 200 3855 "https://hvmbertogarza.com/wp-login.php" "Mozilla/5.0 (Macintosh; Intel Mac OS X 10_15_7) AppleWebKit/605.1.15 (KHTML, like Gecko) Version/16.6 Safari/605.1.15"
143.198.220.252 - - [10/Mar/2026:08:14:01 +0000] "GET /wp-admin/index.php HTTP/1.1" 302 525 "https://hvmbertogarza.com/wp-login.php" "Mozilla/5.0 (X11; Ubuntu; Linux x86_64) AppleWebKit/537.36 (KHTML, like Gecko) Chrome/118.0.0.0 Safari/537.36"
45.86.202.184 - - [10/Mar/2026:08:14:02 +0000] "POST //xmlrpc.php HTTP/1.1" 200 3997 "-" "Mozilla/5.0 (Windows NT 10.0; Win64; x64) AppleWebKit/537.36 (KHTML, like Gecko) Chrome/95.0.4638.69 Safari/537.36"
45.86.202.184 - - [10/Mar/2026:08:14:04 +0000] "POST //xmlrpc.php HTTP/1.1" 200 3997 "-" "Mozilla/5.0 (Windows NT 10.0; Win64; x64) AppleWebKit/537.36 (KHTML, like Gecko) Chrome/95.0.4638.69 Safari/537.36"
143.198.220.252 - - [10/Mar/2026:08:14:03 +0000] "GET /wp-login.php?redirect_to=https%3A%2F%2Fhvmbertogarza.com%2Fwp-admin%2Findex.php&reauth=1 HTTP/1.1" 200 5797 "https://hvmbertogarza.com/wp-login.php" "Mozilla/5.0 (X11; Ubuntu; Linux x86_64) AppleWebKit/537.36 (KHTML, like Gecko) Chrome/118.0.0.0 Safari/537.36"
143.198.220.252 - - [10/Mar/2026:08:14:05 +0000] "POST /wp-login.php HTTP/1.1" 200 3855 "https://hvmbertogarza.com/wp-login.php" "Mozilla/5.0 (Macintosh; Intel Mac OS X 10_15_7) AppleWebKit/605.1.15 (KHTML, like Gecko) Version/16.6 Safari/605.1.15"
45.86.202.168 - - [10/Mar/2026:08:14:06 +0000] "POST //xmlrpc.php HTTP/1.1" 200 3997 "-" "Mozilla/5.0 (Windows NT 10.0; Win64; x64) AppleWebKit/537.36 (KHTML, like Gecko) Chrome/95.0.4638.69 Safari/537.36"
143.198.220.252 - - [10/Mar/2026:08:14:07 +0000] "GET /wp-admin/index.php HTTP/1.1" 302 525 "https://hvmbertogarza.com/wp-login.php" "Mozilla/5.0 (Macintosh; Intel Mac OS X 10_15_7) AppleWebKit/537.36 (KHTML, like Gecko) Chrome/119.0.0.0 Safari/537.36"
45.86.202.171 - - [10/Mar/2026:08:14:08 +0000] "POST //xmlrpc.php HTTP/1.1" 200 3997 "-" "Mozilla/5.0 (Windows NT 10.0; Win64; x64) AppleWebKit/537.36 (KHTML, like Gecko) Chrome/95.0.4638.69 Safari/537.36"
143.198.220.252 - - [10/Mar/2026:08:14:09 +0000] "GET /wp-login.php?redirect_to=https%3A%2F%2Fhvmbertogarza.com%2Fwp-admin%2Findex.php&reauth=1 HTTP/1.1" 200 5797 "https://hvmbertogarza.com/wp-login.php" "Mozilla/5.0 (Macintosh; Intel Mac OS X 10_15_7) AppleWebKit/537.36 (KHTML, like Gecko) Chrome/119.0.0.0 Safari/537.36"
45.86.202.179 - - [10/Mar/2026:08:14:10 +0000] "POST //xmlrpc.php HTTP/1.1" 200 3997 "-" "Mozilla/5.0 (Windows NT 10.0; Win64; x64) AppleWebKit/537.36 (KHTML, like Gecko) Chrome/95.0.4638.69 Safari/537.36"
143.198.220.252 - - [10/Mar/2026:08:14:11 +0000] "POST /wp-login.php HTTP/1.1" 200 3855 "https://hvmbertogarza.com/wp-login.php" "Mozilla/5.0 (Macintosh; Intel Mac OS X 10_15_7; rv:119.0) Gecko/20100101 Firefox/119.0"
45.86.202.205 - - [10/Mar/2026:08:14:12 +0000] "POST //xmlrpc.php HTTP/1.1" 200 3997 "-" "Mozilla/5.0 (Windows NT 10.0; Win64; x64) AppleWebKit/537.36 (KHTML, like Gecko) Chrome/95.0.4638.69 Safari/537.36"
143.198.220.252 - - [10/Mar/2026:08:14:12 +0000] "GET /wp-admin/index.php HTTP/1.1" 302 525 "https://hvmbertogarza.com/wp-login.php" "Mozilla/5.0 (Macintosh; Intel Mac OS X 13_6_1) AppleWebKit/537.36 (KHTML, like Gecko) Chrome/120.0.0.0 Safari/537.36"
45.86.202.164 - - [10/Mar/2026:08:14:14 +0000] "POST //xmlrpc.php HTTP/1.1" 200 3997 "-" "Mozilla/5.0 (Windows NT 10.0; Win64; x64) AppleWebKit/537.36 (KHTML, like Gecko) Chrome/95.0.4638.69 Safari/537.36"
143.198.220.252 - - [10/Mar/2026:08:14:14 +0000] "GET /wp-login.php?redirect_to=https%3A%2F%2Fhvmbertogarza.com%2Fwp-admin%2Findex.php&reauth=1 HTTP/1.1" 200 5797 "https://hvmbertogarza.com/wp-login.php" "Mozilla/5.0 (Macintosh; Intel Mac OS X 13_6_1) AppleWebKit/537.36 (KHTML, like Gecko) Chrome/120.0.0.0 Safari/537.36"
45.86.202.192 - - [10/Mar/2026:08:14:16 +0000] "POST //xmlrpc.php HTTP/1.1" 200 3997 "-" "Mozilla/5.0 (Windows NT 10.0; Win64; x64) AppleWebKit/537.36 (KHTML, like Gecko) Chrome/95.0.4638.69 Safari/537.36"
143.198.220.252 - - [10/Mar/2026:08:14:16 +0000] "POST /wp-login.php HTTP/1.1" 200 3855 "https://hvmbertogarza.com/wp-login.php" "Mozilla/5.0 (Windows NT 10.0; Win64; x64) AppleWebKit/537.36 (KHTML, like Gecko) Chrome/120.0.0.0 Safari/537.36"
143.198.220.252 - - [10/Mar/2026:08:14:18 +0000] "GET /wp-admin/index.php HTTP/1.1" 302 525 "https://hvmbertogarza.com/wp-login.php" "Mozilla/5.0 (Macintosh; Intel Mac OS X 10_15_7) AppleWebKit/605.1.15 (KHTML, like Gecko) Version/17.1 Safari/605.1.15"
45.86.202.170 - - [10/Mar/2026:08:14:18 +0000] "POST //xmlrpc.php HTTP/1.1" 200 3997 "-" "Mozilla/5.0 (Windows NT 10.0; Win64; x64) AppleWebKit/537.36 (KHTML, like Gecko) Chrome/95.0.4638.69 Safari/537.36"
74.208.176.140 - - [10/Mar/2026:08:14:21 +0000] "POST /wp-cron.php?doing_wp_cron=1773130461.2065379619598388671875 HTTP/1.1" 200 4101 "-" "WordPress/6.9.1; https://hvmbertogarza.com"
216.73.216.131 - - [10/Mar/2026:08:14:19 +0000] "GET /2025/12/22 HTTP/1.1" 301 4079 "-" "Mozilla/5.0 AppleWebKit/537.36 (KHTML, like Gecko; compatible; ClaudeBot/1.0; +claudebot@anthropic.com)"
143.198.220.252 - - [10/Mar/2026:08:14:20 +0000] "GET /wp-login.php?redirect_to=https%3A%2F%2Fhvmbertogarza.com%2Fwp-admin%2Findex.php&reauth=1 HTTP/1.1" 200 5797 "https://hvmbertogarza.com/wp-login.php" "Mozilla/5.0 (Macintosh; Intel Mac OS X 10_15_7) AppleWebKit/605.1.15 (KHTML, like Gecko) Version/17.1 Safari/605.1.15"
45.86.202.173 - - [10/Mar/2026:08:14:20 +0000] "POST //xmlrpc.php HTTP/1.1" 200 3997 "-" "Mozilla/5.0 (Windows NT 10.0; Win64; x64) AppleWebKit/537.36 (KHTML, like Gecko) Chrome/95.0.4638.69 Safari/537.36"
143.198.220.252 - - [10/Mar/2026:08:14:22 +0000] "POST /wp-login.php HTTP/1.1" 200 3864 "https://hvmbertogarza.com/wp-login.php" "Mozilla/5.0 (Windows NT 11.0; Win64; x64) AppleWebKit/537.36 (KHTML, like Gecko) Chrome/121.0.0.0 Safari/537.36"
216.73.216.131 - - [10/Mar/2026:08:14:21 +0000] "GET /2025/12/22/ HTTP/1.1" 200 36406 "https://hvmbertogarza.com/2025/12/22" "Mozilla/5.0 AppleWebKit/537.36 (KHTML, like Gecko; compatible; ClaudeBot/1.0; +claudebot@anthropic.com)"
45.86.202.225 - - [10/Mar/2026:08:14:23 +0000] "POST //xmlrpc.php HTTP/1.1" 200 3997 "-" "Mozilla/5.0 (Windows NT 10.0; Win64; x64) AppleWebKit/537.36 (KHTML, like Gecko) Chrome/95.0.4638.69 Safari/537.36"
143.198.220.252 - - [10/Mar/2026:08:14:24 +0000] "GET /wp-admin/index.php HTTP/1.1" 302 525 "https://hvmbertogarza.com/wp-login.php" "Mozilla/5.0 (Macintosh; Intel Mac OS X 13_6_1; rv:120.0) Gecko/20100101 Firefox/120.0"
45.86.202.196 - - [10/Mar/2026:08:14:25 +0000] "POST //xmlrpc.php HTTP/1.1" 200 3997 "-" "Mozilla/5.0 (Windows NT 10.0; Win64; x64) AppleWebKit/537.36 (KHTML, like Gecko) Chrome/95.0.4638.69 Safari/537.36"
143.198.220.252 - - [10/Mar/2026:08:14:25 +0000] "GET /wp-login.php?redirect_to=https%3A%2F%2Fhvmbertogarza.com%2Fwp-admin%2Findex.php&reauth=1 HTTP/1.1" 200 5797 "https://hvmbertogarza.com/wp-login.php" "Mozilla/5.0 (Macintosh; Intel Mac OS X 13_6_1; rv:120.0) Gecko/20100101 Firefox/120.0"
143.198.220.252 - - [10/Mar/2026:08:14:27 +0000] "POST /wp-login.php HTTP/1.1" 200 3859 "https://hvmbertogarza.com/wp-login.php" "Mozilla/5.0 (X11; Ubuntu; Linux x86_64) AppleWebKit/537.36 (KHTML, like Gecko) Chrome/118.0.0.0 Safari/537.36"
45.86.202.182 - - [10/Mar/2026:08:14:27 +0000] "POST //xmlrpc.php HTTP/1.1" 200 3997 "-" "Mozilla/5.0 (Windows NT 10.0; Win64; x64) AppleWebKit/537.36 (KHTML, like Gecko) Chrome/95.0.4638.69 Safari/537.36"
143.198.220.252 - - [10/Mar/2026:08:14:29 +0000] "GET /wp-admin/index.php HTTP/1.1" 302 525 "https://hvmbertogarza.com/wp-login.php" "Mozilla/5.0 (Macintosh; Intel Mac OS X 13_6_1; rv:118.0) Gecko/20100101 Firefox/118.0"
45.86.202.198 - - [10/Mar/2026:08:14:29 +0000] "POST //xmlrpc.php HTTP/1.1" 200 3997 "-" "Mozilla/5.0 (Windows NT 10.0; Win64; x64) AppleWebKit/537.36 (KHTML, like Gecko) Chrome/95.0.4638.69 Safari/537.36"
143.198.220.252 - - [10/Mar/2026:08:14:30 +0000] "GET /wp-login.php?redirect_to=https%3A%2F%2Fhvmbertogarza.com%2Fwp-admin%2Findex.php&reauth=1 HTTP/1.1" 200 5797 "https://hvmbertogarza.com/wp-login.php" "Mozilla/5.0 (Macintosh; Intel Mac OS X 13_6_1; rv:118.0) Gecko/20100101 Firefox/118.0"
45.86.202.161 - - [10/Mar/2026:08:14:31 +0000] "POST //xmlrpc.php HTTP/1.1" 200 3997 "-" "Mozilla/5.0 (Windows NT 10.0; Win64; x64) AppleWebKit/537.36 (KHTML, like Gecko) Chrome/95.0.4638.69 Safari/537.36"
143.198.220.252 - - [10/Mar/2026:08:14:32 +0000] "POST /wp-login.php HTTP/1.1" 200 3857 "https://hvmbertogarza.com/wp-login.php" "Mozilla/5.0 (Macintosh; Intel Mac OS X 13_6_1) AppleWebKit/537.36 (KHTML, like Gecko) Chrome/120.0.0.0 Safari/537.36"
143.198.220.252 - - [10/Mar/2026:08:14:33 +0000] "GET /wp-admin/index.php HTTP/1.1" 302 525 "https://hvmbertogarza.com/wp-login.php" "Mozilla/5.0 (Macintosh; Intel Mac OS X 10_15_7) AppleWebKit/605.1.15 (KHTML, like Gecko) Version/17.0 Safari/605.1.15"
45.86.202.170 - - [10/Mar/2026:08:14:33 +0000] "POST //xmlrpc.php HTTP/1.1" 200 3997 "-" "Mozilla/5.0 (Windows NT 10.0; Win64; x64) AppleWebKit/537.36 (KHTML, like Gecko) Chrome/95.0.4638.69 Safari/537.36"
143.198.220.252 - - [10/Mar/2026:08:14:35 +0000] "GET /wp-login.php?redirect_to=https%3A%2F%2Fhvmbertogarza.com%2Fwp-admin%2Findex.php&reauth=1 HTTP/1.1" 200 5797 "https://hvmbertogarza.com/wp-login.php" "Mozilla/5.0 (Macintosh; Intel Mac OS X 10_15_7) AppleWebKit/605.1.15 (KHTML, like Gecko) Version/17.0 Safari/605.1.15"
45.86.202.204 - - [10/Mar/2026:08:14:35 +0000] "POST //xmlrpc.php HTTP/1.1" 200 3997 "-" "Mozilla/5.0 (Windows NT 10.0; Win64; x64) AppleWebKit/537.36 (KHTML, like Gecko) Chrome/95.0.4638.69 Safari/537.36"
143.198.220.252 - - [10/Mar/2026:08:14:36 +0000] "POST /wp-login.php HTTP/1.1" 200 3862 "https://hvmbertogarza.com/wp-login.php" "Mozilla/5.0 (Windows NT 10.0; Win64; x64) AppleWebKit/537.36 (KHTML, like Gecko) Chrome/120.0.0.0 Safari/537.36"
45.86.202.166 - - [10/Mar/2026:08:14:37 +0000] "POST //xmlrpc.php HTTP/1.1" 200 3997 "-" "Mozilla/5.0 (Windows NT 10.0; Win64; x64) AppleWebKit/537.36 (KHTML, like Gecko) Chrome/95.0.4638.69 Safari/537.36"
143.198.220.252 - - [10/Mar/2026:08:14:38 +0000] "GET /wp-admin/index.php HTTP/1.1" 302 525 "https://hvmbertogarza.com/wp-login.php" "Mozilla/5.0 (Macintosh; Intel Mac OS X 13_6_1) AppleWebKit/537.36 (KHTML, like Gecko) Chrome/120.0.0.0 Safari/537.36"
45.86.202.183 - - [10/Mar/2026:08:14:39 +0000] "POST //xmlrpc.php HTTP/1.1" 200 3997 "-" "Mozilla/5.0 (Windows NT 10.0; Win64; x64) AppleWebKit/537.36 (KHTML, like Gecko) Chrome/95.0.4638.69 Safari/537.36"
143.198.220.252 - - [10/Mar/2026:08:14:39 +0000] "GET /wp-login.php?redirect_to=https%3A%2F%2Fhvmbertogarza.com%2Fwp-admin%2Findex.php&reauth=1 HTTP/1.1" 200 5797 "https://hvmbertogarza.com/wp-login.php" "Mozilla/5.0 (Macintosh; Intel Mac OS X 13_6_1) AppleWebKit/537.36 (KHTML, like Gecko) Chrome/120.0.0.0 Safari/537.36"
45.86.202.198 - - [10/Mar/2026:08:14:41 +0000] "POST //xmlrpc.php HTTP/1.1" 200 3997 "-" "Mozilla/5.0 (Windows NT 10.0; Win64; x64) AppleWebKit/537.36 (KHTML, like Gecko) Chrome/95.0.4638.69 Safari/537.36"
143.198.220.252 - - [10/Mar/2026:08:14:42 +0000] "POST /wp-login.php HTTP/1.1" 200 3880 "https://hvmbertogarza.com/wp-login.php" "Mozilla/5.0 (Windows NT 10.0; Win64; x64) AppleWebKit/537.36 (KHTML, like Gecko) Chrome/118.0.0.0 Safari/537.36"
45.86.202.199 - - [10/Mar/2026:08:14:43 +0000] "POST //xmlrpc.php HTTP/1.1" 200 3997 "-" "Mozilla/5.0 (Windows NT 10.0; Win64; x64) AppleWebKit/537.36 (KHTML, like Gecko) Chrome/95.0.4638.69 Safari/537.36"
143.198.220.252 - - [10/Mar/2026:08:14:44 +0000] "GET /wp-admin/index.php HTTP/1.1" 302 525 "https://hvmbertogarza.com/wp-login.php" "Mozilla/5.0 (X11; Ubuntu; Linux x86_64) AppleWebKit/537.36 (KHTML, like Gecko) Chrome/121.0.0.0 Safari/537.36"
45.86.202.163 - - [10/Mar/2026:08:14:45 +0000] "POST //xmlrpc.php HTTP/1.1" 200 3997 "-" "Mozilla/5.0 (Windows NT 10.0; Win64; x64) AppleWebKit/537.36 (KHTML, like Gecko) Chrome/95.0.4638.69 Safari/537.36"
143.198.220.252 - - [10/Mar/2026:08:14:47 +0000] "GET /wp-login.php?redirect_to=https%3A%2F%2Fhvmbertogarza.com%2Fwp-admin%2Findex.php&reauth=1 HTTP/1.1" 200 5797 "https://hvmbertogarza.com/wp-login.php" "Mozilla/5.0 (X11; Ubuntu; Linux x86_64) AppleWebKit/537.36 (KHTML, like Gecko) Chrome/121.0.0.0 Safari/537.36"
45.86.202.191 - - [10/Mar/2026:08:14:47 +0000] "POST //xmlrpc.php HTTP/1.1" 200 3997 "-" "Mozilla/5.0 (Windows NT 10.0; Win64; x64) AppleWebKit/537.36 (KHTML, like Gecko) Chrome/95.0.4638.69 Safari/537.36"
143.198.220.252 - - [10/Mar/2026:08:14:48 +0000] "POST /wp-login.php HTTP/1.1" 200 3810 "https://hvmbertogarza.com/wp-login.php" "Mozilla/5.0 (Windows NT 10.0; Win64; x64; rv:119.0) Gecko/20100101 Firefox/119.0"
45.86.202.225 - - [10/Mar/2026:08:14:49 +0000] "POST //xmlrpc.php HTTP/1.1" 200 3997 "-" "Mozilla/5.0 (Windows NT 10.0; Win64; x64) AppleWebKit/537.36 (KHTML, like Gecko) Chrome/95.0.4638.69 Safari/537.36"
74.208.176.140 - - [10/Mar/2026:08:14:51 +0000] "POST /wp-cron.php?doing_wp_cron=1773130491.7547578811645507812500 HTTP/1.1" 200 4101 "-" "WordPress/6.9.1; https://hvmbertogarza.com"
143.198.220.252 - - [10/Mar/2026:08:14:50 +0000] "GET /wp-admin/index.php HTTP/1.1" 302 525 "https://hvmbertogarza.com/wp-login.php" "Mozilla/5.0 (X11; Ubuntu; Linux x86_64) AppleWebKit/537.36 (KHTML, like Gecko) Chrome/118.0.0.0 Safari/537.36"
45.86.202.177 - - [10/Mar/2026:08:14:50 +0000] "POST //xmlrpc.php HTTP/1.1" 200 3997 "-" "Mozilla/5.0 (Windows NT 10.0; Win64; x64) AppleWebKit/537.36 (KHTML, like Gecko) Chrome/95.0.4638.69 Safari/537.36"
143.198.220.252 - - [10/Mar/2026:08:14:52 +0000] "GET /wp-login.php?redirect_to=https%3A%2F%2Fhvmbertogarza.com%2Fwp-admin%2Findex.php&reauth=1 HTTP/1.1" 200 5797 "https://hvmbertogarza.com/wp-login.php" "Mozilla/5.0 (X11; Ubuntu; Linux x86_64) AppleWebKit/537.36 (KHTML, like Gecko) Chrome/118.0.0.0 Safari/537.36"
45.86.202.168 - - [10/Mar/2026:08:14:52 +0000] "POST //xmlrpc.php HTTP/1.1" 200 3997 "-" "Mozilla/5.0 (Windows NT 10.0; Win64; x64) AppleWebKit/537.36 (KHTML, like Gecko) Chrome/95.0.4638.69 Safari/537.36"
143.198.220.252 - - [10/Mar/2026:08:14:54 +0000] "POST /wp-login.php HTTP/1.1" 200 3862 "https://hvmbertogarza.com/wp-login.php" "Mozilla/5.0 (Macintosh; Intel Mac OS X 13_6_1) AppleWebKit/605.1.15 (KHTML, like Gecko) Version/16.6 Safari/605.1.15"
45.86.202.201 - - [10/Mar/2026:08:14:54 +0000] "POST //xmlrpc.php HTTP/1.1" 200 3997 "-" "Mozilla/5.0 (Windows NT 10.0; Win64; x64) AppleWebKit/537.36 (KHTML, like Gecko) Chrome/95.0.4638.69 Safari/537.36"
143.198.220.252 - - [10/Mar/2026:08:14:55 +0000] "GET /wp-admin/index.php HTTP/1.1" 302 525 "https://hvmbertogarza.com/wp-login.php" "Mozilla/5.0 (Macintosh; Intel Mac OS X 13_6_1) AppleWebKit/537.36 (KHTML, like Gecko) Chrome/118.0.0.0 Safari/537.36"
45.86.202.179 - - [10/Mar/2026:08:14:56 +0000] "POST //xmlrpc.php HTTP/1.1" 200 3997 "-" "Mozilla/5.0 (Windows NT 10.0; Win64; x64) AppleWebKit/537.36 (KHTML, like Gecko) Chrome/95.0.4638.69 Safari/537.36"
143.198.220.252 - - [10/Mar/2026:08:14:56 +0000] "GET /wp-login.php?redirect_to=https%3A%2F%2Fhvmbertogarza.com%2Fwp-admin%2Findex.php&reauth=1 HTTP/1.1" 200 5797 "https://hvmbertogarza.com/wp-login.php" "Mozilla/5.0 (Macintosh; Intel Mac OS X 13_6_1) AppleWebKit/537.36 (KHTML, like Gecko) Chrome/118.0.0.0 Safari/537.36"
74.208.176.140 - - [10/Mar/2026:08:14:59 +0000] "POST /wp-cron.php?doing_wp_cron=1773130499.1307299137115478515625 HTTP/1.1" 200 4101 "-" "WordPress/6.9.1; https://hvmbertogarza.com"
45.86.202.170 - - [10/Mar/2026:08:14:58 +0000] "POST //xmlrpc.php HTTP/1.1" 200 3997 "-" "Mozilla/5.0 (Windows NT 10.0; Win64; x64) AppleWebKit/537.36 (KHTML, like Gecko) Chrome/95.0.4638.69 Safari/537.36"
143.198.220.252 - - [10/Mar/2026:08:14:58 +0000] "POST /wp-login.php HTTP/1.1" 200 3855 "https://hvmbertogarza.com/wp-login.php" "Mozilla/5.0 (Macintosh; Intel Mac OS X 13_6_1; rv:120.0) Gecko/20100101 Firefox/120.0"
45.86.202.198 - - [10/Mar/2026:08:14:59 +0000] "POST //xmlrpc.php HTTP/1.1" 200 3997 "-" "Mozilla/5.0 (Windows NT 10.0; Win64; x64) AppleWebKit/537.36 (KHTML, like Gecko) Chrome/95.0.4638.69 Safari/537.36"
143.198.220.252 - - [10/Mar/2026:08:14:59 +0000] "GET /wp-admin/index.php HTTP/1.1" 302 525 "https://hvmbertogarza.com/wp-login.php" "Mozilla/5.0 (Windows NT 11.0; Win64; x64; rv:120.0) Gecko/20100101 Firefox/120.0"
216.73.216.131 - - [10/Mar/2026:08:15:01 +0000] "GET /guadagnare-con-blackjack/feed HTTP/1.1" 301 4246 "-" "Mozilla/5.0 AppleWebKit/537.36 (KHTML, like Gecko; compatible; ClaudeBot/1.0; +claudebot@anthropic.com)"
45.86.202.178 - - [10/Mar/2026:08:15:01 +0000] "POST //xmlrpc.php HTTP/1.1" 200 3997 "-" "Mozilla/5.0 (Windows NT 10.0; Win64; x64) AppleWebKit/537.36 (KHTML, like Gecko) Chrome/95.0.4638.69 Safari/537.36"
64.182.127.140 - - [10/Mar/2026:08:15:01 +0000] "POST /xmlrpc.php HTTP/1.1" 200 4248 "-" "Mozilla/5.0 (Windows NT 6.1; WOW64; Trident/7.0; NP06; rv:11.0) like Gecko"
143.198.220.252 - - [10/Mar/2026:08:15:01 +0000] "GET /wp-login.php?redirect_to=https%3A%2F%2Fhvmbertogarza.com%2Fwp-admin%2Findex.php&reauth=1 HTTP/1.1" 200 5797 "https://hvmbertogarza.com/wp-login.php" "Mozilla/5.0 (Windows NT 11.0; Win64; x64; rv:120.0) Gecko/20100101 Firefox/120.0"
216.73.216.131 - - [10/Mar/2026:08:15:03 +0000] "GET /guadagnare-con-blackjack/feed/ HTTP/1.1" 200 1077 "https://hvmbertogarza.com/guadagnare-con-blackjack/feed" "Mozilla/5.0 AppleWebKit/537.36 (KHTML, like Gecko; compatible; ClaudeBot/1.0; +claudebot@anthropic.com)"
45.86.202.193 - - [10/Mar/2026:08:15:04 +0000] "POST //xmlrpc.php HTTP/1.1" 200 3997 "-" "Mozilla/5.0 (Windows NT 10.0; Win64; x64) AppleWebKit/537.36 (KHTML, like Gecko) Chrome/95.0.4638.69 Safari/537.36"
143.198.220.252 - - [10/Mar/2026:08:15:04 +0000] "POST /wp-login.php HTTP/1.1" 200 3856 "https://hvmbertogarza.com/wp-login.php" "Mozilla/5.0 (Macintosh; Intel Mac OS X 13_6_1) AppleWebKit/537.36 (KHTML, like Gecko) Chrome/120.0.0.0 Safari/537.36"
45.86.202.191 - - [10/Mar/2026:08:15:06 +0000] "POST //xmlrpc.php HTTP/1.1" 200 3997 "-" "Mozilla/5.0 (Windows NT 10.0; Win64; x64) AppleWebKit/537.36 (KHTML, like Gecko) Chrome/95.0.4638.69 Safari/537.36"
143.198.220.252 - - [10/Mar/2026:08:15:06 +0000] "GET /wp-admin/index.php HTTP/1.1" 302 525 "https://hvmbertogarza.com/wp-login.php" "Mozilla/5.0 (Windows NT 11.0; Win64; x64) AppleWebKit/537.36 (KHTML, like Gecko) Chrome/119.0.0.0 Safari/537.36"
45.86.202.168 - - [10/Mar/2026:08:15:08 +0000] "POST //xmlrpc.php HTTP/1.1" 200 3997 "-" "Mozilla/5.0 (Windows NT 10.0; Win64; x64) AppleWebKit/537.36 (KHTML, like Gecko) Chrome/95.0.4638.69 Safari/537.36"
143.198.220.252 - - [10/Mar/2026:08:15:08 +0000] "GET /wp-login.php?redirect_to=https%3A%2F%2Fhvmbertogarza.com%2Fwp-admin%2Findex.php&reauth=1 HTTP/1.1" 200 5797 "https://hvmbertogarza.com/wp-login.php" "Mozilla/5.0 (Windows NT 11.0; Win64; x64) AppleWebKit/537.36 (KHTML, like Gecko) Chrome/119.0.0.0 Safari/537.36"
45.86.202.175 - - [10/Mar/2026:08:15:10 +0000] "POST //xmlrpc.php HTTP/1.1" 200 3997 "-" "Mozilla/5.0 (Windows NT 10.0; Win64; x64) AppleWebKit/537.36 (KHTML, like Gecko) Chrome/95.0.4638.69 Safari/537.36"
143.198.220.252 - - [10/Mar/2026:08:15:10 +0000] "POST /wp-login.php HTTP/1.1" 200 3855 "https://hvmbertogarza.com/wp-login.php" "Mozilla/5.0 (Macintosh; Intel Mac OS X 10_15_7) AppleWebKit/537.36 (KHTML, like Gecko) Chrome/121.0.0.0 Safari/537.36"
143.198.220.252 - - [10/Mar/2026:08:15:11 +0000] "GET /wp-admin/index.php HTTP/1.1" 302 525 "https://hvmbertogarza.com/wp-login.php" "Mozilla/5.0 (Windows NT 11.0; Win64; x64; rv:120.0) Gecko/20100101 Firefox/120.0"
45.86.202.187 - - [10/Mar/2026:08:15:12 +0000] "POST //xmlrpc.php HTTP/1.1" 200 3997 "-" "Mozilla/5.0 (Windows NT 10.0; Win64; x64) AppleWebKit/537.36 (KHTML, like Gecko) Chrome/95.0.4638.69 Safari/537.36"
143.198.220.252 - - [10/Mar/2026:08:15:13 +0000] "GET /wp-login.php?redirect_to=https%3A%2F%2Fhvmbertogarza.com%2Fwp-admin%2Findex.php&reauth=1 HTTP/1.1" 200 5797 "https://hvmbertogarza.com/wp-login.php" "Mozilla/5.0 (Windows NT 11.0; Win64; x64; rv:120.0) Gecko/20100101 Firefox/120.0"
45.86.202.163 - - [10/Mar/2026:08:15:14 +0000] "POST //xmlrpc.php HTTP/1.1" 200 3997 "-" "Mozilla/5.0 (Windows NT 10.0; Win64; x64) AppleWebKit/537.36 (KHTML, like Gecko) Chrome/95.0.4638.69 Safari/537.36"
143.198.220.252 - - [10/Mar/2026:08:15:15 +0000] "POST /wp-login.php HTTP/1.1" 200 3855 "https://hvmbertogarza.com/wp-login.php" "Mozilla/5.0 (Macintosh; Intel Mac OS X 10_15_7) AppleWebKit/605.1.15 (KHTML, like Gecko) Version/17.1 Safari/605.1.15"
45.86.202.172 - - [10/Mar/2026:08:15:16 +0000] "POST //xmlrpc.php HTTP/1.1" 200 3997 "-" "Mozilla/5.0 (Windows NT 10.0; Win64; x64) AppleWebKit/537.36 (KHTML, like Gecko) Chrome/95.0.4638.69 Safari/537.36"
143.198.220.252 - - [10/Mar/2026:08:15:17 +0000] "GET /wp-admin/index.php HTTP/1.1" 302 525 "https://hvmbertogarza.com/wp-login.php" "Mozilla/5.0 (Macintosh; Intel Mac OS X 13_6_1; rv:121.0) Gecko/20100101 Firefox/121.0"
45.86.202.189 - - [10/Mar/2026:08:15:18 +0000] "POST //xmlrpc.php HTTP/1.1" 200 3997 "-" "Mozilla/5.0 (Windows NT 10.0; Win64; x64) AppleWebKit/537.36 (KHTML, like Gecko) Chrome/95.0.4638.69 Safari/537.36"
143.198.220.252 - - [10/Mar/2026:08:15:18 +0000] "GET /wp-login.php?redirect_to=https%3A%2F%2Fhvmbertogarza.com%2Fwp-admin%2Findex.php&reauth=1 HTTP/1.1" 200 5797 "https://hvmbertogarza.com/wp-login.php" "Mozilla/5.0 (Macintosh; Intel Mac OS X 13_6_1; rv:121.0) Gecko/20100101 Firefox/121.0"
74.208.176.140 - - [10/Mar/2026:08:15:21 +0000] "POST /wp-cron.php?doing_wp_cron=1773130521.3876740932464599609375 HTTP/1.1" 200 4101 "-" "WordPress/6.9.1; https://hvmbertogarza.com"
45.86.202.189 - - [10/Mar/2026:08:15:19 +0000] "POST //xmlrpc.php HTTP/1.1" 200 3997 "-" "Mozilla/5.0 (Windows NT 10.0; Win64; x64) AppleWebKit/537.36 (KHTML, like Gecko) Chrome/95.0.4638.69 Safari/537.36"
143.198.220.252 - - [10/Mar/2026:08:15:20 +0000] "POST /wp-login.php HTTP/1.1" 200 3854 "https://hvmbertogarza.com/wp-login.php" "Mozilla/5.0 (Macintosh; Intel Mac OS X 10_15_7) AppleWebKit/605.1.15 (KHTML, like Gecko) Version/16.6 Safari/605.1.15"
45.86.202.163 - - [10/Mar/2026:08:15:22 +0000] "POST //xmlrpc.php HTTP/1.1" 200 3997 "-" "Mozilla/5.0 (Windows NT 10.0; Win64; x64) AppleWebKit/537.36 (KHTML, like Gecko) Chrome/95.0.4638.69 Safari/537.36"
143.198.220.252 - - [10/Mar/2026:08:15:22 +0000] "GET /wp-admin/index.php HTTP/1.1" 302 525 "https://hvmbertogarza.com/wp-login.php" "Mozilla/5.0 (Windows NT 10.0; Win64; x64; rv:121.0) Gecko/20100101 Firefox/121.0"
54.39.210.53 - - [10/Mar/2026:08:15:22 +0000] "GET /shop/neurosis/disquietal012634946509.html HTTP/1.1" 404 142794 "-" "Mozilla/5.0 (compatible; AhrefsBot/7.0; +http://ahrefs.com/robot/)"
45.86.202.172 - - [10/Mar/2026:08:15:24 +0000] "POST //xmlrpc.php HTTP/1.1" 200 3997 "-" "Mozilla/5.0 (Windows NT 10.0; Win64; x64) AppleWebKit/537.36 (KHTML, like Gecko) Chrome/95.0.4638.69 Safari/537.36"
143.198.220.252 - - [10/Mar/2026:08:15:24 +0000] "GET /wp-login.php?redirect_to=https%3A%2F%2Fhvmbertogarza.com%2Fwp-admin%2Findex.php&reauth=1 HTTP/1.1" 200 5797 "https://hvmbertogarza.com/wp-login.php" "Mozilla/5.0 (Windows NT 10.0; Win64; x64; rv:121.0) Gecko/20100101 Firefox/121.0"
143.198.220.252 - - [10/Mar/2026:08:15:26 +0000] "POST /wp-login.php HTTP/1.1" 200 3856 "https://hvmbertogarza.com/wp-login.php" "Mozilla/5.0 (X11; Ubuntu; Linux x86_64) AppleWebKit/537.36 (KHTML, like Gecko) Chrome/121.0.0.0 Safari/537.36"
45.86.202.189 - - [10/Mar/2026:08:15:26 +0000] "POST //xmlrpc.php HTTP/1.1" 200 3997 "-" "Mozilla/5.0 (Windows NT 10.0; Win64; x64) AppleWebKit/537.36 (KHTML, like Gecko) Chrome/95.0.4638.69 Safari/537.36"
143.198.220.252 - - [10/Mar/2026:08:15:27 +0000] "GET /wp-admin/index.php HTTP/1.1" 302 525 "https://hvmbertogarza.com/wp-login.php" "Mozilla/5.0 (Macintosh; Intel Mac OS X 13_6_1) AppleWebKit/605.1.15 (KHTML, like Gecko) Version/17.0 Safari/605.1.15"
45.86.202.163 - - [10/Mar/2026:08:15:28 +0000] "POST //xmlrpc.php HTTP/1.1" 200 3997 "-" "Mozilla/5.0 (Windows NT 10.0; Win64; x64) AppleWebKit/537.36 (KHTML, like Gecko) Chrome/95.0.4638.69 Safari/537.36"
143.198.220.252 - - [10/Mar/2026:08:15:29 +0000] "GET /wp-login.php?redirect_to=https%3A%2F%2Fhvmbertogarza.com%2Fwp-admin%2Findex.php&reauth=1 HTTP/1.1" 200 5797 "https://hvmbertogarza.com/wp-login.php" "Mozilla/5.0 (Macintosh; Intel Mac OS X 13_6_1) AppleWebKit/605.1.15 (KHTML, like Gecko) Version/17.0 Safari/605.1.15"
45.86.202.173 - - [10/Mar/2026:08:15:30 +0000] "POST //xmlrpc.php HTTP/1.1" 200 3997 "-" "Mozilla/5.0 (Windows NT 10.0; Win64; x64) AppleWebKit/537.36 (KHTML, like Gecko) Chrome/95.0.4638.69 Safari/537.36"
143.198.220.252 - - [10/Mar/2026:08:15:30 +0000] "POST /wp-login.php HTTP/1.1" 200 3860 "https://hvmbertogarza.com/wp-login.php" "Mozilla/5.0 (Macintosh; Intel Mac OS X 13_6_1) AppleWebKit/605.1.15 (KHTML, like Gecko) Version/17.0 Safari/605.1.15"
143.198.220.252 - - [10/Mar/2026:08:15:32 +0000] "GET /wp-admin/index.php HTTP/1.1" 302 525 "https://hvmbertogarza.com/wp-login.php" "Mozilla/5.0 (Windows NT 11.0; Win64; x64; rv:118.0) Gecko/20100101 Firefox/118.0"
45.86.202.184 - - [10/Mar/2026:08:15:32 +0000] "POST //xmlrpc.php HTTP/1.1" 200 3997 "-" "Mozilla/5.0 (Windows NT 10.0; Win64; x64) AppleWebKit/537.36 (KHTML, like Gecko) Chrome/95.0.4638.69 Safari/537.36"
143.198.220.252 - - [10/Mar/2026:08:15:33 +0000] "GET /wp-login.php?redirect_to=https%3A%2F%2Fhvmbertogarza.com%2Fwp-admin%2Findex.php&reauth=1 HTTP/1.1" 200 5797 "https://hvmbertogarza.com/wp-login.php" "Mozilla/5.0 (Windows NT 11.0; Win64; x64; rv:118.0) Gecko/20100101 Firefox/118.0"
45.86.202.190 - - [10/Mar/2026:08:15:34 +0000] "POST //xmlrpc.php HTTP/1.1" 200 3997 "-" "Mozilla/5.0 (Windows NT 10.0; Win64; x64) AppleWebKit/537.36 (KHTML, like Gecko) Chrome/95.0.4638.69 Safari/537.36"
143.198.220.252 - - [10/Mar/2026:08:15:34 +0000] "POST /wp-login.php HTTP/1.1" 200 3859 "https://hvmbertogarza.com/wp-login.php" "Mozilla/5.0 (Windows NT 11.0; Win64; x64; rv:118.0) Gecko/20100101 Firefox/118.0"
45.86.202.179 - - [10/Mar/2026:08:15:36 +0000] "POST //xmlrpc.php HTTP/1.1" 200 3997 "-" "Mozilla/5.0 (Windows NT 10.0; Win64; x64) AppleWebKit/537.36 (KHTML, like Gecko) Chrome/95.0.4638.69 Safari/537.36"
143.198.220.252 - - [10/Mar/2026:08:15:36 +0000] "GET /wp-admin/index.php HTTP/1.1" 302 525 "https://hvmbertogarza.com/wp-login.php" "Mozilla/5.0 (Macintosh; Intel Mac OS X 10_15_7) AppleWebKit/605.1.15 (KHTML, like Gecko) Version/17.0 Safari/605.1.15"
45.86.202.188 - - [10/Mar/2026:08:15:38 +0000] "POST //xmlrpc.php HTTP/1.1" 200 3997 "-" "Mozilla/5.0 (Windows NT 10.0; Win64; x64) AppleWebKit/537.36 (KHTML, like Gecko) Chrome/95.0.4638.69 Safari/537.36"
143.198.220.252 - - [10/Mar/2026:08:15:37 +0000] "GET /wp-login.php?redirect_to=https%3A%2F%2Fhvmbertogarza.com%2Fwp-admin%2Findex.php&reauth=1 HTTP/1.1" 200 5797 "https://hvmbertogarza.com/wp-login.php" "Mozilla/5.0 (Macintosh; Intel Mac OS X 10_15_7) AppleWebKit/605.1.15 (KHTML, like Gecko) Version/17.0 Safari/605.1.15"
143.198.220.252 - - [10/Mar/2026:08:15:39 +0000] "POST /wp-login.php HTTP/1.1" 200 3855 "https://hvmbertogarza.com/wp-login.php" "Mozilla/5.0 (Macintosh; Intel Mac OS X 10_15_7) AppleWebKit/537.36 (KHTML, like Gecko) Chrome/121.0.0.0 Safari/537.36"
45.86.202.182 - - [10/Mar/2026:08:15:39 +0000] "POST //xmlrpc.php HTTP/1.1" 200 3997 "-" "Mozilla/5.0 (Windows NT 10.0; Win64; x64) AppleWebKit/537.36 (KHTML, like Gecko) Chrome/95.0.4638.69 Safari/537.36"
143.198.220.252 - - [10/Mar/2026:08:15:40 +0000] "GET /wp-admin/index.php HTTP/1.1" 302 525 "https://hvmbertogarza.com/wp-login.php" "Mozilla/5.0 (Windows NT 11.0; Win64; x64) AppleWebKit/537.36 (KHTML, like Gecko) Chrome/118.0.0.0 Safari/537.36"
74.208.176.140 - - [10/Mar/2026:08:15:43 +0000] "POST /wp-cron.php?doing_wp_cron=1773130543.0196189880371093750000 HTTP/1.1" 200 4101 "-" "WordPress/6.9.1; https://hvmbertogarza.com"
45.86.202.203 - - [10/Mar/2026:08:15:41 +0000] "POST //xmlrpc.php HTTP/1.1" 200 3997 "-" "Mozilla/5.0 (Windows NT 10.0; Win64; x64) AppleWebKit/537.36 (KHTML, like Gecko) Chrome/95.0.4638.69 Safari/537.36"
143.198.220.252 - - [10/Mar/2026:08:15:42 +0000] "GET /wp-login.php?redirect_to=https%3A%2F%2Fhvmbertogarza.com%2Fwp-admin%2Findex.php&reauth=1 HTTP/1.1" 200 5797 "https://hvmbertogarza.com/wp-login.php" "Mozilla/5.0 (Windows NT 11.0; Win64; x64) AppleWebKit/537.36 (KHTML, like Gecko) Chrome/118.0.0.0 Safari/537.36"
143.198.220.252 - - [10/Mar/2026:08:15:43 +0000] "POST /wp-login.php HTTP/1.1" 200 3857 "https://hvmbertogarza.com/wp-login.php" "Mozilla/5.0 (Windows NT 11.0; Win64; x64; rv:120.0) Gecko/20100101 Firefox/120.0"
45.86.202.169 - - [10/Mar/2026:08:15:43 +0000] "POST //xmlrpc.php HTTP/1.1" 200 3997 "-" "Mozilla/5.0 (Windows NT 10.0; Win64; x64) AppleWebKit/537.36 (KHTML, like Gecko) Chrome/95.0.4638.69 Safari/537.36"
143.198.220.252 - - [10/Mar/2026:08:15:45 +0000] "GET /wp-admin/index.php HTTP/1.1" 302 525 "https://hvmbertogarza.com/wp-login.php" "Mozilla/5.0 (Macintosh; Intel Mac OS X 13_6_1) AppleWebKit/605.1.15 (KHTML, like Gecko) Version/16.6 Safari/605.1.15"
45.86.202.174 - - [10/Mar/2026:08:15:45 +0000] "POST //xmlrpc.php HTTP/1.1" 200 3997 "-" "Mozilla/5.0 (Windows NT 10.0; Win64; x64) AppleWebKit/537.36 (KHTML, like Gecko) Chrome/95.0.4638.69 Safari/537.36"
143.198.220.252 - - [10/Mar/2026:08:15:46 +0000] "GET /wp-login.php?redirect_to=https%3A%2F%2Fhvmbertogarza.com%2Fwp-admin%2Findex.php&reauth=1 HTTP/1.1" 200 5797 "https://hvmbertogarza.com/wp-login.php" "Mozilla/5.0 (Macintosh; Intel Mac OS X 13_6_1) AppleWebKit/605.1.15 (KHTML, like Gecko) Version/16.6 Safari/605.1.15"
45.86.202.203 - - [10/Mar/2026:08:15:47 +0000] "POST //xmlrpc.php HTTP/1.1" 200 3997 "-" "Mozilla/5.0 (Windows NT 10.0; Win64; x64) AppleWebKit/537.36 (KHTML, like Gecko) Chrome/95.0.4638.69 Safari/537.36"
143.198.220.252 - - [10/Mar/2026:08:15:48 +0000] "POST /wp-login.php HTTP/1.1" 200 3855 "https://hvmbertogarza.com/wp-login.php" "Mozilla/5.0 (Windows NT 11.0; Win64; x64; rv:121.0) Gecko/20100101 Firefox/121.0"
45.86.202.175 - - [10/Mar/2026:08:15:49 +0000] "POST //xmlrpc.php HTTP/1.1" 200 3997 "-" "Mozilla/5.0 (Windows NT 10.0; Win64; x64) AppleWebKit/537.36 (KHTML, like Gecko) Chrome/95.0.4638.69 Safari/537.36"
143.198.220.252 - - [10/Mar/2026:08:15:49 +0000] "GET /wp-admin/index.php HTTP/1.1" 302 525 "https://hvmbertogarza.com/wp-login.php" "Mozilla/5.0 (Macintosh; Intel Mac OS X 13_6_1) AppleWebKit/605.1.15 (KHTML, like Gecko) Version/17.1 Safari/605.1.15"
74.208.176.140 - - [10/Mar/2026:08:15:52 +0000] "POST /wp-cron.php?doing_wp_cron=1773130552.3329861164093017578125 HTTP/1.1" 200 4101 "-" "WordPress/6.9.1; https://hvmbertogarza.com"
143.198.220.252 - - [10/Mar/2026:08:15:50 +0000] "GET /wp-login.php?redirect_to=https%3A%2F%2Fhvmbertogarza.com%2Fwp-admin%2Findex.php&reauth=1 HTTP/1.1" 200 5797 "https://hvmbertogarza.com/wp-login.php" "Mozilla/5.0 (Macintosh; Intel Mac OS X 13_6_1) AppleWebKit/605.1.15 (KHTML, like Gecko) Version/17.1 Safari/605.1.15"
45.86.202.193 - - [10/Mar/2026:08:15:51 +0000] "POST //xmlrpc.php HTTP/1.1" 200 3997 "-" "Mozilla/5.0 (Windows NT 10.0; Win64; x64) AppleWebKit/537.36 (KHTML, like Gecko) Chrome/95.0.4638.69 Safari/537.36"
143.198.220.252 - - [10/Mar/2026:08:15:52 +0000] "POST /wp-login.php HTTP/1.1" 200 3858 "https://hvmbertogarza.com/wp-login.php" "Mozilla/5.0 (X11; Ubuntu; Linux x86_64) AppleWebKit/537.36 (KHTML, like Gecko) Chrome/118.0.0.0 Safari/537.36"
45.86.202.173 - - [10/Mar/2026:08:15:53 +0000] "POST //xmlrpc.php HTTP/1.1" 200 3997 "-" "Mozilla/5.0 (Windows NT 10.0; Win64; x64) AppleWebKit/537.36 (KHTML, like Gecko) Chrome/95.0.4638.69 Safari/537.36"
143.198.220.252 - - [10/Mar/2026:08:15:54 +0000] "GET /wp-admin/index.php HTTP/1.1" 302 525 "https://hvmbertogarza.com/wp-login.php" "Mozilla/5.0 (Macintosh; Intel Mac OS X 10_15_7) AppleWebKit/537.36 (KHTML, like Gecko) Chrome/119.0.0.0 Safari/537.36"
45.86.202.174 - - [10/Mar/2026:08:15:55 +0000] "POST //xmlrpc.php HTTP/1.1" 200 3997 "-" "Mozilla/5.0 (Windows NT 10.0; Win64; x64) AppleWebKit/537.36 (KHTML, like Gecko) Chrome/95.0.4638.69 Safari/537.36"
143.198.220.252 - - [10/Mar/2026:08:15:55 +0000] "GET /wp-login.php?redirect_to=https%3A%2F%2Fhvmbertogarza.com%2Fwp-admin%2Findex.php&reauth=1 HTTP/1.1" 200 5797 "https://hvmbertogarza.com/wp-login.php" "Mozilla/5.0 (Macintosh; Intel Mac OS X 10_15_7) AppleWebKit/537.36 (KHTML, like Gecko) Chrome/119.0.0.0 Safari/537.36"
45.86.202.190 - - [10/Mar/2026:08:15:57 +0000] "POST //xmlrpc.php HTTP/1.1" 200 3997 "-" "Mozilla/5.0 (Windows NT 10.0; Win64; x64) AppleWebKit/537.36 (KHTML, like Gecko) Chrome/95.0.4638.69 Safari/537.36"
143.198.220.252 - - [10/Mar/2026:08:15:57 +0000] "POST /wp-login.php HTTP/1.1" 200 3857 "https://hvmbertogarza.com/wp-login.php" "Mozilla/5.0 (Windows NT 11.0; Win64; x64) AppleWebKit/537.36 (KHTML, like Gecko) Chrome/118.0.0.0 Safari/537.36"
45.86.202.205 - - [10/Mar/2026:08:15:59 +0000] "POST //xmlrpc.php HTTP/1.1" 200 3997 "-" "Mozilla/5.0 (Windows NT 10.0; Win64; x64) AppleWebKit/537.36 (KHTML, like Gecko) Chrome/95.0.4638.69 Safari/537.36"
143.198.220.252 - - [10/Mar/2026:08:15:58 +0000] "GET /wp-admin/index.php HTTP/1.1" 302 525 "https://hvmbertogarza.com/wp-login.php" "Mozilla/5.0 (Macintosh; Intel Mac OS X 13_6_1) AppleWebKit/537.36 (KHTML, like Gecko) Chrome/119.0.0.0 Safari/537.36"
45.86.202.165 - - [10/Mar/2026:08:16:00 +0000] "POST //xmlrpc.php HTTP/1.1" 200 3997 "-" "Mozilla/5.0 (Windows NT 10.0; Win64; x64) AppleWebKit/537.36 (KHTML, like Gecko) Chrome/95.0.4638.69 Safari/537.36"
143.198.220.252 - - [10/Mar/2026:08:16:00 +0000] "GET /wp-login.php?redirect_to=https%3A%2F%2Fhvmbertogarza.com%2Fwp-admin%2Findex.php&reauth=1 HTTP/1.1" 200 5797 "https://hvmbertogarza.com/wp-login.php" "Mozilla/5.0 (Macintosh; Intel Mac OS X 13_6_1) AppleWebKit/537.36 (KHTML, like Gecko) Chrome/119.0.0.0 Safari/537.36"
143.198.220.252 - - [10/Mar/2026:08:16:02 +0000] "POST /wp-login.php HTTP/1.1" 200 3856 "https://hvmbertogarza.com/wp-login.php" "Mozilla/5.0 (X11; Linux x86_64) AppleWebKit/537.36 (KHTML, like Gecko) Chrome/119.0.0.0 Safari/537.36"
45.86.202.183 - - [10/Mar/2026:08:16:02 +0000] "POST //xmlrpc.php HTTP/1.1" 200 3997 "-" "Mozilla/5.0 (Windows NT 10.0; Win64; x64) AppleWebKit/537.36 (KHTML, like Gecko) Chrome/95.0.4638.69 Safari/537.36"
143.198.220.252 - - [10/Mar/2026:08:16:04 +0000] "GET /wp-admin/index.php HTTP/1.1" 302 525 "https://hvmbertogarza.com/wp-login.php" "Mozilla/5.0 (X11; Linux x86_64) AppleWebKit/537.36 (KHTML, like Gecko) Chrome/118.0.0.0 Safari/537.36"
45.86.202.190 - - [10/Mar/2026:08:16:04 +0000] "POST //xmlrpc.php HTTP/1.1" 200 3997 "-" "Mozilla/5.0 (Windows NT 10.0; Win64; x64) AppleWebKit/537.36 (KHTML, like Gecko) Chrome/95.0.4638.69 Safari/537.36"
143.198.220.252 - - [10/Mar/2026:08:16:06 +0000] "GET /wp-login.php?redirect_to=https%3A%2F%2Fhvmbertogarza.com%2Fwp-admin%2Findex.php&reauth=1 HTTP/1.1" 200 5797 "https://hvmbertogarza.com/wp-login.php" "Mozilla/5.0 (X11; Linux x86_64) AppleWebKit/537.36 (KHTML, like Gecko) Chrome/118.0.0.0 Safari/537.36"
45.86.202.194 - - [10/Mar/2026:08:16:07 +0000] "POST //xmlrpc.php HTTP/1.1" 200 3997 "-" "Mozilla/5.0 (Windows NT 10.0; Win64; x64) AppleWebKit/537.36 (KHTML, like Gecko) Chrome/95.0.4638.69 Safari/537.36"
143.198.220.252 - - [10/Mar/2026:08:16:07 +0000] "POST /wp-login.php HTTP/1.1" 200 3855 "https://hvmbertogarza.com/wp-login.php" "Mozilla/5.0 (Windows NT 10.0; Win64; x64) AppleWebKit/537.36 (KHTML, like Gecko) Chrome/118.0.0.0 Safari/537.36"
45.86.202.187 - - [10/Mar/2026:08:16:09 +0000] "POST //xmlrpc.php HTTP/1.1" 200 3997 "-" "Mozilla/5.0 (Windows NT 10.0; Win64; x64) AppleWebKit/537.36 (KHTML, like Gecko) Chrome/95.0.4638.69 Safari/537.36"
143.198.220.252 - - [10/Mar/2026:08:16:10 +0000] "GET /wp-admin/index.php HTTP/1.1" 302 525 "https://hvmbertogarza.com/wp-login.php" "Mozilla/5.0 (Windows NT 10.0; Win64; x64; rv:119.0) Gecko/20100101 Firefox/119.0"
45.86.202.193 - - [10/Mar/2026:08:16:12 +0000] "POST //xmlrpc.php HTTP/1.1" 200 3997 "-" "Mozilla/5.0 (Windows NT 10.0; Win64; x64) AppleWebKit/537.36 (KHTML, like Gecko) Chrome/95.0.4638.69 Safari/537.36"
143.198.220.252 - - [10/Mar/2026:08:16:12 +0000] "GET /wp-login.php?redirect_to=https%3A%2F%2Fhvmbertogarza.com%2Fwp-admin%2Findex.php&reauth=1 HTTP/1.1" 200 5797 "https://hvmbertogarza.com/wp-login.php" "Mozilla/5.0 (Windows NT 10.0; Win64; x64; rv:119.0) Gecko/20100101 Firefox/119.0"
45.86.202.183 - - [10/Mar/2026:08:16:14 +0000] "POST //xmlrpc.php HTTP/1.1" 200 3997 "-" "Mozilla/5.0 (Windows NT 10.0; Win64; x64) AppleWebKit/537.36 (KHTML, like Gecko) Chrome/95.0.4638.69 Safari/537.36"
143.198.220.252 - - [10/Mar/2026:08:16:14 +0000] "POST /wp-login.php HTTP/1.1" 200 3855 "https://hvmbertogarza.com/wp-login.php" "Mozilla/5.0 (Macintosh; Intel Mac OS X 10_15_7; rv:121.0) Gecko/20100101 Firefox/121.0"
45.86.202.163 - - [10/Mar/2026:08:16:16 +0000] "POST //xmlrpc.php HTTP/1.1" 200 3997 "-" "Mozilla/5.0 (Windows NT 10.0; Win64; x64) AppleWebKit/537.36 (KHTML, like Gecko) Chrome/95.0.4638.69 Safari/537.36"
143.198.220.252 - - [10/Mar/2026:08:16:16 +0000] "GET /wp-admin/index.php HTTP/1.1" 302 525 "https://hvmbertogarza.com/wp-login.php" "Mozilla/5.0 (Macintosh; Intel Mac OS X 10_15_7) AppleWebKit/537.36 (KHTML, like Gecko) Chrome/118.0.0.0 Safari/537.36"
143.198.220.252 - - [10/Mar/2026:08:16:18 +0000] "GET /wp-login.php?redirect_to=https%3A%2F%2Fhvmbertogarza.com%2Fwp-admin%2Findex.php&reauth=1 HTTP/1.1" 200 5797 "https://hvmbertogarza.com/wp-login.php" "Mozilla/5.0 (Macintosh; Intel Mac OS X 10_15_7) AppleWebKit/537.36 (KHTML, like Gecko) Chrome/118.0.0.0 Safari/537.36"
45.86.202.158 - - [10/Mar/2026:08:16:18 +0000] "POST //xmlrpc.php HTTP/1.1" 200 3997 "-" "Mozilla/5.0 (Windows NT 10.0; Win64; x64) AppleWebKit/537.36 (KHTML, like Gecko) Chrome/95.0.4638.69 Safari/537.36"
74.208.176.140 - - [10/Mar/2026:08:16:22 +0000] "POST /wp-cron.php?doing_wp_cron=1773130582.0287640094757080078125 HTTP/1.1" 200 4101 "-" "WordPress/6.9.1; https://hvmbertogarza.com"
143.198.220.252 - - [10/Mar/2026:08:16:20 +0000] "POST /wp-login.php HTTP/1.1" 200 3859 "https://hvmbertogarza.com/wp-login.php" "Mozilla/5.0 (Windows NT 10.0; Win64; x64; rv:118.0) Gecko/20100101 Firefox/118.0"
45.86.202.204 - - [10/Mar/2026:08:16:21 +0000] "POST //xmlrpc.php HTTP/1.1" 200 3997 "-" "Mozilla/5.0 (Windows NT 10.0; Win64; x64) AppleWebKit/537.36 (KHTML, like Gecko) Chrome/95.0.4638.69 Safari/537.36"
143.198.220.252 - - [10/Mar/2026:08:16:22 +0000] "GET /wp-admin/index.php HTTP/1.1" 302 525 "https://hvmbertogarza.com/wp-login.php" "Mozilla/5.0 (Windows NT 10.0; Win64; x64) AppleWebKit/537.36 (KHTML, like Gecko) Chrome/119.0.0.0 Safari/537.36"
45.86.202.179 - - [10/Mar/2026:08:16:23 +0000] "POST //xmlrpc.php HTTP/1.1" 200 3997 "-" "Mozilla/5.0 (Windows NT 10.0; Win64; x64) AppleWebKit/537.36 (KHTML, like Gecko) Chrome/95.0.4638.69 Safari/537.36"
143.198.220.252 - - [10/Mar/2026:08:16:24 +0000] "GET /wp-login.php?redirect_to=https%3A%2F%2Fhvmbertogarza.com%2Fwp-admin%2Findex.php&reauth=1 HTTP/1.1" 200 5796 "https://hvmbertogarza.com/wp-login.php" "Mozilla/5.0 (Windows NT 10.0; Win64; x64) AppleWebKit/537.36 (KHTML, like Gecko) Chrome/119.0.0.0 Safari/537.36"
216.73.216.131 - - [10/Mar/2026:08:16:25 +0000] "GET /1948-2 HTTP/1.1" 301 4125 "-" "Mozilla/5.0 AppleWebKit/537.36 (KHTML, like Gecko; compatible; ClaudeBot/1.0; +claudebot@anthropic.com)"
143.198.220.252 - - [10/Mar/2026:08:16:25 +0000] "POST /wp-login.php HTTP/1.1" 200 3857 "https://hvmbertogarza.com/wp-login.php" "Mozilla/5.0 (Macintosh; Intel Mac OS X 13_6_1) AppleWebKit/537.36 (KHTML, like Gecko) Chrome/120.0.0.0 Safari/537.36"
45.86.202.163 - - [10/Mar/2026:08:16:25 +0000] "POST //xmlrpc.php HTTP/1.1" 200 3997 "-" "Mozilla/5.0 (Windows NT 10.0; Win64; x64) AppleWebKit/537.36 (KHTML, like Gecko) Chrome/95.0.4638.69 Safari/537.36"
143.198.220.252 - - [10/Mar/2026:08:16:27 +0000] "GET /wp-admin/index.php HTTP/1.1" 302 524 "https://hvmbertogarza.com/wp-login.php" "Mozilla/5.0 (X11; Linux x86_64) AppleWebKit/537.36 (KHTML, like Gecko) Chrome/119.0.0.0 Safari/537.36"
45.86.202.170 - - [10/Mar/2026:08:16:27 +0000] "POST //xmlrpc.php HTTP/1.1" 200 3997 "-" "Mozilla/5.0 (Windows NT 10.0; Win64; x64) AppleWebKit/537.36 (KHTML, like Gecko) Chrome/95.0.4638.69 Safari/537.36"
143.198.220.252 - - [10/Mar/2026:08:16:28 +0000] "GET /wp-login.php?redirect_to=https%3A%2F%2Fhvmbertogarza.com%2Fwp-admin%2Findex.php&reauth=1 HTTP/1.1" 200 5796 "https://hvmbertogarza.com/wp-login.php" "Mozilla/5.0 (X11; Linux x86_64) AppleWebKit/537.36 (KHTML, like Gecko) Chrome/119.0.0.0 Safari/537.36"
216.73.216.131 - - [10/Mar/2026:08:16:26 +0000] "GET /1948-2/ HTTP/1.1" 200 43129 "https://hvmbertogarza.com/1948-2" "Mozilla/5.0 AppleWebKit/537.36 (KHTML, like Gecko; compatible; ClaudeBot/1.0; +claudebot@anthropic.com)"
45.86.202.193 - - [10/Mar/2026:08:16:30 +0000] "POST //xmlrpc.php HTTP/1.1" 200 3997 "-" "Mozilla/5.0 (Windows NT 10.0; Win64; x64) AppleWebKit/537.36 (KHTML, like Gecko) Chrome/95.0.4638.69 Safari/537.36"
143.198.220.252 - - [10/Mar/2026:08:16:30 +0000] "POST /wp-login.php HTTP/1.1" 200 3854 "https://hvmbertogarza.com/wp-login.php" "Mozilla/5.0 (X11; Ubuntu; Linux x86_64) AppleWebKit/537.36 (KHTML, like Gecko) Chrome/120.0.0.0 Safari/537.36"
45.86.202.194 - - [10/Mar/2026:08:16:32 +0000] "POST //xmlrpc.php HTTP/1.1" 200 3997 "-" "Mozilla/5.0 (Windows NT 10.0; Win64; x64) AppleWebKit/537.36 (KHTML, like Gecko) Chrome/95.0.4638.69 Safari/537.36"
143.198.220.252 - - [10/Mar/2026:08:16:32 +0000] "GET /wp-admin/index.php HTTP/1.1" 302 524 "https://hvmbertogarza.com/wp-login.php" "Mozilla/5.0 (Macintosh; Intel Mac OS X 13_6_1) AppleWebKit/537.36 (KHTML, like Gecko) Chrome/120.0.0.0 Safari/537.36"
143.198.220.252 - - [10/Mar/2026:08:16:34 +0000] "GET /wp-login.php?redirect_to=https%3A%2F%2Fhvmbertogarza.com%2Fwp-admin%2Findex.php&reauth=1 HTTP/1.1" 200 5796 "https://hvmbertogarza.com/wp-login.php" "Mozilla/5.0 (Macintosh; Intel Mac OS X 13_6_1) AppleWebKit/537.36 (KHTML, like Gecko) Chrome/120.0.0.0 Safari/537.36"
45.86.202.197 - - [10/Mar/2026:08:16:34 +0000] "POST //xmlrpc.php HTTP/1.1" 200 3997 "-" "Mozilla/5.0 (Windows NT 10.0; Win64; x64) AppleWebKit/537.36 (KHTML, like Gecko) Chrome/95.0.4638.69 Safari/537.36"
45.86.202.168 - - [10/Mar/2026:08:16:37 +0000] "POST //xmlrpc.php HTTP/1.1" 200 3997 "-" "Mozilla/5.0 (Windows NT 10.0; Win64; x64) AppleWebKit/537.36 (KHTML, like Gecko) Chrome/95.0.4638.69 Safari/537.36"
143.198.220.252 - - [10/Mar/2026:08:16:36 +0000] "POST /wp-login.php HTTP/1.1" 200 3857 "https://hvmbertogarza.com/wp-login.php" "Mozilla/5.0 (Windows NT 10.0; Win64; x64; rv:118.0) Gecko/20100101 Firefox/118.0"
143.198.220.252 - - [10/Mar/2026:08:16:38 +0000] "GET /wp-admin/index.php HTTP/1.1" 302 524 "https://hvmbertogarza.com/wp-login.php" "Mozilla/5.0 (Macintosh; Intel Mac OS X 10_15_7) AppleWebKit/605.1.15 (KHTML, like Gecko) Version/17.2 Safari/605.1.15"
45.86.202.161 - - [10/Mar/2026:08:16:38 +0000] "POST //xmlrpc.php HTTP/1.1" 200 3997 "-" "Mozilla/5.0 (Windows NT 10.0; Win64; x64) AppleWebKit/537.36 (KHTML, like Gecko) Chrome/95.0.4638.69 Safari/537.36"
143.198.220.252 - - [10/Mar/2026:08:16:40 +0000] "GET /wp-login.php?redirect_to=https%3A%2F%2Fhvmbertogarza.com%2Fwp-admin%2Findex.php&reauth=1 HTTP/1.1" 200 5761 "https://hvmbertogarza.com/wp-login.php" "Mozilla/5.0 (Macintosh; Intel Mac OS X 10_15_7) AppleWebKit/605.1.15 (KHTML, like Gecko) Version/17.2 Safari/605.1.15"
45.86.202.181 - - [10/Mar/2026:08:16:40 +0000] "POST //xmlrpc.php HTTP/1.1" 200 3997 "-" "Mozilla/5.0 (Windows NT 10.0; Win64; x64) AppleWebKit/537.36 (KHTML, like Gecko) Chrome/95.0.4638.69 Safari/537.36"
143.198.220.252 - - [10/Mar/2026:08:16:42 +0000] "POST /wp-login.php HTTP/1.1" 200 7651 "https://hvmbertogarza.com/wp-login.php" "Mozilla/5.0 (X11; Linux x86_64) AppleWebKit/537.36 (KHTML, like Gecko) Chrome/120.0.0.0 Safari/537.36"
45.86.202.164 - - [10/Mar/2026:08:16:42 +0000] "POST //xmlrpc.php HTTP/1.1" 200 3997 "-" "Mozilla/5.0 (Windows NT 10.0; Win64; x64) AppleWebKit/537.36 (KHTML, like Gecko) Chrome/95.0.4638.69 Safari/537.36"
143.198.220.252 - - [10/Mar/2026:08:16:43 +0000] "GET /wp-admin/index.php HTTP/1.1" 302 525 "https://hvmbertogarza.com/wp-login.php" "Mozilla/5.0 (Windows NT 10.0; Win64; x64; rv:118.0) Gecko/20100101 Firefox/118.0"
45.86.202.192 - - [10/Mar/2026:08:16:44 +0000] "POST //xmlrpc.php HTTP/1.1" 200 3997 "-" "Mozilla/5.0 (Windows NT 10.0; Win64; x64) AppleWebKit/537.36 (KHTML, like Gecko) Chrome/95.0.4638.69 Safari/537.36"
143.198.220.252 - - [10/Mar/2026:08:16:45 +0000] "GET /wp-login.php?redirect_to=https%3A%2F%2Fhvmbertogarza.com%2Fwp-admin%2Findex.php&reauth=1 HTTP/1.1" 200 5797 "https://hvmbertogarza.com/wp-login.php" "Mozilla/5.0 (Windows NT 10.0; Win64; x64; rv:118.0) Gecko/20100101 Firefox/118.0"
45.86.202.196 - - [10/Mar/2026:08:16:46 +0000] "POST //xmlrpc.php HTTP/1.1" 200 3997 "-" "Mozilla/5.0 (Windows NT 10.0; Win64; x64) AppleWebKit/537.36 (KHTML, like Gecko) Chrome/95.0.4638.69 Safari/537.36"
143.198.220.252 - - [10/Mar/2026:08:16:46 +0000] "POST /wp-login.php HTTP/1.1" 200 3855 "https://hvmbertogarza.com/wp-login.php" "Mozilla/5.0 (X11; Ubuntu; Linux x86_64) AppleWebKit/537.36 (KHTML, like Gecko) Chrome/121.0.0.0 Safari/537.36"
143.198.220.252 - - [10/Mar/2026:08:16:48 +0000] "GET /wp-admin/index.php HTTP/1.1" 302 525 "https://hvmbertogarza.com/wp-login.php" "Mozilla/5.0 (X11; Linux x86_64) AppleWebKit/537.36 (KHTML, like Gecko) Chrome/119.0.0.0 Safari/537.36"
45.86.202.199 - - [10/Mar/2026:08:16:48 +0000] "POST //xmlrpc.php HTTP/1.1" 200 3997 "-" "Mozilla/5.0 (Windows NT 10.0; Win64; x64) AppleWebKit/537.36 (KHTML, like Gecko) Chrome/95.0.4638.69 Safari/537.36"
74.208.176.140 - - [10/Mar/2026:08:16:51 +0000] "POST /wp-cron.php?doing_wp_cron=1773130611.2359569072723388671875 HTTP/1.1" 200 4101 "-" "WordPress/6.9.1; https://hvmbertogarza.com"
143.198.220.252 - - [10/Mar/2026:08:16:49 +0000] "GET /wp-login.php?redirect_to=https%3A%2F%2Fhvmbertogarza.com%2Fwp-admin%2Findex.php&reauth=1 HTTP/1.1" 200 5797 "https://hvmbertogarza.com/wp-login.php" "Mozilla/5.0 (X11; Linux x86_64) AppleWebKit/537.36 (KHTML, like Gecko) Chrome/119.0.0.0 Safari/537.36"
45.86.202.225 - - [10/Mar/2026:08:16:50 +0000] "POST //xmlrpc.php HTTP/1.1" 200 3997 "-" "Mozilla/5.0 (Windows NT 10.0; Win64; x64) AppleWebKit/537.36 (KHTML, like Gecko) Chrome/95.0.4638.69 Safari/537.36"
143.198.220.252 - - [10/Mar/2026:08:16:51 +0000] "POST /wp-login.php HTTP/1.1" 200 3864 "https://hvmbertogarza.com/wp-login.php" "Mozilla/5.0 (Macintosh; Intel Mac OS X 13_6_1) AppleWebKit/537.36 (KHTML, like Gecko) Chrome/119.0.0.0 Safari/537.36"
45.86.202.173 - - [10/Mar/2026:08:16:52 +0000] "POST //xmlrpc.php HTTP/1.1" 200 3997 "-" "Mozilla/5.0 (Windows NT 10.0; Win64; x64) AppleWebKit/537.36 (KHTML, like Gecko) Chrome/95.0.4638.69 Safari/537.36"
143.198.220.252 - - [10/Mar/2026:08:16:53 +0000] "GET /wp-admin/index.php HTTP/1.1" 302 525 "https://hvmbertogarza.com/wp-login.php" "Mozilla/5.0 (Windows NT 10.0; Win64; x64; rv:118.0) Gecko/20100101 Firefox/118.0"
45.86.202.157 - - [10/Mar/2026:08:16:54 +0000] "POST //xmlrpc.php HTTP/1.1" 200 3997 "-" "Mozilla/5.0 (Windows NT 10.0; Win64; x64) AppleWebKit/537.36 (KHTML, like Gecko) Chrome/95.0.4638.69 Safari/537.36"
143.198.220.252 - - [10/Mar/2026:08:16:55 +0000] "GET /wp-login.php?redirect_to=https%3A%2F%2Fhvmbertogarza.com%2Fwp-admin%2Findex.php&reauth=1 HTTP/1.1" 200 5797 "https://hvmbertogarza.com/wp-login.php" "Mozilla/5.0 (Windows NT 10.0; Win64; x64; rv:118.0) Gecko/20100101 Firefox/118.0"
143.198.220.252 - - [10/Mar/2026:08:16:57 +0000] "POST /wp-login.php HTTP/1.1" 200 3864 "https://hvmbertogarza.com/wp-login.php" "Mozilla/5.0 (Macintosh; Intel Mac OS X 13_6_1; rv:118.0) Gecko/20100101 Firefox/118.0"
45.86.202.156 - - [10/Mar/2026:08:16:56 +0000] "POST //xmlrpc.php HTTP/1.1" 200 3997 "-" "Mozilla/5.0 (Windows NT 10.0; Win64; x64) AppleWebKit/537.36 (KHTML, like Gecko) Chrome/95.0.4638.69 Safari/537.36"
74.208.176.140 - - [10/Mar/2026:08:17:00 +0000] "POST /wp-cron.php?doing_wp_cron=1773130620.0671219825744628906250 HTTP/1.1" 200 4101 "-" "WordPress/6.9.1; https://hvmbertogarza.com"
143.198.220.252 - - [10/Mar/2026:08:16:58 +0000] "GET /wp-admin/index.php HTTP/1.1" 302 525 "https://hvmbertogarza.com/wp-login.php" "Mozilla/5.0 (Windows NT 10.0; Win64; x64) AppleWebKit/537.36 (KHTML, like Gecko) Chrome/119.0.0.0 Safari/537.36"
