45.86.202.180 - - [10/Mar/2026:07:56:16 +0000] "POST //xmlrpc.php HTTP/1.1" 200 3997 "-" "Mozilla/5.0 (Windows NT 10.0; Win64; x64) AppleWebKit/537.36 (KHTML, like Gecko) Chrome/95.0.4638.69 Safari/537.36"
45.86.202.159 - - [10/Mar/2026:07:56:17 +0000] "POST //xmlrpc.php HTTP/1.1" 200 3997 "-" "Mozilla/5.0 (Windows NT 10.0; Win64; x64) AppleWebKit/537.36 (KHTML, like Gecko) Chrome/95.0.4638.69 Safari/537.36"
74.208.176.140 - - [10/Mar/2026:07:56:21 +0000] "POST /wp-cron.php?doing_wp_cron=1773129381.0074501037597656250000 HTTP/1.1" 200 4101 "-" "WordPress/6.9.1; https://hvmbertogarza.com"
45.86.202.195 - - [10/Mar/2026:07:56:19 +0000] "POST //xmlrpc.php HTTP/1.1" 200 3997 "-" "Mozilla/5.0 (Windows NT 10.0; Win64; x64) AppleWebKit/537.36 (KHTML, like Gecko) Chrome/95.0.4638.69 Safari/537.36"
45.86.202.204 - - [10/Mar/2026:07:56:21 +0000] "POST //xmlrpc.php HTTP/1.1" 200 3997 "-" "Mozilla/5.0 (Windows NT 10.0; Win64; x64) AppleWebKit/537.36 (KHTML, like Gecko) Chrome/95.0.4638.69 Safari/537.36"
45.86.202.158 - - [10/Mar/2026:07:56:23 +0000] "POST //xmlrpc.php HTTP/1.1" 200 3997 "-" "Mozilla/5.0 (Windows NT 10.0; Win64; x64) AppleWebKit/537.36 (KHTML, like Gecko) Chrome/95.0.4638.69 Safari/537.36"
45.86.202.165 - - [10/Mar/2026:07:56:25 +0000] "POST //xmlrpc.php HTTP/1.1" 200 3997 "-" "Mozilla/5.0 (Windows NT 10.0; Win64; x64) AppleWebKit/537.36 (KHTML, like Gecko) Chrome/95.0.4638.69 Safari/537.36"
45.86.202.225 - - [10/Mar/2026:07:56:27 +0000] "POST //xmlrpc.php HTTP/1.1" 200 3997 "-" "Mozilla/5.0 (Windows NT 10.0; Win64; x64) AppleWebKit/537.36 (KHTML, like Gecko) Chrome/95.0.4638.69 Safari/537.36"
45.86.202.187 - - [10/Mar/2026:07:56:29 +0000] "POST //xmlrpc.php HTTP/1.1" 200 3997 "-" "Mozilla/5.0 (Windows NT 10.0; Win64; x64) AppleWebKit/537.36 (KHTML, like Gecko) Chrome/95.0.4638.69 Safari/537.36"
45.86.202.182 - - [10/Mar/2026:07:56:30 +0000] "POST //xmlrpc.php HTTP/1.1" 200 3997 "-" "Mozilla/5.0 (Windows NT 10.0; Win64; x64) AppleWebKit/537.36 (KHTML, like Gecko) Chrome/95.0.4638.69 Safari/537.36"
45.86.202.158 - - [10/Mar/2026:07:56:32 +0000] "POST //xmlrpc.php HTTP/1.1" 200 3997 "-" "Mozilla/5.0 (Windows NT 10.0; Win64; x64) AppleWebKit/537.36 (KHTML, like Gecko) Chrome/95.0.4638.69 Safari/537.36"
151.80.133.55 - - [10/Mar/2026:07:56:31 +0000] "GET /2026/01/26/ HTTP/1.1" 200 40146 "-" "Mozilla/5.0 (Windows NT 10.0; Win64; x64) AppleWebKit/537.36 (KHTML, like Gecko) Chrome/139.0.0.0 Safari/537.36"
45.86.202.178 - - [10/Mar/2026:07:56:34 +0000] "POST //xmlrpc.php HTTP/1.1" 200 3997 "-" "Mozilla/5.0 (Windows NT 10.0; Win64; x64) AppleWebKit/537.36 (KHTML, like Gecko) Chrome/95.0.4638.69 Safari/537.36"
45.86.202.157 - - [10/Mar/2026:07:56:35 +0000] "POST //xmlrpc.php HTTP/1.1" 200 3997 "-" "Mozilla/5.0 (Windows NT 10.0; Win64; x64) AppleWebKit/537.36 (KHTML, like Gecko) Chrome/95.0.4638.69 Safari/537.36"
45.86.202.165 - - [10/Mar/2026:07:56:37 +0000] "POST //xmlrpc.php HTTP/1.1" 200 3997 "-" "Mozilla/5.0 (Windows NT 10.0; Win64; x64) AppleWebKit/537.36 (KHTML, like Gecko) Chrome/95.0.4638.69 Safari/537.36"
45.86.202.166 - - [10/Mar/2026:07:56:39 +0000] "POST //xmlrpc.php HTTP/1.1" 200 3997 "-" "Mozilla/5.0 (Windows NT 10.0; Win64; x64) AppleWebKit/537.36 (KHTML, like Gecko) Chrome/95.0.4638.69 Safari/537.36"
45.86.202.158 - - [10/Mar/2026:07:56:40 +0000] "POST //xmlrpc.php HTTP/1.1" 200 3997 "-" "Mozilla/5.0 (Windows NT 10.0; Win64; x64) AppleWebKit/537.36 (KHTML, like Gecko) Chrome/95.0.4638.69 Safari/537.36"
45.86.202.205 - - [10/Mar/2026:07:56:42 +0000] "POST //xmlrpc.php HTTP/1.1" 200 3997 "-" "Mozilla/5.0 (Windows NT 10.0; Win64; x64) AppleWebKit/537.36 (KHTML, like Gecko) Chrome/95.0.4638.69 Safari/537.36"
172.111.185.37 - - [10/Mar/2026:07:56:43 +0000] "GET /comments/feed/ HTTP/1.1" 200 4668 "-" "Mozilla/5.0 (Windows NT 10.0; Win64; x64) AppleWebKit/537.36 (KHTML, like Gecko) Chrome/139.0.0.0 Safari/537.36"
172.111.185.37 - - [10/Mar/2026:07:56:45 +0000] "GET /wp-content/plugins/shopengine/modules/wishlist/assets/js/wishlist.js?ver=6.9.1 HTTP/1.1" 200 1011 "-" "Mozilla/5.0 (Windows NT 10.0; Win64; x64) AppleWebKit/537.36 (KHTML, like Gecko) Chrome/139.0.0.0 Safari/537.36"
45.86.202.186 - - [10/Mar/2026:07:56:44 +0000] "POST //xmlrpc.php HTTP/1.1" 200 3997 "-" "Mozilla/5.0 (Windows NT 10.0; Win64; x64) AppleWebKit/537.36 (KHTML, like Gecko) Chrome/95.0.4638.69 Safari/537.36"
45.84.139.200 - - [10/Mar/2026:07:56:45 +0000] "GET /producto/artprint-los-monstruos-vienen/ HTTP/1.1" 200 46631 "-" "Mozilla/5.0 (Windows NT 10.0; Win64; x64) AppleWebKit/537.36 (KHTML, like Gecko) Chrome/139.0.0.0 Safari/537.36"
45.86.202.173 - - [10/Mar/2026:07:56:46 +0000] "POST //xmlrpc.php HTTP/1.1" 200 3997 "-" "Mozilla/5.0 (Windows NT 10.0; Win64; x64) AppleWebKit/537.36 (KHTML, like Gecko) Chrome/95.0.4638.69 Safari/537.36"
172.111.185.37 - - [10/Mar/2026:07:56:47 +0000] "GET /wp-content/plugins/pro-elements/assets/lib/sticky/jquery.sticky.min.js?ver=3.34.0 HTTP/1.1" 200 1922 "-" "Mozilla/5.0 (Windows NT 10.0; Win64; x64) AppleWebKit/537.36 (KHTML, like Gecko) Chrome/139.0.0.0 Safari/537.36"
149.34.252.46 - - [10/Mar/2026:07:56:48 +0000] "GET /wp-content/plugins/powerpack-elements/assets/js/min/pp-woocommerce.min.js?ver=2.10.9 HTTP/1.1" 200 7569 "-" "Mozilla/5.0 (Windows NT 10.0; Win64; x64) AppleWebKit/537.36 (KHTML, like Gecko) Chrome/139.0.0.0 Safari/537.36"
172.111.185.37 - - [10/Mar/2026:07:56:48 +0000] "GET /wp-content/plugins/shopengine/assets/js/shopengine-modal.js?ver=4.8.7 HTTP/1.1" 200 2265 "-" "Mozilla/5.0 (Windows NT 10.0; Win64; x64) AppleWebKit/537.36 (KHTML, like Gecko) Chrome/139.0.0.0 Safari/537.36"
45.94.211.102 - - [10/Mar/2026:07:56:48 +0000] "GET /wp-content/plugins/elementor/assets/css/widget-icon-list.min.css?ver=3.34.0 HTTP/1.1" 200 5162 "-" "Mozilla/5.0 (Windows NT 10.0; Win64; x64) AppleWebKit/537.36 (KHTML, like Gecko) Chrome/139.0.0.0 Safari/537.36"
45.84.139.200 - - [10/Mar/2026:07:56:46 +0000] "GET /mi-cuenta-2/ HTTP/1.1" 200 41096 "-" "Mozilla/5.0 (Windows NT 10.0; Win64; x64) AppleWebKit/537.36 (KHTML, like Gecko) Chrome/139.0.0.0 Safari/537.36"
45.86.202.160 - - [10/Mar/2026:07:56:48 +0000] "POST //xmlrpc.php HTTP/1.1" 200 3997 "-" "Mozilla/5.0 (Windows NT 10.0; Win64; x64) AppleWebKit/537.36 (KHTML, like Gecko) Chrome/95.0.4638.69 Safari/537.36"
172.111.185.37 - - [10/Mar/2026:07:56:50 +0000] "GET /wp-content/uploads/elementor/css/post-193.css?ver=1772840945 HTTP/1.1" 200 6146 "-" "Mozilla/5.0 (Windows NT 10.0; Win64; x64) AppleWebKit/537.36 (KHTML, like Gecko) Chrome/139.0.0.0 Safari/537.36"
45.94.211.102 - - [10/Mar/2026:07:56:51 +0000] "GET /wp-content/plugins/ajax-search-pro/js/min/plugin/optimized/asp-autocomplete.js HTTP/1.1" 200 5120 "-" "Mozilla/5.0 (Windows NT 10.0; Win64; x64) AppleWebKit/537.36 (KHTML, like Gecko) Chrome/139.0.0.0 Safari/537.36"
74.208.176.140 - - [10/Mar/2026:07:56:51 +0000] "POST /wp-cron.php?doing_wp_cron=1773129411.6175830364227294921875 HTTP/1.1" 200 4101 "-" "WordPress/6.9.1; https://hvmbertogarza.com"
45.94.211.102 - - [10/Mar/2026:07:56:49 +0000] "GET /producto/megaprint-edgar-alan-poe/ HTTP/1.1" 200 42882 "-" "Mozilla/5.0 (Windows NT 10.0; Win64; x64) AppleWebKit/537.36 (KHTML, like Gecko) Chrome/139.0.0.0 Safari/537.36"
172.111.185.37 - - [10/Mar/2026:07:56:51 +0000] "GET /wp-includes/js/imagesloaded.min.js?ver=5.0.0 HTTP/1.1" 200 6000 "-" "Mozilla/5.0 (Windows NT 10.0; Win64; x64) AppleWebKit/537.36 (KHTML, like Gecko) Chrome/139.0.0.0 Safari/537.36"
45.84.139.200 - - [10/Mar/2026:07:56:49 +0000] "GET /wp-admin/admin-ajax.php HTTP/1.1" 400 386 "-" "Mozilla/5.0 (Windows NT 10.0; Win64; x64) AppleWebKit/537.36 (KHTML, like Gecko) Chrome/139.0.0.0 Safari/537.36"
45.86.202.185 - - [10/Mar/2026:07:56:50 +0000] "POST //xmlrpc.php HTTP/1.1" 200 3997 "-" "Mozilla/5.0 (Windows NT 10.0; Win64; x64) AppleWebKit/537.36 (KHTML, like Gecko) Chrome/95.0.4638.69 Safari/537.36"
91.196.220.191 - - [10/Mar/2026:07:56:53 +0000] "GET /wp-content/plugins/pro-elements/assets/css/widget-woocommerce-menu-cart.min.css?ver=3.34.0 HTTP/1.1" 200 6733 "-" "Mozilla/5.0 (Windows NT 10.0; Win64; x64) AppleWebKit/537.36 (KHTML, like Gecko) Chrome/139.0.0.0 Safari/537.36"
45.86.202.197 - - [10/Mar/2026:07:56:52 +0000] "POST //xmlrpc.php HTTP/1.1" 200 3997 "-" "Mozilla/5.0 (Windows NT 10.0; Win64; x64) AppleWebKit/537.36 (KHTML, like Gecko) Chrome/95.0.4638.69 Safari/537.36"
45.84.139.200 - - [10/Mar/2026:07:56:51 +0000] "GET /producto/artprint-germinacion/ HTTP/1.1" 200 42828 "-" "Mozilla/5.0 (Windows NT 10.0; Win64; x64) AppleWebKit/537.36 (KHTML, like Gecko) Chrome/139.0.0.0 Safari/537.36"
149.34.252.46 - - [10/Mar/2026:07:56:55 +0000] "GET /wp-content/plugins/ajax-search-pro/js/min/plugin/optimized/asp-results-vertical.js HTTP/1.1" 200 4930 "-" "Mozilla/5.0 (Windows NT 10.0; Win64; x64) AppleWebKit/537.36 (KHTML, like Gecko) Chrome/139.0.0.0 Safari/537.36"
45.84.139.200 - - [10/Mar/2026:07:56:52 +0000] "GET /producto/t-shirt-caballero-coatachica/ HTTP/1.1" 200 49117 "-" "Mozilla/5.0 (Windows NT 10.0; Win64; x64) AppleWebKit/537.36 (KHTML, like Gecko) Chrome/139.0.0.0 Safari/537.36"
45.94.211.102 - - [10/Mar/2026:07:56:55 +0000] "GET /wp-includes/js/wp-emoji-loader.min.js HTTP/1.1" 200 1595 "-" "Mozilla/5.0 (Windows NT 10.0; Win64; x64) AppleWebKit/537.36 (KHTML, like Gecko) Chrome/139.0.0.0 Safari/537.36"
45.94.211.102 - - [10/Mar/2026:07:56:56 +0000] "GET /wp-content/plugins/woocommerce/assets/js/sourcebuster/sourcebuster.min.js?ver=10.3.7 HTTP/1.1" 200 5232 "-" "Mozilla/5.0 (Windows NT 10.0; Win64; x64) AppleWebKit/537.36 (KHTML, like Gecko) Chrome/139.0.0.0 Safari/537.36"
149.34.252.46 - - [10/Mar/2026:07:56:56 +0000] "GET /wp-content/plugins/shopengine/modules/swatches/loop-product-support/assets/swatches.css?ver=1773015038 HTTP/1.1" 200 309 "-" "Mozilla/5.0 (Windows NT 10.0; Win64; x64) AppleWebKit/537.36 (KHTML, like Gecko) Chrome/139.0.0.0 Safari/537.36"
45.84.139.200 - - [10/Mar/2026:07:56:56 +0000] "GET /wp-content/plugins/pro-elements/assets/js/frontend.min.js?ver=3.34.0 HTTP/1.1" 200 6862 "-" "Mozilla/5.0 (Windows NT 10.0; Win64; x64) AppleWebKit/537.36 (KHTML, like Gecko) Chrome/139.0.0.0 Safari/537.36"
45.94.211.102 - - [10/Mar/2026:07:56:56 +0000] "GET /wp-content/plugins/ajax-search-pro/js/min/plugin/optimized/asp-compact.js HTTP/1.1" 200 1496 "-" "Mozilla/5.0 (Windows NT 10.0; Win64; x64) AppleWebKit/537.36 (KHTML, like Gecko) Chrome/139.0.0.0 Safari/537.36"
45.84.139.200 - - [10/Mar/2026:07:56:56 +0000] "GET /wp-content/plugins/pro-elements/assets/css/widget-form.min.css?ver=3.34.0 HTTP/1.1" 200 1950 "-" "Mozilla/5.0 (Windows NT 10.0; Win64; x64) AppleWebKit/537.36 (KHTML, like Gecko) Chrome/139.0.0.0 Safari/537.36"
172.111.185.37 - - [10/Mar/2026:07:56:52 +0000] "GET /producto/t-shirt-caballero-terrifier/ HTTP/1.1" 200 45257 "-" "Mozilla/5.0 (Windows NT 10.0; Win64; x64) AppleWebKit/537.36 (KHTML, like Gecko) Chrome/139.0.0.0 Safari/537.36"
149.34.252.46 - - [10/Mar/2026:07:56:56 +0000] "GET /wp-admin/css/color-picker.min.css?ver=6.9.1 HTTP/1.1" 200 1228 "-" "Mozilla/5.0 (Windows NT 10.0; Win64; x64) AppleWebKit/537.36 (KHTML, like Gecko) Chrome/139.0.0.0 Safari/537.36"
216.73.216.131 - - [10/Mar/2026:07:56:55 +0000] "GET /1754-2 HTTP/1.1" 301 4125 "-" "Mozilla/5.0 AppleWebKit/537.36 (KHTML, like Gecko; compatible; ClaudeBot/1.0; +claudebot@anthropic.com)"
45.86.202.184 - - [10/Mar/2026:07:56:55 +0000] "POST //xmlrpc.php HTTP/1.1" 200 3997 "-" "Mozilla/5.0 (Windows NT 10.0; Win64; x64) AppleWebKit/537.36 (KHTML, like Gecko) Chrome/95.0.4638.69 Safari/537.36"
45.134.140.233 - - [10/Mar/2026:07:56:54 +0000] "GET /producto/megaprint-la-planchada/ HTTP/1.1" 200 47014 "-" "Mozilla/5.0 (Windows NT 10.0; Win64; x64) AppleWebKit/537.36 (KHTML, like Gecko) Chrome/139.0.0.0 Safari/537.36"
138.199.52.36 - - [10/Mar/2026:07:56:59 +0000] "GET /wp-content/plugins/woocommerce/assets/js/frontend/add-to-cart.min.js?ver=10.3.7 HTTP/1.1" 200 5520 "-" "Mozilla/5.0 (Windows NT 10.0; Win64; x64) AppleWebKit/537.36 (KHTML, like Gecko) Chrome/139.0.0.0 Safari/537.36"
91.196.220.191 - - [10/Mar/2026:07:56:55 +0000] "GET /producto/megaprint-la-llorona/ HTTP/1.1" 200 43509 "-" "Mozilla/5.0 (Windows NT 10.0; Win64; x64) AppleWebKit/537.36 (KHTML, like Gecko) Chrome/139.0.0.0 Safari/537.36"
74.208.176.140 - - [10/Mar/2026:07:56:59 +0000] "POST /wp-cron.php?doing_wp_cron=1773129419.3918530941009521484375 HTTP/1.1" 200 4101 "-" "WordPress/6.9.1; https://hvmbertogarza.com"
149.34.252.46 - - [10/Mar/2026:07:56:55 +0000] "GET /producto/artprint-un-dios-olvidado/ HTTP/1.1" 200 46616 "-" "Mozilla/5.0 (Windows NT 10.0; Win64; x64) AppleWebKit/537.36 (KHTML, like Gecko) Chrome/139.0.0.0 Safari/537.36"
45.86.202.183 - - [10/Mar/2026:07:56:58 +0000] "POST //xmlrpc.php HTTP/1.1" 200 3997 "-" "Mozilla/5.0 (Windows NT 10.0; Win64; x64) AppleWebKit/537.36 (KHTML, like Gecko) Chrome/95.0.4638.69 Safari/537.36"
45.94.211.102 - - [10/Mar/2026:07:56:56 +0000] "GET /producto/artprint-herbonium/ HTTP/1.1" 200 42814 "-" "Mozilla/5.0 (Windows NT 10.0; Win64; x64) AppleWebKit/537.36 (KHTML, like Gecko) Chrome/139.0.0.0 Safari/537.36"
216.73.216.131 - - [10/Mar/2026:07:56:57 +0000] "GET /1754-2/ HTTP/1.1" 200 43346 "https://hvmbertogarza.com/1754-2" "Mozilla/5.0 AppleWebKit/537.36 (KHTML, like Gecko; compatible; ClaudeBot/1.0; +claudebot@anthropic.com)"
149.34.252.46 - - [10/Mar/2026:07:57:01 +0000] "GET /wp-content/plugins/shopengine/modules/swatches/loop-product-support/assets/swatches.js?ver=1515155 HTTP/1.1" 200 655 "-" "Mozilla/5.0 (Windows NT 10.0; Win64; x64) AppleWebKit/537.36 (KHTML, like Gecko) Chrome/139.0.0.0 Safari/537.36"
172.111.185.37 - - [10/Mar/2026:07:56:57 +0000] "GET /producto/artprint-the-texas-chain-saw-massacre/ HTTP/1.1" 200 47597 "-" "Mozilla/5.0 (Windows NT 10.0; Win64; x64) AppleWebKit/537.36 (KHTML, like Gecko) Chrome/139.0.0.0 Safari/537.36"
172.111.185.37 - - [10/Mar/2026:07:56:51 +0000] "GET /wp-json/ HTTP/1.1" 200 1803451 "-" "Mozilla/5.0 (Windows NT 10.0; Win64; x64) AppleWebKit/537.36 (KHTML, like Gecko) Chrome/139.0.0.0 Safari/537.36"
172.111.185.37 - - [10/Mar/2026:07:56:57 +0000] "GET /producto/t-shirt-caballero-los-monstruos-vienen/ HTTP/1.1" 200 48921 "-" "Mozilla/5.0 (Windows NT 10.0; Win64; x64) AppleWebKit/537.36 (KHTML, like Gecko) Chrome/139.0.0.0 Safari/537.36"
45.94.211.102 - - [10/Mar/2026:07:56:58 +0000] "GET /producto/t-shirt-caballero-el-pacto/ HTTP/1.1" 200 48876 "-" "Mozilla/5.0 (Windows NT 10.0; Win64; x64) AppleWebKit/537.36 (KHTML, like Gecko) Chrome/139.0.0.0 Safari/537.36"
172.111.185.37 - - [10/Mar/2026:07:57:02 +0000] "GET /wp-content/uploads/elementor/google-fonts/css/robotoslab.css?ver=1749497380 HTTP/1.1" 200 5098 "-" "Mozilla/5.0 (Windows NT 10.0; Win64; x64) AppleWebKit/537.36 (KHTML, like Gecko) Chrome/139.0.0.0 Safari/537.36"
149.34.252.46 - - [10/Mar/2026:07:57:02 +0000] "GET /wp-content/plugins/woocommerce/assets/js/frontend/order-attribution.min.js?ver=10.3.7 HTTP/1.1" 200 1508 "-" "Mozilla/5.0 (Windows NT 10.0; Win64; x64) AppleWebKit/537.36 (KHTML, like Gecko) Chrome/139.0.0.0 Safari/537.36"
45.86.202.180 - - [10/Mar/2026:07:57:01 +0000] "POST //xmlrpc.php HTTP/1.1" 200 3997 "-" "Mozilla/5.0 (Windows NT 10.0; Win64; x64) AppleWebKit/537.36 (KHTML, like Gecko) Chrome/95.0.4638.69 Safari/537.36"
149.34.252.46 - - [10/Mar/2026:07:57:04 +0000] "GET /wp-content/plugins/ajax-search-pro/js/min/plugin/optimized/asp-prereq.js HTTP/1.1" 200 7282 "-" "Mozilla/5.0 (Windows NT 10.0; Win64; x64) AppleWebKit/537.36 (KHTML, like Gecko) Chrome/139.0.0.0 Safari/537.36"
138.199.52.36 - - [10/Mar/2026:07:56:59 +0000] "GET /producto/artprint-la-isla-de-las-munecas/ HTTP/1.1" 200 43735 "-" "Mozilla/5.0 (Windows NT 10.0; Win64; x64) AppleWebKit/537.36 (KHTML, like Gecko) Chrome/139.0.0.0 Safari/537.36"
172.111.185.37 - - [10/Mar/2026:07:57:04 +0000] "GET /wp-content/themes/hello-elementor/assets/css/header-footer.css?ver=3.4.5 HTTP/1.1" 200 5562 "-" "Mozilla/5.0 (Windows NT 10.0; Win64; x64) AppleWebKit/537.36 (KHTML, like Gecko) Chrome/139.0.0.0 Safari/537.36"
149.88.25.211 - - [10/Mar/2026:07:57:05 +0000] "GET /wp-content/plugins/shopengine/modules/comparison/assets/js/comparison.js?ver=4.8.7 HTTP/1.1" 200 5795 "-" "Mozilla/5.0 (Windows NT 10.0; Win64; x64) AppleWebKit/537.36 (KHTML, like Gecko) Chrome/139.0.0.0 Safari/537.36"
172.111.185.37 - - [10/Mar/2026:07:57:00 +0000] "GET /producto/artprint-lo-que-no-vemos/ HTTP/1.1" 200 43955 "-" "Mozilla/5.0 (Windows NT 10.0; Win64; x64) AppleWebKit/537.36 (KHTML, like Gecko) Chrome/139.0.0.0 Safari/537.36"
149.34.252.46 - - [10/Mar/2026:07:57:05 +0000] "GET /wp-content/plugins/elementor/assets/css/conditionals/apple-webkit.min.css?ver=3.34.0 HTTP/1.1" 200 4685 "-" "Mozilla/5.0 (Windows NT 10.0; Win64; x64) AppleWebKit/537.36 (KHTML, like Gecko) Chrome/139.0.0.0 Safari/537.36"
149.88.25.211 - - [10/Mar/2026:07:57:01 +0000] "GET /producto/libro-monsters-creatures-ghouls-vol-3/ HTTP/1.1" 200 46590 "-" "Mozilla/5.0 (Windows NT 10.0; Win64; x64) AppleWebKit/537.36 (KHTML, like Gecko) Chrome/139.0.0.0 Safari/537.36"
45.94.211.102 - - [10/Mar/2026:07:57:05 +0000] "GET /wp-content/plugins/shopengine/modules/swatches/assets/css/frontend.css?ver=4.8.7 HTTP/1.1" 200 1480 "-" "Mozilla/5.0 (Windows NT 10.0; Win64; x64) AppleWebKit/537.36 (KHTML, like Gecko) Chrome/139.0.0.0 Safari/537.36"
138.199.52.36 - - [10/Mar/2026:07:57:06 +0000] "GET /wp-content/plugins/shopengine/assets/css/shopengine-modal.css?ver=4.8.7 HTTP/1.1" 200 2366 "-" "Mozilla/5.0 (Windows NT 10.0; Win64; x64) AppleWebKit/537.36 (KHTML, like Gecko) Chrome/139.0.0.0 Safari/537.36"
172.111.185.37 - - [10/Mar/2026:07:57:06 +0000] "GET /wp-content/plugins/elementor/assets/lib/animations/styles/fadeInRight.min.css?ver=3.34.0 HTTP/1.1" 200 484 "-" "Mozilla/5.0 (Windows NT 10.0; Win64; x64) AppleWebKit/537.36 (KHTML, like Gecko) Chrome/139.0.0.0 Safari/537.36"
138.199.52.36 - - [10/Mar/2026:07:57:06 +0000] "GET /wp-content/uploads/elementor/google-fonts/css/lato.css?ver=1749497385 HTTP/1.1" 200 965 "-" "Mozilla/5.0 (Windows NT 10.0; Win64; x64) AppleWebKit/537.36 (KHTML, like Gecko) Chrome/139.0.0.0 Safari/537.36"
45.86.202.164 - - [10/Mar/2026:07:57:04 +0000] "POST //xmlrpc.php HTTP/1.1" 200 3997 "-" "Mozilla/5.0 (Windows NT 10.0; Win64; x64) AppleWebKit/537.36 (KHTML, like Gecko) Chrome/95.0.4638.69 Safari/537.36"
45.134.140.233 - - [10/Mar/2026:07:57:07 +0000] "GET /wp-content/plugins/woocommerce/assets/js/frontend/cart-fragments.min.js?ver=10.3.7 HTTP/1.1" 200 5197 "-" "Mozilla/5.0 (Windows NT 10.0; Win64; x64) AppleWebKit/537.36 (KHTML, like Gecko) Chrome/139.0.0.0 Safari/537.36"
172.111.185.37 - - [10/Mar/2026:07:57:07 +0000] "GET /wp-content/plugins/shopengine/modules/wishlist/assets/css/wishlist.css?ver=4.8.7 HTTP/1.1" 200 961 "-" "Mozilla/5.0 (Windows NT 10.0; Win64; x64) AppleWebKit/537.36 (KHTML, like Gecko) Chrome/139.0.0.0 Safari/537.36"
172.111.185.37 - - [10/Mar/2026:07:57:07 +0000] "GET /wp-content/plugins/powerpack-elements/assets/css/min/pp-woocommerce.min.css?ver=2.10.9 HTTP/1.1" 200 12248 "-" "Mozilla/5.0 (Windows NT 10.0; Win64; x64) AppleWebKit/537.36 (KHTML, like Gecko) Chrome/139.0.0.0 Safari/537.36"
172.111.185.37 - - [10/Mar/2026:07:57:02 +0000] "GET /producto/megaprint-horror-movies/ HTTP/1.1" 200 42911 "-" "Mozilla/5.0 (Windows NT 10.0; Win64; x64) AppleWebKit/537.36 (KHTML, like Gecko) Chrome/139.0.0.0 Safari/537.36"
91.196.220.191 - - [10/Mar/2026:07:57:07 +0000] "GET /wp-content/uploads/elementor/google-fonts/css/roboto.css?ver=1749497619 HTTP/1.1" 200 7053 "-" "Mozilla/5.0 (Windows NT 10.0; Win64; x64) AppleWebKit/537.36 (KHTML, like Gecko) Chrome/139.0.0.0 Safari/537.36"
91.196.220.191 - - [10/Mar/2026:07:57:07 +0000] "GET /wp-includes/js/jquery/jquery-migrate.min.js?ver=3.4.1 HTTP/1.1" 200 5297 "-" "Mozilla/5.0 (Windows NT 10.0; Win64; x64) AppleWebKit/537.36 (KHTML, like Gecko) Chrome/139.0.0.0 Safari/537.36"
172.111.185.37 - - [10/Mar/2026:07:57:03 +0000] "GET /mi-cuenta/ HTTP/1.1" 200 37268 "-" "Mozilla/5.0 (Windows NT 10.0; Win64; x64) AppleWebKit/537.36 (KHTML, like Gecko) Chrome/139.0.0.0 Safari/537.36"
149.34.252.46 - - [10/Mar/2026:07:57:08 +0000] "GET /wp-content/plugins/wp-whatsapp/assets/js/whatsapp-popup.js?ver=3.7.3 HTTP/1.1" 200 753 "-" "Mozilla/5.0 (Windows NT 10.0; Win64; x64) AppleWebKit/537.36 (KHTML, like Gecko) Chrome/139.0.0.0 Safari/537.36"
45.84.139.200 - - [10/Mar/2026:07:57:04 +0000] "GET /producto/libro-monsters-creatures-ghouls-vol-2/ HTTP/1.1" 200 46765 "-" "Mozilla/5.0 (Windows NT 10.0; Win64; x64) AppleWebKit/537.36 (KHTML, like Gecko) Chrome/139.0.0.0 Safari/537.36"
149.34.252.46 - - [10/Mar/2026:07:57:04 +0000] "GET /producto/megaprint-hombre-pajaro/ HTTP/1.1" 200 43194 "-" "Mozilla/5.0 (Windows NT 10.0; Win64; x64) AppleWebKit/537.36 (KHTML, like Gecko) Chrome/139.0.0.0 Safari/537.36"
172.111.185.37 - - [10/Mar/2026:07:57:09 +0000] "GET /wp-content/uploads/elementor/css/post-121.css?ver=1772840574 HTTP/1.1" 200 3555 "-" "Mozilla/5.0 (Windows NT 10.0; Win64; x64) AppleWebKit/537.36 (KHTML, like Gecko) Chrome/139.0.0.0 Safari/537.36"
45.84.139.200 - - [10/Mar/2026:07:57:09 +0000] "GET /wp-content/plugins/woocommerce/assets/css/woocommerce.css?ver=10.3.7 HTTP/1.1" 200 15183 "-" "Mozilla/5.0 (Windows NT 10.0; Win64; x64) AppleWebKit/537.36 (KHTML, like Gecko) Chrome/139.0.0.0 Safari/537.36"
45.84.139.200 - - [10/Mar/2026:07:57:09 +0000] "GET /wp-content/uploads/elementor/css/post-13.css?ver=1772840573 HTTP/1.1" 200 947 "-" "Mozilla/5.0 (Windows NT 10.0; Win64; x64) AppleWebKit/537.36 (KHTML, like Gecko) Chrome/139.0.0.0 Safari/537.36"
45.86.202.194 - - [10/Mar/2026:07:57:07 +0000] "POST //xmlrpc.php HTTP/1.1" 200 3997 "-" "Mozilla/5.0 (Windows NT 10.0; Win64; x64) AppleWebKit/537.36 (KHTML, like Gecko) Chrome/95.0.4638.69 Safari/537.36"
172.111.185.37 - - [10/Mar/2026:07:57:10 +0000] "GET /wp-content/plugins/pro-elements/assets/js/webpack-pro.runtime.min.js?ver=3.34.0 HTTP/1.1" 200 3283 "-" "Mozilla/5.0 (Windows NT 10.0; Win64; x64) AppleWebKit/537.36 (KHTML, like Gecko) Chrome/139.0.0.0 Safari/537.36"
45.134.140.232 - - [10/Mar/2026:07:57:06 +0000] "GET /producto/megaprint-nachito/ HTTP/1.1" 200 46971 "-" "Mozilla/5.0 (Windows NT 10.0; Win64; x64) AppleWebKit/537.36 (KHTML, like Gecko) Chrome/139.0.0.0 Safari/537.36"
45.94.211.102 - - [10/Mar/2026:07:57:10 +0000] "GET /wp-content/plugins/elementor/assets/js/frontend.min.js?ver=3.34.0 HTTP/1.1" 200 14545 "-" "Mozilla/5.0 (Windows NT 10.0; Win64; x64) AppleWebKit/537.36 (KHTML, like Gecko) Chrome/139.0.0.0 Safari/537.36"
172.111.185.37 - - [10/Mar/2026:07:57:04 +0000] "GET / HTTP/1.1" 200 54493 "-" "Mozilla/5.0 (Windows NT 10.0; Win64; x64) AppleWebKit/537.36 (KHTML, like Gecko) Chrome/139.0.0.0 Safari/537.36"
149.34.252.46 - - [10/Mar/2026:07:57:10 +0000] "GET /wp-content/plugins/shopengine/widgets/init/assets/css/widget-frontend.css?ver=4.8.7 HTTP/1.1" 200 31816 "-" "Mozilla/5.0 (Windows NT 10.0; Win64; x64) AppleWebKit/537.36 (KHTML, like Gecko) Chrome/139.0.0.0 Safari/537.36"
149.88.25.211 - - [10/Mar/2026:07:57:11 +0000] "GET /wp-includes/js/jquery/jquery.min.js?ver=3.7.1 HTTP/1.1" 200 34633 "-" "Mozilla/5.0 (Windows NT 10.0; Win64; x64) AppleWebKit/537.36 (KHTML, like Gecko) Chrome/139.0.0.0 Safari/537.36"
45.84.139.200 - - [10/Mar/2026:07:57:06 +0000] "GET /producto/t-shirt-caballero-playera-oficial-horror-fest-edicion-leyendas-de-mexico/ HTTP/1.1" 200 49059 "-" "Mozilla/5.0 (Windows NT 10.0; Win64; x64) AppleWebKit/537.36 (KHTML, like Gecko) Chrome/139.0.0.0 Safari/537.36"
45.94.211.102 - - [10/Mar/2026:07:57:11 +0000] "GET /wp-content/plugins/elementor/assets/css/widget-image.min.css?ver=3.34.0 HTTP/1.1" 200 499 "-" "Mozilla/5.0 (Windows NT 10.0; Win64; x64) AppleWebKit/537.36 (KHTML, like Gecko) Chrome/139.0.0.0 Safari/537.36"
45.84.139.200 - - [10/Mar/2026:07:57:11 +0000] "GET /wp-content/themes/hello-elementor/assets/css/theme.css?ver=3.4.5 HTTP/1.1" 200 1638 "-" "Mozilla/5.0 (Windows NT 10.0; Win64; x64) AppleWebKit/537.36 (KHTML, like Gecko) Chrome/139.0.0.0 Safari/537.36"
138.199.52.36 - - [10/Mar/2026:07:57:11 +0000] "GET /wp-content/plugins/elementor/assets/js/webpack.runtime.min.js?ver=3.34.0 HTTP/1.1" 200 6673 "-" "Mozilla/5.0 (Windows NT 10.0; Win64; x64) AppleWebKit/537.36 (KHTML, like Gecko) Chrome/139.0.0.0 Safari/537.36"
172.111.185.37 - - [10/Mar/2026:07:57:11 +0000] "GET /wp-content/plugins/woocommerce/assets/css/brands.css?ver=10.3.7 HTTP/1.1" 200 1049 "-" "Mozilla/5.0 (Windows NT 10.0; Win64; x64) AppleWebKit/537.36 (KHTML, like Gecko) Chrome/139.0.0.0 Safari/537.36"
45.94.211.102 - - [10/Mar/2026:07:57:12 +0000] "GET /wp-content/plugins/elementor/assets/lib/swiper/v8/css/swiper.min.css?ver=8.4.5 HTTP/1.1" 200 4994 "-" "Mozilla/5.0 (Windows NT 10.0; Win64; x64) AppleWebKit/537.36 (KHTML, like Gecko) Chrome/139.0.0.0 Safari/537.36"
91.196.220.191 - - [10/Mar/2026:07:57:08 +0000] "GET /producto/t-shirt-caballero-horror-dogs/ HTTP/1.1" 200 45205 "-" "Mozilla/5.0 (Windows NT 10.0; Win64; x64) AppleWebKit/537.36 (KHTML, like Gecko) Chrome/139.0.0.0 Safari/537.36"
45.86.202.164 - - [10/Mar/2026:07:57:10 +0000] "POST //xmlrpc.php HTTP/1.1" 200 3997 "-" "Mozilla/5.0 (Windows NT 10.0; Win64; x64) AppleWebKit/537.36 (KHTML, like Gecko) Chrome/95.0.4638.69 Safari/537.36"
172.111.185.37 - - [10/Mar/2026:07:57:08 +0000] "GET /categoria-producto/prints/ HTTP/1.1" 200 40066 "-" "Mozilla/5.0 (Windows NT 10.0; Win64; x64) AppleWebKit/537.36 (KHTML, like Gecko) Chrome/139.0.0.0 Safari/537.36"
172.111.185.37 - - [10/Mar/2026:07:57:09 +0000] "GET /producto/artprint-monterrey-metal-fest/ HTTP/1.1" 200 47354 "-" "Mozilla/5.0 (Windows NT 10.0; Win64; x64) AppleWebKit/537.36 (KHTML, like Gecko) Chrome/139.0.0.0 Safari/537.36"
172.111.185.37 - - [10/Mar/2026:07:57:10 +0000] "GET /producto/megaprint-xibalba/ HTTP/1.1" 200 42802 "-" "Mozilla/5.0 (Windows NT 10.0; Win64; x64) AppleWebKit/537.36 (KHTML, like Gecko) Chrome/139.0.0.0 Safari/537.36"
149.34.252.46 - - [10/Mar/2026:07:57:09 +0000] "GET /producto/megaprint-monterrey-metal-fest-2022/ HTTP/1.1" 200 43041 "-" "Mozilla/5.0 (Windows NT 10.0; Win64; x64) AppleWebKit/537.36 (KHTML, like Gecko) Chrome/139.0.0.0 Safari/537.36"
45.94.211.102 - - [10/Mar/2026:07:57:10 +0000] "GET /producto/artprint-la-isla-de-las-munecas-2/ HTTP/1.1" 200 42891 "-" "Mozilla/5.0 (Windows NT 10.0; Win64; x64) AppleWebKit/537.36 (KHTML, like Gecko) Chrome/139.0.0.0 Safari/537.36"
149.34.252.46 - - [10/Mar/2026:07:57:11 +0000] "GET /producto/artprint-el-hombre-quemado/ HTTP/1.1" 200 43816 "-" "Mozilla/5.0 (Windows NT 10.0; Win64; x64) AppleWebKit/537.36 (KHTML, like Gecko) Chrome/139.0.0.0 Safari/537.36"
45.86.202.171 - - [10/Mar/2026:07:57:13 +0000] "POST //xmlrpc.php HTTP/1.1" 200 3997 "-" "Mozilla/5.0 (Windows NT 10.0; Win64; x64) AppleWebKit/537.36 (KHTML, like Gecko) Chrome/95.0.4638.69 Safari/537.36"
172.111.185.37 - - [10/Mar/2026:07:57:16 +0000] "GET /wp-content/plugins/elementor/assets/css/widget-heading.min.css?ver=3.34.0 HTTP/1.1" 200 525 "-" "Mozilla/5.0 (Windows NT 10.0; Win64; x64) AppleWebKit/537.36 (KHTML, like Gecko) Chrome/139.0.0.0 Safari/537.36"
172.111.185.37 - - [10/Mar/2026:07:57:12 +0000] "GET /producto/megaprint-killer-klowns-from-outer-space/ HTTP/1.1" 200 42983 "-" "Mozilla/5.0 (Windows NT 10.0; Win64; x64) AppleWebKit/537.36 (KHTML, like Gecko) Chrome/139.0.0.0 Safari/537.36"
45.84.139.200 - - [10/Mar/2026:07:57:15 +0000] "GET /producto/libro-monsters-creatures-ghouls-leyendas-de-mexico/ HTTP/1.1" 301 515 "-" "Mozilla/5.0 (Windows NT 10.0; Win64; x64) AppleWebKit/537.36 (KHTML, like Gecko) Chrome/139.0.0.0 Safari/537.36"
91.196.220.191 - - [10/Mar/2026:07:57:12 +0000] "GET /producto/artprint-poster-oficial-horror-fest-edicion-leyendas-mexicanas/ HTTP/1.1" 200 46746 "-" "Mozilla/5.0 (Windows NT 10.0; Win64; x64) AppleWebKit/537.36 (KHTML, like Gecko) Chrome/139.0.0.0 Safari/537.36"
45.134.140.232 - - [10/Mar/2026:07:57:13 +0000] "GET /producto/artprint-jose-2024/ HTTP/1.1" 200 43919 "-" "Mozilla/5.0 (Windows NT 10.0; Win64; x64) AppleWebKit/537.36 (KHTML, like Gecko) Chrome/139.0.0.0 Safari/537.36"
167.114.139.229 - - [10/Mar/2026:07:57:13 +0000] "GET /shop/somnambulism/synalepha013841241560.html HTTP/1.1" 404 83426 "-" "Mozilla/5.0 (compatible; AhrefsBot/7.0; +http://ahrefs.com/robot/)"
91.196.220.191 - - [10/Mar/2026:07:57:17 +0000] "GET /wp-content/plugins/elementor/assets/lib/swiper/v8/swiper.min.js?ver=8.4.5 HTTP/1.1" 200 40210 "-" "Mozilla/5.0 (Windows NT 10.0; Win64; x64) AppleWebKit/537.36 (KHTML, like Gecko) Chrome/139.0.0.0 Safari/537.36"
45.94.211.102 - - [10/Mar/2026:07:57:15 +0000] "GET /producto/libro-monsters-creatures-ghouls-vol-1-3ra-edicion/ HTTP/1.1" 200 42837 "-" "Mozilla/5.0 (Windows NT 10.0; Win64; x64) AppleWebKit/537.36 (KHTML, like Gecko) Chrome/139.0.0.0 Safari/537.36"
172.111.185.37 - - [10/Mar/2026:07:57:14 +0000] "GET /producto/megaprint-tim-burton/ HTTP/1.1" 200 42848 "-" "Mozilla/5.0 (Windows NT 10.0; Win64; x64) AppleWebKit/537.36 (KHTML, like Gecko) Chrome/139.0.0.0 Safari/537.36"
74.208.176.140 - - [10/Mar/2026:07:56:50 +0000] "POST /wp-admin/admin-ajax.php?action=as_async_request_queue_runner&nonce=3e2fd7b4b4 HTTP/1.1" 200 4305 "-" "WordPress/6.9.1; https://hvmbertogarza.com"
45.86.202.175 - - [10/Mar/2026:07:57:16 +0000] "POST //xmlrpc.php HTTP/1.1" 200 3997 "-" "Mozilla/5.0 (Windows NT 10.0; Win64; x64) AppleWebKit/537.36 (KHTML, like Gecko) Chrome/95.0.4638.69 Safari/537.36"
149.34.252.46 - - [10/Mar/2026:07:57:18 +0000] "GET /wp-includes/js/wp-emoji-release.min.js?ver=6.9.1 HTTP/1.1" 200 5800 "-" "Mozilla/5.0 (Windows NT 10.0; Win64; x64) AppleWebKit/537.36 (KHTML, like Gecko) Chrome/139.0.0.0 Safari/537.36"
149.34.252.46 - - [10/Mar/2026:07:57:19 +0000] "GET /wp-content/plugins/shopengine/assets/js/public.js?ver=4.8.7 HTTP/1.1" 200 586 "-" "Mozilla/5.0 (Windows NT 10.0; Win64; x64) AppleWebKit/537.36 (KHTML, like Gecko) Chrome/139.0.0.0 Safari/537.36"
45.84.139.200 - - [10/Mar/2026:07:57:16 +0000] "GET /producto/artprint-el-pacto/ HTTP/1.1" 200 46585 "-" "Mozilla/5.0 (Windows NT 10.0; Win64; x64) AppleWebKit/537.36 (KHTML, like Gecko) Chrome/139.0.0.0 Safari/537.36"
91.196.220.191 - - [10/Mar/2026:07:57:18 +0000] "GET /wp-json/oembed/1.0/embed?url=https://hvmbertogarza.com/ HTTP/1.1" 200 3015 "-" "Mozilla/5.0 (Windows NT 10.0; Win64; x64) AppleWebKit/537.36 (KHTML, like Gecko) Chrome/139.0.0.0 Safari/537.36"
45.84.139.200 - - [10/Mar/2026:07:57:17 +0000] "GET /producto/libro-monsters-creatures-ghouls-leyendas-de-mexico-vol-0/ HTTP/1.1" 200 43518 "-" "Mozilla/5.0 (Windows NT 10.0; Win64; x64) AppleWebKit/537.36 (KHTML, like Gecko) Chrome/139.0.0.0 Safari/537.36"
45.86.202.197 - - [10/Mar/2026:07:57:19 +0000] "POST //xmlrpc.php HTTP/1.1" 200 3997 "-" "Mozilla/5.0 (Windows NT 10.0; Win64; x64) AppleWebKit/537.36 (KHTML, like Gecko) Chrome/95.0.4638.69 Safari/537.36"
45.134.140.233 - - [10/Mar/2026:07:57:21 +0000] "GET /wp-content/plugins/woocommerce/assets/js/jquery-blockui/jquery.blockUI.min.js?ver=2.7.0-wc.10.3.7 HTTP/1.1" 200 7734 "-" "Mozilla/5.0 (Windows NT 10.0; Win64; x64) AppleWebKit/537.36 (KHTML, like Gecko) Chrome/139.0.0.0 Safari/537.36"
149.88.25.211 - - [10/Mar/2026:07:57:21 +0000] "GET /wp-includes/js/dist/hooks.min.js?ver=dd5603f07f9220ed27f1 HTTP/1.1" 200 6138 "-" "Mozilla/5.0 (Windows NT 10.0; Win64; x64) AppleWebKit/537.36 (KHTML, like Gecko) Chrome/139.0.0.0 Safari/537.36"
74.208.176.140 - - [10/Mar/2026:07:57:22 +0000] "POST /wp-cron.php?doing_wp_cron=1773129442.1192378997802734375000 HTTP/1.1" 200 4101 "-" "WordPress/6.9.1; https://hvmbertogarza.com"
45.134.140.233 - - [10/Mar/2026:07:57:18 +0000] "GET /producto/artprint-house-of-the-1000-corpses/ HTTP/1.1" 200 47380 "-" "Mozilla/5.0 (Windows NT 10.0; Win64; x64) AppleWebKit/537.36 (KHTML, like Gecko) Chrome/139.0.0.0 Safari/537.36"
172.111.185.37 - - [10/Mar/2026:07:57:18 +0000] "GET /producto/artprint-it-2017/ HTTP/1.1" 200 47422 "-" "Mozilla/5.0 (Windows NT 10.0; Win64; x64) AppleWebKit/537.36 (KHTML, like Gecko) Chrome/139.0.0.0 Safari/537.36"
45.84.139.200 - - [10/Mar/2026:07:57:20 +0000] "GET /xmlrpc.php?rsd HTTP/1.1" 200 612 "-" "Mozilla/5.0 (Windows NT 10.0; Win64; x64) AppleWebKit/537.36 (KHTML, like Gecko) Chrome/139.0.0.0 Safari/537.36"
149.88.25.211 - - [10/Mar/2026:07:57:22 +0000] "GET /wp-content/plugins/pro-elements/assets/css/widget-slides.min.css?ver=3.34.0 HTTP/1.1" 200 989 "-" "Mozilla/5.0 (Windows NT 10.0; Win64; x64) AppleWebKit/537.36 (KHTML, like Gecko) Chrome/139.0.0.0 Safari/537.36"
91.196.220.191 - - [10/Mar/2026:07:57:22 +0000] "GET /wp-content/plugins/shopengine/assets/js/filter.js?ver=4.8.7 HTTP/1.1" 200 1015 "-" "Mozilla/5.0 (Windows NT 10.0; Win64; x64) AppleWebKit/537.36 (KHTML, like Gecko) Chrome/139.0.0.0 Safari/537.36"
45.134.140.233 - - [10/Mar/2026:07:57:23 +0000] "GET /wp-includes/js/jquery/ui/core.min.js?ver=1.13.3 HTTP/1.1" 200 7531 "-" "Mozilla/5.0 (Windows NT 10.0; Win64; x64) AppleWebKit/537.36 (KHTML, like Gecko) Chrome/139.0.0.0 Safari/537.36"
45.86.202.179 - - [10/Mar/2026:07:57:21 +0000] "POST //xmlrpc.php HTTP/1.1" 200 3997 "-" "Mozilla/5.0 (Windows NT 10.0; Win64; x64) AppleWebKit/537.36 (KHTML, like Gecko) Chrome/95.0.4638.69 Safari/537.36"
149.88.25.211 - - [10/Mar/2026:07:57:23 +0000] "GET /wp-content/plugins/elementor/assets/js/frontend-modules.min.js?ver=3.34.0 HTTP/1.1" 200 26150 "-" "Mozilla/5.0 (Windows NT 10.0; Win64; x64) AppleWebKit/537.36 (KHTML, like Gecko) Chrome/139.0.0.0 Safari/537.36"
91.196.220.191 - - [10/Mar/2026:07:57:23 +0000] "GET /wp-content/themes/hello-elementor/assets/js/hello-frontend.js?ver=3.4.5 HTTP/1.1" 200 928 "-" "Mozilla/5.0 (Windows NT 10.0; Win64; x64) AppleWebKit/537.36 (KHTML, like Gecko) Chrome/139.0.0.0 Safari/537.36"
74.208.176.140 - - [10/Mar/2026:07:57:24 +0000] "POST /wp-cron.php?doing_wp_cron=1773129444.1513650417327880859375 HTTP/1.1" 200 4101 "-" "WordPress/6.9.1; https://hvmbertogarza.com"
172.111.185.37 - - [10/Mar/2026:07:57:20 +0000] "GET /producto/megaprint-coatachica/ HTTP/1.1" 200 42966 "-" "Mozilla/5.0 (Windows NT 10.0; Win64; x64) AppleWebKit/537.36 (KHTML, like Gecko) Chrome/139.0.0.0 Safari/537.36"
172.111.185.37 - - [10/Mar/2026:07:57:20 +0000] "GET /producto/libro-monsters-creatures-ghouls-vol-1/ HTTP/1.1" 200 46896 "-" "Mozilla/5.0 (Windows NT 10.0; Win64; x64) AppleWebKit/537.36 (KHTML, like Gecko) Chrome/139.0.0.0 Safari/537.36"
138.199.52.36 - - [10/Mar/2026:07:57:22 +0000] "GET /producto/artprint-la-llonora/ HTTP/1.1" 200 47900 "-" "Mozilla/5.0 (Windows NT 10.0; Win64; x64) AppleWebKit/537.36 (KHTML, like Gecko) Chrome/139.0.0.0 Safari/537.36"
45.86.202.195 - - [10/Mar/2026:07:57:23 +0000] "POST //xmlrpc.php HTTP/1.1" 200 3997 "-" "Mozilla/5.0 (Windows NT 10.0; Win64; x64) AppleWebKit/537.36 (KHTML, like Gecko) Chrome/95.0.4638.69 Safari/537.36"
149.88.25.211 - - [10/Mar/2026:07:57:25 +0000] "GET /wp-content/plugins/wp-whatsapp/assets/dist/js/njt-whatsapp.js?ver=3.7.3 HTTP/1.1" 200 19002 "-" "Mozilla/5.0 (Windows NT 10.0; Win64; x64) AppleWebKit/537.36 (KHTML, like Gecko) Chrome/139.0.0.0 Safari/537.36"
149.88.25.211 - - [10/Mar/2026:07:57:26 +0000] "GET /wp-content/uploads/elementor/css/post-66.css?ver=1772840574 HTTP/1.1" 200 2863 "-" "Mozilla/5.0 (Windows NT 10.0; Win64; x64) AppleWebKit/537.36 (KHTML, like Gecko) Chrome/139.0.0.0 Safari/537.36"
45.134.140.232 - - [10/Mar/2026:07:57:26 +0000] "GET /wp-content/plugins/ajax-search-pro/js/min/plugin/optimized/asp-core.js HTTP/1.1" 200 19142 "-" "Mozilla/5.0 (Windows NT 10.0; Win64; x64) AppleWebKit/537.36 (KHTML, like Gecko) Chrome/139.0.0.0 Safari/537.36"
172.111.185.37 - - [10/Mar/2026:07:57:18 +0000] "GET /wp-json/wp/v2/pages/193 HTTP/1.1" 200 244456 "-" "Mozilla/5.0 (Windows NT 10.0; Win64; x64) AppleWebKit/537.36 (KHTML, like Gecko) Chrome/139.0.0.0 Safari/537.36"
45.134.140.232 - - [10/Mar/2026:07:57:24 +0000] "GET /?p=795 HTTP/1.1" 404 180302 "-" "Mozilla/5.0 (Windows NT 10.0; Win64; x64) AppleWebKit/537.36 (KHTML, like Gecko) Chrome/139.0.0.0 Safari/537.36"
45.86.202.165 - - [10/Mar/2026:07:57:26 +0000] "POST //xmlrpc.php HTTP/1.1" 200 3997 "-" "Mozilla/5.0 (Windows NT 10.0; Win64; x64) AppleWebKit/537.36 (KHTML, like Gecko) Chrome/95.0.4638.69 Safari/537.36"
172.111.185.37 - - [10/Mar/2026:07:57:25 +0000] "GET /producto/t-shirt-caballero-un-dios-olvidado/ HTTP/1.1" 200 45128 "-" "Mozilla/5.0 (Windows NT 10.0; Win64; x64) AppleWebKit/537.36 (KHTML, like Gecko) Chrome/139.0.0.0 Safari/537.36"
45.134.140.232 - - [10/Mar/2026:07:57:26 +0000] "GET /producto/artprint-killer/ HTTP/1.1" 200 43638 "-" "Mozilla/5.0 (Windows NT 10.0; Win64; x64) AppleWebKit/537.36 (KHTML, like Gecko) Chrome/139.0.0.0 Safari/537.36"
45.86.202.191 - - [10/Mar/2026:07:57:28 +0000] "POST //xmlrpc.php HTTP/1.1" 200 3997 "-" "Mozilla/5.0 (Windows NT 10.0; Win64; x64) AppleWebKit/537.36 (KHTML, like Gecko) Chrome/95.0.4638.69 Safari/537.36"
45.84.139.200 - - [10/Mar/2026:07:57:27 +0000] "GET /tu-carrito-de-compras/ HTTP/1.1" 200 42144 "-" "Mozilla/5.0 (Windows NT 10.0; Win64; x64) AppleWebKit/537.36 (KHTML, like Gecko) Chrome/139.0.0.0 Safari/537.36"
149.88.25.211 - - [10/Mar/2026:07:57:27 +0000] "GET /producto/artprint-king-reaper/ HTTP/1.1" 200 43609 "-" "Mozilla/5.0 (Windows NT 10.0; Win64; x64) AppleWebKit/537.36 (KHTML, like Gecko) Chrome/139.0.0.0 Safari/537.36"
45.94.211.102 - - [10/Mar/2026:07:57:31 +0000] "GET /wp-content/plugins/shopengine/modules/swatches/assets/js/frontend.js?ver=4.8.7 HTTP/1.1" 200 5479 "-" "Mozilla/5.0 (Windows NT 10.0; Win64; x64) AppleWebKit/537.36 (KHTML, like Gecko) Chrome/139.0.0.0 Safari/537.36"
138.199.52.36 - - [10/Mar/2026:07:57:31 +0000] "GET /wp-content/uploads/elementor/google-fonts/css/ledger.css?ver=1749497386 HTTP/1.1" 200 4574 "-" "Mozilla/5.0 (Windows NT 10.0; Win64; x64) AppleWebKit/537.36 (KHTML, like Gecko) Chrome/139.0.0.0 Safari/537.36"
172.111.185.37 - - [10/Mar/2026:07:57:31 +0000] "GET /wp-content/plugins/wp-whatsapp/assets/js/whatsapp-button.js?ver=3.7.3 HTTP/1.1" 200 885 "-" "Mozilla/5.0 (Windows NT 10.0; Win64; x64) AppleWebKit/537.36 (KHTML, like Gecko) Chrome/139.0.0.0 Safari/537.36"
45.84.139.200 - - [10/Mar/2026:07:57:28 +0000] "GET /producto/artprint-la-mujer-de-loth/ HTTP/1.1" 200 47462 "-" "Mozilla/5.0 (Windows NT 10.0; Win64; x64) AppleWebKit/537.36 (KHTML, like Gecko) Chrome/139.0.0.0 Safari/537.36"
45.94.211.102 - - [10/Mar/2026:07:57:32 +0000] "GET /wp-content/uploads/elementor/google-fonts/css/niramit.css?ver=1749497384 HTTP/1.1" 200 1248 "-" "Mozilla/5.0 (Windows NT 10.0; Win64; x64) AppleWebKit/537.36 (KHTML, like Gecko) Chrome/139.0.0.0 Safari/537.36"
45.86.202.163 - - [10/Mar/2026:07:57:31 +0000] "POST //xmlrpc.php HTTP/1.1" 200 3997 "-" "Mozilla/5.0 (Windows NT 10.0; Win64; x64) AppleWebKit/537.36 (KHTML, like Gecko) Chrome/95.0.4638.69 Safari/537.36"
45.84.139.200 - - [10/Mar/2026:07:57:29 +0000] "GET /producto/megaprint-el-vampiro-de-belen/ HTTP/1.1" 200 47068 "-" "Mozilla/5.0 (Windows NT 10.0; Win64; x64) AppleWebKit/537.36 (KHTML, like Gecko) Chrome/139.0.0.0 Safari/537.36"
45.134.140.232 - - [10/Mar/2026:07:57:30 +0000] "GET /producto/megaprint-chucky/ HTTP/1.1" 200 42844 "-" "Mozilla/5.0 (Windows NT 10.0; Win64; x64) AppleWebKit/537.36 (KHTML, like Gecko) Chrome/139.0.0.0 Safari/537.36"
172.111.185.37 - - [10/Mar/2026:07:57:33 +0000] "GET /wp-content/plugins/elementor/assets/css/frontend.min.css?ver=3.34.0 HTTP/1.1" 200 11427 "-" "Mozilla/5.0 (Windows NT 10.0; Win64; x64) AppleWebKit/537.36 (KHTML, like Gecko) Chrome/139.0.0.0 Safari/537.36"
149.88.25.211 - - [10/Mar/2026:07:57:33 +0000] "GET /wp-content/uploads/elementor/css/post-109.css?ver=1772840574 HTTP/1.1" 200 1517 "-" "Mozilla/5.0 (Windows NT 10.0; Win64; x64) AppleWebKit/537.36 (KHTML, like Gecko) Chrome/139.0.0.0 Safari/537.36"
149.34.252.46 - - [10/Mar/2026:07:57:34 +0000] "GET /wp-content/plugins/woocommerce/assets/client/blocks/wc-blocks.css?ver=wc-10.3.7 HTTP/1.1" 200 6801 "-" "Mozilla/5.0 (Windows NT 10.0; Win64; x64) AppleWebKit/537.36 (KHTML, like Gecko) Chrome/139.0.0.0 Safari/537.36"
149.34.252.46 - - [10/Mar/2026:07:57:34 +0000] "GET /wp-content/plugins/woocommerce/assets/css/woocommerce-layout.css?ver=10.3.7 HTTP/1.1" 200 3825 "-" "Mozilla/5.0 (Windows NT 10.0; Win64; x64) AppleWebKit/537.36 (KHTML, like Gecko) Chrome/139.0.0.0 Safari/537.36"
172.111.185.37 - - [10/Mar/2026:07:57:34 +0000] "GET /wp-content/plugins/shopengine/assets/css/shopengine-public.css?ver=4.8.7 HTTP/1.1" 200 8064 "-" "Mozilla/5.0 (Windows NT 10.0; Win64; x64) AppleWebKit/537.36 (KHTML, like Gecko) Chrome/139.0.0.0 Safari/537.36"
45.86.202.203 - - [10/Mar/2026:07:57:33 +0000] "POST //xmlrpc.php HTTP/1.1" 200 3997 "-" "Mozilla/5.0 (Windows NT 10.0; Win64; x64) AppleWebKit/537.36 (KHTML, like Gecko) Chrome/95.0.4638.69 Safari/537.36"
149.34.252.46 - - [10/Mar/2026:07:57:34 +0000] "GET /wp-content/plugins/elementor/assets/lib/animations/styles/zoomIn.min.css?ver=3.34.0 HTTP/1.1" 200 469 "-" "Mozilla/5.0 (Windows NT 10.0; Win64; x64) AppleWebKit/537.36 (KHTML, like Gecko) Chrome/139.0.0.0 Safari/537.36"
45.94.211.102 - - [10/Mar/2026:07:57:32 +0000] "GET /producto/megaprint-lo-que-no-vemos/ HTTP/1.1" 200 43335 "-" "Mozilla/5.0 (Windows NT 10.0; Win64; x64) AppleWebKit/537.36 (KHTML, like Gecko) Chrome/139.0.0.0 Safari/537.36"
149.34.252.46 - - [10/Mar/2026:07:57:35 +0000] "GET /wp-content/plugins/woocommerce/assets/js/js-cookie/js.cookie.min.js?ver=2.1.4-wc.10.3.7 HTTP/1.1" 200 1212 "-" "Mozilla/5.0 (Windows NT 10.0; Win64; x64) AppleWebKit/537.36 (KHTML, like Gecko) Chrome/139.0.0.0 Safari/537.36"
149.34.252.46 - - [10/Mar/2026:07:57:32 +0000] "GET /categoria-producto/playeras/ HTTP/1.1" 200 43861 "-" "Mozilla/5.0 (Windows NT 10.0; Win64; x64) AppleWebKit/537.36 (KHTML, like Gecko) Chrome/139.0.0.0 Safari/537.36"
45.134.140.233 - - [10/Mar/2026:07:57:34 +0000] "GET /feed/ HTTP/1.1" 200 44208 "-" "Mozilla/5.0 (Windows NT 10.0; Win64; x64) AppleWebKit/537.36 (KHTML, like Gecko) Chrome/139.0.0.0 Safari/537.36"
149.88.25.211 - - [10/Mar/2026:07:57:36 +0000] "GET /wp-content/uploads/elementor/google-fonts/css/juliussansone.css?ver=1749497386 HTTP/1.1" 200 783 "-" "Mozilla/5.0 (Windows NT 10.0; Win64; x64) AppleWebKit/537.36 (KHTML, like Gecko) Chrome/139.0.0.0 Safari/537.36"
172.111.185.37 - - [10/Mar/2026:07:57:36 +0000] "GET /wp-content/plugins/wp-whatsapp/assets/dist/css/style.css?ver=6.9.1 HTTP/1.1" 200 5663 "-" "Mozilla/5.0 (Windows NT 10.0; Win64; x64) AppleWebKit/537.36 (KHTML, like Gecko) Chrome/139.0.0.0 Safari/537.36"
138.199.52.36 - - [10/Mar/2026:07:57:36 +0000] "GET /wp-content/plugins/pro-elements/assets/lib/smartmenus/jquery.smartmenus.min.js?ver=1.2.1 HTTP/1.1" 200 7512 "-" "Mozilla/5.0 (Windows NT 10.0; Win64; x64) AppleWebKit/537.36 (KHTML, like Gecko) Chrome/139.0.0.0 Safari/537.36"
45.86.202.203 - - [10/Mar/2026:07:57:35 +0000] "POST //xmlrpc.php HTTP/1.1" 200 3997 "-" "Mozilla/5.0 (Windows NT 10.0; Win64; x64) AppleWebKit/537.36 (KHTML, like Gecko) Chrome/95.0.4638.69 Safari/537.36"
172.111.185.37 - - [10/Mar/2026:07:57:34 +0000] "GET /producto/artprint-terrifier/ HTTP/1.1" 200 43605 "-" "Mozilla/5.0 (Windows NT 10.0; Win64; x64) AppleWebKit/537.36 (KHTML, like Gecko) Chrome/139.0.0.0 Safari/537.36"
172.111.185.37 - - [10/Mar/2026:07:57:37 +0000] "GET /wp-content/plugins/ajax-search-pro/js/min/plugin/optimized/asp-live.js HTTP/1.1" 200 6210 "-" "Mozilla/5.0 (Windows NT 10.0; Win64; x64) AppleWebKit/537.36 (KHTML, like Gecko) Chrome/139.0.0.0 Safari/537.36"
149.34.252.46 - - [10/Mar/2026:07:57:35 +0000] "GET /producto/t-shirt-caballero-nachito/ HTTP/1.1" 200 45512 "-" "Mozilla/5.0 (Windows NT 10.0; Win64; x64) AppleWebKit/537.36 (KHTML, like Gecko) Chrome/139.0.0.0 Safari/537.36"
45.86.202.225 - - [10/Mar/2026:07:57:37 +0000] "POST //xmlrpc.php HTTP/1.1" 200 3997 "-" "Mozilla/5.0 (Windows NT 10.0; Win64; x64) AppleWebKit/537.36 (KHTML, like Gecko) Chrome/95.0.4638.69 Safari/537.36"
138.199.52.36 - - [10/Mar/2026:07:57:36 +0000] "GET /producto/megaprint-chupacabras/ HTTP/1.1" 200 43298 "-" "Mozilla/5.0 (Windows NT 10.0; Win64; x64) AppleWebKit/537.36 (KHTML, like Gecko) Chrome/139.0.0.0 Safari/537.36"
45.134.140.233 - - [10/Mar/2026:07:57:39 +0000] "GET /wp-content/themes/hello-elementor/assets/css/reset.css?ver=3.4.5 HTTP/1.1" 200 2203 "-" "Mozilla/5.0 (Windows NT 10.0; Win64; x64) AppleWebKit/537.36 (KHTML, like Gecko) Chrome/139.0.0.0 Safari/537.36"
45.134.140.232 - - [10/Mar/2026:07:57:40 +0000] "GET /wp-content/plugins/powerpack-elements/assets/lib/tooltipster/tooltipster.min.js?ver=2.10.9 HTTP/1.1" 200 14182 "-" "Mozilla/5.0 (Windows NT 10.0; Win64; x64) AppleWebKit/537.36 (KHTML, like Gecko) Chrome/139.0.0.0 Safari/537.36"
45.86.202.195 - - [10/Mar/2026:07:57:39 +0000] "POST //xmlrpc.php HTTP/1.1" 200 3997 "-" "Mozilla/5.0 (Windows NT 10.0; Win64; x64) AppleWebKit/537.36 (KHTML, like Gecko) Chrome/95.0.4638.69 Safari/537.36"
149.34.252.46 - - [10/Mar/2026:07:57:38 +0000] "GET /producto/t-shirt-caballero-killer-klowns-from-outer-space/ HTTP/1.1" 200 45332 "-" "Mozilla/5.0 (Windows NT 10.0; Win64; x64) AppleWebKit/537.36 (KHTML, like Gecko) Chrome/139.0.0.0 Safari/537.36"
149.34.252.46 - - [10/Mar/2026:07:57:41 +0000] "GET /wp-content/plugins/ajax-search-pro/js/min/plugin/optimized/asp-wrapper.js HTTP/1.1" 200 2331 "-" "Mozilla/5.0 (Windows NT 10.0; Win64; x64) AppleWebKit/537.36 (KHTML, like Gecko) Chrome/139.0.0.0 Safari/537.36"
172.111.185.37 - - [10/Mar/2026:07:57:38 +0000] "GET /producto/artprint-jinete/ HTTP/1.1" 200 43217 "-" "Mozilla/5.0 (Windows NT 10.0; Win64; x64) AppleWebKit/537.36 (KHTML, like Gecko) Chrome/139.0.0.0 Safari/537.36"
45.84.139.200 - - [10/Mar/2026:07:57:39 +0000] "GET /producto/artprint-el-peregrino/ HTTP/1.1" 200 47599 "-" "Mozilla/5.0 (Windows NT 10.0; Win64; x64) AppleWebKit/537.36 (KHTML, like Gecko) Chrome/139.0.0.0 Safari/537.36"
45.86.202.183 - - [10/Mar/2026:07:57:41 +0000] "POST //xmlrpc.php HTTP/1.1" 200 3997 "-" "Mozilla/5.0 (Windows NT 10.0; Win64; x64) AppleWebKit/537.36 (KHTML, like Gecko) Chrome/95.0.4638.69 Safari/537.36"
91.196.220.191 - - [10/Mar/2026:07:57:40 +0000] "GET /producto/t-shirt-caballero-tim-curry/ HTTP/1.1" 200 49025 "-" "Mozilla/5.0 (Windows NT 10.0; Win64; x64) AppleWebKit/537.36 (KHTML, like Gecko) Chrome/139.0.0.0 Safari/537.36"
160.250.186.93 - - [10/Mar/2026:07:57:39 +0000] "GET / HTTP/1.1" 200 54511 "-" "Mozilla/5.0 (X11; Ubuntu; Linux i686; rv:114.0) Gecko/20100101 Firefox/114.0"
45.86.202.171 - - [10/Mar/2026:07:57:43 +0000] "POST //xmlrpc.php HTTP/1.1" 200 3997 "-" "Mozilla/5.0 (Windows NT 10.0; Win64; x64) AppleWebKit/537.36 (KHTML, like Gecko) Chrome/95.0.4638.69 Safari/537.36"
172.111.185.37 - - [10/Mar/2026:07:57:44 +0000] "GET /wp-content/plugins/pro-elements/assets/css/widget-nav-menu.min.css?ver=3.34.0 HTTP/1.1" 200 7634 "-" "Mozilla/5.0 (Windows NT 10.0; Win64; x64) AppleWebKit/537.36 (KHTML, like Gecko) Chrome/139.0.0.0 Safari/537.36"
172.111.185.37 - - [10/Mar/2026:07:57:41 +0000] "GET /producto/megaprint-king-reaper-ghoulish/ HTTP/1.1" 200 42995 "-" "Mozilla/5.0 (Windows NT 10.0; Win64; x64) AppleWebKit/537.36 (KHTML, like Gecko) Chrome/139.0.0.0 Safari/537.36"
45.86.202.190 - - [10/Mar/2026:07:57:45 +0000] "POST //xmlrpc.php HTTP/1.1" 200 3997 "-" "Mozilla/5.0 (Windows NT 10.0; Win64; x64) AppleWebKit/537.36 (KHTML, like Gecko) Chrome/95.0.4638.69 Safari/537.36"
149.88.25.211 - - [10/Mar/2026:07:57:44 +0000] "GET /producto/megaprint-the-texas-chainsaw-massacre/ HTTP/1.1" 200 46786 "-" "Mozilla/5.0 (Windows NT 10.0; Win64; x64) AppleWebKit/537.36 (KHTML, like Gecko) Chrome/139.0.0.0 Safari/537.36"
149.34.252.46 - - [10/Mar/2026:07:57:47 +0000] "GET /wp-content/plugins/woocommerce/assets/js/frontend/woocommerce.min.js?ver=10.3.7 HTTP/1.1" 200 5626 "-" "Mozilla/5.0 (Windows NT 10.0; Win64; x64) AppleWebKit/537.36 (KHTML, like Gecko) Chrome/139.0.0.0 Safari/537.36"
45.134.140.233 - - [10/Mar/2026:07:57:48 +0000] "GET /wp-content/plugins/shopengine/modules/quick-view/assets/js/script.js?ver=6.9.1 HTTP/1.1" 200 4495 "-" "Mozilla/5.0 (Windows NT 10.0; Win64; x64) AppleWebKit/537.36 (KHTML, like Gecko) Chrome/139.0.0.0 Safari/537.36"
45.134.140.233 - - [10/Mar/2026:07:57:48 +0000] "GET /wp-content/plugins/instagram-feed/css/sbi-styles.min.css?ver=6.10.0 HTTP/1.1" 200 9232 "-" "Mozilla/5.0 (Windows NT 10.0; Win64; x64) AppleWebKit/537.36 (KHTML, like Gecko) Chrome/139.0.0.0 Safari/537.36"
45.86.202.171 - - [10/Mar/2026:07:57:47 +0000] "POST //xmlrpc.php HTTP/1.1" 200 3997 "-" "Mozilla/5.0 (Windows NT 10.0; Win64; x64) AppleWebKit/537.36 (KHTML, like Gecko) Chrome/95.0.4638.69 Safari/537.36"
45.84.139.200 - - [10/Mar/2026:07:57:45 +0000] "GET /categoria-producto/mega-prints/ HTTP/1.1" 200 40078 "-" "Mozilla/5.0 (Windows NT 10.0; Win64; x64) AppleWebKit/537.36 (KHTML, like Gecko) Chrome/139.0.0.0 Safari/537.36"
172.111.185.37 - - [10/Mar/2026:07:57:45 +0000] "GET /producto/t-shirt-caballero-catrina/ HTTP/1.1" 200 48874 "-" "Mozilla/5.0 (Windows NT 10.0; Win64; x64) AppleWebKit/537.36 (KHTML, like Gecko) Chrome/139.0.0.0 Safari/537.36"
160.250.186.93 - - [10/Mar/2026:07:57:45 +0000] "GET /?p=795 HTTP/1.1" 404 180156 "https://hvmbertogarza.com/" "Mozilla/5.0 (X11; Ubuntu; Linux i686; rv:114.0) Gecko/20100101 Firefox/114.0"
45.86.202.197 - - [10/Mar/2026:07:57:49 +0000] "POST //xmlrpc.php HTTP/1.1" 200 3997 "-" "Mozilla/5.0 (Windows NT 10.0; Win64; x64) AppleWebKit/537.36 (KHTML, like Gecko) Chrome/95.0.4638.69 Safari/537.36"
149.34.252.46 - - [10/Mar/2026:07:57:47 +0000] "GET /producto/libro-monsters-creatures-ghouls-leyendas-de-mexico-vol-0/ HTTP/1.1" 200 43518 "-" "Mozilla/5.0 (Windows NT 10.0; Win64; x64) AppleWebKit/537.36 (KHTML, like Gecko) Chrome/139.0.0.0 Safari/537.36"
172.111.185.37 - - [10/Mar/2026:07:57:50 +0000] "GET /wp-content/plugins/woocommerce/assets/css/woocommerce-smallscreen.css?ver=10.3.7 HTTP/1.1" 200 1646 "-" "Mozilla/5.0 (Windows NT 10.0; Win64; x64) AppleWebKit/537.36 (KHTML, like Gecko) Chrome/139.0.0.0 Safari/537.36"
