45.86.202.157 - - [10/Mar/2026:07:30:40 +0000] "POST //xmlrpc.php HTTP/1.1" 200 3997 "-" "Mozilla/5.0 (Windows NT 10.0; Win64; x64) AppleWebKit/537.36 (KHTML, like Gecko) Chrome/95.0.4638.69 Safari/537.36"
74.208.176.140 - - [10/Mar/2026:07:30:43 +0000] "POST /wp-cron.php?doing_wp_cron=1773127843.6241259574890136718750 HTTP/1.1" 200 4101 "-" "WordPress/6.9.1; https://hvmbertogarza.com"
45.86.202.195 - - [10/Mar/2026:07:30:42 +0000] "POST //xmlrpc.php HTTP/1.1" 200 3997 "-" "Mozilla/5.0 (Windows NT 10.0; Win64; x64) AppleWebKit/537.36 (KHTML, like Gecko) Chrome/95.0.4638.69 Safari/537.36"
45.86.202.189 - - [10/Mar/2026:07:30:44 +0000] "POST //xmlrpc.php HTTP/1.1" 200 3997 "-" "Mozilla/5.0 (Windows NT 10.0; Win64; x64) AppleWebKit/537.36 (KHTML, like Gecko) Chrome/95.0.4638.69 Safari/537.36"
45.86.202.178 - - [10/Mar/2026:07:30:46 +0000] "POST //xmlrpc.php HTTP/1.1" 200 3997 "-" "Mozilla/5.0 (Windows NT 10.0; Win64; x64) AppleWebKit/537.36 (KHTML, like Gecko) Chrome/95.0.4638.69 Safari/537.36"
45.86.202.188 - - [10/Mar/2026:07:30:47 +0000] "POST //xmlrpc.php HTTP/1.1" 200 3997 "-" "Mozilla/5.0 (Windows NT 10.0; Win64; x64) AppleWebKit/537.36 (KHTML, like Gecko) Chrome/95.0.4638.69 Safari/537.36"
64.182.127.140 - - [10/Mar/2026:07:30:48 +0000] "GET /wp-login.php HTTP/1.1" 200 7389 "-" "Mozilla/4.0 (compatible; MSIE 7.0; Windows NT 6.2; WOW64; Trident/7.0; .NET4.0E; .NET4.0C; .NET CLR 3.5.30729; .NET CLR 2.0.50727; .NET CLR 3.0.30729)"
45.86.202.225 - - [10/Mar/2026:07:30:49 +0000] "POST //xmlrpc.php HTTP/1.1" 200 3997 "-" "Mozilla/5.0 (Windows NT 10.0; Win64; x64) AppleWebKit/537.36 (KHTML, like Gecko) Chrome/95.0.4638.69 Safari/537.36"
74.208.176.140 - - [10/Mar/2026:07:30:51 +0000] "POST /wp-cron.php?doing_wp_cron=1773127851.6397280693054199218750 HTTP/1.1" 200 4101 "-" "WordPress/6.9.1; https://hvmbertogarza.com"
64.182.127.140 - - [10/Mar/2026:07:30:50 +0000] "POST /wp-login.php HTTP/1.1" 200 3781 "https://hvmbertogarza.com/wp-login.php" "Mozilla/4.0 (compatible; MSIE 7.0; Windows NT 6.2; WOW64; Trident/7.0; .NET4.0E; .NET4.0C; .NET CLR 3.5.30729; .NET CLR 2.0.50727; .NET CLR 3.0.30729)"
74.208.176.140 - - [10/Mar/2026:07:30:53 +0000] "POST /wp-cron.php?doing_wp_cron=1773127852.9937579631805419921875 HTTP/1.1" 200 4101 "-" "WordPress/6.9.1; https://hvmbertogarza.com"
45.86.202.158 - - [10/Mar/2026:07:30:51 +0000] "POST //xmlrpc.php HTTP/1.1" 200 3997 "-" "Mozilla/5.0 (Windows NT 10.0; Win64; x64) AppleWebKit/537.36 (KHTML, like Gecko) Chrome/95.0.4638.69 Safari/537.36"
45.86.202.166 - - [10/Mar/2026:07:30:53 +0000] "POST //xmlrpc.php HTTP/1.1" 200 3997 "-" "Mozilla/5.0 (Windows NT 10.0; Win64; x64) AppleWebKit/537.36 (KHTML, like Gecko) Chrome/95.0.4638.69 Safari/537.36"
45.86.202.158 - - [10/Mar/2026:07:30:55 +0000] "POST //xmlrpc.php HTTP/1.1" 200 3997 "-" "Mozilla/5.0 (Windows NT 10.0; Win64; x64) AppleWebKit/537.36 (KHTML, like Gecko) Chrome/95.0.4638.69 Safari/537.36"
45.86.202.193 - - [10/Mar/2026:07:30:56 +0000] "POST //xmlrpc.php HTTP/1.1" 200 3997 "-" "Mozilla/5.0 (Windows NT 10.0; Win64; x64) AppleWebKit/537.36 (KHTML, like Gecko) Chrome/95.0.4638.69 Safari/537.36"
45.86.202.196 - - [10/Mar/2026:07:30:58 +0000] "POST //xmlrpc.php HTTP/1.1" 200 3997 "-" "Mozilla/5.0 (Windows NT 10.0; Win64; x64) AppleWebKit/537.36 (KHTML, like Gecko) Chrome/95.0.4638.69 Safari/537.36"
45.86.202.169 - - [10/Mar/2026:07:31:00 +0000] "POST //xmlrpc.php HTTP/1.1" 200 3997 "-" "Mozilla/5.0 (Windows NT 10.0; Win64; x64) AppleWebKit/537.36 (KHTML, like Gecko) Chrome/95.0.4638.69 Safari/537.36"
45.86.202.187 - - [10/Mar/2026:07:31:02 +0000] "POST //xmlrpc.php HTTP/1.1" 200 3997 "-" "Mozilla/5.0 (Windows NT 10.0; Win64; x64) AppleWebKit/537.36 (KHTML, like Gecko) Chrome/95.0.4638.69 Safari/537.36"
45.86.202.173 - - [10/Mar/2026:07:31:04 +0000] "POST //xmlrpc.php HTTP/1.1" 200 3997 "-" "Mozilla/5.0 (Windows NT 10.0; Win64; x64) AppleWebKit/537.36 (KHTML, like Gecko) Chrome/95.0.4638.69 Safari/537.36"
45.86.202.162 - - [10/Mar/2026:07:31:06 +0000] "POST //xmlrpc.php HTTP/1.1" 200 3997 "-" "Mozilla/5.0 (Windows NT 10.0; Win64; x64) AppleWebKit/537.36 (KHTML, like Gecko) Chrome/95.0.4638.69 Safari/537.36"
45.86.202.198 - - [10/Mar/2026:07:31:08 +0000] "POST //xmlrpc.php HTTP/1.1" 200 3997 "-" "Mozilla/5.0 (Windows NT 10.0; Win64; x64) AppleWebKit/537.36 (KHTML, like Gecko) Chrome/95.0.4638.69 Safari/537.36"
45.86.202.157 - - [10/Mar/2026:07:31:09 +0000] "POST //xmlrpc.php HTTP/1.1" 200 3997 "-" "Mozilla/5.0 (Windows NT 10.0; Win64; x64) AppleWebKit/537.36 (KHTML, like Gecko) Chrome/95.0.4638.69 Safari/537.36"
45.86.202.188 - - [10/Mar/2026:07:31:11 +0000] "POST //xmlrpc.php HTTP/1.1" 200 3997 "-" "Mozilla/5.0 (Windows NT 10.0; Win64; x64) AppleWebKit/537.36 (KHTML, like Gecko) Chrome/95.0.4638.69 Safari/537.36"
54.39.210.83 - - [10/Mar/2026:07:31:11 +0000] "GET /shop/cruise/embaying011006367069.html HTTP/1.1" 404 142794 "-" "Mozilla/5.0 (compatible; AhrefsBot/7.0; +http://ahrefs.com/robot/)"
45.86.202.201 - - [10/Mar/2026:07:31:13 +0000] "POST //xmlrpc.php HTTP/1.1" 200 3997 "-" "Mozilla/5.0 (Windows NT 10.0; Win64; x64) AppleWebKit/537.36 (KHTML, like Gecko) Chrome/95.0.4638.69 Safari/537.36"
45.86.202.224 - - [10/Mar/2026:07:31:15 +0000] "POST //xmlrpc.php HTTP/1.1" 200 3997 "-" "Mozilla/5.0 (Windows NT 10.0; Win64; x64) AppleWebKit/537.36 (KHTML, like Gecko) Chrome/95.0.4638.69 Safari/537.36"
45.86.202.187 - - [10/Mar/2026:07:31:17 +0000] "POST //xmlrpc.php HTTP/1.1" 200 3997 "-" "Mozilla/5.0 (Windows NT 10.0; Win64; x64) AppleWebKit/537.36 (KHTML, like Gecko) Chrome/95.0.4638.69 Safari/537.36"
45.86.202.201 - - [10/Mar/2026:07:31:19 +0000] "POST //xmlrpc.php HTTP/1.1" 200 3997 "-" "Mozilla/5.0 (Windows NT 10.0; Win64; x64) AppleWebKit/537.36 (KHTML, like Gecko) Chrome/95.0.4638.69 Safari/537.36"
45.86.202.185 - - [10/Mar/2026:07:31:21 +0000] "POST //xmlrpc.php HTTP/1.1" 200 3997 "-" "Mozilla/5.0 (Windows NT 10.0; Win64; x64) AppleWebKit/537.36 (KHTML, like Gecko) Chrome/95.0.4638.69 Safari/537.36"
45.86.202.182 - - [10/Mar/2026:07:31:23 +0000] "POST //xmlrpc.php HTTP/1.1" 200 3997 "-" "Mozilla/5.0 (Windows NT 10.0; Win64; x64) AppleWebKit/537.36 (KHTML, like Gecko) Chrome/95.0.4638.69 Safari/537.36"
45.86.202.164 - - [10/Mar/2026:07:31:25 +0000] "POST //xmlrpc.php HTTP/1.1" 200 3997 "-" "Mozilla/5.0 (Windows NT 10.0; Win64; x64) AppleWebKit/537.36 (KHTML, like Gecko) Chrome/95.0.4638.69 Safari/537.36"
45.86.202.201 - - [10/Mar/2026:07:31:27 +0000] "POST //xmlrpc.php HTTP/1.1" 200 3997 "-" "Mozilla/5.0 (Windows NT 10.0; Win64; x64) AppleWebKit/537.36 (KHTML, like Gecko) Chrome/95.0.4638.69 Safari/537.36"
45.86.202.196 - - [10/Mar/2026:07:31:29 +0000] "POST //xmlrpc.php HTTP/1.1" 200 3997 "-" "Mozilla/5.0 (Windows NT 10.0; Win64; x64) AppleWebKit/537.36 (KHTML, like Gecko) Chrome/95.0.4638.69 Safari/537.36"
45.86.202.167 - - [10/Mar/2026:07:31:30 +0000] "POST //xmlrpc.php HTTP/1.1" 200 3997 "-" "Mozilla/5.0 (Windows NT 10.0; Win64; x64) AppleWebKit/537.36 (KHTML, like Gecko) Chrome/95.0.4638.69 Safari/537.36"
45.86.202.173 - - [10/Mar/2026:07:31:32 +0000] "POST //xmlrpc.php HTTP/1.1" 200 3997 "-" "Mozilla/5.0 (Windows NT 10.0; Win64; x64) AppleWebKit/537.36 (KHTML, like Gecko) Chrome/95.0.4638.69 Safari/537.36"
45.86.202.175 - - [10/Mar/2026:07:31:34 +0000] "POST //xmlrpc.php HTTP/1.1" 200 3997 "-" "Mozilla/5.0 (Windows NT 10.0; Win64; x64) AppleWebKit/537.36 (KHTML, like Gecko) Chrome/95.0.4638.69 Safari/537.36"
45.86.202.175 - - [10/Mar/2026:07:31:36 +0000] "POST //xmlrpc.php HTTP/1.1" 200 3997 "-" "Mozilla/5.0 (Windows NT 10.0; Win64; x64) AppleWebKit/537.36 (KHTML, like Gecko) Chrome/95.0.4638.69 Safari/537.36"
45.86.202.193 - - [10/Mar/2026:07:31:37 +0000] "POST //xmlrpc.php HTTP/1.1" 200 3997 "-" "Mozilla/5.0 (Windows NT 10.0; Win64; x64) AppleWebKit/537.36 (KHTML, like Gecko) Chrome/95.0.4638.69 Safari/537.36"
45.86.202.177 - - [10/Mar/2026:07:31:39 +0000] "POST //xmlrpc.php HTTP/1.1" 200 3997 "-" "Mozilla/5.0 (Windows NT 10.0; Win64; x64) AppleWebKit/537.36 (KHTML, like Gecko) Chrome/95.0.4638.69 Safari/537.36"
45.86.202.193 - - [10/Mar/2026:07:31:41 +0000] "POST //xmlrpc.php HTTP/1.1" 200 3997 "-" "Mozilla/5.0 (Windows NT 10.0; Win64; x64) AppleWebKit/537.36 (KHTML, like Gecko) Chrome/95.0.4638.69 Safari/537.36"
45.86.202.196 - - [10/Mar/2026:07:31:43 +0000] "POST //xmlrpc.php HTTP/1.1" 200 3997 "-" "Mozilla/5.0 (Windows NT 10.0; Win64; x64) AppleWebKit/537.36 (KHTML, like Gecko) Chrome/95.0.4638.69 Safari/537.36"
45.86.202.175 - - [10/Mar/2026:07:31:44 +0000] "POST //xmlrpc.php HTTP/1.1" 200 3997 "-" "Mozilla/5.0 (Windows NT 10.0; Win64; x64) AppleWebKit/537.36 (KHTML, like Gecko) Chrome/95.0.4638.69 Safari/537.36"
45.86.202.164 - - [10/Mar/2026:07:31:46 +0000] "POST //xmlrpc.php HTTP/1.1" 200 3997 "-" "Mozilla/5.0 (Windows NT 10.0; Win64; x64) AppleWebKit/537.36 (KHTML, like Gecko) Chrome/95.0.4638.69 Safari/537.36"
45.86.202.161 - - [10/Mar/2026:07:31:48 +0000] "POST //xmlrpc.php HTTP/1.1" 200 3997 "-" "Mozilla/5.0 (Windows NT 10.0; Win64; x64) AppleWebKit/537.36 (KHTML, like Gecko) Chrome/95.0.4638.69 Safari/537.36"
45.86.202.175 - - [10/Mar/2026:07:31:50 +0000] "POST //xmlrpc.php HTTP/1.1" 200 3997 "-" "Mozilla/5.0 (Windows NT 10.0; Win64; x64) AppleWebKit/537.36 (KHTML, like Gecko) Chrome/95.0.4638.69 Safari/537.36"
74.208.176.140 - - [10/Mar/2026:07:31:53 +0000] "POST /wp-cron.php?doing_wp_cron=1773127913.3743200302124023437500 HTTP/1.1" 200 4101 "-" "WordPress/6.9.1; https://hvmbertogarza.com"
45.86.202.181 - - [10/Mar/2026:07:31:52 +0000] "POST //xmlrpc.php HTTP/1.1" 200 3997 "-" "Mozilla/5.0 (Windows NT 10.0; Win64; x64) AppleWebKit/537.36 (KHTML, like Gecko) Chrome/95.0.4638.69 Safari/537.36"
45.86.202.188 - - [10/Mar/2026:07:31:54 +0000] "POST //xmlrpc.php HTTP/1.1" 200 3997 "-" "Mozilla/5.0 (Windows NT 10.0; Win64; x64) AppleWebKit/537.36 (KHTML, like Gecko) Chrome/95.0.4638.69 Safari/537.36"
45.86.202.156 - - [10/Mar/2026:07:31:55 +0000] "POST //xmlrpc.php HTTP/1.1" 200 3997 "-" "Mozilla/5.0 (Windows NT 10.0; Win64; x64) AppleWebKit/537.36 (KHTML, like Gecko) Chrome/95.0.4638.69 Safari/537.36"
45.86.202.187 - - [10/Mar/2026:07:31:57 +0000] "POST //xmlrpc.php HTTP/1.1" 200 3997 "-" "Mozilla/5.0 (Windows NT 10.0; Win64; x64) AppleWebKit/537.36 (KHTML, like Gecko) Chrome/95.0.4638.69 Safari/537.36"
45.86.202.165 - - [10/Mar/2026:07:31:59 +0000] "POST //xmlrpc.php HTTP/1.1" 200 3997 "-" "Mozilla/5.0 (Windows NT 10.0; Win64; x64) AppleWebKit/537.36 (KHTML, like Gecko) Chrome/95.0.4638.69 Safari/537.36"
45.86.202.159 - - [10/Mar/2026:07:32:01 +0000] "POST //xmlrpc.php HTTP/1.1" 200 3997 "-" "Mozilla/5.0 (Windows NT 10.0; Win64; x64) AppleWebKit/537.36 (KHTML, like Gecko) Chrome/95.0.4638.69 Safari/537.36"
45.86.202.170 - - [10/Mar/2026:07:32:03 +0000] "POST //xmlrpc.php HTTP/1.1" 200 3997 "-" "Mozilla/5.0 (Windows NT 10.0; Win64; x64) AppleWebKit/537.36 (KHTML, like Gecko) Chrome/95.0.4638.69 Safari/537.36"
45.86.202.181 - - [10/Mar/2026:07:32:05 +0000] "POST //xmlrpc.php HTTP/1.1" 200 3997 "-" "Mozilla/5.0 (Windows NT 10.0; Win64; x64) AppleWebKit/537.36 (KHTML, like Gecko) Chrome/95.0.4638.69 Safari/537.36"
45.86.202.176 - - [10/Mar/2026:07:32:08 +0000] "POST //xmlrpc.php HTTP/1.1" 200 3997 "-" "Mozilla/5.0 (Windows NT 10.0; Win64; x64) AppleWebKit/537.36 (KHTML, like Gecko) Chrome/95.0.4638.69 Safari/537.36"
45.86.202.203 - - [10/Mar/2026:07:32:10 +0000] "POST //xmlrpc.php HTTP/1.1" 200 3997 "-" "Mozilla/5.0 (Windows NT 10.0; Win64; x64) AppleWebKit/537.36 (KHTML, like Gecko) Chrome/95.0.4638.69 Safari/537.36"
45.86.202.166 - - [10/Mar/2026:07:32:12 +0000] "POST //xmlrpc.php HTTP/1.1" 200 3997 "-" "Mozilla/5.0 (Windows NT 10.0; Win64; x64) AppleWebKit/537.36 (KHTML, like Gecko) Chrome/95.0.4638.69 Safari/537.36"
45.86.202.224 - - [10/Mar/2026:07:32:14 +0000] "POST //xmlrpc.php HTTP/1.1" 200 3997 "-" "Mozilla/5.0 (Windows NT 10.0; Win64; x64) AppleWebKit/537.36 (KHTML, like Gecko) Chrome/95.0.4638.69 Safari/537.36"
45.86.202.187 - - [10/Mar/2026:07:32:16 +0000] "POST //xmlrpc.php HTTP/1.1" 200 3997 "-" "Mozilla/5.0 (Windows NT 10.0; Win64; x64) AppleWebKit/537.36 (KHTML, like Gecko) Chrome/95.0.4638.69 Safari/537.36"
45.86.202.193 - - [10/Mar/2026:07:32:18 +0000] "POST //xmlrpc.php HTTP/1.1" 200 3997 "-" "Mozilla/5.0 (Windows NT 10.0; Win64; x64) AppleWebKit/537.36 (KHTML, like Gecko) Chrome/95.0.4638.69 Safari/537.36"
74.208.176.140 - - [10/Mar/2026:07:32:21 +0000] "POST /wp-cron.php?doing_wp_cron=1773127941.7437510490417480468750 HTTP/1.1" 200 4101 "-" "WordPress/6.9.1; https://hvmbertogarza.com"
45.86.202.186 - - [10/Mar/2026:07:32:20 +0000] "POST //xmlrpc.php HTTP/1.1" 200 3997 "-" "Mozilla/5.0 (Windows NT 10.0; Win64; x64) AppleWebKit/537.36 (KHTML, like Gecko) Chrome/95.0.4638.69 Safari/537.36"
45.86.202.204 - - [10/Mar/2026:07:32:22 +0000] "POST //xmlrpc.php HTTP/1.1" 200 3997 "-" "Mozilla/5.0 (Windows NT 10.0; Win64; x64) AppleWebKit/537.36 (KHTML, like Gecko) Chrome/95.0.4638.69 Safari/537.36"
45.86.202.198 - - [10/Mar/2026:07:32:24 +0000] "POST //xmlrpc.php HTTP/1.1" 200 3997 "-" "Mozilla/5.0 (Windows NT 10.0; Win64; x64) AppleWebKit/537.36 (KHTML, like Gecko) Chrome/95.0.4638.69 Safari/537.36"
45.86.202.197 - - [10/Mar/2026:07:32:26 +0000] "POST //xmlrpc.php HTTP/1.1" 200 3997 "-" "Mozilla/5.0 (Windows NT 10.0; Win64; x64) AppleWebKit/537.36 (KHTML, like Gecko) Chrome/95.0.4638.69 Safari/537.36"
45.86.202.190 - - [10/Mar/2026:07:32:28 +0000] "POST //xmlrpc.php HTTP/1.1" 200 3997 "-" "Mozilla/5.0 (Windows NT 10.0; Win64; x64) AppleWebKit/537.36 (KHTML, like Gecko) Chrome/95.0.4638.69 Safari/537.36"
45.86.202.189 - - [10/Mar/2026:07:32:30 +0000] "POST //xmlrpc.php HTTP/1.1" 200 3997 "-" "Mozilla/5.0 (Windows NT 10.0; Win64; x64) AppleWebKit/537.36 (KHTML, like Gecko) Chrome/95.0.4638.69 Safari/537.36"
45.86.202.181 - - [10/Mar/2026:07:32:31 +0000] "POST //xmlrpc.php HTTP/1.1" 200 3997 "-" "Mozilla/5.0 (Windows NT 10.0; Win64; x64) AppleWebKit/537.36 (KHTML, like Gecko) Chrome/95.0.4638.69 Safari/537.36"
45.86.202.166 - - [10/Mar/2026:07:32:33 +0000] "POST //xmlrpc.php HTTP/1.1" 200 3997 "-" "Mozilla/5.0 (Windows NT 10.0; Win64; x64) AppleWebKit/537.36 (KHTML, like Gecko) Chrome/95.0.4638.69 Safari/537.36"
45.86.202.161 - - [10/Mar/2026:07:32:35 +0000] "POST //xmlrpc.php HTTP/1.1" 200 3997 "-" "Mozilla/5.0 (Windows NT 10.0; Win64; x64) AppleWebKit/537.36 (KHTML, like Gecko) Chrome/95.0.4638.69 Safari/537.36"
45.86.202.195 - - [10/Mar/2026:07:32:37 +0000] "POST //xmlrpc.php HTTP/1.1" 200 3997 "-" "Mozilla/5.0 (Windows NT 10.0; Win64; x64) AppleWebKit/537.36 (KHTML, like Gecko) Chrome/95.0.4638.69 Safari/537.36"
45.86.202.164 - - [10/Mar/2026:07:32:39 +0000] "POST //xmlrpc.php HTTP/1.1" 200 3997 "-" "Mozilla/5.0 (Windows NT 10.0; Win64; x64) AppleWebKit/537.36 (KHTML, like Gecko) Chrome/95.0.4638.69 Safari/537.36"
45.86.202.204 - - [10/Mar/2026:07:32:41 +0000] "POST //xmlrpc.php HTTP/1.1" 200 3997 "-" "Mozilla/5.0 (Windows NT 10.0; Win64; x64) AppleWebKit/537.36 (KHTML, like Gecko) Chrome/95.0.4638.69 Safari/537.36"
45.86.202.167 - - [10/Mar/2026:07:32:43 +0000] "POST //xmlrpc.php HTTP/1.1" 200 3997 "-" "Mozilla/5.0 (Windows NT 10.0; Win64; x64) AppleWebKit/537.36 (KHTML, like Gecko) Chrome/95.0.4638.69 Safari/537.36"
45.86.202.176 - - [10/Mar/2026:07:32:45 +0000] "POST //xmlrpc.php HTTP/1.1" 200 3997 "-" "Mozilla/5.0 (Windows NT 10.0; Win64; x64) AppleWebKit/537.36 (KHTML, like Gecko) Chrome/95.0.4638.69 Safari/537.36"
45.86.202.158 - - [10/Mar/2026:07:32:47 +0000] "POST //xmlrpc.php HTTP/1.1" 200 3997 "-" "Mozilla/5.0 (Windows NT 10.0; Win64; x64) AppleWebKit/537.36 (KHTML, like Gecko) Chrome/95.0.4638.69 Safari/537.36"
45.86.202.201 - - [10/Mar/2026:07:32:49 +0000] "POST //xmlrpc.php HTTP/1.1" 200 3997 "-" "Mozilla/5.0 (Windows NT 10.0; Win64; x64) AppleWebKit/537.36 (KHTML, like Gecko) Chrome/95.0.4638.69 Safari/537.36"
74.208.176.140 - - [10/Mar/2026:07:32:52 +0000] "POST /wp-cron.php?doing_wp_cron=1773127972.2187728881835937500000 HTTP/1.1" 200 4101 "-" "WordPress/6.9.1; https://hvmbertogarza.com"
3.96.172.104 - - [10/Mar/2026:07:32:51 +0000] "POST /xmlrpc.php HTTP/1.1" 200 10199 "-" "Mozilla/5.0 (Windows NT 10.0; Win64; x64) AppleWebKit/537.36 (KHTML, like Gecko) Chrome/108.0.0.0 Safari/537.36"
45.86.202.193 - - [10/Mar/2026:07:32:51 +0000] "POST //xmlrpc.php HTTP/1.1" 200 3997 "-" "Mozilla/5.0 (Windows NT 10.0; Win64; x64) AppleWebKit/537.36 (KHTML, like Gecko) Chrome/95.0.4638.69 Safari/537.36"
45.86.202.174 - - [10/Mar/2026:07:32:53 +0000] "POST //xmlrpc.php HTTP/1.1" 200 3997 "-" "Mozilla/5.0 (Windows NT 10.0; Win64; x64) AppleWebKit/537.36 (KHTML, like Gecko) Chrome/95.0.4638.69 Safari/537.36"
3.96.172.104 - - [10/Mar/2026:07:32:53 +0000] "POST /xmlrpc.php HTTP/1.1" 200 4136 "-" "Mozilla/5.0 (Windows NT 10.0; Win64; x64) AppleWebKit/537.36 (KHTML, like Gecko) Chrome/108.0.0.0 Safari/537.36"
74.208.176.140 - - [10/Mar/2026:07:32:56 +0000] "POST /wp-cron.php?doing_wp_cron=1773127976.1230919361114501953125 HTTP/1.1" 200 4101 "-" "WordPress/6.9.1; https://hvmbertogarza.com"
45.86.202.205 - - [10/Mar/2026:07:32:55 +0000] "POST //xmlrpc.php HTTP/1.1" 200 3997 "-" "Mozilla/5.0 (Windows NT 10.0; Win64; x64) AppleWebKit/537.36 (KHTML, like Gecko) Chrome/95.0.4638.69 Safari/537.36"
3.96.172.104 - - [10/Mar/2026:07:32:56 +0000] "POST /xmlrpc.php HTTP/1.1" 200 15289 "-" "Mozilla/5.0 (Windows NT 10.0; Win64; x64) AppleWebKit/537.36 (KHTML, like Gecko) Chrome/108.0.0.0 Safari/537.36"
45.86.202.168 - - [10/Mar/2026:07:32:56 +0000] "POST //xmlrpc.php HTTP/1.1" 200 3997 "-" "Mozilla/5.0 (Windows NT 10.0; Win64; x64) AppleWebKit/537.36 (KHTML, like Gecko) Chrome/95.0.4638.69 Safari/537.36"
74.208.176.140 - - [10/Mar/2026:07:32:59 +0000] "POST /wp-cron.php?doing_wp_cron=1773127979.8196051120758056640625 HTTP/1.1" 200 4101 "-" "WordPress/6.9.1; https://hvmbertogarza.com"
45.86.202.156 - - [10/Mar/2026:07:32:58 +0000] "POST //xmlrpc.php HTTP/1.1" 200 3997 "-" "Mozilla/5.0 (Windows NT 10.0; Win64; x64) AppleWebKit/537.36 (KHTML, like Gecko) Chrome/95.0.4638.69 Safari/537.36"
45.86.202.179 - - [10/Mar/2026:07:33:00 +0000] "POST //xmlrpc.php HTTP/1.1" 200 3997 "-" "Mozilla/5.0 (Windows NT 10.0; Win64; x64) AppleWebKit/537.36 (KHTML, like Gecko) Chrome/95.0.4638.69 Safari/537.36"
45.86.202.225 - - [10/Mar/2026:07:33:02 +0000] "POST //xmlrpc.php HTTP/1.1" 200 3997 "-" "Mozilla/5.0 (Windows NT 10.0; Win64; x64) AppleWebKit/537.36 (KHTML, like Gecko) Chrome/95.0.4638.69 Safari/537.36"
45.86.202.165 - - [10/Mar/2026:07:33:04 +0000] "POST //xmlrpc.php HTTP/1.1" 200 3997 "-" "Mozilla/5.0 (Windows NT 10.0; Win64; x64) AppleWebKit/537.36 (KHTML, like Gecko) Chrome/95.0.4638.69 Safari/537.36"
45.86.202.180 - - [10/Mar/2026:07:33:06 +0000] "POST //xmlrpc.php HTTP/1.1" 200 3997 "-" "Mozilla/5.0 (Windows NT 10.0; Win64; x64) AppleWebKit/537.36 (KHTML, like Gecko) Chrome/95.0.4638.69 Safari/537.36"
45.86.202.196 - - [10/Mar/2026:07:33:08 +0000] "POST //xmlrpc.php HTTP/1.1" 200 3997 "-" "Mozilla/5.0 (Windows NT 10.0; Win64; x64) AppleWebKit/537.36 (KHTML, like Gecko) Chrome/95.0.4638.69 Safari/537.36"
45.86.202.181 - - [10/Mar/2026:07:33:10 +0000] "POST //xmlrpc.php HTTP/1.1" 200 3997 "-" "Mozilla/5.0 (Windows NT 10.0; Win64; x64) AppleWebKit/537.36 (KHTML, like Gecko) Chrome/95.0.4638.69 Safari/537.36"
45.86.202.171 - - [10/Mar/2026:07:33:12 +0000] "POST //xmlrpc.php HTTP/1.1" 200 3997 "-" "Mozilla/5.0 (Windows NT 10.0; Win64; x64) AppleWebKit/537.36 (KHTML, like Gecko) Chrome/95.0.4638.69 Safari/537.36"
167.114.139.132 - - [10/Mar/2026:07:33:11 +0000] "GET / HTTP/1.1" 200 54457 "-" "Mozilla/5.0 (compatible; AhrefsBot/7.0; +http://ahrefs.com/robot/)"
45.86.202.169 - - [10/Mar/2026:07:33:14 +0000] "POST //xmlrpc.php HTTP/1.1" 200 3997 "-" "Mozilla/5.0 (Windows NT 10.0; Win64; x64) AppleWebKit/537.36 (KHTML, like Gecko) Chrome/95.0.4638.69 Safari/537.36"
45.86.202.197 - - [10/Mar/2026:07:33:16 +0000] "POST //xmlrpc.php HTTP/1.1" 200 3997 "-" "Mozilla/5.0 (Windows NT 10.0; Win64; x64) AppleWebKit/537.36 (KHTML, like Gecko) Chrome/95.0.4638.69 Safari/537.36"
45.86.202.168 - - [10/Mar/2026:07:33:18 +0000] "POST //xmlrpc.php HTTP/1.1" 200 3997 "-" "Mozilla/5.0 (Windows NT 10.0; Win64; x64) AppleWebKit/537.36 (KHTML, like Gecko) Chrome/95.0.4638.69 Safari/537.36"
74.208.176.140 - - [10/Mar/2026:07:33:22 +0000] "POST /wp-cron.php?doing_wp_cron=1773128002.1525518894195556640625 HTTP/1.1" 200 4101 "-" "WordPress/6.9.1; https://hvmbertogarza.com"
45.86.202.190 - - [10/Mar/2026:07:33:20 +0000] "POST //xmlrpc.php HTTP/1.1" 200 3997 "-" "Mozilla/5.0 (Windows NT 10.0; Win64; x64) AppleWebKit/537.36 (KHTML, like Gecko) Chrome/95.0.4638.69 Safari/537.36"
45.86.202.195 - - [10/Mar/2026:07:33:22 +0000] "POST //xmlrpc.php HTTP/1.1" 200 3997 "-" "Mozilla/5.0 (Windows NT 10.0; Win64; x64) AppleWebKit/537.36 (KHTML, like Gecko) Chrome/95.0.4638.69 Safari/537.36"
45.86.202.163 - - [10/Mar/2026:07:33:24 +0000] "POST //xmlrpc.php HTTP/1.1" 200 3997 "-" "Mozilla/5.0 (Windows NT 10.0; Win64; x64) AppleWebKit/537.36 (KHTML, like Gecko) Chrome/95.0.4638.69 Safari/537.36"
45.86.202.189 - - [10/Mar/2026:07:33:26 +0000] "POST //xmlrpc.php HTTP/1.1" 200 3997 "-" "Mozilla/5.0 (Windows NT 10.0; Win64; x64) AppleWebKit/537.36 (KHTML, like Gecko) Chrome/95.0.4638.69 Safari/537.36"
45.86.202.178 - - [10/Mar/2026:07:33:28 +0000] "POST //xmlrpc.php HTTP/1.1" 200 3997 "-" "Mozilla/5.0 (Windows NT 10.0; Win64; x64) AppleWebKit/537.36 (KHTML, like Gecko) Chrome/95.0.4638.69 Safari/537.36"
146.19.125.70 - - [10/Mar/2026:07:33:26 +0000] "GET / HTTP/1.0" 200 402725 "https://hvmbertogarza.com/" "Mozilla/5.0 (Windows NT 10.0; Win64; x64) AppleWebKit/537.36 (KHTML, like Gecko) Chrome/131.0.0.0 Safari/537.36 Avast/131.0.0.0"
45.86.202.196 - - [10/Mar/2026:07:33:31 +0000] "POST //xmlrpc.php HTTP/1.1" 200 3997 "-" "Mozilla/5.0 (Windows NT 10.0; Win64; x64) AppleWebKit/537.36 (KHTML, like Gecko) Chrome/95.0.4638.69 Safari/537.36"
45.86.202.170 - - [10/Mar/2026:07:33:33 +0000] "POST //xmlrpc.php HTTP/1.1" 200 3997 "-" "Mozilla/5.0 (Windows NT 10.0; Win64; x64) AppleWebKit/537.36 (KHTML, like Gecko) Chrome/95.0.4638.69 Safari/537.36"
146.19.125.70 - - [10/Mar/2026:07:33:34 +0000] "GET /wp-login.php?action=register HTTP/1.0" 200 8068 "https://hvmbertogarza.com/wp-login.php?action=register" "Mozilla/5.0 (Windows NT 10.0; Win64; x64) AppleWebKit/537.36 (KHTML, like Gecko) Chrome/131.0.0.0 Safari/537.36 Avast/131.0.0.0"
45.86.202.164 - - [10/Mar/2026:07:33:35 +0000] "POST //xmlrpc.php HTTP/1.1" 200 3997 "-" "Mozilla/5.0 (Windows NT 10.0; Win64; x64) AppleWebKit/537.36 (KHTML, like Gecko) Chrome/95.0.4638.69 Safari/537.36"
146.19.125.70 - - [10/Mar/2026:07:33:37 +0000] "POST /wp-login.php?action=register HTTP/1.0" 200 8514 "https://hvmbertogarza.com/wp-login.php?action=register" "Mozilla/5.0 (Windows NT 10.0; Win64; x64) AppleWebKit/537.36 (KHTML, like Gecko) Chrome/131.0.0.0 Safari/537.36 Avast/131.0.0.0"
45.86.202.194 - - [10/Mar/2026:07:33:37 +0000] "POST //xmlrpc.php HTTP/1.1" 200 3997 "-" "Mozilla/5.0 (Windows NT 10.0; Win64; x64) AppleWebKit/537.36 (KHTML, like Gecko) Chrome/95.0.4638.69 Safari/537.36"
74.208.176.140 - - [10/Mar/2026:07:33:40 +0000] "POST /wp-cron.php?doing_wp_cron=1773128020.6510610580444335937500 HTTP/1.1" 200 4101 "-" "WordPress/6.9.1; https://hvmbertogarza.com"
45.86.202.188 - - [10/Mar/2026:07:33:39 +0000] "POST //xmlrpc.php HTTP/1.1" 200 3997 "-" "Mozilla/5.0 (Windows NT 10.0; Win64; x64) AppleWebKit/537.36 (KHTML, like Gecko) Chrome/95.0.4638.69 Safari/537.36"
45.86.202.171 - - [10/Mar/2026:07:33:41 +0000] "POST //xmlrpc.php HTTP/1.1" 200 3997 "-" "Mozilla/5.0 (Windows NT 10.0; Win64; x64) AppleWebKit/537.36 (KHTML, like Gecko) Chrome/95.0.4638.69 Safari/537.36"
74.208.176.140 - - [10/Mar/2026:07:33:42 +0000] "POST /wp-cron.php?doing_wp_cron=1773128022.9524309635162353515625 HTTP/1.1" 200 4101 "-" "WordPress/6.9.1; https://hvmbertogarza.com"
146.19.125.70 - - [10/Mar/2026:07:33:39 +0000] "GET / HTTP/1.0" 200 402725 "https://hvmbertogarza.com/" "Mozilla/5.0 (Windows NT 10.0; Win64; x64) AppleWebKit/537.36 (KHTML, like Gecko) Chrome/131.0.0.0 Safari/537.36 Avast/131.0.0.0"
45.86.202.199 - - [10/Mar/2026:07:33:43 +0000] "POST //xmlrpc.php HTTP/1.1" 200 3997 "-" "Mozilla/5.0 (Windows NT 10.0; Win64; x64) AppleWebKit/537.36 (KHTML, like Gecko) Chrome/95.0.4638.69 Safari/537.36"
45.86.202.156 - - [10/Mar/2026:07:33:45 +0000] "POST //xmlrpc.php HTTP/1.1" 200 3997 "-" "Mozilla/5.0 (Windows NT 10.0; Win64; x64) AppleWebKit/537.36 (KHTML, like Gecko) Chrome/95.0.4638.69 Safari/537.36"
45.86.202.169 - - [10/Mar/2026:07:33:46 +0000] "POST //xmlrpc.php HTTP/1.1" 200 3997 "-" "Mozilla/5.0 (Windows NT 10.0; Win64; x64) AppleWebKit/537.36 (KHTML, like Gecko) Chrome/95.0.4638.69 Safari/537.36"
45.86.202.192 - - [10/Mar/2026:07:33:48 +0000] "POST //xmlrpc.php HTTP/1.1" 200 3997 "-" "Mozilla/5.0 (Windows NT 10.0; Win64; x64) AppleWebKit/537.36 (KHTML, like Gecko) Chrome/95.0.4638.69 Safari/537.36"
45.86.202.184 - - [10/Mar/2026:07:33:50 +0000] "POST //xmlrpc.php HTTP/1.1" 200 3997 "-" "Mozilla/5.0 (Windows NT 10.0; Win64; x64) AppleWebKit/537.36 (KHTML, like Gecko) Chrome/95.0.4638.69 Safari/537.36"
45.86.202.199 - - [10/Mar/2026:07:33:51 +0000] "POST //xmlrpc.php HTTP/1.1" 200 3997 "-" "Mozilla/5.0 (Windows NT 10.0; Win64; x64) AppleWebKit/537.36 (KHTML, like Gecko) Chrome/95.0.4638.69 Safari/537.36"
45.86.202.202 - - [10/Mar/2026:07:33:53 +0000] "POST //xmlrpc.php HTTP/1.1" 200 3997 "-" "Mozilla/5.0 (Windows NT 10.0; Win64; x64) AppleWebKit/537.36 (KHTML, like Gecko) Chrome/95.0.4638.69 Safari/537.36"
45.86.202.173 - - [10/Mar/2026:07:33:55 +0000] "POST //xmlrpc.php HTTP/1.1" 200 3997 "-" "Mozilla/5.0 (Windows NT 10.0; Win64; x64) AppleWebKit/537.36 (KHTML, like Gecko) Chrome/95.0.4638.69 Safari/537.36"
45.86.202.189 - - [10/Mar/2026:07:33:57 +0000] "POST //xmlrpc.php HTTP/1.1" 200 3997 "-" "Mozilla/5.0 (Windows NT 10.0; Win64; x64) AppleWebKit/537.36 (KHTML, like Gecko) Chrome/95.0.4638.69 Safari/537.36"
45.86.202.160 - - [10/Mar/2026:07:33:59 +0000] "POST //xmlrpc.php HTTP/1.1" 200 3997 "-" "Mozilla/5.0 (Windows NT 10.0; Win64; x64) AppleWebKit/537.36 (KHTML, like Gecko) Chrome/95.0.4638.69 Safari/537.36"
45.86.202.186 - - [10/Mar/2026:07:34:01 +0000] "POST //xmlrpc.php HTTP/1.1" 200 3997 "-" "Mozilla/5.0 (Windows NT 10.0; Win64; x64) AppleWebKit/537.36 (KHTML, like Gecko) Chrome/95.0.4638.69 Safari/537.36"
45.86.202.173 - - [10/Mar/2026:07:34:03 +0000] "POST //xmlrpc.php HTTP/1.1" 200 3997 "-" "Mozilla/5.0 (Windows NT 10.0; Win64; x64) AppleWebKit/537.36 (KHTML, like Gecko) Chrome/95.0.4638.69 Safari/537.36"
45.86.202.190 - - [10/Mar/2026:07:34:04 +0000] "POST //xmlrpc.php HTTP/1.1" 200 3997 "-" "Mozilla/5.0 (Windows NT 10.0; Win64; x64) AppleWebKit/537.36 (KHTML, like Gecko) Chrome/95.0.4638.69 Safari/537.36"
45.86.202.171 - - [10/Mar/2026:07:34:06 +0000] "POST //xmlrpc.php HTTP/1.1" 200 3997 "-" "Mozilla/5.0 (Windows NT 10.0; Win64; x64) AppleWebKit/537.36 (KHTML, like Gecko) Chrome/95.0.4638.69 Safari/537.36"
45.86.202.186 - - [10/Mar/2026:07:34:08 +0000] "POST //xmlrpc.php HTTP/1.1" 200 3997 "-" "Mozilla/5.0 (Windows NT 10.0; Win64; x64) AppleWebKit/537.36 (KHTML, like Gecko) Chrome/95.0.4638.69 Safari/537.36"
45.86.202.225 - - [10/Mar/2026:07:34:11 +0000] "POST //xmlrpc.php HTTP/1.1" 200 3997 "-" "Mozilla/5.0 (Windows NT 10.0; Win64; x64) AppleWebKit/537.36 (KHTML, like Gecko) Chrome/95.0.4638.69 Safari/537.36"
15.220.152.81 - - [10/Mar/2026:07:34:10 +0000] "POST /xmlrpc.php HTTP/1.1" 200 10199 "-" "Mozilla/5.0 (X11; Linux x86_64) AppleWebKit/537.36 (KHTML, like Gecko) Chrome/114.0.0.0 Safari/537.36"
45.86.202.199 - - [10/Mar/2026:07:34:13 +0000] "POST //xmlrpc.php HTTP/1.1" 200 3997 "-" "Mozilla/5.0 (Windows NT 10.0; Win64; x64) AppleWebKit/537.36 (KHTML, like Gecko) Chrome/95.0.4638.69 Safari/537.36"
15.220.152.81 - - [10/Mar/2026:07:34:14 +0000] "POST /xmlrpc.php HTTP/1.1" 200 4136 "-" "Mozilla/5.0 (X11; Linux x86_64) AppleWebKit/537.36 (KHTML, like Gecko) Chrome/114.0.0.0 Safari/537.36"
45.86.202.165 - - [10/Mar/2026:07:34:15 +0000] "POST //xmlrpc.php HTTP/1.1" 200 3997 "-" "Mozilla/5.0 (Windows NT 10.0; Win64; x64) AppleWebKit/537.36 (KHTML, like Gecko) Chrome/95.0.4638.69 Safari/537.36"
45.86.202.188 - - [10/Mar/2026:07:34:17 +0000] "POST //xmlrpc.php HTTP/1.1" 200 3997 "-" "Mozilla/5.0 (Windows NT 10.0; Win64; x64) AppleWebKit/537.36 (KHTML, like Gecko) Chrome/95.0.4638.69 Safari/537.36"
15.220.152.81 - - [10/Mar/2026:07:34:17 +0000] "POST /xmlrpc.php HTTP/1.1" 200 19489 "-" "Mozilla/5.0 (X11; Linux x86_64) AppleWebKit/537.36 (KHTML, like Gecko) Chrome/114.0.0.0 Safari/537.36"
45.86.202.175 - - [10/Mar/2026:07:34:19 +0000] "POST //xmlrpc.php HTTP/1.1" 200 3997 "-" "Mozilla/5.0 (Windows NT 10.0; Win64; x64) AppleWebKit/537.36 (KHTML, like Gecko) Chrome/95.0.4638.69 Safari/537.36"
45.86.202.164 - - [10/Mar/2026:07:34:21 +0000] "POST //xmlrpc.php HTTP/1.1" 200 3997 "-" "Mozilla/5.0 (Windows NT 10.0; Win64; x64) AppleWebKit/537.36 (KHTML, like Gecko) Chrome/95.0.4638.69 Safari/537.36"
45.86.202.174 - - [10/Mar/2026:07:34:23 +0000] "POST //xmlrpc.php HTTP/1.1" 200 3997 "-" "Mozilla/5.0 (Windows NT 10.0; Win64; x64) AppleWebKit/537.36 (KHTML, like Gecko) Chrome/95.0.4638.69 Safari/537.36"
45.86.202.193 - - [10/Mar/2026:07:34:24 +0000] "POST //xmlrpc.php HTTP/1.1" 200 3997 "-" "Mozilla/5.0 (Windows NT 10.0; Win64; x64) AppleWebKit/537.36 (KHTML, like Gecko) Chrome/95.0.4638.69 Safari/537.36"
45.86.202.174 - - [10/Mar/2026:07:34:26 +0000] "POST //xmlrpc.php HTTP/1.1" 200 3997 "-" "Mozilla/5.0 (Windows NT 10.0; Win64; x64) AppleWebKit/537.36 (KHTML, like Gecko) Chrome/95.0.4638.69 Safari/537.36"
45.86.202.170 - - [10/Mar/2026:07:34:28 +0000] "POST //xmlrpc.php HTTP/1.1" 200 3997 "-" "Mozilla/5.0 (Windows NT 10.0; Win64; x64) AppleWebKit/537.36 (KHTML, like Gecko) Chrome/95.0.4638.69 Safari/537.36"
45.86.202.192 - - [10/Mar/2026:07:34:30 +0000] "POST //xmlrpc.php HTTP/1.1" 200 3997 "-" "Mozilla/5.0 (Windows NT 10.0; Win64; x64) AppleWebKit/537.36 (KHTML, like Gecko) Chrome/95.0.4638.69 Safari/537.36"
45.86.202.194 - - [10/Mar/2026:07:34:32 +0000] "POST //xmlrpc.php HTTP/1.1" 200 3997 "-" "Mozilla/5.0 (Windows NT 10.0; Win64; x64) AppleWebKit/537.36 (KHTML, like Gecko) Chrome/95.0.4638.69 Safari/537.36"
45.86.202.167 - - [10/Mar/2026:07:34:34 +0000] "POST //xmlrpc.php HTTP/1.1" 200 3997 "-" "Mozilla/5.0 (Windows NT 10.0; Win64; x64) AppleWebKit/537.36 (KHTML, like Gecko) Chrome/95.0.4638.69 Safari/537.36"
45.86.202.166 - - [10/Mar/2026:07:34:35 +0000] "POST //xmlrpc.php HTTP/1.1" 200 3997 "-" "Mozilla/5.0 (Windows NT 10.0; Win64; x64) AppleWebKit/537.36 (KHTML, like Gecko) Chrome/95.0.4638.69 Safari/537.36"
45.86.202.188 - - [10/Mar/2026:07:34:37 +0000] "POST //xmlrpc.php HTTP/1.1" 200 3997 "-" "Mozilla/5.0 (Windows NT 10.0; Win64; x64) AppleWebKit/537.36 (KHTML, like Gecko) Chrome/95.0.4638.69 Safari/537.36"
45.86.202.175 - - [10/Mar/2026:07:34:39 +0000] "POST //xmlrpc.php HTTP/1.1" 200 3997 "-" "Mozilla/5.0 (Windows NT 10.0; Win64; x64) AppleWebKit/537.36 (KHTML, like Gecko) Chrome/95.0.4638.69 Safari/537.36"
45.86.202.190 - - [10/Mar/2026:07:34:41 +0000] "POST //xmlrpc.php HTTP/1.1" 200 3997 "-" "Mozilla/5.0 (Windows NT 10.0; Win64; x64) AppleWebKit/537.36 (KHTML, like Gecko) Chrome/95.0.4638.69 Safari/537.36"
74.208.176.140 - - [10/Mar/2026:07:34:43 +0000] "POST /wp-cron.php?doing_wp_cron=1773128083.8630409240722656250000 HTTP/1.1" 200 4101 "-" "WordPress/6.9.1; https://hvmbertogarza.com"
45.86.202.164 - - [10/Mar/2026:07:34:42 +0000] "POST //xmlrpc.php HTTP/1.1" 200 3997 "-" "Mozilla/5.0 (Windows NT 10.0; Win64; x64) AppleWebKit/537.36 (KHTML, like Gecko) Chrome/95.0.4638.69 Safari/537.36"
45.86.202.191 - - [10/Mar/2026:07:34:44 +0000] "POST //xmlrpc.php HTTP/1.1" 200 3997 "-" "Mozilla/5.0 (Windows NT 10.0; Win64; x64) AppleWebKit/537.36 (KHTML, like Gecko) Chrome/95.0.4638.69 Safari/537.36"
45.86.202.159 - - [10/Mar/2026:07:34:46 +0000] "POST //xmlrpc.php HTTP/1.1" 200 3997 "-" "Mozilla/5.0 (Windows NT 10.0; Win64; x64) AppleWebKit/537.36 (KHTML, like Gecko) Chrome/95.0.4638.69 Safari/537.36"
45.86.202.167 - - [10/Mar/2026:07:34:48 +0000] "POST //xmlrpc.php HTTP/1.1" 200 3997 "-" "Mozilla/5.0 (Windows NT 10.0; Win64; x64) AppleWebKit/537.36 (KHTML, like Gecko) Chrome/95.0.4638.69 Safari/537.36"
45.86.202.176 - - [10/Mar/2026:07:34:50 +0000] "POST //xmlrpc.php HTTP/1.1" 200 3997 "-" "Mozilla/5.0 (Windows NT 10.0; Win64; x64) AppleWebKit/537.36 (KHTML, like Gecko) Chrome/95.0.4638.69 Safari/537.36"
45.86.202.188 - - [10/Mar/2026:07:34:53 +0000] "POST //xmlrpc.php HTTP/1.1" 200 3997 "-" "Mozilla/5.0 (Windows NT 10.0; Win64; x64) AppleWebKit/537.36 (KHTML, like Gecko) Chrome/95.0.4638.69 Safari/537.36"
45.86.202.198 - - [10/Mar/2026:07:34:55 +0000] "POST //xmlrpc.php HTTP/1.1" 200 3997 "-" "Mozilla/5.0 (Windows NT 10.0; Win64; x64) AppleWebKit/537.36 (KHTML, like Gecko) Chrome/95.0.4638.69 Safari/537.36"
45.86.202.157 - - [10/Mar/2026:07:34:57 +0000] "POST //xmlrpc.php HTTP/1.1" 200 3997 "-" "Mozilla/5.0 (Windows NT 10.0; Win64; x64) AppleWebKit/537.36 (KHTML, like Gecko) Chrome/95.0.4638.69 Safari/537.36"
45.86.202.185 - - [10/Mar/2026:07:34:59 +0000] "POST //xmlrpc.php HTTP/1.1" 200 3997 "-" "Mozilla/5.0 (Windows NT 10.0; Win64; x64) AppleWebKit/537.36 (KHTML, like Gecko) Chrome/95.0.4638.69 Safari/537.36"
74.208.176.140 - - [10/Mar/2026:07:35:02 +0000] "POST /wp-cron.php?doing_wp_cron=1773128102.2416789531707763671875 HTTP/1.1" 200 4101 "-" "WordPress/6.9.1; https://hvmbertogarza.com"
45.86.202.189 - - [10/Mar/2026:07:35:00 +0000] "POST //xmlrpc.php HTTP/1.1" 200 3997 "-" "Mozilla/5.0 (Windows NT 10.0; Win64; x64) AppleWebKit/537.36 (KHTML, like Gecko) Chrome/95.0.4638.69 Safari/537.36"
45.86.202.181 - - [10/Mar/2026:07:35:03 +0000] "POST //xmlrpc.php HTTP/1.1" 200 3997 "-" "Mozilla/5.0 (Windows NT 10.0; Win64; x64) AppleWebKit/537.36 (KHTML, like Gecko) Chrome/95.0.4638.69 Safari/537.36"
45.86.202.200 - - [10/Mar/2026:07:35:05 +0000] "POST //xmlrpc.php HTTP/1.1" 200 3997 "-" "Mozilla/5.0 (Windows NT 10.0; Win64; x64) AppleWebKit/537.36 (KHTML, like Gecko) Chrome/95.0.4638.69 Safari/537.36"
45.86.202.162 - - [10/Mar/2026:07:35:07 +0000] "POST //xmlrpc.php HTTP/1.1" 200 3997 "-" "Mozilla/5.0 (Windows NT 10.0; Win64; x64) AppleWebKit/537.36 (KHTML, like Gecko) Chrome/95.0.4638.69 Safari/537.36"
45.86.202.177 - - [10/Mar/2026:07:35:09 +0000] "POST //xmlrpc.php HTTP/1.1" 200 3997 "-" "Mozilla/5.0 (Windows NT 10.0; Win64; x64) AppleWebKit/537.36 (KHTML, like Gecko) Chrome/95.0.4638.69 Safari/537.36"
45.86.202.165 - - [10/Mar/2026:07:35:12 +0000] "POST //xmlrpc.php HTTP/1.1" 200 3997 "-" "Mozilla/5.0 (Windows NT 10.0; Win64; x64) AppleWebKit/537.36 (KHTML, like Gecko) Chrome/95.0.4638.69 Safari/537.36"
45.86.202.178 - - [10/Mar/2026:07:35:13 +0000] "POST //xmlrpc.php HTTP/1.1" 200 3997 "-" "Mozilla/5.0 (Windows NT 10.0; Win64; x64) AppleWebKit/537.36 (KHTML, like Gecko) Chrome/95.0.4638.69 Safari/537.36"
45.86.202.158 - - [10/Mar/2026:07:35:16 +0000] "POST //xmlrpc.php HTTP/1.1" 200 3997 "-" "Mozilla/5.0 (Windows NT 10.0; Win64; x64) AppleWebKit/537.36 (KHTML, like Gecko) Chrome/95.0.4638.69 Safari/537.36"
45.86.202.169 - - [10/Mar/2026:07:35:18 +0000] "POST //xmlrpc.php HTTP/1.1" 200 3997 "-" "Mozilla/5.0 (Windows NT 10.0; Win64; x64) AppleWebKit/537.36 (KHTML, like Gecko) Chrome/95.0.4638.69 Safari/537.36"
74.208.176.140 - - [10/Mar/2026:07:35:21 +0000] "POST /wp-cron.php?doing_wp_cron=1773128121.5870149135589599609375 HTTP/1.1" 200 4101 "-" "WordPress/6.9.1; https://hvmbertogarza.com"
45.86.202.204 - - [10/Mar/2026:07:35:20 +0000] "POST //xmlrpc.php HTTP/1.1" 200 3997 "-" "Mozilla/5.0 (Windows NT 10.0; Win64; x64) AppleWebKit/537.36 (KHTML, like Gecko) Chrome/95.0.4638.69 Safari/537.36"
45.86.202.168 - - [10/Mar/2026:07:35:22 +0000] "POST //xmlrpc.php HTTP/1.1" 200 3997 "-" "Mozilla/5.0 (Windows NT 10.0; Win64; x64) AppleWebKit/537.36 (KHTML, like Gecko) Chrome/95.0.4638.69 Safari/537.36"
45.86.202.198 - - [10/Mar/2026:07:35:23 +0000] "POST //xmlrpc.php HTTP/1.1" 200 3997 "-" "Mozilla/5.0 (Windows NT 10.0; Win64; x64) AppleWebKit/537.36 (KHTML, like Gecko) Chrome/95.0.4638.69 Safari/537.36"
45.86.202.175 - - [10/Mar/2026:07:35:25 +0000] "POST //xmlrpc.php HTTP/1.1" 200 3997 "-" "Mozilla/5.0 (Windows NT 10.0; Win64; x64) AppleWebKit/537.36 (KHTML, like Gecko) Chrome/95.0.4638.69 Safari/537.36"
45.86.202.197 - - [10/Mar/2026:07:35:27 +0000] "POST //xmlrpc.php HTTP/1.1" 200 3997 "-" "Mozilla/5.0 (Windows NT 10.0; Win64; x64) AppleWebKit/537.36 (KHTML, like Gecko) Chrome/95.0.4638.69 Safari/537.36"
45.86.202.190 - - [10/Mar/2026:07:35:29 +0000] "POST //xmlrpc.php HTTP/1.1" 200 3997 "-" "Mozilla/5.0 (Windows NT 10.0; Win64; x64) AppleWebKit/537.36 (KHTML, like Gecko) Chrome/95.0.4638.69 Safari/537.36"
45.86.202.176 - - [10/Mar/2026:07:35:31 +0000] "POST //xmlrpc.php HTTP/1.1" 200 3997 "-" "Mozilla/5.0 (Windows NT 10.0; Win64; x64) AppleWebKit/537.36 (KHTML, like Gecko) Chrome/95.0.4638.69 Safari/537.36"
45.86.202.202 - - [10/Mar/2026:07:35:33 +0000] "POST //xmlrpc.php HTTP/1.1" 200 3997 "-" "Mozilla/5.0 (Windows NT 10.0; Win64; x64) AppleWebKit/537.36 (KHTML, like Gecko) Chrome/95.0.4638.69 Safari/537.36"
45.86.202.165 - - [10/Mar/2026:07:35:35 +0000] "POST //xmlrpc.php HTTP/1.1" 200 3997 "-" "Mozilla/5.0 (Windows NT 10.0; Win64; x64) AppleWebKit/537.36 (KHTML, like Gecko) Chrome/95.0.4638.69 Safari/537.36"
45.86.202.201 - - [10/Mar/2026:07:35:36 +0000] "POST //xmlrpc.php HTTP/1.1" 200 3997 "-" "Mozilla/5.0 (Windows NT 10.0; Win64; x64) AppleWebKit/537.36 (KHTML, like Gecko) Chrome/95.0.4638.69 Safari/537.36"
45.86.202.156 - - [10/Mar/2026:07:35:38 +0000] "POST //xmlrpc.php HTTP/1.1" 200 3997 "-" "Mozilla/5.0 (Windows NT 10.0; Win64; x64) AppleWebKit/537.36 (KHTML, like Gecko) Chrome/95.0.4638.69 Safari/537.36"
45.86.202.177 - - [10/Mar/2026:07:35:40 +0000] "POST //xmlrpc.php HTTP/1.1" 200 3997 "-" "Mozilla/5.0 (Windows NT 10.0; Win64; x64) AppleWebKit/537.36 (KHTML, like Gecko) Chrome/95.0.4638.69 Safari/537.36"
74.208.176.140 - - [10/Mar/2026:07:35:43 +0000] "POST /wp-cron.php?doing_wp_cron=1773128143.7382819652557373046875 HTTP/1.1" 200 4101 "-" "WordPress/6.9.1; https://hvmbertogarza.com"
45.86.202.158 - - [10/Mar/2026:07:35:42 +0000] "POST //xmlrpc.php HTTP/1.1" 200 3997 "-" "Mozilla/5.0 (Windows NT 10.0; Win64; x64) AppleWebKit/537.36 (KHTML, like Gecko) Chrome/95.0.4638.69 Safari/537.36"
45.86.202.199 - - [10/Mar/2026:07:35:44 +0000] "POST //xmlrpc.php HTTP/1.1" 200 3997 "-" "Mozilla/5.0 (Windows NT 10.0; Win64; x64) AppleWebKit/537.36 (KHTML, like Gecko) Chrome/95.0.4638.69 Safari/537.36"
45.86.202.172 - - [10/Mar/2026:07:35:46 +0000] "POST //xmlrpc.php HTTP/1.1" 200 3997 "-" "Mozilla/5.0 (Windows NT 10.0; Win64; x64) AppleWebKit/537.36 (KHTML, like Gecko) Chrome/95.0.4638.69 Safari/537.36"
45.86.202.190 - - [10/Mar/2026:07:35:47 +0000] "POST //xmlrpc.php HTTP/1.1" 200 3997 "-" "Mozilla/5.0 (Windows NT 10.0; Win64; x64) AppleWebKit/537.36 (KHTML, like Gecko) Chrome/95.0.4638.69 Safari/537.36"
74.208.176.140 - - [10/Mar/2026:07:35:51 +0000] "POST /wp-cron.php?doing_wp_cron=1773128151.0657739639282226562500 HTTP/1.1" 200 4101 "-" "WordPress/6.9.1; https://hvmbertogarza.com"
45.86.202.173 - - [10/Mar/2026:07:35:49 +0000] "POST //xmlrpc.php HTTP/1.1" 200 3997 "-" "Mozilla/5.0 (Windows NT 10.0; Win64; x64) AppleWebKit/537.36 (KHTML, like Gecko) Chrome/95.0.4638.69 Safari/537.36"
45.86.202.177 - - [10/Mar/2026:07:35:51 +0000] "POST //xmlrpc.php HTTP/1.1" 200 3997 "-" "Mozilla/5.0 (Windows NT 10.0; Win64; x64) AppleWebKit/537.36 (KHTML, like Gecko) Chrome/95.0.4638.69 Safari/537.36"
45.86.202.178 - - [10/Mar/2026:07:35:53 +0000] "POST //xmlrpc.php HTTP/1.1" 200 3997 "-" "Mozilla/5.0 (Windows NT 10.0; Win64; x64) AppleWebKit/537.36 (KHTML, like Gecko) Chrome/95.0.4638.69 Safari/537.36"
51.161.37.56 - - [10/Mar/2026:07:35:54 +0000] "GET /sitemap.xml HTTP/1.1" 200 43906 "-" "Mozilla/5.0 (compatible; AhrefsBot/7.0; +http://ahrefs.com/robot/)"
45.86.202.161 - - [10/Mar/2026:07:35:55 +0000] "POST //xmlrpc.php HTTP/1.1" 200 3997 "-" "Mozilla/5.0 (Windows NT 10.0; Win64; x64) AppleWebKit/537.36 (KHTML, like Gecko) Chrome/95.0.4638.69 Safari/537.36"
45.86.202.183 - - [10/Mar/2026:07:35:57 +0000] "POST //xmlrpc.php HTTP/1.1" 200 3997 "-" "Mozilla/5.0 (Windows NT 10.0; Win64; x64) AppleWebKit/537.36 (KHTML, like Gecko) Chrome/95.0.4638.69 Safari/537.36"
45.86.202.203 - - [10/Mar/2026:07:35:59 +0000] "POST //xmlrpc.php HTTP/1.1" 200 3997 "-" "Mozilla/5.0 (Windows NT 10.0; Win64; x64) AppleWebKit/537.36 (KHTML, like Gecko) Chrome/95.0.4638.69 Safari/537.36"
45.86.202.182 - - [10/Mar/2026:07:36:00 +0000] "POST //xmlrpc.php HTTP/1.1" 200 3997 "-" "Mozilla/5.0 (Windows NT 10.0; Win64; x64) AppleWebKit/537.36 (KHTML, like Gecko) Chrome/95.0.4638.69 Safari/537.36"
45.86.202.186 - - [10/Mar/2026:07:36:03 +0000] "POST //xmlrpc.php HTTP/1.1" 200 3997 "-" "Mozilla/5.0 (Windows NT 10.0; Win64; x64) AppleWebKit/537.36 (KHTML, like Gecko) Chrome/95.0.4638.69 Safari/537.36"
45.86.202.162 - - [10/Mar/2026:07:36:05 +0000] "POST //xmlrpc.php HTTP/1.1" 200 3997 "-" "Mozilla/5.0 (Windows NT 10.0; Win64; x64) AppleWebKit/537.36 (KHTML, like Gecko) Chrome/95.0.4638.69 Safari/537.36"
45.86.202.205 - - [10/Mar/2026:07:36:06 +0000] "POST //xmlrpc.php HTTP/1.1" 200 3997 "-" "Mozilla/5.0 (Windows NT 10.0; Win64; x64) AppleWebKit/537.36 (KHTML, like Gecko) Chrome/95.0.4638.69 Safari/537.36"
45.86.202.165 - - [10/Mar/2026:07:36:08 +0000] "POST //xmlrpc.php HTTP/1.1" 200 3997 "-" "Mozilla/5.0 (Windows NT 10.0; Win64; x64) AppleWebKit/537.36 (KHTML, like Gecko) Chrome/95.0.4638.69 Safari/537.36"
45.86.202.189 - - [10/Mar/2026:07:36:10 +0000] "POST //xmlrpc.php HTTP/1.1" 200 3997 "-" "Mozilla/5.0 (Windows NT 10.0; Win64; x64) AppleWebKit/537.36 (KHTML, like Gecko) Chrome/95.0.4638.69 Safari/537.36"
45.86.202.194 - - [10/Mar/2026:07:36:12 +0000] "POST //xmlrpc.php HTTP/1.1" 200 3997 "-" "Mozilla/5.0 (Windows NT 10.0; Win64; x64) AppleWebKit/537.36 (KHTML, like Gecko) Chrome/95.0.4638.69 Safari/537.36"
45.86.202.166 - - [10/Mar/2026:07:36:14 +0000] "POST //xmlrpc.php HTTP/1.1" 200 3997 "-" "Mozilla/5.0 (Windows NT 10.0; Win64; x64) AppleWebKit/537.36 (KHTML, like Gecko) Chrome/95.0.4638.69 Safari/537.36"
45.86.202.160 - - [10/Mar/2026:07:36:16 +0000] "POST //xmlrpc.php HTTP/1.1" 200 3997 "-" "Mozilla/5.0 (Windows NT 10.0; Win64; x64) AppleWebKit/537.36 (KHTML, like Gecko) Chrome/95.0.4638.69 Safari/537.36"
45.86.202.187 - - [10/Mar/2026:07:36:18 +0000] "POST //xmlrpc.php HTTP/1.1" 200 3997 "-" "Mozilla/5.0 (Windows NT 10.0; Win64; x64) AppleWebKit/537.36 (KHTML, like Gecko) Chrome/95.0.4638.69 Safari/537.36"
74.208.176.140 - - [10/Mar/2026:07:36:21 +0000] "POST /wp-cron.php?doing_wp_cron=1773128181.6815540790557861328125 HTTP/1.1" 200 4101 "-" "WordPress/6.9.1; https://hvmbertogarza.com"
45.86.202.174 - - [10/Mar/2026:07:36:20 +0000] "POST //xmlrpc.php HTTP/1.1" 200 3997 "-" "Mozilla/5.0 (Windows NT 10.0; Win64; x64) AppleWebKit/537.36 (KHTML, like Gecko) Chrome/95.0.4638.69 Safari/537.36"
45.86.202.165 - - [10/Mar/2026:07:36:22 +0000] "POST //xmlrpc.php HTTP/1.1" 200 3997 "-" "Mozilla/5.0 (Windows NT 10.0; Win64; x64) AppleWebKit/537.36 (KHTML, like Gecko) Chrome/95.0.4638.69 Safari/537.36"
45.86.202.224 - - [10/Mar/2026:07:36:24 +0000] "POST //xmlrpc.php HTTP/1.1" 200 3997 "-" "Mozilla/5.0 (Windows NT 10.0; Win64; x64) AppleWebKit/537.36 (KHTML, like Gecko) Chrome/95.0.4638.69 Safari/537.36"
45.86.202.225 - - [10/Mar/2026:07:36:26 +0000] "POST //xmlrpc.php HTTP/1.1" 200 3997 "-" "Mozilla/5.0 (Windows NT 10.0; Win64; x64) AppleWebKit/537.36 (KHTML, like Gecko) Chrome/95.0.4638.69 Safari/537.36"
45.86.202.225 - - [10/Mar/2026:07:36:28 +0000] "POST //xmlrpc.php HTTP/1.1" 200 3997 "-" "Mozilla/5.0 (Windows NT 10.0; Win64; x64) AppleWebKit/537.36 (KHTML, like Gecko) Chrome/95.0.4638.69 Safari/537.36"
45.86.202.201 - - [10/Mar/2026:07:36:30 +0000] "POST //xmlrpc.php HTTP/1.1" 200 3997 "-" "Mozilla/5.0 (Windows NT 10.0; Win64; x64) AppleWebKit/537.36 (KHTML, like Gecko) Chrome/95.0.4638.69 Safari/537.36"
45.86.202.161 - - [10/Mar/2026:07:36:32 +0000] "POST //xmlrpc.php HTTP/1.1" 200 3997 "-" "Mozilla/5.0 (Windows NT 10.0; Win64; x64) AppleWebKit/537.36 (KHTML, like Gecko) Chrome/95.0.4638.69 Safari/537.36"
45.86.202.156 - - [10/Mar/2026:07:36:34 +0000] "POST //xmlrpc.php HTTP/1.1" 200 3997 "-" "Mozilla/5.0 (Windows NT 10.0; Win64; x64) AppleWebKit/537.36 (KHTML, like Gecko) Chrome/95.0.4638.69 Safari/537.36"
45.86.202.224 - - [10/Mar/2026:07:36:35 +0000] "POST //xmlrpc.php HTTP/1.1" 200 3997 "-" "Mozilla/5.0 (Windows NT 10.0; Win64; x64) AppleWebKit/537.36 (KHTML, like Gecko) Chrome/95.0.4638.69 Safari/537.36"
45.86.202.164 - - [10/Mar/2026:07:36:37 +0000] "POST //xmlrpc.php HTTP/1.1" 200 3997 "-" "Mozilla/5.0 (Windows NT 10.0; Win64; x64) AppleWebKit/537.36 (KHTML, like Gecko) Chrome/95.0.4638.69 Safari/537.36"
45.86.202.189 - - [10/Mar/2026:07:36:39 +0000] "POST //xmlrpc.php HTTP/1.1" 200 3997 "-" "Mozilla/5.0 (Windows NT 10.0; Win64; x64) AppleWebKit/537.36 (KHTML, like Gecko) Chrome/95.0.4638.69 Safari/537.36"
45.86.202.190 - - [10/Mar/2026:07:36:41 +0000] "POST //xmlrpc.php HTTP/1.1" 200 3997 "-" "Mozilla/5.0 (Windows NT 10.0; Win64; x64) AppleWebKit/537.36 (KHTML, like Gecko) Chrome/95.0.4638.69 Safari/537.36"
45.86.202.180 - - [10/Mar/2026:07:36:43 +0000] "POST //xmlrpc.php HTTP/1.1" 200 3997 "-" "Mozilla/5.0 (Windows NT 10.0; Win64; x64) AppleWebKit/537.36 (KHTML, like Gecko) Chrome/95.0.4638.69 Safari/537.36"
45.86.202.159 - - [10/Mar/2026:07:36:44 +0000] "POST //xmlrpc.php HTTP/1.1" 200 3997 "-" "Mozilla/5.0 (Windows NT 10.0; Win64; x64) AppleWebKit/537.36 (KHTML, like Gecko) Chrome/95.0.4638.69 Safari/537.36"
45.86.202.168 - - [10/Mar/2026:07:36:46 +0000] "POST //xmlrpc.php HTTP/1.1" 200 3997 "-" "Mozilla/5.0 (Windows NT 10.0; Win64; x64) AppleWebKit/537.36 (KHTML, like Gecko) Chrome/95.0.4638.69 Safari/537.36"
66.249.66.73 - - [10/Mar/2026:07:36:48 +0000] "GET /pochemu-individu-neobhodimo-ispytyvat-ljubopytstvo/ HTTP/1.1" 200 33176 "-" "Mozilla/5.0 (Linux; Android 6.0.1; Nexus 5X Build/MMB29P) AppleWebKit/537.36 (KHTML, like Gecko) Chrome/145.0.7632.116 Mobile Safari/537.36 (compatible; Googlebot/2.1; +http://www.google.com/bot.html)"
66.249.66.32 - - [10/Mar/2026:07:36:48 +0000] "GET /pochemu-individu-kritichno-perezhivat-interes/ HTTP/1.1" 200 33715 "-" "Mozilla/5.0 (Linux; Android 6.0.1; Nexus 5X Build/MMB29P) AppleWebKit/537.36 (KHTML, like Gecko) Chrome/145.0.7632.116 Mobile Safari/537.36 (compatible; Googlebot/2.1; +http://www.google.com/bot.html)"
45.86.202.182 - - [10/Mar/2026:07:36:48 +0000] "POST //xmlrpc.php HTTP/1.1" 200 3997 "-" "Mozilla/5.0 (Windows NT 10.0; Win64; x64) AppleWebKit/537.36 (KHTML, like Gecko) Chrome/95.0.4638.69 Safari/537.36"
66.249.66.199 - - [10/Mar/2026:07:36:49 +0000] "GET /pochemu-cheloveku-vazhno-oschuschat-ljubopytstvo/ HTTP/1.1" 200 33875 "-" "Mozilla/5.0 (Linux; Android 6.0.1; Nexus 5X Build/MMB29P) AppleWebKit/537.36 (KHTML, like Gecko) Chrome/145.0.7632.116 Mobile Safari/537.36 (compatible; Googlebot/2.1; +http://www.google.com/bot.html)"
74.208.176.140 - - [10/Mar/2026:07:36:51 +0000] "POST /wp-cron.php?doing_wp_cron=1773128211.9382328987121582031250 HTTP/1.1" 200 4101 "-" "WordPress/6.9.1; https://hvmbertogarza.com"
45.86.202.165 - - [10/Mar/2026:07:36:50 +0000] "POST //xmlrpc.php HTTP/1.1" 200 3997 "-" "Mozilla/5.0 (Windows NT 10.0; Win64; x64) AppleWebKit/537.36 (KHTML, like Gecko) Chrome/95.0.4638.69 Safari/537.36"
45.86.202.164 - - [10/Mar/2026:07:36:52 +0000] "POST //xmlrpc.php HTTP/1.1" 200 3997 "-" "Mozilla/5.0 (Windows NT 10.0; Win64; x64) AppleWebKit/537.36 (KHTML, like Gecko) Chrome/95.0.4638.69 Safari/537.36"
45.86.202.160 - - [10/Mar/2026:07:36:54 +0000] "POST //xmlrpc.php HTTP/1.1" 200 3997 "-" "Mozilla/5.0 (Windows NT 10.0; Win64; x64) AppleWebKit/537.36 (KHTML, like Gecko) Chrome/95.0.4638.69 Safari/537.36"
45.86.202.184 - - [10/Mar/2026:07:36:56 +0000] "POST //xmlrpc.php HTTP/1.1" 200 3997 "-" "Mozilla/5.0 (Windows NT 10.0; Win64; x64) AppleWebKit/537.36 (KHTML, like Gecko) Chrome/95.0.4638.69 Safari/537.36"
74.208.176.140 - - [10/Mar/2026:07:36:59 +0000] "POST /wp-cron.php?doing_wp_cron=1773128219.5665080547332763671875 HTTP/1.1" 200 4101 "-" "WordPress/6.9.1; https://hvmbertogarza.com"
45.86.202.204 - - [10/Mar/2026:07:36:58 +0000] "POST //xmlrpc.php HTTP/1.1" 200 3997 "-" "Mozilla/5.0 (Windows NT 10.0; Win64; x64) AppleWebKit/537.36 (KHTML, like Gecko) Chrome/95.0.4638.69 Safari/537.36"
45.86.202.163 - - [10/Mar/2026:07:37:00 +0000] "POST //xmlrpc.php HTTP/1.1" 200 3997 "-" "Mozilla/5.0 (Windows NT 10.0; Win64; x64) AppleWebKit/537.36 (KHTML, like Gecko) Chrome/95.0.4638.69 Safari/537.36"
45.86.202.169 - - [10/Mar/2026:07:37:02 +0000] "POST //xmlrpc.php HTTP/1.1" 200 3997 "-" "Mozilla/5.0 (Windows NT 10.0; Win64; x64) AppleWebKit/537.36 (KHTML, like Gecko) Chrome/95.0.4638.69 Safari/537.36"
45.86.202.205 - - [10/Mar/2026:07:37:04 +0000] "POST //xmlrpc.php HTTP/1.1" 200 3997 "-" "Mozilla/5.0 (Windows NT 10.0; Win64; x64) AppleWebKit/537.36 (KHTML, like Gecko) Chrome/95.0.4638.69 Safari/537.36"
45.86.202.161 - - [10/Mar/2026:07:37:06 +0000] "POST //xmlrpc.php HTTP/1.1" 200 3997 "-" "Mozilla/5.0 (Windows NT 10.0; Win64; x64) AppleWebKit/537.36 (KHTML, like Gecko) Chrome/95.0.4638.69 Safari/537.36"
45.86.202.181 - - [10/Mar/2026:07:37:08 +0000] "POST //xmlrpc.php HTTP/1.1" 200 3997 "-" "Mozilla/5.0 (Windows NT 10.0; Win64; x64) AppleWebKit/537.36 (KHTML, like Gecko) Chrome/95.0.4638.69 Safari/537.36"
45.86.202.199 - - [10/Mar/2026:07:37:10 +0000] "POST //xmlrpc.php HTTP/1.1" 200 3997 "-" "Mozilla/5.0 (Windows NT 10.0; Win64; x64) AppleWebKit/537.36 (KHTML, like Gecko) Chrome/95.0.4638.69 Safari/537.36"
45.86.202.199 - - [10/Mar/2026:07:37:12 +0000] "POST //xmlrpc.php HTTP/1.1" 200 3997 "-" "Mozilla/5.0 (Windows NT 10.0; Win64; x64) AppleWebKit/537.36 (KHTML, like Gecko) Chrome/95.0.4638.69 Safari/537.36"
