45.86.202.190 - - [10/Mar/2026:08:07:51 +0000] "POST //xmlrpc.php HTTP/1.1" 200 3997 "-" "Mozilla/5.0 (Windows NT 10.0; Win64; x64) AppleWebKit/537.36 (KHTML, like Gecko) Chrome/95.0.4638.69 Safari/537.36"
143.198.220.252 - - [10/Mar/2026:08:07:52 +0000] "POST /xmlrpc.php HTTP/1.1" 200 4326 "-" "Mozilla/5.0 (Windows NT 10.0; Win64; x64) AppleWebKit/537.36"
45.86.202.225 - - [10/Mar/2026:08:07:53 +0000] "POST //xmlrpc.php HTTP/1.1" 200 3997 "-" "Mozilla/5.0 (Windows NT 10.0; Win64; x64) AppleWebKit/537.36 (KHTML, like Gecko) Chrome/95.0.4638.69 Safari/537.36"
143.198.220.252 - - [10/Mar/2026:08:07:54 +0000] "POST /wp-login.php HTTP/1.1" 200 7647 "https://hvmbertogarza.com/wp-login.php" "Mozilla/5.0 (Macintosh; Intel Mac OS X 13_6_1) AppleWebKit/605.1.15 (KHTML, like Gecko) Version/17.0 Safari/605.1.15"
45.86.202.156 - - [10/Mar/2026:08:07:55 +0000] "POST //xmlrpc.php HTTP/1.1" 200 3997 "-" "Mozilla/5.0 (Windows NT 10.0; Win64; x64) AppleWebKit/537.36 (KHTML, like Gecko) Chrome/95.0.4638.69 Safari/537.36"
45.86.202.188 - - [10/Mar/2026:08:07:56 +0000] "POST //xmlrpc.php HTTP/1.1" 200 3997 "-" "Mozilla/5.0 (Windows NT 10.0; Win64; x64) AppleWebKit/537.36 (KHTML, like Gecko) Chrome/95.0.4638.69 Safari/537.36"
143.198.220.252 - - [10/Mar/2026:08:07:56 +0000] "GET /wp-admin/index.php HTTP/1.1" 302 525 "https://hvmbertogarza.com/wp-login.php" "Mozilla/5.0 (X11; Ubuntu; Linux x86_64) AppleWebKit/537.36 (KHTML, like Gecko) Chrome/118.0.0.0 Safari/537.36"
45.86.202.184 - - [10/Mar/2026:08:07:58 +0000] "POST //xmlrpc.php HTTP/1.1" 200 3997 "-" "Mozilla/5.0 (Windows NT 10.0; Win64; x64) AppleWebKit/537.36 (KHTML, like Gecko) Chrome/95.0.4638.69 Safari/537.36"
143.198.220.252 - - [10/Mar/2026:08:07:59 +0000] "GET /wp-login.php?redirect_to=https%3A%2F%2Fhvmbertogarza.com%2Fwp-admin%2Findex.php&reauth=1 HTTP/1.1" 200 5797 "https://hvmbertogarza.com/wp-login.php" "Mozilla/5.0 (X11; Ubuntu; Linux x86_64) AppleWebKit/537.36 (KHTML, like Gecko) Chrome/118.0.0.0 Safari/537.36"
45.86.202.183 - - [10/Mar/2026:08:08:00 +0000] "POST //xmlrpc.php HTTP/1.1" 200 3997 "-" "Mozilla/5.0 (Windows NT 10.0; Win64; x64) AppleWebKit/537.36 (KHTML, like Gecko) Chrome/95.0.4638.69 Safari/537.36"
143.198.220.252 - - [10/Mar/2026:08:08:00 +0000] "POST /wp-login.php HTTP/1.1" 200 3810 "https://hvmbertogarza.com/wp-login.php" "Mozilla/5.0 (Macintosh; Intel Mac OS X 13_6_1) AppleWebKit/605.1.15 (KHTML, like Gecko) Version/17.1 Safari/605.1.15"
45.86.202.204 - - [10/Mar/2026:08:08:02 +0000] "POST //xmlrpc.php HTTP/1.1" 200 3997 "-" "Mozilla/5.0 (Windows NT 10.0; Win64; x64) AppleWebKit/537.36 (KHTML, like Gecko) Chrome/95.0.4638.69 Safari/537.36"
143.198.220.252 - - [10/Mar/2026:08:08:02 +0000] "GET /wp-admin/index.php HTTP/1.1" 302 525 "https://hvmbertogarza.com/wp-login.php" "Mozilla/5.0 (Windows NT 10.0; Win64; x64) AppleWebKit/537.36 (KHTML, like Gecko) Chrome/121.0.0.0 Safari/537.36"
45.86.202.182 - - [10/Mar/2026:08:08:05 +0000] "POST //xmlrpc.php HTTP/1.1" 200 3997 "-" "Mozilla/5.0 (Windows NT 10.0; Win64; x64) AppleWebKit/537.36 (KHTML, like Gecko) Chrome/95.0.4638.69 Safari/537.36"
143.198.220.252 - - [10/Mar/2026:08:08:05 +0000] "GET /wp-login.php?redirect_to=https%3A%2F%2Fhvmbertogarza.com%2Fwp-admin%2Findex.php&reauth=1 HTTP/1.1" 200 5797 "https://hvmbertogarza.com/wp-login.php" "Mozilla/5.0 (Windows NT 10.0; Win64; x64) AppleWebKit/537.36 (KHTML, like Gecko) Chrome/121.0.0.0 Safari/537.36"
45.86.202.157 - - [10/Mar/2026:08:08:06 +0000] "POST //xmlrpc.php HTTP/1.1" 200 3997 "-" "Mozilla/5.0 (Windows NT 10.0; Win64; x64) AppleWebKit/537.36 (KHTML, like Gecko) Chrome/95.0.4638.69 Safari/537.36"
143.198.220.252 - - [10/Mar/2026:08:08:07 +0000] "POST /wp-login.php HTTP/1.1" 200 3857 "https://hvmbertogarza.com/wp-login.php" "Mozilla/5.0 (X11; Linux x86_64) AppleWebKit/537.36 (KHTML, like Gecko) Chrome/120.0.0.0 Safari/537.36"
45.86.202.195 - - [10/Mar/2026:08:08:09 +0000] "POST //xmlrpc.php HTTP/1.1" 200 3997 "-" "Mozilla/5.0 (Windows NT 10.0; Win64; x64) AppleWebKit/537.36 (KHTML, like Gecko) Chrome/95.0.4638.69 Safari/537.36"
143.198.220.252 - - [10/Mar/2026:08:08:09 +0000] "GET /wp-admin/index.php HTTP/1.1" 302 525 "https://hvmbertogarza.com/wp-login.php" "Mozilla/5.0 (Windows NT 10.0; Win64; x64) AppleWebKit/537.36 (KHTML, like Gecko) Chrome/118.0.0.0 Safari/537.36"
143.198.220.252 - - [10/Mar/2026:08:08:11 +0000] "GET /wp-login.php?redirect_to=https%3A%2F%2Fhvmbertogarza.com%2Fwp-admin%2Findex.php&reauth=1 HTTP/1.1" 200 5797 "https://hvmbertogarza.com/wp-login.php" "Mozilla/5.0 (Windows NT 10.0; Win64; x64) AppleWebKit/537.36 (KHTML, like Gecko) Chrome/118.0.0.0 Safari/537.36"
45.86.202.173 - - [10/Mar/2026:08:08:11 +0000] "POST //xmlrpc.php HTTP/1.1" 200 3997 "-" "Mozilla/5.0 (Windows NT 10.0; Win64; x64) AppleWebKit/537.36 (KHTML, like Gecko) Chrome/95.0.4638.69 Safari/537.36"
143.198.220.252 - - [10/Mar/2026:08:08:13 +0000] "POST /wp-login.php HTTP/1.1" 200 3856 "https://hvmbertogarza.com/wp-login.php" "Mozilla/5.0 (X11; Ubuntu; Linux x86_64) AppleWebKit/537.36 (KHTML, like Gecko) Chrome/120.0.0.0 Safari/537.36"
45.86.202.177 - - [10/Mar/2026:08:08:13 +0000] "POST //xmlrpc.php HTTP/1.1" 200 3997 "-" "Mozilla/5.0 (Windows NT 10.0; Win64; x64) AppleWebKit/537.36 (KHTML, like Gecko) Chrome/95.0.4638.69 Safari/537.36"
143.198.220.252 - - [10/Mar/2026:08:08:14 +0000] "GET /wp-admin/index.php HTTP/1.1" 302 525 "https://hvmbertogarza.com/wp-login.php" "Mozilla/5.0 (Macintosh; Intel Mac OS X 10_15_7; rv:120.0) Gecko/20100101 Firefox/120.0"
45.86.202.183 - - [10/Mar/2026:08:08:15 +0000] "POST //xmlrpc.php HTTP/1.1" 200 3997 "-" "Mozilla/5.0 (Windows NT 10.0; Win64; x64) AppleWebKit/537.36 (KHTML, like Gecko) Chrome/95.0.4638.69 Safari/537.36"
143.198.220.252 - - [10/Mar/2026:08:08:16 +0000] "GET /wp-login.php?redirect_to=https%3A%2F%2Fhvmbertogarza.com%2Fwp-admin%2Findex.php&reauth=1 HTTP/1.1" 200 5797 "https://hvmbertogarza.com/wp-login.php" "Mozilla/5.0 (Macintosh; Intel Mac OS X 10_15_7; rv:120.0) Gecko/20100101 Firefox/120.0"
74.208.176.140 - - [10/Mar/2026:08:07:57 +0000] "POST /wp-admin/admin-ajax.php?action=as_async_request_queue_runner&nonce=3e2fd7b4b4 HTTP/1.1" 200 4305 "-" "WordPress/6.9.1; https://hvmbertogarza.com"
45.86.202.169 - - [10/Mar/2026:08:08:17 +0000] "POST //xmlrpc.php HTTP/1.1" 200 3997 "-" "Mozilla/5.0 (Windows NT 10.0; Win64; x64) AppleWebKit/537.36 (KHTML, like Gecko) Chrome/95.0.4638.69 Safari/537.36"
143.198.220.252 - - [10/Mar/2026:08:08:18 +0000] "POST /wp-login.php HTTP/1.1" 200 3859 "https://hvmbertogarza.com/wp-login.php" "Mozilla/5.0 (Windows NT 11.0; Win64; x64; rv:119.0) Gecko/20100101 Firefox/119.0"
74.208.176.140 - - [10/Mar/2026:08:08:21 +0000] "POST /wp-cron.php?doing_wp_cron=1773130101.9536719322204589843750 HTTP/1.1" 200 4101 "-" "WordPress/6.9.1; https://hvmbertogarza.com"
45.86.202.187 - - [10/Mar/2026:08:08:20 +0000] "POST //xmlrpc.php HTTP/1.1" 200 3997 "-" "Mozilla/5.0 (Windows NT 10.0; Win64; x64) AppleWebKit/537.36 (KHTML, like Gecko) Chrome/95.0.4638.69 Safari/537.36"
143.198.220.252 - - [10/Mar/2026:08:08:20 +0000] "GET /wp-admin/index.php HTTP/1.1" 302 525 "https://hvmbertogarza.com/wp-login.php" "Mozilla/5.0 (Macintosh; Intel Mac OS X 13_6_1) AppleWebKit/605.1.15 (KHTML, like Gecko) Version/17.2 Safari/605.1.15"
45.86.202.169 - - [10/Mar/2026:08:08:22 +0000] "POST //xmlrpc.php HTTP/1.1" 200 3997 "-" "Mozilla/5.0 (Windows NT 10.0; Win64; x64) AppleWebKit/537.36 (KHTML, like Gecko) Chrome/95.0.4638.69 Safari/537.36"
143.198.220.252 - - [10/Mar/2026:08:08:22 +0000] "GET /wp-login.php?redirect_to=https%3A%2F%2Fhvmbertogarza.com%2Fwp-admin%2Findex.php&reauth=1 HTTP/1.1" 200 5797 "https://hvmbertogarza.com/wp-login.php" "Mozilla/5.0 (Macintosh; Intel Mac OS X 13_6_1) AppleWebKit/605.1.15 (KHTML, like Gecko) Version/17.2 Safari/605.1.15"
143.198.220.252 - - [10/Mar/2026:08:08:24 +0000] "POST /wp-login.php HTTP/1.1" 200 3861 "https://hvmbertogarza.com/wp-login.php" "Mozilla/5.0 (Macintosh; Intel Mac OS X 10_15_7) AppleWebKit/537.36 (KHTML, like Gecko) Chrome/118.0.0.0 Safari/537.36"
45.86.202.160 - - [10/Mar/2026:08:08:25 +0000] "POST //xmlrpc.php HTTP/1.1" 200 3997 "-" "Mozilla/5.0 (Windows NT 10.0; Win64; x64) AppleWebKit/537.36 (KHTML, like Gecko) Chrome/95.0.4638.69 Safari/537.36"
143.198.220.252 - - [10/Mar/2026:08:08:26 +0000] "GET /wp-admin/index.php HTTP/1.1" 302 525 "https://hvmbertogarza.com/wp-login.php" "Mozilla/5.0 (Macintosh; Intel Mac OS X 10_15_7) AppleWebKit/537.36 (KHTML, like Gecko) Chrome/119.0.0.0 Safari/537.36"
45.86.202.192 - - [10/Mar/2026:08:08:27 +0000] "POST //xmlrpc.php HTTP/1.1" 200 3997 "-" "Mozilla/5.0 (Windows NT 10.0; Win64; x64) AppleWebKit/537.36 (KHTML, like Gecko) Chrome/95.0.4638.69 Safari/537.36"
143.198.220.252 - - [10/Mar/2026:08:08:28 +0000] "GET /wp-login.php?redirect_to=https%3A%2F%2Fhvmbertogarza.com%2Fwp-admin%2Findex.php&reauth=1 HTTP/1.1" 200 5797 "https://hvmbertogarza.com/wp-login.php" "Mozilla/5.0 (Macintosh; Intel Mac OS X 10_15_7) AppleWebKit/537.36 (KHTML, like Gecko) Chrome/119.0.0.0 Safari/537.36"
45.86.202.185 - - [10/Mar/2026:08:08:28 +0000] "POST //xmlrpc.php HTTP/1.1" 200 3997 "-" "Mozilla/5.0 (Windows NT 10.0; Win64; x64) AppleWebKit/537.36 (KHTML, like Gecko) Chrome/95.0.4638.69 Safari/537.36"
143.198.220.252 - - [10/Mar/2026:08:08:29 +0000] "POST /wp-login.php HTTP/1.1" 200 3866 "https://hvmbertogarza.com/wp-login.php" "Mozilla/5.0 (Macintosh; Intel Mac OS X 10_15_7) AppleWebKit/537.36 (KHTML, like Gecko) Chrome/118.0.0.0 Safari/537.36"
45.86.202.177 - - [10/Mar/2026:08:08:30 +0000] "POST //xmlrpc.php HTTP/1.1" 200 3997 "-" "Mozilla/5.0 (Windows NT 10.0; Win64; x64) AppleWebKit/537.36 (KHTML, like Gecko) Chrome/95.0.4638.69 Safari/537.36"
143.198.220.252 - - [10/Mar/2026:08:08:31 +0000] "GET /wp-admin/index.php HTTP/1.1" 302 525 "https://hvmbertogarza.com/wp-login.php" "Mozilla/5.0 (Windows NT 11.0; Win64; x64) AppleWebKit/537.36 (KHTML, like Gecko) Chrome/121.0.0.0 Safari/537.36"
54.39.136.178 - - [10/Mar/2026:08:08:30 +0000] "GET /shop/practice/rhapsodomancy012875532132.html HTTP/1.1" 404 142794 "-" "Mozilla/5.0 (compatible; AhrefsBot/7.0; +http://ahrefs.com/robot/)"
143.198.220.252 - - [10/Mar/2026:08:08:33 +0000] "GET /wp-login.php?redirect_to=https%3A%2F%2Fhvmbertogarza.com%2Fwp-admin%2Findex.php&reauth=1 HTTP/1.1" 200 5797 "https://hvmbertogarza.com/wp-login.php" "Mozilla/5.0 (Windows NT 11.0; Win64; x64) AppleWebKit/537.36 (KHTML, like Gecko) Chrome/121.0.0.0 Safari/537.36"
45.86.202.175 - - [10/Mar/2026:08:08:32 +0000] "POST //xmlrpc.php HTTP/1.1" 200 3997 "-" "Mozilla/5.0 (Windows NT 10.0; Win64; x64) AppleWebKit/537.36 (KHTML, like Gecko) Chrome/95.0.4638.69 Safari/537.36"
143.198.220.252 - - [10/Mar/2026:08:08:34 +0000] "POST /wp-login.php HTTP/1.1" 200 3865 "https://hvmbertogarza.com/wp-login.php" "Mozilla/5.0 (Macintosh; Intel Mac OS X 10_15_7; rv:118.0) Gecko/20100101 Firefox/118.0"
45.86.202.176 - - [10/Mar/2026:08:08:35 +0000] "POST //xmlrpc.php HTTP/1.1" 200 3997 "-" "Mozilla/5.0 (Windows NT 10.0; Win64; x64) AppleWebKit/537.36 (KHTML, like Gecko) Chrome/95.0.4638.69 Safari/537.36"
143.198.220.252 - - [10/Mar/2026:08:08:36 +0000] "GET /wp-admin/index.php HTTP/1.1" 302 525 "https://hvmbertogarza.com/wp-login.php" "Mozilla/5.0 (Windows NT 10.0; Win64; x64; rv:120.0) Gecko/20100101 Firefox/120.0"
45.86.202.185 - - [10/Mar/2026:08:08:37 +0000] "POST //xmlrpc.php HTTP/1.1" 200 3997 "-" "Mozilla/5.0 (Windows NT 10.0; Win64; x64) AppleWebKit/537.36 (KHTML, like Gecko) Chrome/95.0.4638.69 Safari/537.36"
143.198.220.252 - - [10/Mar/2026:08:08:37 +0000] "GET /wp-login.php?redirect_to=https%3A%2F%2Fhvmbertogarza.com%2Fwp-admin%2Findex.php&reauth=1 HTTP/1.1" 200 5797 "https://hvmbertogarza.com/wp-login.php" "Mozilla/5.0 (Windows NT 10.0; Win64; x64; rv:120.0) Gecko/20100101 Firefox/120.0"
45.86.202.202 - - [10/Mar/2026:08:08:38 +0000] "POST //xmlrpc.php HTTP/1.1" 200 3997 "-" "Mozilla/5.0 (Windows NT 10.0; Win64; x64) AppleWebKit/537.36 (KHTML, like Gecko) Chrome/95.0.4638.69 Safari/537.36"
143.198.220.252 - - [10/Mar/2026:08:08:39 +0000] "POST /wp-login.php HTTP/1.1" 200 3855 "https://hvmbertogarza.com/wp-login.php" "Mozilla/5.0 (Windows NT 11.0; Win64; x64; rv:119.0) Gecko/20100101 Firefox/119.0"
45.86.202.170 - - [10/Mar/2026:08:08:40 +0000] "POST //xmlrpc.php HTTP/1.1" 200 3997 "-" "Mozilla/5.0 (Windows NT 10.0; Win64; x64) AppleWebKit/537.36 (KHTML, like Gecko) Chrome/95.0.4638.69 Safari/537.36"
143.198.220.252 - - [10/Mar/2026:08:08:40 +0000] "GET /wp-admin/index.php HTTP/1.1" 302 525 "https://hvmbertogarza.com/wp-login.php" "Mozilla/5.0 (Macintosh; Intel Mac OS X 13_6_1; rv:118.0) Gecko/20100101 Firefox/118.0"
143.198.220.252 - - [10/Mar/2026:08:08:42 +0000] "GET /wp-login.php?redirect_to=https%3A%2F%2Fhvmbertogarza.com%2Fwp-admin%2Findex.php&reauth=1 HTTP/1.1" 200 5797 "https://hvmbertogarza.com/wp-login.php" "Mozilla/5.0 (Macintosh; Intel Mac OS X 13_6_1; rv:118.0) Gecko/20100101 Firefox/118.0"
45.86.202.164 - - [10/Mar/2026:08:08:42 +0000] "POST //xmlrpc.php HTTP/1.1" 200 3997 "-" "Mozilla/5.0 (Windows NT 10.0; Win64; x64) AppleWebKit/537.36 (KHTML, like Gecko) Chrome/95.0.4638.69 Safari/537.36"
143.198.220.252 - - [10/Mar/2026:08:08:44 +0000] "POST /wp-login.php HTTP/1.1" 200 3858 "https://hvmbertogarza.com/wp-login.php" "Mozilla/5.0 (Macintosh; Intel Mac OS X 10_15_7) AppleWebKit/605.1.15 (KHTML, like Gecko) Version/17.0 Safari/605.1.15"
45.86.202.158 - - [10/Mar/2026:08:08:44 +0000] "POST //xmlrpc.php HTTP/1.1" 200 3997 "-" "Mozilla/5.0 (Windows NT 10.0; Win64; x64) AppleWebKit/537.36 (KHTML, like Gecko) Chrome/95.0.4638.69 Safari/537.36"
143.198.220.252 - - [10/Mar/2026:08:08:45 +0000] "GET /wp-admin/index.php HTTP/1.1" 302 525 "https://hvmbertogarza.com/wp-login.php" "Mozilla/5.0 (Macintosh; Intel Mac OS X 10_15_7) AppleWebKit/605.1.15 (KHTML, like Gecko) Version/17.0 Safari/605.1.15"
45.86.202.165 - - [10/Mar/2026:08:08:46 +0000] "POST //xmlrpc.php HTTP/1.1" 200 3997 "-" "Mozilla/5.0 (Windows NT 10.0; Win64; x64) AppleWebKit/537.36 (KHTML, like Gecko) Chrome/95.0.4638.69 Safari/537.36"
143.198.220.252 - - [10/Mar/2026:08:08:47 +0000] "GET /wp-login.php?redirect_to=https%3A%2F%2Fhvmbertogarza.com%2Fwp-admin%2Findex.php&reauth=1 HTTP/1.1" 200 5797 "https://hvmbertogarza.com/wp-login.php" "Mozilla/5.0 (Macintosh; Intel Mac OS X 10_15_7) AppleWebKit/605.1.15 (KHTML, like Gecko) Version/17.0 Safari/605.1.15"
45.86.202.161 - - [10/Mar/2026:08:08:48 +0000] "POST //xmlrpc.php HTTP/1.1" 200 3997 "-" "Mozilla/5.0 (Windows NT 10.0; Win64; x64) AppleWebKit/537.36 (KHTML, like Gecko) Chrome/95.0.4638.69 Safari/537.36"
143.198.220.252 - - [10/Mar/2026:08:08:48 +0000] "POST /wp-login.php HTTP/1.1" 200 3855 "https://hvmbertogarza.com/wp-login.php" "Mozilla/5.0 (Macintosh; Intel Mac OS X 10_15_7) AppleWebKit/537.36 (KHTML, like Gecko) Chrome/120.0.0.0 Safari/537.36"
74.208.176.140 - - [10/Mar/2026:08:08:51 +0000] "POST /wp-cron.php?doing_wp_cron=1773130131.4344980716705322265625 HTTP/1.1" 200 4101 "-" "WordPress/6.9.1; https://hvmbertogarza.com"
45.86.202.172 - - [10/Mar/2026:08:08:50 +0000] "POST //xmlrpc.php HTTP/1.1" 200 3997 "-" "Mozilla/5.0 (Windows NT 10.0; Win64; x64) AppleWebKit/537.36 (KHTML, like Gecko) Chrome/95.0.4638.69 Safari/537.36"
143.198.220.252 - - [10/Mar/2026:08:08:50 +0000] "GET /wp-admin/index.php HTTP/1.1" 302 525 "https://hvmbertogarza.com/wp-login.php" "Mozilla/5.0 (Macintosh; Intel Mac OS X 10_15_7) AppleWebKit/605.1.15 (KHTML, like Gecko) Version/17.1 Safari/605.1.15"
45.86.202.173 - - [10/Mar/2026:08:08:52 +0000] "POST //xmlrpc.php HTTP/1.1" 200 3997 "-" "Mozilla/5.0 (Windows NT 10.0; Win64; x64) AppleWebKit/537.36 (KHTML, like Gecko) Chrome/95.0.4638.69 Safari/537.36"
143.198.220.252 - - [10/Mar/2026:08:08:52 +0000] "GET /wp-login.php?redirect_to=https%3A%2F%2Fhvmbertogarza.com%2Fwp-admin%2Findex.php&reauth=1 HTTP/1.1" 200 5797 "https://hvmbertogarza.com/wp-login.php" "Mozilla/5.0 (Macintosh; Intel Mac OS X 10_15_7) AppleWebKit/605.1.15 (KHTML, like Gecko) Version/17.1 Safari/605.1.15"
143.198.220.252 - - [10/Mar/2026:08:08:53 +0000] "POST /wp-login.php HTTP/1.1" 200 3863 "https://hvmbertogarza.com/wp-login.php" "Mozilla/5.0 (Windows NT 10.0; Win64; x64) AppleWebKit/537.36 (KHTML, like Gecko) Chrome/120.0.0.0 Safari/537.36"
45.86.202.159 - - [10/Mar/2026:08:08:53 +0000] "POST //xmlrpc.php HTTP/1.1" 200 3997 "-" "Mozilla/5.0 (Windows NT 10.0; Win64; x64) AppleWebKit/537.36 (KHTML, like Gecko) Chrome/95.0.4638.69 Safari/537.36"
143.198.220.252 - - [10/Mar/2026:08:08:55 +0000] "GET /wp-admin/index.php HTTP/1.1" 302 525 "https://hvmbertogarza.com/wp-login.php" "Mozilla/5.0 (Windows NT 11.0; Win64; x64) AppleWebKit/537.36 (KHTML, like Gecko) Chrome/120.0.0.0 Safari/537.36"
45.86.202.164 - - [10/Mar/2026:08:08:55 +0000] "POST //xmlrpc.php HTTP/1.1" 200 3997 "-" "Mozilla/5.0 (Windows NT 10.0; Win64; x64) AppleWebKit/537.36 (KHTML, like Gecko) Chrome/95.0.4638.69 Safari/537.36"
143.198.220.252 - - [10/Mar/2026:08:08:57 +0000] "GET /wp-login.php?redirect_to=https%3A%2F%2Fhvmbertogarza.com%2Fwp-admin%2Findex.php&reauth=1 HTTP/1.1" 200 5797 "https://hvmbertogarza.com/wp-login.php" "Mozilla/5.0 (Windows NT 11.0; Win64; x64) AppleWebKit/537.36 (KHTML, like Gecko) Chrome/120.0.0.0 Safari/537.36"
45.86.202.172 - - [10/Mar/2026:08:08:57 +0000] "POST //xmlrpc.php HTTP/1.1" 200 3997 "-" "Mozilla/5.0 (Windows NT 10.0; Win64; x64) AppleWebKit/537.36 (KHTML, like Gecko) Chrome/95.0.4638.69 Safari/537.36"
74.208.176.140 - - [10/Mar/2026:08:08:59 +0000] "POST /wp-cron.php?doing_wp_cron=1773130139.8853199481964111328125 HTTP/1.1" 200 4101 "-" "WordPress/6.9.1; https://hvmbertogarza.com"
143.198.220.252 - - [10/Mar/2026:08:08:58 +0000] "POST /wp-login.php HTTP/1.1" 200 3859 "https://hvmbertogarza.com/wp-login.php" "Mozilla/5.0 (Windows NT 11.0; Win64; x64; rv:120.0) Gecko/20100101 Firefox/120.0"
45.86.202.191 - - [10/Mar/2026:08:08:59 +0000] "POST //xmlrpc.php HTTP/1.1" 200 3997 "-" "Mozilla/5.0 (Windows NT 10.0; Win64; x64) AppleWebKit/537.36 (KHTML, like Gecko) Chrome/95.0.4638.69 Safari/537.36"
143.198.220.252 - - [10/Mar/2026:08:09:00 +0000] "GET /wp-admin/index.php HTTP/1.1" 302 525 "https://hvmbertogarza.com/wp-login.php" "Mozilla/5.0 (Macintosh; Intel Mac OS X 10_15_7) AppleWebKit/537.36 (KHTML, like Gecko) Chrome/121.0.0.0 Safari/537.36"
45.86.202.168 - - [10/Mar/2026:08:09:01 +0000] "POST //xmlrpc.php HTTP/1.1" 200 3997 "-" "Mozilla/5.0 (Windows NT 10.0; Win64; x64) AppleWebKit/537.36 (KHTML, like Gecko) Chrome/95.0.4638.69 Safari/537.36"
143.198.220.252 - - [10/Mar/2026:08:09:01 +0000] "GET /wp-login.php?redirect_to=https%3A%2F%2Fhvmbertogarza.com%2Fwp-admin%2Findex.php&reauth=1 HTTP/1.1" 200 5797 "https://hvmbertogarza.com/wp-login.php" "Mozilla/5.0 (Macintosh; Intel Mac OS X 10_15_7) AppleWebKit/537.36 (KHTML, like Gecko) Chrome/121.0.0.0 Safari/537.36"
45.86.202.225 - - [10/Mar/2026:08:09:04 +0000] "POST //xmlrpc.php HTTP/1.1" 200 3997 "-" "Mozilla/5.0 (Windows NT 10.0; Win64; x64) AppleWebKit/537.36 (KHTML, like Gecko) Chrome/95.0.4638.69 Safari/537.36"
143.198.220.252 - - [10/Mar/2026:08:09:04 +0000] "POST /wp-login.php HTTP/1.1" 200 3867 "https://hvmbertogarza.com/wp-login.php" "Mozilla/5.0 (Macintosh; Intel Mac OS X 13_6_1; rv:121.0) Gecko/20100101 Firefox/121.0"
143.198.220.252 - - [10/Mar/2026:08:09:05 +0000] "GET /wp-admin/index.php HTTP/1.1" 302 525 "https://hvmbertogarza.com/wp-login.php" "Mozilla/5.0 (Windows NT 11.0; Win64; x64) AppleWebKit/537.36 (KHTML, like Gecko) Chrome/118.0.0.0 Safari/537.36"
45.86.202.199 - - [10/Mar/2026:08:09:06 +0000] "POST //xmlrpc.php HTTP/1.1" 200 3997 "-" "Mozilla/5.0 (Windows NT 10.0; Win64; x64) AppleWebKit/537.36 (KHTML, like Gecko) Chrome/95.0.4638.69 Safari/537.36"
143.198.220.252 - - [10/Mar/2026:08:09:07 +0000] "GET /wp-login.php?redirect_to=https%3A%2F%2Fhvmbertogarza.com%2Fwp-admin%2Findex.php&reauth=1 HTTP/1.1" 200 5797 "https://hvmbertogarza.com/wp-login.php" "Mozilla/5.0 (Windows NT 11.0; Win64; x64) AppleWebKit/537.36 (KHTML, like Gecko) Chrome/118.0.0.0 Safari/537.36"
45.86.202.160 - - [10/Mar/2026:08:09:08 +0000] "POST //xmlrpc.php HTTP/1.1" 200 3997 "-" "Mozilla/5.0 (Windows NT 10.0; Win64; x64) AppleWebKit/537.36 (KHTML, like Gecko) Chrome/95.0.4638.69 Safari/537.36"
143.198.220.252 - - [10/Mar/2026:08:09:09 +0000] "POST /wp-login.php HTTP/1.1" 200 3858 "https://hvmbertogarza.com/wp-login.php" "Mozilla/5.0 (X11; Linux x86_64) AppleWebKit/537.36 (KHTML, like Gecko) Chrome/121.0.0.0 Safari/537.36"
45.86.202.164 - - [10/Mar/2026:08:09:10 +0000] "POST //xmlrpc.php HTTP/1.1" 200 3997 "-" "Mozilla/5.0 (Windows NT 10.0; Win64; x64) AppleWebKit/537.36 (KHTML, like Gecko) Chrome/95.0.4638.69 Safari/537.36"
143.198.220.252 - - [10/Mar/2026:08:09:12 +0000] "GET /wp-admin/index.php HTTP/1.1" 302 525 "https://hvmbertogarza.com/wp-login.php" "Mozilla/5.0 (X11; Ubuntu; Linux x86_64) AppleWebKit/537.36 (KHTML, like Gecko) Chrome/120.0.0.0 Safari/537.36"
45.86.202.188 - - [10/Mar/2026:08:09:12 +0000] "POST //xmlrpc.php HTTP/1.1" 200 3997 "-" "Mozilla/5.0 (Windows NT 10.0; Win64; x64) AppleWebKit/537.36 (KHTML, like Gecko) Chrome/95.0.4638.69 Safari/537.36"
143.198.220.252 - - [10/Mar/2026:08:09:14 +0000] "GET /wp-login.php?redirect_to=https%3A%2F%2Fhvmbertogarza.com%2Fwp-admin%2Findex.php&reauth=1 HTTP/1.1" 200 5797 "https://hvmbertogarza.com/wp-login.php" "Mozilla/5.0 (X11; Ubuntu; Linux x86_64) AppleWebKit/537.36 (KHTML, like Gecko) Chrome/120.0.0.0 Safari/537.36"
45.86.202.193 - - [10/Mar/2026:08:09:15 +0000] "POST //xmlrpc.php HTTP/1.1" 200 3997 "-" "Mozilla/5.0 (Windows NT 10.0; Win64; x64) AppleWebKit/537.36 (KHTML, like Gecko) Chrome/95.0.4638.69 Safari/537.36"
143.198.220.252 - - [10/Mar/2026:08:09:16 +0000] "POST /wp-login.php HTTP/1.1" 200 3866 "https://hvmbertogarza.com/wp-login.php" "Mozilla/5.0 (Macintosh; Intel Mac OS X 13_6_1) AppleWebKit/605.1.15 (KHTML, like Gecko) Version/16.6 Safari/605.1.15"
45.86.202.200 - - [10/Mar/2026:08:09:17 +0000] "POST //xmlrpc.php HTTP/1.1" 200 3997 "-" "Mozilla/5.0 (Windows NT 10.0; Win64; x64) AppleWebKit/537.36 (KHTML, like Gecko) Chrome/95.0.4638.69 Safari/537.36"
143.198.220.252 - - [10/Mar/2026:08:09:17 +0000] "GET /wp-admin/index.php HTTP/1.1" 302 525 "https://hvmbertogarza.com/wp-login.php" "Mozilla/5.0 (Windows NT 11.0; Win64; x64) AppleWebKit/537.36 (KHTML, like Gecko) Chrome/118.0.0.0 Safari/537.36"
143.198.220.252 - - [10/Mar/2026:08:09:18 +0000] "GET /wp-login.php?redirect_to=https%3A%2F%2Fhvmbertogarza.com%2Fwp-admin%2Findex.php&reauth=1 HTTP/1.1" 200 5797 "https://hvmbertogarza.com/wp-login.php" "Mozilla/5.0 (Windows NT 11.0; Win64; x64) AppleWebKit/537.36 (KHTML, like Gecko) Chrome/118.0.0.0 Safari/537.36"
45.86.202.196 - - [10/Mar/2026:08:09:19 +0000] "POST //xmlrpc.php HTTP/1.1" 200 3997 "-" "Mozilla/5.0 (Windows NT 10.0; Win64; x64) AppleWebKit/537.36 (KHTML, like Gecko) Chrome/95.0.4638.69 Safari/537.36"
74.208.176.140 - - [10/Mar/2026:08:09:21 +0000] "POST /wp-cron.php?doing_wp_cron=1773130161.5847830772399902343750 HTTP/1.1" 200 4101 "-" "WordPress/6.9.1; https://hvmbertogarza.com"
143.198.220.252 - - [10/Mar/2026:08:09:20 +0000] "POST /wp-login.php HTTP/1.1" 200 3866 "https://hvmbertogarza.com/wp-login.php" "Mozilla/5.0 (Macintosh; Intel Mac OS X 10_15_7) AppleWebKit/537.36 (KHTML, like Gecko) Chrome/121.0.0.0 Safari/537.36"
45.86.202.205 - - [10/Mar/2026:08:09:20 +0000] "POST //xmlrpc.php HTTP/1.1" 200 3997 "-" "Mozilla/5.0 (Windows NT 10.0; Win64; x64) AppleWebKit/537.36 (KHTML, like Gecko) Chrome/95.0.4638.69 Safari/537.36"
143.198.220.252 - - [10/Mar/2026:08:09:21 +0000] "GET /wp-admin/index.php HTTP/1.1" 302 525 "https://hvmbertogarza.com/wp-login.php" "Mozilla/5.0 (Macintosh; Intel Mac OS X 10_15_7) AppleWebKit/605.1.15 (KHTML, like Gecko) Version/17.0 Safari/605.1.15"
45.86.202.200 - - [10/Mar/2026:08:09:23 +0000] "POST //xmlrpc.php HTTP/1.1" 200 3997 "-" "Mozilla/5.0 (Windows NT 10.0; Win64; x64) AppleWebKit/537.36 (KHTML, like Gecko) Chrome/95.0.4638.69 Safari/537.36"
143.198.220.252 - - [10/Mar/2026:08:09:23 +0000] "GET /wp-login.php?redirect_to=https%3A%2F%2Fhvmbertogarza.com%2Fwp-admin%2Findex.php&reauth=1 HTTP/1.1" 200 5797 "https://hvmbertogarza.com/wp-login.php" "Mozilla/5.0 (Macintosh; Intel Mac OS X 10_15_7) AppleWebKit/605.1.15 (KHTML, like Gecko) Version/17.0 Safari/605.1.15"
45.86.202.172 - - [10/Mar/2026:08:09:25 +0000] "POST //xmlrpc.php HTTP/1.1" 200 3997 "-" "Mozilla/5.0 (Windows NT 10.0; Win64; x64) AppleWebKit/537.36 (KHTML, like Gecko) Chrome/95.0.4638.69 Safari/537.36"
143.198.220.252 - - [10/Mar/2026:08:09:25 +0000] "POST /wp-login.php HTTP/1.1" 200 3855 "https://hvmbertogarza.com/wp-login.php" "Mozilla/5.0 (Windows NT 10.0; Win64; x64) AppleWebKit/537.36 (KHTML, like Gecko) Chrome/119.0.0.0 Safari/537.36"
45.86.202.200 - - [10/Mar/2026:08:09:26 +0000] "POST //xmlrpc.php HTTP/1.1" 200 3997 "-" "Mozilla/5.0 (Windows NT 10.0; Win64; x64) AppleWebKit/537.36 (KHTML, like Gecko) Chrome/95.0.4638.69 Safari/537.36"
143.198.220.252 - - [10/Mar/2026:08:09:26 +0000] "GET /wp-admin/index.php HTTP/1.1" 302 525 "https://hvmbertogarza.com/wp-login.php" "Mozilla/5.0 (Macintosh; Intel Mac OS X 10_15_7) AppleWebKit/605.1.15 (KHTML, like Gecko) Version/17.0 Safari/605.1.15"
45.86.202.196 - - [10/Mar/2026:08:09:28 +0000] "POST //xmlrpc.php HTTP/1.1" 200 3997 "-" "Mozilla/5.0 (Windows NT 10.0; Win64; x64) AppleWebKit/537.36 (KHTML, like Gecko) Chrome/95.0.4638.69 Safari/537.36"
143.198.220.252 - - [10/Mar/2026:08:09:28 +0000] "GET /wp-login.php?redirect_to=https%3A%2F%2Fhvmbertogarza.com%2Fwp-admin%2Findex.php&reauth=1 HTTP/1.1" 200 5797 "https://hvmbertogarza.com/wp-login.php" "Mozilla/5.0 (Macintosh; Intel Mac OS X 10_15_7) AppleWebKit/605.1.15 (KHTML, like Gecko) Version/17.0 Safari/605.1.15"
143.198.220.252 - - [10/Mar/2026:08:09:30 +0000] "POST /wp-login.php HTTP/1.1" 200 3857 "https://hvmbertogarza.com/wp-login.php" "Mozilla/5.0 (Windows NT 10.0; Win64; x64) AppleWebKit/537.36 (KHTML, like Gecko) Chrome/118.0.0.0 Safari/537.36"
45.86.202.201 - - [10/Mar/2026:08:09:30 +0000] "POST //xmlrpc.php HTTP/1.1" 200 3997 "-" "Mozilla/5.0 (Windows NT 10.0; Win64; x64) AppleWebKit/537.36 (KHTML, like Gecko) Chrome/95.0.4638.69 Safari/537.36"
66.249.66.9 - - [10/Mar/2026:08:09:32 +0000] "GET /shop/liquids/matterhorn084274825682.html HTTP/1.1" 200 33136 "-" "Mozilla/5.0 (Linux; Android 6.0.1; Nexus 5X Build/MMB29P) AppleWebKit/537.36 (KHTML, like Gecko) Chrome/145.0.7632.116 Mobile Safari/537.36 (compatible; GoogleOther)"
143.198.220.252 - - [10/Mar/2026:08:09:32 +0000] "GET /wp-admin/index.php HTTP/1.1" 302 525 "https://hvmbertogarza.com/wp-login.php" "Mozilla/5.0 (Macintosh; Intel Mac OS X 13_6_1) AppleWebKit/605.1.15 (KHTML, like Gecko) Version/16.6 Safari/605.1.15"
45.86.202.184 - - [10/Mar/2026:08:09:32 +0000] "POST //xmlrpc.php HTTP/1.1" 200 3997 "-" "Mozilla/5.0 (Windows NT 10.0; Win64; x64) AppleWebKit/537.36 (KHTML, like Gecko) Chrome/95.0.4638.69 Safari/537.36"
143.198.220.252 - - [10/Mar/2026:08:09:33 +0000] "GET /wp-login.php?redirect_to=https%3A%2F%2Fhvmbertogarza.com%2Fwp-admin%2Findex.php&reauth=1 HTTP/1.1" 200 5797 "https://hvmbertogarza.com/wp-login.php" "Mozilla/5.0 (Macintosh; Intel Mac OS X 13_6_1) AppleWebKit/605.1.15 (KHTML, like Gecko) Version/16.6 Safari/605.1.15"
45.86.202.165 - - [10/Mar/2026:08:09:34 +0000] "POST //xmlrpc.php HTTP/1.1" 200 3997 "-" "Mozilla/5.0 (Windows NT 10.0; Win64; x64) AppleWebKit/537.36 (KHTML, like Gecko) Chrome/95.0.4638.69 Safari/537.36"
45.86.202.188 - - [10/Mar/2026:08:09:36 +0000] "POST //xmlrpc.php HTTP/1.1" 200 3997 "-" "Mozilla/5.0 (Windows NT 10.0; Win64; x64) AppleWebKit/537.36 (KHTML, like Gecko) Chrome/95.0.4638.69 Safari/537.36"
143.198.220.252 - - [10/Mar/2026:08:09:36 +0000] "POST /wp-login.php HTTP/1.1" 200 3859 "https://hvmbertogarza.com/wp-login.php" "Mozilla/5.0 (Windows NT 11.0; Win64; x64; rv:119.0) Gecko/20100101 Firefox/119.0"
143.198.220.252 - - [10/Mar/2026:08:09:38 +0000] "GET /wp-admin/index.php HTTP/1.1" 302 525 "https://hvmbertogarza.com/wp-login.php" "Mozilla/5.0 (Macintosh; Intel Mac OS X 13_6_1) AppleWebKit/537.36 (KHTML, like Gecko) Chrome/119.0.0.0 Safari/537.36"
45.86.202.205 - - [10/Mar/2026:08:09:38 +0000] "POST //xmlrpc.php HTTP/1.1" 200 3997 "-" "Mozilla/5.0 (Windows NT 10.0; Win64; x64) AppleWebKit/537.36 (KHTML, like Gecko) Chrome/95.0.4638.69 Safari/537.36"
143.198.220.252 - - [10/Mar/2026:08:09:39 +0000] "GET /wp-login.php?redirect_to=https%3A%2F%2Fhvmbertogarza.com%2Fwp-admin%2Findex.php&reauth=1 HTTP/1.1" 200 5797 "https://hvmbertogarza.com/wp-login.php" "Mozilla/5.0 (Macintosh; Intel Mac OS X 13_6_1) AppleWebKit/537.36 (KHTML, like Gecko) Chrome/119.0.0.0 Safari/537.36"
45.86.202.191 - - [10/Mar/2026:08:09:40 +0000] "POST //xmlrpc.php HTTP/1.1" 200 3997 "-" "Mozilla/5.0 (Windows NT 10.0; Win64; x64) AppleWebKit/537.36 (KHTML, like Gecko) Chrome/95.0.4638.69 Safari/537.36"
143.198.220.252 - - [10/Mar/2026:08:09:41 +0000] "POST /wp-login.php HTTP/1.1" 200 3859 "https://hvmbertogarza.com/wp-login.php" "Mozilla/5.0 (Macintosh; Intel Mac OS X 13_6_1) AppleWebKit/537.36 (KHTML, like Gecko) Chrome/118.0.0.0 Safari/537.36"
45.86.202.176 - - [10/Mar/2026:08:09:42 +0000] "POST //xmlrpc.php HTTP/1.1" 200 3997 "-" "Mozilla/5.0 (Windows NT 10.0; Win64; x64) AppleWebKit/537.36 (KHTML, like Gecko) Chrome/95.0.4638.69 Safari/537.36"
143.198.220.252 - - [10/Mar/2026:08:09:42 +0000] "GET /wp-admin/index.php HTTP/1.1" 302 525 "https://hvmbertogarza.com/wp-login.php" "Mozilla/5.0 (Macintosh; Intel Mac OS X 10_15_7) AppleWebKit/537.36 (KHTML, like Gecko) Chrome/119.0.0.0 Safari/537.36"
45.86.202.159 - - [10/Mar/2026:08:09:44 +0000] "POST //xmlrpc.php HTTP/1.1" 200 3997 "-" "Mozilla/5.0 (Windows NT 10.0; Win64; x64) AppleWebKit/537.36 (KHTML, like Gecko) Chrome/95.0.4638.69 Safari/537.36"
143.198.220.252 - - [10/Mar/2026:08:09:44 +0000] "GET /wp-login.php?redirect_to=https%3A%2F%2Fhvmbertogarza.com%2Fwp-admin%2Findex.php&reauth=1 HTTP/1.1" 200 5797 "https://hvmbertogarza.com/wp-login.php" "Mozilla/5.0 (Macintosh; Intel Mac OS X 10_15_7) AppleWebKit/537.36 (KHTML, like Gecko) Chrome/119.0.0.0 Safari/537.36"
45.86.202.182 - - [10/Mar/2026:08:09:46 +0000] "POST //xmlrpc.php HTTP/1.1" 200 3997 "-" "Mozilla/5.0 (Windows NT 10.0; Win64; x64) AppleWebKit/537.36 (KHTML, like Gecko) Chrome/95.0.4638.69 Safari/537.36"
143.198.220.252 - - [10/Mar/2026:08:09:46 +0000] "POST /wp-login.php HTTP/1.1" 200 3856 "https://hvmbertogarza.com/wp-login.php" "Mozilla/5.0 (Macintosh; Intel Mac OS X 13_6_1; rv:121.0) Gecko/20100101 Firefox/121.0"
45.86.202.200 - - [10/Mar/2026:08:09:47 +0000] "POST //xmlrpc.php HTTP/1.1" 200 3997 "-" "Mozilla/5.0 (Windows NT 10.0; Win64; x64) AppleWebKit/537.36 (KHTML, like Gecko) Chrome/95.0.4638.69 Safari/537.36"
143.198.220.252 - - [10/Mar/2026:08:09:48 +0000] "GET /wp-admin/index.php HTTP/1.1" 302 525 "https://hvmbertogarza.com/wp-login.php" "Mozilla/5.0 (Macintosh; Intel Mac OS X 13_6_1) AppleWebKit/605.1.15 (KHTML, like Gecko) Version/16.6 Safari/605.1.15"
143.198.220.252 - - [10/Mar/2026:08:09:49 +0000] "GET /wp-login.php?redirect_to=https%3A%2F%2Fhvmbertogarza.com%2Fwp-admin%2Findex.php&reauth=1 HTTP/1.1" 200 5797 "https://hvmbertogarza.com/wp-login.php" "Mozilla/5.0 (Macintosh; Intel Mac OS X 13_6_1) AppleWebKit/605.1.15 (KHTML, like Gecko) Version/16.6 Safari/605.1.15"
74.208.176.140 - - [10/Mar/2026:08:09:51 +0000] "POST /wp-cron.php?doing_wp_cron=1773130191.2137780189514160156250 HTTP/1.1" 200 4101 "-" "WordPress/6.9.1; https://hvmbertogarza.com"
45.86.202.169 - - [10/Mar/2026:08:09:49 +0000] "POST //xmlrpc.php HTTP/1.1" 200 3997 "-" "Mozilla/5.0 (Windows NT 10.0; Win64; x64) AppleWebKit/537.36 (KHTML, like Gecko) Chrome/95.0.4638.69 Safari/537.36"
143.198.220.252 - - [10/Mar/2026:08:09:51 +0000] "POST /wp-login.php HTTP/1.1" 200 3864 "https://hvmbertogarza.com/wp-login.php" "Mozilla/5.0 (Macintosh; Intel Mac OS X 10_15_7) AppleWebKit/537.36 (KHTML, like Gecko) Chrome/120.0.0.0 Safari/537.36"
45.86.202.187 - - [10/Mar/2026:08:09:51 +0000] "POST //xmlrpc.php HTTP/1.1" 200 3997 "-" "Mozilla/5.0 (Windows NT 10.0; Win64; x64) AppleWebKit/537.36 (KHTML, like Gecko) Chrome/95.0.4638.69 Safari/537.36"
143.198.220.252 - - [10/Mar/2026:08:09:52 +0000] "GET /wp-admin/index.php HTTP/1.1" 302 525 "https://hvmbertogarza.com/wp-login.php" "Mozilla/5.0 (Windows NT 11.0; Win64; x64; rv:119.0) Gecko/20100101 Firefox/119.0"
45.86.202.188 - - [10/Mar/2026:08:09:53 +0000] "POST //xmlrpc.php HTTP/1.1" 200 3997 "-" "Mozilla/5.0 (Windows NT 10.0; Win64; x64) AppleWebKit/537.36 (KHTML, like Gecko) Chrome/95.0.4638.69 Safari/537.36"
143.198.220.252 - - [10/Mar/2026:08:09:54 +0000] "GET /wp-login.php?redirect_to=https%3A%2F%2Fhvmbertogarza.com%2Fwp-admin%2Findex.php&reauth=1 HTTP/1.1" 200 5797 "https://hvmbertogarza.com/wp-login.php" "Mozilla/5.0 (Windows NT 11.0; Win64; x64; rv:119.0) Gecko/20100101 Firefox/119.0"
146.19.125.70 - - [10/Mar/2026:08:09:52 +0000] "GET / HTTP/1.0" 200 402812 "https://hvmbertogarza.com/" "Mozilla/5.0 (Windows NT 10.0; Win64; x64) AppleWebKit/537.36 (KHTML, like Gecko) Chrome/131.0.0.0 Safari/537.36"
45.86.202.157 - - [10/Mar/2026:08:09:55 +0000] "POST //xmlrpc.php HTTP/1.1" 200 3997 "-" "Mozilla/5.0 (Windows NT 10.0; Win64; x64) AppleWebKit/537.36 (KHTML, like Gecko) Chrome/95.0.4638.69 Safari/537.36"
143.198.220.252 - - [10/Mar/2026:08:09:56 +0000] "POST /wp-login.php HTTP/1.1" 200 3858 "https://hvmbertogarza.com/wp-login.php" "Mozilla/5.0 (Windows NT 10.0; Win64; x64; rv:118.0) Gecko/20100101 Firefox/118.0"
45.86.202.192 - - [10/Mar/2026:08:09:57 +0000] "POST //xmlrpc.php HTTP/1.1" 200 3997 "-" "Mozilla/5.0 (Windows NT 10.0; Win64; x64) AppleWebKit/537.36 (KHTML, like Gecko) Chrome/95.0.4638.69 Safari/537.36"
143.198.220.252 - - [10/Mar/2026:08:09:58 +0000] "GET /wp-admin/index.php HTTP/1.1" 302 525 "https://hvmbertogarza.com/wp-login.php" "Mozilla/5.0 (Macintosh; Intel Mac OS X 10_15_7; rv:119.0) Gecko/20100101 Firefox/119.0"
146.19.125.70 - - [10/Mar/2026:08:09:58 +0000] "GET /wp-login.php?action=register HTTP/1.0" 200 8068 "https://hvmbertogarza.com/wp-login.php?action=register" "Mozilla/5.0 (Windows NT 10.0; Win64; x64) AppleWebKit/537.36 (KHTML, like Gecko) Chrome/131.0.0.0 Safari/537.36"
143.198.220.252 - - [10/Mar/2026:08:09:59 +0000] "GET /wp-login.php?redirect_to=https%3A%2F%2Fhvmbertogarza.com%2Fwp-admin%2Findex.php&reauth=1 HTTP/1.1" 200 5797 "https://hvmbertogarza.com/wp-login.php" "Mozilla/5.0 (Macintosh; Intel Mac OS X 10_15_7; rv:119.0) Gecko/20100101 Firefox/119.0"
45.86.202.199 - - [10/Mar/2026:08:09:59 +0000] "POST //xmlrpc.php HTTP/1.1" 200 3997 "-" "Mozilla/5.0 (Windows NT 10.0; Win64; x64) AppleWebKit/537.36 (KHTML, like Gecko) Chrome/95.0.4638.69 Safari/537.36"
146.19.125.70 - - [10/Mar/2026:08:10:01 +0000] "POST /wp-login.php?action=register HTTP/1.0" 200 8514 "https://hvmbertogarza.com/wp-login.php?action=register" "Mozilla/5.0 (Windows NT 10.0; Win64; x64) AppleWebKit/537.36 (KHTML, like Gecko) Chrome/131.0.0.0 Safari/537.36"
143.198.220.252 - - [10/Mar/2026:08:10:01 +0000] "POST /wp-login.php HTTP/1.1" 200 3855 "https://hvmbertogarza.com/wp-login.php" "Mozilla/5.0 (Windows NT 11.0; Win64; x64; rv:120.0) Gecko/20100101 Firefox/120.0"
45.86.202.205 - - [10/Mar/2026:08:10:01 +0000] "POST //xmlrpc.php HTTP/1.1" 200 3997 "-" "Mozilla/5.0 (Windows NT 10.0; Win64; x64) AppleWebKit/537.36 (KHTML, like Gecko) Chrome/95.0.4638.69 Safari/537.36"
45.86.202.224 - - [10/Mar/2026:08:10:04 +0000] "POST //xmlrpc.php HTTP/1.1" 200 3997 "-" "Mozilla/5.0 (Windows NT 10.0; Win64; x64) AppleWebKit/537.36 (KHTML, like Gecko) Chrome/95.0.4638.69 Safari/537.36"
143.198.220.252 - - [10/Mar/2026:08:10:03 +0000] "GET /wp-admin/index.php HTTP/1.1" 302 525 "https://hvmbertogarza.com/wp-login.php" "Mozilla/5.0 (X11; Linux x86_64) AppleWebKit/537.36 (KHTML, like Gecko) Chrome/120.0.0.0 Safari/537.36"
45.86.202.224 - - [10/Mar/2026:08:10:06 +0000] "POST //xmlrpc.php HTTP/1.1" 200 3997 "-" "Mozilla/5.0 (Windows NT 10.0; Win64; x64) AppleWebKit/537.36 (KHTML, like Gecko) Chrome/95.0.4638.69 Safari/537.36"
143.198.220.252 - - [10/Mar/2026:08:10:06 +0000] "GET /wp-login.php?redirect_to=https%3A%2F%2Fhvmbertogarza.com%2Fwp-admin%2Findex.php&reauth=1 HTTP/1.1" 200 5797 "https://hvmbertogarza.com/wp-login.php" "Mozilla/5.0 (X11; Linux x86_64) AppleWebKit/537.36 (KHTML, like Gecko) Chrome/120.0.0.0 Safari/537.36"
146.19.125.70 - - [10/Mar/2026:08:10:04 +0000] "GET / HTTP/1.0" 200 402725 "https://hvmbertogarza.com/" "Mozilla/5.0 (Windows NT 10.0; Win64; x64) AppleWebKit/537.36 (KHTML, like Gecko) Chrome/131.0.0.0 Safari/537.36"
45.86.202.183 - - [10/Mar/2026:08:10:08 +0000] "POST //xmlrpc.php HTTP/1.1" 200 3997 "-" "Mozilla/5.0 (Windows NT 10.0; Win64; x64) AppleWebKit/537.36 (KHTML, like Gecko) Chrome/95.0.4638.69 Safari/537.36"
143.198.220.252 - - [10/Mar/2026:08:10:08 +0000] "POST /wp-login.php HTTP/1.1" 200 3865 "https://hvmbertogarza.com/wp-login.php" "Mozilla/5.0 (Macintosh; Intel Mac OS X 13_6_1) AppleWebKit/605.1.15 (KHTML, like Gecko) Version/17.2 Safari/605.1.15"
45.86.202.194 - - [10/Mar/2026:08:10:10 +0000] "POST //xmlrpc.php HTTP/1.1" 200 3997 "-" "Mozilla/5.0 (Windows NT 10.0; Win64; x64) AppleWebKit/537.36 (KHTML, like Gecko) Chrome/95.0.4638.69 Safari/537.36"
143.198.220.252 - - [10/Mar/2026:08:10:11 +0000] "GET /wp-admin/index.php HTTP/1.1" 302 525 "https://hvmbertogarza.com/wp-login.php" "Mozilla/5.0 (Macintosh; Intel Mac OS X 13_6_1) AppleWebKit/537.36 (KHTML, like Gecko) Chrome/120.0.0.0 Safari/537.36"
143.198.220.252 - - [10/Mar/2026:08:10:12 +0000] "GET /wp-login.php?redirect_to=https%3A%2F%2Fhvmbertogarza.com%2Fwp-admin%2Findex.php&reauth=1 HTTP/1.1" 200 5797 "https://hvmbertogarza.com/wp-login.php" "Mozilla/5.0 (Macintosh; Intel Mac OS X 13_6_1) AppleWebKit/537.36 (KHTML, like Gecko) Chrome/120.0.0.0 Safari/537.36"
45.86.202.191 - - [10/Mar/2026:08:10:13 +0000] "POST //xmlrpc.php HTTP/1.1" 200 3997 "-" "Mozilla/5.0 (Windows NT 10.0; Win64; x64) AppleWebKit/537.36 (KHTML, like Gecko) Chrome/95.0.4638.69 Safari/537.36"
143.198.220.252 - - [10/Mar/2026:08:10:15 +0000] "POST /wp-login.php HTTP/1.1" 200 3859 "https://hvmbertogarza.com/wp-login.php" "Mozilla/5.0 (X11; Linux x86_64) AppleWebKit/537.36 (KHTML, like Gecko) Chrome/120.0.0.0 Safari/537.36"
45.86.202.200 - - [10/Mar/2026:08:10:15 +0000] "POST //xmlrpc.php HTTP/1.1" 200 3997 "-" "Mozilla/5.0 (Windows NT 10.0; Win64; x64) AppleWebKit/537.36 (KHTML, like Gecko) Chrome/95.0.4638.69 Safari/537.36"
143.198.220.252 - - [10/Mar/2026:08:10:17 +0000] "GET /wp-admin/index.php HTTP/1.1" 302 525 "https://hvmbertogarza.com/wp-login.php" "Mozilla/5.0 (Macintosh; Intel Mac OS X 13_6_1) AppleWebKit/605.1.15 (KHTML, like Gecko) Version/16.6 Safari/605.1.15"
45.86.202.204 - - [10/Mar/2026:08:10:18 +0000] "POST //xmlrpc.php HTTP/1.1" 200 3997 "-" "Mozilla/5.0 (Windows NT 10.0; Win64; x64) AppleWebKit/537.36 (KHTML, like Gecko) Chrome/95.0.4638.69 Safari/537.36"
74.208.176.140 - - [10/Mar/2026:08:10:21 +0000] "POST /wp-cron.php?doing_wp_cron=1773130221.1941499710083007812500 HTTP/1.1" 200 4101 "-" "WordPress/6.9.1; https://hvmbertogarza.com"
143.198.220.252 - - [10/Mar/2026:08:10:19 +0000] "GET /wp-login.php?redirect_to=https%3A%2F%2Fhvmbertogarza.com%2Fwp-admin%2Findex.php&reauth=1 HTTP/1.1" 200 5797 "https://hvmbertogarza.com/wp-login.php" "Mozilla/5.0 (Macintosh; Intel Mac OS X 13_6_1) AppleWebKit/605.1.15 (KHTML, like Gecko) Version/16.6 Safari/605.1.15"
45.86.202.191 - - [10/Mar/2026:08:10:20 +0000] "POST //xmlrpc.php HTTP/1.1" 200 3997 "-" "Mozilla/5.0 (Windows NT 10.0; Win64; x64) AppleWebKit/537.36 (KHTML, like Gecko) Chrome/95.0.4638.69 Safari/537.36"
74.208.176.140 - - [10/Mar/2026:08:10:23 +0000] "POST /wp-cron.php?doing_wp_cron=1773130223.7930250167846679687500 HTTP/1.1" 200 4101 "-" "WordPress/6.9.1; https://hvmbertogarza.com"
51.161.37.190 - - [10/Mar/2026:08:10:20 +0000] "GET /shop/pomely/singular01966299684.html HTTP/1.1" 404 142794 "-" "Mozilla/5.0 (compatible; AhrefsBot/7.0; +http://ahrefs.com/robot/)"
143.198.220.252 - - [10/Mar/2026:08:10:21 +0000] "POST /wp-login.php HTTP/1.1" 200 3855 "https://hvmbertogarza.com/wp-login.php" "Mozilla/5.0 (Macintosh; Intel Mac OS X 13_6_1) AppleWebKit/537.36 (KHTML, like Gecko) Chrome/120.0.0.0 Safari/537.36"
45.86.202.178 - - [10/Mar/2026:08:10:22 +0000] "POST //xmlrpc.php HTTP/1.1" 200 3997 "-" "Mozilla/5.0 (Windows NT 10.0; Win64; x64) AppleWebKit/537.36 (KHTML, like Gecko) Chrome/95.0.4638.69 Safari/537.36"
143.198.220.252 - - [10/Mar/2026:08:10:24 +0000] "GET /wp-admin/index.php HTTP/1.1" 302 525 "https://hvmbertogarza.com/wp-login.php" "Mozilla/5.0 (Macintosh; Intel Mac OS X 13_6_1) AppleWebKit/605.1.15 (KHTML, like Gecko) Version/17.1 Safari/605.1.15"
45.86.202.169 - - [10/Mar/2026:08:10:25 +0000] "POST //xmlrpc.php HTTP/1.1" 200 3997 "-" "Mozilla/5.0 (Windows NT 10.0; Win64; x64) AppleWebKit/537.36 (KHTML, like Gecko) Chrome/95.0.4638.69 Safari/537.36"
143.198.220.252 - - [10/Mar/2026:08:10:26 +0000] "GET /wp-login.php?redirect_to=https%3A%2F%2Fhvmbertogarza.com%2Fwp-admin%2Findex.php&reauth=1 HTTP/1.1" 200 5797 "https://hvmbertogarza.com/wp-login.php" "Mozilla/5.0 (Macintosh; Intel Mac OS X 13_6_1) AppleWebKit/605.1.15 (KHTML, like Gecko) Version/17.1 Safari/605.1.15"
45.86.202.186 - - [10/Mar/2026:08:10:27 +0000] "POST //xmlrpc.php HTTP/1.1" 200 3997 "-" "Mozilla/5.0 (Windows NT 10.0; Win64; x64) AppleWebKit/537.36 (KHTML, like Gecko) Chrome/95.0.4638.69 Safari/537.36"
143.198.220.252 - - [10/Mar/2026:08:10:28 +0000] "POST /wp-login.php HTTP/1.1" 200 3863 "https://hvmbertogarza.com/wp-login.php" "Mozilla/5.0 (Macintosh; Intel Mac OS X 13_6_1) AppleWebKit/605.1.15 (KHTML, like Gecko) Version/17.0 Safari/605.1.15"
45.86.202.181 - - [10/Mar/2026:08:10:29 +0000] "POST //xmlrpc.php HTTP/1.1" 200 3997 "-" "Mozilla/5.0 (Windows NT 10.0; Win64; x64) AppleWebKit/537.36 (KHTML, like Gecko) Chrome/95.0.4638.69 Safari/537.36"
143.198.220.252 - - [10/Mar/2026:08:10:30 +0000] "GET /wp-admin/index.php HTTP/1.1" 302 525 "https://hvmbertogarza.com/wp-login.php" "Mozilla/5.0 (Windows NT 11.0; Win64; x64; rv:121.0) Gecko/20100101 Firefox/121.0"
74.208.176.140 - - [10/Mar/2026:08:10:05 +0000] "POST /wp-admin/admin-ajax.php?action=as_async_request_queue_runner&nonce=3e2fd7b4b4 HTTP/1.1" 200 4305 "-" "WordPress/6.9.1; https://hvmbertogarza.com"
45.86.202.203 - - [10/Mar/2026:08:10:31 +0000] "POST //xmlrpc.php HTTP/1.1" 200 3997 "-" "Mozilla/5.0 (Windows NT 10.0; Win64; x64) AppleWebKit/537.36 (KHTML, like Gecko) Chrome/95.0.4638.69 Safari/537.36"
143.198.220.252 - - [10/Mar/2026:08:10:31 +0000] "GET /wp-login.php?redirect_to=https%3A%2F%2Fhvmbertogarza.com%2Fwp-admin%2Findex.php&reauth=1 HTTP/1.1" 200 5797 "https://hvmbertogarza.com/wp-login.php" "Mozilla/5.0 (Windows NT 11.0; Win64; x64; rv:121.0) Gecko/20100101 Firefox/121.0"
143.198.220.252 - - [10/Mar/2026:08:10:33 +0000] "POST /wp-login.php HTTP/1.1" 200 3859 "https://hvmbertogarza.com/wp-login.php" "Mozilla/5.0 (Windows NT 10.0; Win64; x64; rv:121.0) Gecko/20100101 Firefox/121.0"
45.86.202.169 - - [10/Mar/2026:08:10:33 +0000] "POST //xmlrpc.php HTTP/1.1" 200 3997 "-" "Mozilla/5.0 (Windows NT 10.0; Win64; x64) AppleWebKit/537.36 (KHTML, like Gecko) Chrome/95.0.4638.69 Safari/537.36"
216.73.216.131 - - [10/Mar/2026:08:10:33 +0000] "GET /1843-2 HTTP/1.1" 301 4125 "-" "Mozilla/5.0 AppleWebKit/537.36 (KHTML, like Gecko; compatible; ClaudeBot/1.0; +claudebot@anthropic.com)"
143.198.220.252 - - [10/Mar/2026:08:10:34 +0000] "GET /wp-admin/index.php HTTP/1.1" 302 525 "https://hvmbertogarza.com/wp-login.php" "Mozilla/5.0 (X11; Linux x86_64) AppleWebKit/537.36 (KHTML, like Gecko) Chrome/120.0.0.0 Safari/537.36"
45.86.202.160 - - [10/Mar/2026:08:10:35 +0000] "POST //xmlrpc.php HTTP/1.1" 200 3997 "-" "Mozilla/5.0 (Windows NT 10.0; Win64; x64) AppleWebKit/537.36 (KHTML, like Gecko) Chrome/95.0.4638.69 Safari/537.36"
216.73.216.131 - - [10/Mar/2026:08:10:35 +0000] "GET /1843-2/ HTTP/1.1" 200 43369 "https://hvmbertogarza.com/1843-2" "Mozilla/5.0 AppleWebKit/537.36 (KHTML, like Gecko; compatible; ClaudeBot/1.0; +claudebot@anthropic.com)"
143.198.220.252 - - [10/Mar/2026:08:10:36 +0000] "GET /wp-login.php?redirect_to=https%3A%2F%2Fhvmbertogarza.com%2Fwp-admin%2Findex.php&reauth=1 HTTP/1.1" 200 5797 "https://hvmbertogarza.com/wp-login.php" "Mozilla/5.0 (X11; Linux x86_64) AppleWebKit/537.36 (KHTML, like Gecko) Chrome/120.0.0.0 Safari/537.36"
45.86.202.204 - - [10/Mar/2026:08:10:37 +0000] "POST //xmlrpc.php HTTP/1.1" 200 3997 "-" "Mozilla/5.0 (Windows NT 10.0; Win64; x64) AppleWebKit/537.36 (KHTML, like Gecko) Chrome/95.0.4638.69 Safari/537.36"
143.198.220.252 - - [10/Mar/2026:08:10:38 +0000] "POST /wp-login.php HTTP/1.1" 200 3857 "https://hvmbertogarza.com/wp-login.php" "Mozilla/5.0 (Macintosh; Intel Mac OS X 13_6_1; rv:120.0) Gecko/20100101 Firefox/120.0"
45.86.202.191 - - [10/Mar/2026:08:10:39 +0000] "POST //xmlrpc.php HTTP/1.1" 200 3997 "-" "Mozilla/5.0 (Windows NT 10.0; Win64; x64) AppleWebKit/537.36 (KHTML, like Gecko) Chrome/95.0.4638.69 Safari/537.36"
143.198.220.252 - - [10/Mar/2026:08:10:40 +0000] "GET /wp-admin/index.php HTTP/1.1" 302 524 "https://hvmbertogarza.com/wp-login.php" "Mozilla/5.0 (Windows NT 10.0; Win64; x64) AppleWebKit/537.36 (KHTML, like Gecko) Chrome/119.0.0.0 Safari/537.36"
45.86.202.224 - - [10/Mar/2026:08:10:41 +0000] "POST //xmlrpc.php HTTP/1.1" 200 3997 "-" "Mozilla/5.0 (Windows NT 10.0; Win64; x64) AppleWebKit/537.36 (KHTML, like Gecko) Chrome/95.0.4638.69 Safari/537.36"
143.198.220.252 - - [10/Mar/2026:08:10:41 +0000] "GET /wp-login.php?redirect_to=https%3A%2F%2Fhvmbertogarza.com%2Fwp-admin%2Findex.php&reauth=1 HTTP/1.1" 200 5796 "https://hvmbertogarza.com/wp-login.php" "Mozilla/5.0 (Windows NT 10.0; Win64; x64) AppleWebKit/537.36 (KHTML, like Gecko) Chrome/119.0.0.0 Safari/537.36"
143.198.220.252 - - [10/Mar/2026:08:10:42 +0000] "POST /wp-login.php HTTP/1.1" 200 3861 "https://hvmbertogarza.com/wp-login.php" "Mozilla/5.0 (Macintosh; Intel Mac OS X 13_6_1) AppleWebKit/537.36 (KHTML, like Gecko) Chrome/119.0.0.0 Safari/537.36"
45.86.202.178 - - [10/Mar/2026:08:10:42 +0000] "POST //xmlrpc.php HTTP/1.1" 200 3997 "-" "Mozilla/5.0 (Windows NT 10.0; Win64; x64) AppleWebKit/537.36 (KHTML, like Gecko) Chrome/95.0.4638.69 Safari/537.36"
45.86.202.202 - - [10/Mar/2026:08:10:44 +0000] "POST //xmlrpc.php HTTP/1.1" 200 3997 "-" "Mozilla/5.0 (Windows NT 10.0; Win64; x64) AppleWebKit/537.36 (KHTML, like Gecko) Chrome/95.0.4638.69 Safari/537.36"
143.198.220.252 - - [10/Mar/2026:08:10:44 +0000] "GET /wp-admin/index.php HTTP/1.1" 302 524 "https://hvmbertogarza.com/wp-login.php" "Mozilla/5.0 (X11; Linux x86_64) AppleWebKit/537.36 (KHTML, like Gecko) Chrome/120.0.0.0 Safari/537.36"
143.198.220.252 - - [10/Mar/2026:08:10:46 +0000] "GET /wp-login.php?redirect_to=https%3A%2F%2Fhvmbertogarza.com%2Fwp-admin%2Findex.php&reauth=1 HTTP/1.1" 200 5796 "https://hvmbertogarza.com/wp-login.php" "Mozilla/5.0 (X11; Linux x86_64) AppleWebKit/537.36 (KHTML, like Gecko) Chrome/120.0.0.0 Safari/537.36"
45.86.202.189 - - [10/Mar/2026:08:10:46 +0000] "POST //xmlrpc.php HTTP/1.1" 200 3997 "-" "Mozilla/5.0 (Windows NT 10.0; Win64; x64) AppleWebKit/537.36 (KHTML, like Gecko) Chrome/95.0.4638.69 Safari/537.36"
143.198.220.252 - - [10/Mar/2026:08:10:48 +0000] "POST /wp-login.php HTTP/1.1" 200 3860 "https://hvmbertogarza.com/wp-login.php" "Mozilla/5.0 (Macintosh; Intel Mac OS X 13_6_1; rv:119.0) Gecko/20100101 Firefox/119.0"
45.86.202.179 - - [10/Mar/2026:08:10:48 +0000] "POST //xmlrpc.php HTTP/1.1" 200 3997 "-" "Mozilla/5.0 (Windows NT 10.0; Win64; x64) AppleWebKit/537.36 (KHTML, like Gecko) Chrome/95.0.4638.69 Safari/537.36"
143.198.220.252 - - [10/Mar/2026:08:10:49 +0000] "GET /wp-admin/index.php HTTP/1.1" 302 524 "https://hvmbertogarza.com/wp-login.php" "Mozilla/5.0 (Macintosh; Intel Mac OS X 10_15_7; rv:120.0) Gecko/20100101 Firefox/120.0"
45.86.202.165 - - [10/Mar/2026:08:10:50 +0000] "POST //xmlrpc.php HTTP/1.1" 200 3997 "-" "Mozilla/5.0 (Windows NT 10.0; Win64; x64) AppleWebKit/537.36 (KHTML, like Gecko) Chrome/95.0.4638.69 Safari/537.36"
143.198.220.252 - - [10/Mar/2026:08:10:51 +0000] "GET /wp-login.php?redirect_to=https%3A%2F%2Fhvmbertogarza.com%2Fwp-admin%2Findex.php&reauth=1 HTTP/1.1" 200 5796 "https://hvmbertogarza.com/wp-login.php" "Mozilla/5.0 (Macintosh; Intel Mac OS X 10_15_7; rv:120.0) Gecko/20100101 Firefox/120.0"
45.86.202.159 - - [10/Mar/2026:08:10:52 +0000] "POST //xmlrpc.php HTTP/1.1" 200 3997 "-" "Mozilla/5.0 (Windows NT 10.0; Win64; x64) AppleWebKit/537.36 (KHTML, like Gecko) Chrome/95.0.4638.69 Safari/537.36"
143.198.220.252 - - [10/Mar/2026:08:10:52 +0000] "POST /wp-login.php HTTP/1.1" 200 3859 "https://hvmbertogarza.com/wp-login.php" "Mozilla/5.0 (Macintosh; Intel Mac OS X 10_15_7) AppleWebKit/605.1.15 (KHTML, like Gecko) Version/17.1 Safari/605.1.15"
143.198.220.252 - - [10/Mar/2026:08:10:54 +0000] "GET /wp-admin/index.php HTTP/1.1" 302 489 "https://hvmbertogarza.com/wp-login.php" "Mozilla/5.0 (Windows NT 11.0; Win64; x64) AppleWebKit/537.36 (KHTML, like Gecko) Chrome/121.0.0.0 Safari/537.36"
45.86.202.188 - - [10/Mar/2026:08:10:54 +0000] "POST //xmlrpc.php HTTP/1.1" 200 3997 "-" "Mozilla/5.0 (Windows NT 10.0; Win64; x64) AppleWebKit/537.36 (KHTML, like Gecko) Chrome/95.0.4638.69 Safari/537.36"
45.86.202.176 - - [10/Mar/2026:08:10:56 +0000] "POST //xmlrpc.php HTTP/1.1" 200 3997 "-" "Mozilla/5.0 (Windows NT 10.0; Win64; x64) AppleWebKit/537.36 (KHTML, like Gecko) Chrome/95.0.4638.69 Safari/537.36"
143.198.220.252 - - [10/Mar/2026:08:10:56 +0000] "GET /wp-login.php?redirect_to=https%3A%2F%2Fhvmbertogarza.com%2Fwp-admin%2Findex.php&reauth=1 HTTP/1.1" 200 9584 "https://hvmbertogarza.com/wp-login.php" "Mozilla/5.0 (Windows NT 11.0; Win64; x64) AppleWebKit/537.36 (KHTML, like Gecko) Chrome/121.0.0.0 Safari/537.36"
45.86.202.174 - - [10/Mar/2026:08:10:58 +0000] "POST //xmlrpc.php HTTP/1.1" 200 3997 "-" "Mozilla/5.0 (Windows NT 10.0; Win64; x64) AppleWebKit/537.36 (KHTML, like Gecko) Chrome/95.0.4638.69 Safari/537.36"
