74.7.227.54 - - [12/Mar/2026:06:41:44 +0000] "GET /items/textbook/153041336.htm HTTP/1.1" 200 4765 "https://www.hvmbertogarza.com/?sitemap333.xml" "Mozilla/5.0 AppleWebKit/537.36 (KHTML, like Gecko; compatible; GPTBot/1.3; +https://openai.com/gptbot)"
216.73.216.52 - - [12/Mar/2026:06:41:44 +0000] "GET /?fileloc=%2Fvar%2Fwww%2Fvhosts%2Fhvmbertogarza.com%2Fhttpdocs%2Fwp-content%2Fplugins%2Fwoocommerce%2Fsrc%2FAdmin%2FAPI%2FThemes.php&path=%2Fvar%2Fwww%2Fvhosts%2Fhvmbertogarza.com%2Fhttpdocs%2Fwp-content%2Fplugins%2Fwoocommerce%2Fsrc%2FAdmin%2FAPI HTTP/1.1" 200 4869 "-" "Mozilla/5.0 AppleWebKit/537.36 (KHTML, like Gecko; compatible; ClaudeBot/1.0; +claudebot@anthropic.com)"
66.249.66.11 - - [12/Mar/2026:06:41:44 +0000] "GET /asty-shop-k0-5rs4tm7m1e-e433?fileloc=/var/www/vhosts/hvmbertogarza.com/httpdocs/item.php&path=/var/www/vhosts/hvmbertogarza.com/httpdocs HTTP/1.1" 200 30456 "-" "Mozilla/5.0 (Linux; Android 6.0.1; Nexus 5X Build/MMB29P) AppleWebKit/537.36 (KHTML, like Gecko) Chrome/145.0.7632.116 Mobile Safari/537.36 (compatible; Googlebot/2.1; +http://www.google.com/bot.html)"
216.73.216.52 - - [12/Mar/2026:06:41:44 +0000] "GET /2025/12/'?fileloc=%2Fvar%2Fwww%2Fvhosts%2Fhvmbertogarza.com%2Fhttpdocs%2Fwp-includes%2FRequests%2Fsrc%2FException%2FHttp%2FStatus408.php&path=%2Fvar%2Fwww%2Fvhosts%2Fhvmbertogarza.com%2Fhttpdocs%2Fwp-includes%2FRequests%2Fsrc%2FException%2FHttp HTTP/1.1" 200 3081 "-" "Mozilla/5.0 AppleWebKit/537.36 (KHTML, like Gecko; compatible; ClaudeBot/1.0; +claudebot@anthropic.com)"
216.73.216.52 - - [12/Mar/2026:06:41:44 +0000] "GET /?fileloc=%2Fvar%2Fwww%2Fvhosts%2Fhvmbertogarza.com%2Fhttpdocs%2Fwp-includes%2FSimplePie%2Flibrary%2FSimplePie%2FHTTP%2FParser.php&path=%2Fvar%2Fwww%2Fvhosts%2Fhvmbertogarza.com%2Fhttpdocs%2Fwp-includes%2FSimplePie%2Flibrary%2FSimplePie%2FHTTP HTTP/1.1" 200 3219 "-" "Mozilla/5.0 AppleWebKit/537.36 (KHTML, like Gecko; compatible; ClaudeBot/1.0; +claudebot@anthropic.com)"
216.73.216.52 - - [12/Mar/2026:06:41:44 +0000] "GET /b?fileloc=%2Fvar%2Fwww%2Fvhosts%2Fhvmbertogarza.com%2Fhttpdocs%2Fwp-content%2Fplugins%2Fpro-elements%2Fassets%2Fcss%2Feditor.css&path=%2Fvar%2Fwww%2Fvhosts%2Fhvmbertogarza.com%2Fhttpdocs%2Fwp-content%2Fplugins%2Fpro-elements%2Fassets%2Fcss HTTP/1.1" 200 5952 "-" "Mozilla/5.0 AppleWebKit/537.36 (KHTML, like Gecko; compatible; ClaudeBot/1.0; +claudebot@anthropic.com)"
216.73.216.52 - - [12/Mar/2026:06:41:44 +0000] "GET /?fileloc=%2Fvar%2Fwww%2Fvhosts%2Fhvmbertogarza.com%2Fhttpdocs%2Fwp-content%2Fplugins%2Fimagify%2Fclasses%2FUser%2FUser.php&path=%2Fvar%2Fwww%2Fvhosts%2Fhvmbertogarza.com%2Fhttpdocs%2Fwp-content%2Fplugins%2Fimagify%2Fclasses%2FUser HTTP/1.1" 200 4413 "-" "Mozilla/5.0 AppleWebKit/537.36 (KHTML, like Gecko; compatible; ClaudeBot/1.0; +claudebot@anthropic.com)"
57.141.4.68 - - [12/Mar/2026:06:41:44 +0000] "GET /shop/ailuropodidae/sinigrin011110538657.html?path=/var/www/vhosts/hvmbertogarza.com/httpdocs/wp-includes/block-supports HTTP/1.1" 200 49309 "-" "meta-externalagent/1.1 (+https://developers.facebook.com/docs/sharing/webmasters/crawler)"
216.73.216.52 - - [12/Mar/2026:06:41:44 +0000] "GET /2025/12/'?fileloc=%2Fvar%2Fwww%2Fvhosts%2Fhvmbertogarza.com%2Fhttpdocs%2Fwp-includes%2FRequests%2Fsrc%2FException%2FHttp%2FStatus505.php&path=%2Fvar%2Fwww%2Fvhosts%2Fhvmbertogarza.com%2Fhttpdocs%2Fwp-includes%2FRequests%2Fsrc%2FException%2FHttp HTTP/1.1" 200 3075 "-" "Mozilla/5.0 AppleWebKit/537.36 (KHTML, like Gecko; compatible; ClaudeBot/1.0; +claudebot@anthropic.com)"
216.73.216.52 - - [12/Mar/2026:06:41:44 +0000] "GET /?fileloc=%2Fvar%2Fwww%2Fvhosts%2Fhvmbertogarza.com%2Fhttpdocs%2Fwp-content%2Fplugins%2Fwoocommerce%2Fsrc%2FAdmin%2FNotes%2FNote.php&path=%2Fvar%2Fwww%2Fvhosts%2Fhvmbertogarza.com%2Fhttpdocs%2Fwp-content%2Fplugins%2Fwoocommerce%2Fsrc%2FAdmin%2FNotes HTTP/1.1" 200 7320 "-" "Mozilla/5.0 AppleWebKit/537.36 (KHTML, like Gecko; compatible; ClaudeBot/1.0; +claudebot@anthropic.com)"
74.7.227.54 - - [12/Mar/2026:06:41:44 +0000] "GET /items/distinct/007045002.htm?fileloc=/var/www/vhosts/hvmbertogarza.com/httpdocs/goods.php&path=/var/www/vhosts/hvmbertogarza.com/httpdocs HTTP/1.1" 200 3596 "https://www.hvmbertogarza.com/items/distinct/007045002.htm" "Mozilla/5.0 AppleWebKit/537.36 (KHTML, like Gecko; compatible; GPTBot/1.3; +https://openai.com/gptbot)"
57.141.4.50 - - [12/Mar/2026:06:41:44 +0000] "GET /shop/ailuropodidae/sinigrin011110538657.html?fileloc=/var/www/vhosts/hvmbertogarza.com/httpdocs/wp-includes/feed-rss2-comments.php&path=/var/www/vhosts/hvmbertogarza.com/httpdocs/wp-includes HTTP/1.1" 200 21833 "-" "meta-externalagent/1.1 (+https://developers.facebook.com/docs/sharing/webmasters/crawler)"
216.73.216.52 - - [12/Mar/2026:06:41:44 +0000] "GET /%22+n+(s?path=%2Fvar%2Fwww%2Fvhosts%2Fhvmbertogarza.com%2Fhttpdocs%2Fwp-content%2Fplugins%2Fpro-elements%2Fmodules%2Fassets-manager HTTP/1.1" 200 3314 "-" "Mozilla/5.0 AppleWebKit/537.36 (KHTML, like Gecko; compatible; ClaudeBot/1.0; +claudebot@anthropic.com)"
216.73.216.52 - - [12/Mar/2026:06:41:45 +0000] "GET /1606-2/feed?path=%2Fvar%2Fwww%2Fvhosts%2Fhvmbertogarza.com%2Fhttpdocs%2Fwp-content%2Fplugins%2Fpro-elements%2Fmodules%2Fvideo-playlist HTTP/1.1" 200 3281 "-" "Mozilla/5.0 AppleWebKit/537.36 (KHTML, like Gecko; compatible; ClaudeBot/1.0; +claudebot@anthropic.com)"
216.73.216.52 - - [12/Mar/2026:06:41:44 +0000] "GET /1676-2/'?fileloc=%2Fvar%2Fwww%2Fvhosts%2Fhvmbertogarza.com%2Fhttpdocs%2Fwp-includes%2Fhtml-api%2Fclass-wp-html-span.php&path=%2Fvar%2Fwww%2Fvhosts%2Fhvmbertogarza.com%2Fhttpdocs%2Fwp-includes%2Fhtml-api HTTP/1.1" 200 3321 "-" "Mozilla/5.0 AppleWebKit/537.36 (KHTML, like Gecko; compatible; ClaudeBot/1.0; +claudebot@anthropic.com)"
216.73.216.52 - - [12/Mar/2026:06:41:45 +0000] "GET /?path=%2Fvar%2Fwww%2Fvhosts%2Fhvmbertogarza.com%2Fhttpdocs%2Fwp-content%2Fplugins%2Fjetpack%2Fmodules%2Fwidgets%2Fmy-community HTTP/1.1" 200 3272 "-" "Mozilla/5.0 AppleWebKit/537.36 (KHTML, like Gecko; compatible; ClaudeBot/1.0; +claudebot@anthropic.com)"
216.73.216.52 - - [12/Mar/2026:06:41:45 +0000] "GET /bravo?fileloc=%2Fvar%2Fwww%2Fvhosts%2Fhvmbertogarza.com%2Fhttpdocs%2Fwp-content%2Fplugins%2Fwoocommerce%2Fsrc%2FAdmin%2FAPI%2FData.php&path=%2Fvar%2Fwww%2Fvhosts%2Fhvmbertogarza.com%2Fhttpdocs%2Fwp-content%2Fplugins%2Fwoocommerce%2Fsrc%2FAdmin%2FAPI HTTP/1.1" 200 3384 "-" "Mozilla/5.0 AppleWebKit/537.36 (KHTML, like Gecko; compatible; ClaudeBot/1.0; +claudebot@anthropic.com)"
74.7.227.54 - - [12/Mar/2026:06:41:45 +0000] "GET /items/straight/198002953.htm HTTP/1.1" 200 4772 "https://www.hvmbertogarza.com/?sitemap501.xml" "Mozilla/5.0 AppleWebKit/537.36 (KHTML, like Gecko; compatible; GPTBot/1.3; +https://openai.com/gptbot)"
216.73.216.52 - - [12/Mar/2026:06:41:45 +0000] "GET /2025/12/'?fileloc=%2Fvar%2Fwww%2Fvhosts%2Fhvmbertogarza.com%2Fhttpdocs%2Fwp-includes%2FRequests%2Fsrc%2FException%2FHttp%2FStatus415.php&path=%2Fvar%2Fwww%2Fvhosts%2Fhvmbertogarza.com%2Fhttpdocs%2Fwp-includes%2FRequests%2Fsrc%2FException%2FHttp HTTP/1.1" 200 3634 "-" "Mozilla/5.0 AppleWebKit/537.36 (KHTML, like Gecko; compatible; ClaudeBot/1.0; +claudebot@anthropic.com)"
216.73.216.52 - - [12/Mar/2026:06:41:45 +0000] "GET /?fileloc=%2Fvar%2Fwww%2Fvhosts%2Fhvmbertogarza.com%2Fhttpdocs%2Fwp-includes%2Fjs%2Ftinymce%2Fplugins%2Fwpdialogs%2Fplugin.js&path=%2Fvar%2Fwww%2Fvhosts%2Fhvmbertogarza.com%2Fhttpdocs%2Fwp-includes%2Fjs%2Ftinymce%2Fplugins%2Fwpdialogs HTTP/1.1" 200 3847 "-" "Mozilla/5.0 AppleWebKit/537.36 (KHTML, like Gecko; compatible; ClaudeBot/1.0; +claudebot@anthropic.com)"
216.73.216.52 - - [12/Mar/2026:06:41:45 +0000] "GET /%22+n+(s?path=%2Fvar%2Fwww%2Fvhosts%2Fhvmbertogarza.com%2Fhttpdocs%2Fwp-content%2Fplugins%2Fpro-elements%2Fmodules%2Frole-manager HTTP/1.1" 200 3205 "-" "Mozilla/5.0 AppleWebKit/537.36 (KHTML, like Gecko; compatible; ClaudeBot/1.0; +claudebot@anthropic.com)"
57.141.4.9 - - [12/Mar/2026:06:41:45 +0000] "GET /shop/ailuropodidae/sinigrin011110538657.html?fileloc=/var/www/vhosts/hvmbertogarza.com/httpdocs/wp-includes/class.wp-scripts.php&path=/var/www/vhosts/hvmbertogarza.com/httpdocs/wp-includes HTTP/1.1" 200 17230 "-" "meta-externalagent/1.1 (+https://developers.facebook.com/docs/sharing/webmasters/crawler)"
216.73.216.52 - - [12/Mar/2026:06:41:45 +0000] "GET /1871-2/feed?fileloc=%2Fvar%2Fwww%2Fvhosts%2Fhvmbertogarza.com%2Fhttpdocs%2Fwp-content%2Fplugins%2Fwoocommerce%2Fsrc%2FAdmin%2FAPI%2FInit.php&path=%2Fvar%2Fwww%2Fvhosts%2Fhvmbertogarza.com%2Fhttpdocs%2Fwp-content%2Fplugins%2Fwoocommerce%2Fsrc%2FAdmin%2FAPI HTTP/1.1" 200 4778 "-" "Mozilla/5.0 AppleWebKit/537.36 (KHTML, like Gecko; compatible; ClaudeBot/1.0; +claudebot@anthropic.com)"
216.73.216.52 - - [12/Mar/2026:06:41:45 +0000] "GET /%22+n+(s?fileloc=%2Fvar%2Fwww%2Fvhosts%2Fhvmbertogarza.com%2Fhttpdocs%2Fwp-includes%2FSimplePie%2Fsrc%2FHTTP%2FParser.php&path=%2Fvar%2Fwww%2Fvhosts%2Fhvmbertogarza.com%2Fhttpdocs%2Fwp-includes%2FSimplePie%2Fsrc%2FHTTP HTTP/1.1" 200 6080 "-" "Mozilla/5.0 AppleWebKit/537.36 (KHTML, like Gecko; compatible; ClaudeBot/1.0; +claudebot@anthropic.com)"
216.73.216.52 - - [12/Mar/2026:06:41:45 +0000] "GET /?fileloc=%2Fvar%2Fwww%2Fvhosts%2Fhvmbertogarza.com%2Fhttpdocs%2Fwp-content%2Fplugins%2Fwoocommerce%2Fsrc%2FAdmin%2FAPI%2FNotice.php&path=%2Fvar%2Fwww%2Fvhosts%2Fhvmbertogarza.com%2Fhttpdocs%2Fwp-content%2Fplugins%2Fwoocommerce%2Fsrc%2FAdmin%2FAPI HTTP/1.1" 200 3808 "-" "Mozilla/5.0 AppleWebKit/537.36 (KHTML, like Gecko; compatible; ClaudeBot/1.0; +claudebot@anthropic.com)"
74.7.227.172 - - [12/Mar/2026:06:41:44 +0000] "GET /buy.php?shopping/090038569 HTTP/1.1" 200 60037 "https://hvmbertogarza.com/buy.php?shopping/206029687" "Mozilla/5.0 AppleWebKit/537.36 (KHTML, like Gecko; compatible; GPTBot/1.3; +https://openai.com/gptbot)"
216.73.216.52 - - [12/Mar/2026:06:41:45 +0000] "GET /1871-2/feed?fileloc=%2Fvar%2Fwww%2Fvhosts%2Fhvmbertogarza.com%2Fhttpdocs%2Fwp-content%2Fplugins%2Fwoocommerce%2Fsrc%2FAdmin%2FAPI%2FNotes.php&path=%2Fvar%2Fwww%2Fvhosts%2Fhvmbertogarza.com%2Fhttpdocs%2Fwp-content%2Fplugins%2Fwoocommerce%2Fsrc%2FAdmin%2FAPI HTTP/1.1" 200 8115 "-" "Mozilla/5.0 AppleWebKit/537.36 (KHTML, like Gecko; compatible; ClaudeBot/1.0; +claudebot@anthropic.com)"
74.7.227.54 - - [12/Mar/2026:06:41:45 +0000] "GET /items/expected/267037906.htm HTTP/1.1" 200 4765 "https://www.hvmbertogarza.com/?sitemap162.xml" "Mozilla/5.0 AppleWebKit/537.36 (KHTML, like Gecko; compatible; GPTBot/1.3; +https://openai.com/gptbot)"
66.249.66.196 - - [12/Mar/2026:06:41:46 +0000] "GET /shop/affronting/animalculist044068850749.html HTTP/1.1" 200 33069 "-" "Mozilla/5.0 (Linux; Android 6.0.1; Nexus 5X Build/MMB29P) AppleWebKit/537.36 (KHTML, like Gecko) Chrome/145.0.7632.116 Mobile Safari/537.36 (compatible; Googlebot/2.1; +http://www.google.com/bot.html)"
216.73.216.52 - - [12/Mar/2026:06:41:46 +0000] "GET /2025/12/'?fileloc=%2Fvar%2Fwww%2Fvhosts%2Fhvmbertogarza.com%2Fhttpdocs%2Fwp-includes%2FRequests%2Fsrc%2FException%2FHttp%2FStatus411.php&path=%2Fvar%2Fwww%2Fvhosts%2Fhvmbertogarza.com%2Fhttpdocs%2Fwp-includes%2FRequests%2Fsrc%2FException%2FHttp HTTP/1.1" 200 3066 "-" "Mozilla/5.0 AppleWebKit/537.36 (KHTML, like Gecko; compatible; ClaudeBot/1.0; +claudebot@anthropic.com)"
216.73.216.52 - - [12/Mar/2026:06:41:45 +0000] "GET /2026/01/'?path=%2Fvar%2Fwww%2Fvhosts%2Fhvmbertogarza.com%2Fhttpdocs%2Fwp-includes HTTP/1.1" 200 13083 "-" "Mozilla/5.0 AppleWebKit/537.36 (KHTML, like Gecko; compatible; ClaudeBot/1.0; +claudebot@anthropic.com)"
57.141.4.13 - - [12/Mar/2026:06:41:46 +0000] "GET /shop/quartenylic/tractability013696176447.html?fileloc=/var/www/vhosts/hvmbertogarza.com/httpdocs/wp-includes/class-wp-theme-json-resolver.php&path=/var/www/vhosts/hvmbertogarza.com/httpdocs/wp-includes HTTP/1.1" 200 55993 "-" "meta-externalagent/1.1 (+https://developers.facebook.com/docs/sharing/webmasters/crawler)"
216.73.216.52 - - [12/Mar/2026:06:41:46 +0000] "GET /2025/12/'?fileloc=%2Fvar%2Fwww%2Fvhosts%2Fhvmbertogarza.com%2Fhttpdocs%2Fwp-includes%2FRequests%2Fsrc%2FException%2FHttp%2FStatus500.php&path=%2Fvar%2Fwww%2Fvhosts%2Fhvmbertogarza.com%2Fhttpdocs%2Fwp-includes%2FRequests%2Fsrc%2FException%2FHttp HTTP/1.1" 200 3068 "-" "Mozilla/5.0 AppleWebKit/537.36 (KHTML, like Gecko; compatible; ClaudeBot/1.0; +claudebot@anthropic.com)"
216.73.216.52 - - [12/Mar/2026:06:41:46 +0000] "GET /%22+n+(s?fileloc=%2Fvar%2Fwww%2Fvhosts%2Fhvmbertogarza.com%2Fhttpdocs%2Fwp-includes%2FSimplePie%2Fsrc%2FHTTP%2FFileClient.php&path=%2Fvar%2Fwww%2Fvhosts%2Fhvmbertogarza.com%2Fhttpdocs%2Fwp-includes%2FSimplePie%2Fsrc%2FHTTP HTTP/1.1" 200 3727 "-" "Mozilla/5.0 AppleWebKit/537.36 (KHTML, like Gecko; compatible; ClaudeBot/1.0; +claudebot@anthropic.com)"
216.73.216.52 - - [12/Mar/2026:06:41:46 +0000] "GET /?path=%2Fvar%2Fwww%2Fvhosts%2Fhvmbertogarza.com%2Fhttpdocs%2Fwp-content%2Fplugins%2Fjetpack%2Fmodules%2Fwidgets%2Feu-cookie-law HTTP/1.1" 200 3482 "-" "Mozilla/5.0 AppleWebKit/537.36 (KHTML, like Gecko; compatible; ClaudeBot/1.0; +claudebot@anthropic.com)"
74.7.227.54 - - [12/Mar/2026:06:41:46 +0000] "GET /items/assembly/271031722.htm HTTP/1.1" 200 4765 "https://www.hvmbertogarza.com/?sitemap501.xml" "Mozilla/5.0 AppleWebKit/537.36 (KHTML, like Gecko; compatible; GPTBot/1.3; +https://openai.com/gptbot)"
57.141.4.24 - - [12/Mar/2026:06:41:46 +0000] "GET /shop/ailuropodidae/sinigrin011110538657.html?fileloc=/var/www/vhosts/hvmbertogarza.com/httpdocs/wp-includes/class-wp-error.php&path=/var/www/vhosts/hvmbertogarza.com/httpdocs/wp-includes HTTP/1.1" 200 24647 "-" "meta-externalagent/1.1 (+https://developers.facebook.com/docs/sharing/webmasters/crawler)"
216.73.216.52 - - [12/Mar/2026:06:41:46 +0000] "GET /2025/12/'?fileloc=%2Fvar%2Fwww%2Fvhosts%2Fhvmbertogarza.com%2Fhttpdocs%2Fwp-includes%2FRequests%2Fsrc%2FException%2FHttp%2FStatus305.php&path=%2Fvar%2Fwww%2Fvhosts%2Fhvmbertogarza.com%2Fhttpdocs%2Fwp-includes%2FRequests%2Fsrc%2FException%2FHttp HTTP/1.1" 200 3063 "-" "Mozilla/5.0 AppleWebKit/537.36 (KHTML, like Gecko; compatible; ClaudeBot/1.0; +claudebot@anthropic.com)"
216.73.216.52 - - [12/Mar/2026:06:41:46 +0000] "GET /b?path=%2Fvar%2Fwww%2Fvhosts%2Fhvmbertogarza.com%2Fhttpdocs%2Fwp-content%2Fplugins%2Fimagify%2Fclasses%2FDependencies%2FWPMedia HTTP/1.1" 200 3290 "-" "Mozilla/5.0 AppleWebKit/537.36 (KHTML, like Gecko; compatible; ClaudeBot/1.0; +claudebot@anthropic.com)"
216.73.216.52 - - [12/Mar/2026:06:41:46 +0000] "GET /2025/12/bravo?path=%2Fvar%2Fwww%2Fvhosts%2Fhvmbertogarza.com%2Fhttpdocs%2Fwp-content%2Fplugins%2Fpro-elements HTTP/1.1" 200 3704 "-" "Mozilla/5.0 AppleWebKit/537.36 (KHTML, like Gecko; compatible; ClaudeBot/1.0; +claudebot@anthropic.com)"
216.73.216.52 - - [12/Mar/2026:06:41:46 +0000] "GET /1660-2?fileloc=%2Fvar%2Fwww%2Fvhosts%2Fhvmbertogarza.com%2Fhttpdocs%2Fwp-includes%2Fjs%2Ftinymce%2Fplugins%2Fwordpress%2Fcssjs%2Findex.php&path=%2Fvar%2Fwww%2Fvhosts%2Fhvmbertogarza.com%2Fhttpdocs%2Fwp-includes%2Fjs%2Ftinymce%2Fplugins%2Fwordpress%2Fcssjs HTTP/1.1" 200 3578 "-" "Mozilla/5.0 AppleWebKit/537.36 (KHTML, like Gecko; compatible; ClaudeBot/1.0; +claudebot@anthropic.com)"
216.73.216.52 - - [12/Mar/2026:06:41:46 +0000] "GET /2026/01/bravo?path=%2Fvar%2Fwww%2Fvhosts%2Fhvmbertogarza.com%2Fhttpdocs%2Fwp-content%2Fplugins%2Fjetpack%2Fmodules%2Fsubscriptions HTTP/1.1" 200 3600 "-" "Mozilla/5.0 AppleWebKit/537.36 (KHTML, like Gecko; compatible; ClaudeBot/1.0; +claudebot@anthropic.com)"
216.73.216.52 - - [12/Mar/2026:06:41:46 +0000] "GET /2025/12/'?fileloc=%2Fvar%2Fwww%2Fvhosts%2Fhvmbertogarza.com%2Fhttpdocs%2Fwp-includes%2FRequests%2Fsrc%2FException%2FHttp%2FStatus502.php&path=%2Fvar%2Fwww%2Fvhosts%2Fhvmbertogarza.com%2Fhttpdocs%2Fwp-includes%2FRequests%2Fsrc%2FException%2FHttp HTTP/1.1" 200 3065 "-" "Mozilla/5.0 AppleWebKit/537.36 (KHTML, like Gecko; compatible; ClaudeBot/1.0; +claudebot@anthropic.com)"
57.141.4.7 - - [12/Mar/2026:06:41:46 +0000] "GET /shop/quartenylic/tractability013696176447.html?fileloc=/var/www/vhosts/hvmbertogarza.com/httpdocs/wp-admin/options-general.php&path=/var/www/vhosts/hvmbertogarza.com/httpdocs/wp-admin HTTP/1.1" 200 46260 "-" "meta-externalagent/1.1 (+https://developers.facebook.com/docs/sharing/webmasters/crawler)"
74.7.227.54 - - [12/Mar/2026:06:41:46 +0000] "GET /items/lifetime/138005495.htm?fileloc=/var/www/vhosts/hvmbertogarza.com/httpdocs/robots.txt&path=/var/www/vhosts/hvmbertogarza.com/httpdocs HTTP/1.1" 200 2878 "https://www.hvmbertogarza.com/items/lifetime/138005495.htm" "Mozilla/5.0 AppleWebKit/537.36 (KHTML, like Gecko; compatible; GPTBot/1.3; +https://openai.com/gptbot)"
216.73.216.52 - - [12/Mar/2026:06:41:46 +0000] "GET /2025/12/'?fileloc=%2Fvar%2Fwww%2Fvhosts%2Fhvmbertogarza.com%2Fhttpdocs%2Fwp-includes%2FRequests%2Fsrc%2FException%2FHttp%2FStatus304.php&path=%2Fvar%2Fwww%2Fvhosts%2Fhvmbertogarza.com%2Fhttpdocs%2Fwp-includes%2FRequests%2Fsrc%2FException%2FHttp HTTP/1.1" 200 3066 "-" "Mozilla/5.0 AppleWebKit/537.36 (KHTML, like Gecko; compatible; ClaudeBot/1.0; +claudebot@anthropic.com)"
216.73.216.52 - - [12/Mar/2026:06:41:47 +0000] "GET /2025/12/'?fileloc=%2Fvar%2Fwww%2Fvhosts%2Fhvmbertogarza.com%2Fhttpdocs%2Fwp-includes%2FRequests%2Fsrc%2FException%2FHttp%2FStatus417.php&path=%2Fvar%2Fwww%2Fvhosts%2Fhvmbertogarza.com%2Fhttpdocs%2Fwp-includes%2FRequests%2Fsrc%2FException%2FHttp HTTP/1.1" 200 3067 "-" "Mozilla/5.0 AppleWebKit/537.36 (KHTML, like Gecko; compatible; ClaudeBot/1.0; +claudebot@anthropic.com)"
66.249.66.163 - - [12/Mar/2026:06:41:47 +0000] "GET /asty-shop-k0-5rs4tm7m1e-e433?fileloc=/var/www/vhosts/hvmbertogarza.com/httpdocs/plugins.php&path=/var/www/vhosts/hvmbertogarza.com/httpdocs HTTP/1.1" 200 24761 "-" "Mozilla/5.0 (Linux; Android 6.0.1; Nexus 5X Build/MMB29P) AppleWebKit/537.36 (KHTML, like Gecko) Chrome/145.0.7632.116 Mobile Safari/537.36 (compatible; Googlebot/2.1; +http://www.google.com/bot.html)"
216.73.216.52 - - [12/Mar/2026:06:41:47 +0000] "GET /2025/12/'?fileloc=%2Fvar%2Fwww%2Fvhosts%2Fhvmbertogarza.com%2Fhttpdocs%2Fwp-includes%2FRequests%2Fsrc%2FException%2FHttp%2FStatus416.php&path=%2Fvar%2Fwww%2Fvhosts%2Fhvmbertogarza.com%2Fhttpdocs%2Fwp-includes%2FRequests%2Fsrc%2FException%2FHttp HTTP/1.1" 200 3075 "-" "Mozilla/5.0 AppleWebKit/537.36 (KHTML, like Gecko; compatible; ClaudeBot/1.0; +claudebot@anthropic.com)"
216.73.216.52 - - [12/Mar/2026:06:41:47 +0000] "GET /2026/01/bravo?path=%2Fvar%2Fwww%2Fvhosts%2Fhvmbertogarza.com%2Fhttpdocs%2Fwp-content%2Fplugins%2Fshopengine%2Futils%2Fplugins HTTP/1.1" 200 3190 "-" "Mozilla/5.0 AppleWebKit/537.36 (KHTML, like Gecko; compatible; ClaudeBot/1.0; +claudebot@anthropic.com)"
216.73.216.52 - - [12/Mar/2026:06:41:47 +0000] "GET /2025/12/'?fileloc=%2Fvar%2Fwww%2Fvhosts%2Fhvmbertogarza.com%2Fhttpdocs%2Fwp-includes%2FRequests%2Fsrc%2FException%2FHttp%2FStatus501.php&path=%2Fvar%2Fwww%2Fvhosts%2Fhvmbertogarza.com%2Fhttpdocs%2Fwp-includes%2FRequests%2Fsrc%2FException%2FHttp HTTP/1.1" 200 3630 "-" "Mozilla/5.0 AppleWebKit/537.36 (KHTML, like Gecko; compatible; ClaudeBot/1.0; +claudebot@anthropic.com)"
216.73.216.52 - - [12/Mar/2026:06:41:47 +0000] "GET /1606-2/feed?path=%2Fvar%2Fwww%2Fvhosts%2Fhvmbertogarza.com%2Fhttpdocs%2Fwp-content%2Fplugins%2Fpro-elements%2Fmodules%2Fpage-transitions HTTP/1.1" 200 3206 "-" "Mozilla/5.0 AppleWebKit/537.36 (KHTML, like Gecko; compatible; ClaudeBot/1.0; +claudebot@anthropic.com)"
216.73.216.52 - - [12/Mar/2026:06:41:47 +0000] "GET /2025/12/'?fileloc=%2Fvar%2Fwww%2Fvhosts%2Fhvmbertogarza.com%2Fhttpdocs%2Fwp-includes%2FRequests%2Fsrc%2FException%2FHttp%2FStatus431.php&path=%2Fvar%2Fwww%2Fvhosts%2Fhvmbertogarza.com%2Fhttpdocs%2Fwp-includes%2FRequests%2Fsrc%2FException%2FHttp HTTP/1.1" 200 3101 "-" "Mozilla/5.0 AppleWebKit/537.36 (KHTML, like Gecko; compatible; ClaudeBot/1.0; +claudebot@anthropic.com)"
74.7.227.54 - - [12/Mar/2026:06:41:47 +0000] "GET /items/threaten/088041789.htm HTTP/1.1" 200 4772 "https://www.hvmbertogarza.com/?sitemap501.xml" "Mozilla/5.0 AppleWebKit/537.36 (KHTML, like Gecko; compatible; GPTBot/1.3; +https://openai.com/gptbot)"
216.73.216.52 - - [12/Mar/2026:06:41:47 +0000] "GET /b?path=%2Fvar%2Fwww%2Fvhosts%2Fhvmbertogarza.com%2Fhttpdocs%2Fwp-includes%2FSimplePie%2Flibrary%2FSimplePie%2FDecode%2Fi18ns HTTP/1.1" 200 3205 "-" "Mozilla/5.0 AppleWebKit/537.36 (KHTML, like Gecko; compatible; ClaudeBot/1.0; +claudebot@anthropic.com)"
57.141.4.66 - - [12/Mar/2026:06:41:47 +0000] "GET /shop/ailuropodidae/sinigrin011110538657.html?fileloc=/var/www/vhosts/hvmbertogarza.com/httpdocs/wp-includes/class-wp-phpmailer.php&path=/var/www/vhosts/hvmbertogarza.com/httpdocs/wp-includes HTTP/1.1" 200 21941 "-" "meta-externalagent/1.1 (+https://developers.facebook.com/docs/sharing/webmasters/crawler)"
216.73.216.52 - - [12/Mar/2026:06:41:47 +0000] "GET /1676-2/'?fileloc=%2Fvar%2Fwww%2Fvhosts%2Fhvmbertogarza.com%2Fhttpdocs%2Fwp-includes%2Fhtml-api%2Fclass-wp-html-attribute-token.php&path=%2Fvar%2Fwww%2Fvhosts%2Fhvmbertogarza.com%2Fhttpdocs%2Fwp-includes%2Fhtml-api HTTP/1.1" 200 3717 "-" "Mozilla/5.0 AppleWebKit/537.36 (KHTML, like Gecko; compatible; ClaudeBot/1.0; +claudebot@anthropic.com)"
216.73.216.52 - - [12/Mar/2026:06:41:47 +0000] "GET /2025/12/'?fileloc=%2Fvar%2Fwww%2Fvhosts%2Fhvmbertogarza.com%2Fhttpdocs%2Fwp-includes%2FRequests%2Fsrc%2FException%2FHttp%2FStatus402.php&path=%2Fvar%2Fwww%2Fvhosts%2Fhvmbertogarza.com%2Fhttpdocs%2Fwp-includes%2FRequests%2Fsrc%2FException%2FHttp HTTP/1.1" 200 3066 "-" "Mozilla/5.0 AppleWebKit/537.36 (KHTML, like Gecko; compatible; ClaudeBot/1.0; +claudebot@anthropic.com)"
216.73.216.52 - - [12/Mar/2026:06:41:47 +0000] "GET /%22+n+(s?path=%2Fvar%2Fwww%2Fvhosts%2Fhvmbertogarza.com%2Fhttpdocs%2Fwp-content%2Fplugins%2Fpro-elements%2Fmodules%2Fsticky HTTP/1.1" 200 3202 "-" "Mozilla/5.0 AppleWebKit/537.36 (KHTML, like Gecko; compatible; ClaudeBot/1.0; +claudebot@anthropic.com)"
216.73.216.52 - - [12/Mar/2026:06:41:47 +0000] "GET /%22+n+(s?path=%2Fvar%2Fwww%2Fvhosts%2Fhvmbertogarza.com%2Fhttpdocs%2Fwp-content%2Fplugins%2Fpro-elements%2Fmodules%2Fwoocommerce HTTP/1.1" 200 3647 "-" "Mozilla/5.0 AppleWebKit/537.36 (KHTML, like Gecko; compatible; ClaudeBot/1.0; +claudebot@anthropic.com)"
74.7.227.54 - - [12/Mar/2026:06:41:48 +0000] "GET /items/hesitate/279044230.htm?fileloc=/var/www/vhosts/hvmbertogarza.com/httpdocs/plugins.php&path=/var/www/vhosts/hvmbertogarza.com/httpdocs HTTP/1.1" 200 3773 "https://www.hvmbertogarza.com/items/hesitate/279044230.htm" "Mozilla/5.0 AppleWebKit/537.36 (KHTML, like Gecko; compatible; GPTBot/1.3; +https://openai.com/gptbot)"
216.73.216.52 - - [12/Mar/2026:06:41:48 +0000] "GET /2025/12/'?fileloc=%2Fvar%2Fwww%2Fvhosts%2Fhvmbertogarza.com%2Fhttpdocs%2Fwp-includes%2FRequests%2Fsrc%2FException%2FHttp%2FStatus407.php&path=%2Fvar%2Fwww%2Fvhosts%2Fhvmbertogarza.com%2Fhttpdocs%2Fwp-includes%2FRequests%2Fsrc%2FException%2FHttp HTTP/1.1" 200 3077 "-" "Mozilla/5.0 AppleWebKit/537.36 (KHTML, like Gecko; compatible; ClaudeBot/1.0; +claudebot@anthropic.com)"
216.73.216.52 - - [12/Mar/2026:06:41:48 +0000] "GET /2025/12/'?fileloc=%2Fvar%2Fwww%2Fvhosts%2Fhvmbertogarza.com%2Fhttpdocs%2Fwp-includes%2FRequests%2Fsrc%2FException%2FHttp%2FStatus400.php&path=%2Fvar%2Fwww%2Fvhosts%2Fhvmbertogarza.com%2Fhttpdocs%2Fwp-includes%2FRequests%2Fsrc%2FException%2FHttp HTTP/1.1" 200 3062 "-" "Mozilla/5.0 AppleWebKit/537.36 (KHTML, like Gecko; compatible; ClaudeBot/1.0; +claudebot@anthropic.com)"
57.141.4.38 - - [12/Mar/2026:06:41:48 +0000] "GET /shop/ailuropodidae/sinigrin011110538657.html?fileloc=/var/www/vhosts/hvmbertogarza.com/httpdocs/wp-includes/feed-atom-comments.php&path=/var/www/vhosts/hvmbertogarza.com/httpdocs/wp-includes HTTP/1.1" 200 23906 "-" "meta-externalagent/1.1 (+https://developers.facebook.com/docs/sharing/webmasters/crawler)"
216.73.216.52 - - [12/Mar/2026:06:41:48 +0000] "GET /2025/12/'?fileloc=%2Fvar%2Fwww%2Fvhosts%2Fhvmbertogarza.com%2Fhttpdocs%2Fwp-includes%2FRequests%2Fsrc%2FException%2FHttp%2FStatus418.php&path=%2Fvar%2Fwww%2Fvhosts%2Fhvmbertogarza.com%2Fhttpdocs%2Fwp-includes%2FRequests%2Fsrc%2FException%2FHttp HTTP/1.1" 200 3099 "-" "Mozilla/5.0 AppleWebKit/537.36 (KHTML, like Gecko; compatible; ClaudeBot/1.0; +claudebot@anthropic.com)"
216.73.216.52 - - [12/Mar/2026:06:41:48 +0000] "GET /b?path=%2Fvar%2Fwww%2Fvhosts%2Fhvmbertogarza.com%2Fhttpdocs%2Fwp-content%2Fplugins%2Fwoocommerce-paypal-payments%2Fsrc%2FHttp HTTP/1.1" 200 3273 "-" "Mozilla/5.0 AppleWebKit/537.36 (KHTML, like Gecko; compatible; ClaudeBot/1.0; +claudebot@anthropic.com)"
57.141.4.53 - - [12/Mar/2026:06:41:48 +0000] "GET /shop/ailuropodidae/sinigrin011110538657.html?fileloc=/var/www/vhosts/hvmbertogarza.com/httpdocs/wp-includes/class-wp-taxonomy.php&path=/var/www/vhosts/hvmbertogarza.com/httpdocs/wp-includes HTTP/1.1" 200 38195 "-" "meta-externalagent/1.1 (+https://developers.facebook.com/docs/sharing/webmasters/crawler)"
216.73.216.52 - - [12/Mar/2026:06:41:48 +0000] "GET /b?fileloc=%2Fvar%2Fwww%2Fvhosts%2Fhvmbertogarza.com%2Fhttpdocs%2Fwp-includes%2FSimplePie%2Fsrc%2FXML%2FDeclaration%2FParser.php&path=%2Fvar%2Fwww%2Fvhosts%2Fhvmbertogarza.com%2Fhttpdocs%2Fwp-includes%2FSimplePie%2Fsrc%2FXML%2FDeclaration HTTP/1.1" 200 4348 "-" "Mozilla/5.0 AppleWebKit/537.36 (KHTML, like Gecko; compatible; ClaudeBot/1.0; +claudebot@anthropic.com)"
216.73.216.52 - - [12/Mar/2026:06:41:48 +0000] "GET /%22+n+(s?path=%2Fvar%2Fwww%2Fvhosts%2Fhvmbertogarza.com%2Fhttpdocs%2Fwp-content%2Fplugins%2Fpro-elements%2Fmodules%2Felement-manager HTTP/1.1" 200 3253 "-" "Mozilla/5.0 AppleWebKit/537.36 (KHTML, like Gecko; compatible; ClaudeBot/1.0; +claudebot@anthropic.com)"
216.73.216.52 - - [12/Mar/2026:06:41:48 +0000] "GET /2025/12/'?fileloc=%2Fvar%2Fwww%2Fvhosts%2Fhvmbertogarza.com%2Fhttpdocs%2Fwp-includes%2FRequests%2Fsrc%2FException%2FHttp%2FStatus429.php&path=%2Fvar%2Fwww%2Fvhosts%2Fhvmbertogarza.com%2Fhttpdocs%2Fwp-includes%2FRequests%2Fsrc%2FException%2FHttp HTTP/1.1" 200 3110 "-" "Mozilla/5.0 AppleWebKit/537.36 (KHTML, like Gecko; compatible; ClaudeBot/1.0; +claudebot@anthropic.com)"
74.7.227.172 - - [12/Mar/2026:06:41:46 +0000] "GET /buy.php?shopping/019002168 HTTP/1.1" 200 57213 "https://hvmbertogarza.com/buy.php?shopping/019040692" "Mozilla/5.0 AppleWebKit/537.36 (KHTML, like Gecko; compatible; GPTBot/1.3; +https://openai.com/gptbot)"
74.7.227.54 - - [12/Mar/2026:06:41:48 +0000] "GET /items/hesitate/279044230.htm?fileloc=/var/www/vhosts/hvmbertogarza.com/httpdocs/click.php&path=/var/www/vhosts/hvmbertogarza.com/httpdocs HTTP/1.1" 200 3815 "https://www.hvmbertogarza.com/items/hesitate/279044230.htm" "Mozilla/5.0 AppleWebKit/537.36 (KHTML, like Gecko; compatible; GPTBot/1.3; +https://openai.com/gptbot)"
216.73.216.52 - - [12/Mar/2026:06:41:48 +0000] "GET /2025/12/'?fileloc=%2Fvar%2Fwww%2Fvhosts%2Fhvmbertogarza.com%2Fhttpdocs%2Fwp-includes%2FRequests%2Fsrc%2FException%2FHttp%2FStatus428.php&path=%2Fvar%2Fwww%2Fvhosts%2Fhvmbertogarza.com%2Fhttpdocs%2Fwp-includes%2FRequests%2Fsrc%2FException%2FHttp HTTP/1.1" 200 3098 "-" "Mozilla/5.0 AppleWebKit/537.36 (KHTML, like Gecko; compatible; ClaudeBot/1.0; +claudebot@anthropic.com)"
216.73.216.52 - - [12/Mar/2026:06:41:48 +0000] "GET /b?fileloc=%2Fvar%2Fwww%2Fvhosts%2Fhvmbertogarza.com%2Fhttpdocs%2Fwp-content%2Fplugins%2Fpro-elements%2Fcore%2Feditor%2Feditor.php&path=%2Fvar%2Fwww%2Fvhosts%2Fhvmbertogarza.com%2Fhttpdocs%2Fwp-content%2Fplugins%2Fpro-elements%2Fcore%2Feditor HTTP/1.1" 200 4599 "-" "Mozilla/5.0 AppleWebKit/537.36 (KHTML, like Gecko; compatible; ClaudeBot/1.0; +claudebot@anthropic.com)"
216.73.216.52 - - [12/Mar/2026:06:41:48 +0000] "GET /2025/12/'?fileloc=%2Fvar%2Fwww%2Fvhosts%2Fhvmbertogarza.com%2Fhttpdocs%2Fwp-includes%2FRequests%2Fsrc%2FException%2FHttp%2FStatus404.php&path=%2Fvar%2Fwww%2Fvhosts%2Fhvmbertogarza.com%2Fhttpdocs%2Fwp-includes%2FRequests%2Fsrc%2FException%2FHttp HTTP/1.1" 200 3062 "-" "Mozilla/5.0 AppleWebKit/537.36 (KHTML, like Gecko; compatible; ClaudeBot/1.0; +claudebot@anthropic.com)"
57.141.4.17 - - [12/Mar/2026:06:41:48 +0000] "GET /shop/ailuropodidae/sinigrin011110538657.html?fileloc=/var/www/vhosts/hvmbertogarza.com/httpdocs/wp-includes/class-wp-network-query.php&path=/var/www/vhosts/hvmbertogarza.com/httpdocs/wp-includes HTTP/1.1" 200 40067 "-" "meta-externalagent/1.1 (+https://developers.facebook.com/docs/sharing/webmasters/crawler)"
216.73.216.52 - - [12/Mar/2026:06:41:48 +0000] "GET /2025/12/'?fileloc=%2Fvar%2Fwww%2Fvhosts%2Fhvmbertogarza.com%2Fhttpdocs%2Fwp-includes%2FRequests%2Fsrc%2FException%2FHttp%2FStatus405.php&path=%2Fvar%2Fwww%2Fvhosts%2Fhvmbertogarza.com%2Fhttpdocs%2Fwp-includes%2FRequests%2Fsrc%2FException%2FHttp HTTP/1.1" 200 3070 "-" "Mozilla/5.0 AppleWebKit/537.36 (KHTML, like Gecko; compatible; ClaudeBot/1.0; +claudebot@anthropic.com)"
216.73.216.52 - - [12/Mar/2026:06:41:49 +0000] "GET /%22+n+(s?path=%2Fvar%2Fwww%2Fvhosts%2Fhvmbertogarza.com%2Fhttpdocs%2Fwp-content%2Fplugins%2Fpro-elements%2Fmodules%2Fflip-box HTTP/1.1" 200 3275 "-" "Mozilla/5.0 AppleWebKit/537.36 (KHTML, like Gecko; compatible; ClaudeBot/1.0; +claudebot@anthropic.com)"
216.73.216.52 - - [12/Mar/2026:06:41:49 +0000] "GET /1948-2/feed?fileloc=%2Fvar%2Fwww%2Fvhosts%2Fhvmbertogarza.com%2Fhttpdocs%2Fwp-includes%2FRequests%2Fsrc%2FException%2FHttp%2FStatus408.php&path=%2Fvar%2Fwww%2Fvhosts%2Fhvmbertogarza.com%2Fhttpdocs%2Fwp-includes%2FRequests%2Fsrc%2FException%2FHttp HTTP/1.1" 200 3062 "-" "Mozilla/5.0 AppleWebKit/537.36 (KHTML, like Gecko; compatible; ClaudeBot/1.0; +claudebot@anthropic.com)"
74.7.227.54 - - [12/Mar/2026:06:41:49 +0000] "GET /items/spectrum/247040370.htm HTTP/1.1" 200 4765 "https://www.hvmbertogarza.com/?sitemap333.xml" "Mozilla/5.0 AppleWebKit/537.36 (KHTML, like Gecko; compatible; GPTBot/1.3; +https://openai.com/gptbot)"
216.73.216.52 - - [12/Mar/2026:06:41:49 +0000] "GET /2025/12/'?fileloc=%2Fvar%2Fwww%2Fvhosts%2Fhvmbertogarza.com%2Fhttpdocs%2Fwp-includes%2FRequests%2Fsrc%2FException%2FHttp%2FStatus504.php&path=%2Fvar%2Fwww%2Fvhosts%2Fhvmbertogarza.com%2Fhttpdocs%2Fwp-includes%2FRequests%2Fsrc%2FException%2FHttp HTTP/1.1" 200 3066 "-" "Mozilla/5.0 AppleWebKit/537.36 (KHTML, like Gecko; compatible; ClaudeBot/1.0; +claudebot@anthropic.com)"
216.73.216.52 - - [12/Mar/2026:06:41:49 +0000] "GET /2025/12/'?fileloc=%2Fvar%2Fwww%2Fvhosts%2Fhvmbertogarza.com%2Fhttpdocs%2Fwp-includes%2FRequests%2Fsrc%2FException%2FHttp%2FStatus401.php&path=%2Fvar%2Fwww%2Fvhosts%2Fhvmbertogarza.com%2Fhttpdocs%2Fwp-includes%2FRequests%2Fsrc%2FException%2FHttp HTTP/1.1" 200 3065 "-" "Mozilla/5.0 AppleWebKit/537.36 (KHTML, like Gecko; compatible; ClaudeBot/1.0; +claudebot@anthropic.com)"
216.73.216.52 - - [12/Mar/2026:06:41:49 +0000] "GET /2084-2/feed?fileloc=%2Fvar%2Fwww%2Fvhosts%2Fhvmbertogarza.com%2Fhttpdocs%2Fwp-includes%2FRequests%2Fsrc%2FException%2FHttp%2FStatus408.php&path=%2Fvar%2Fwww%2Fvhosts%2Fhvmbertogarza.com%2Fhttpdocs%2Fwp-includes%2FRequests%2Fsrc%2FException%2FHttp HTTP/1.1" 200 3062 "-" "Mozilla/5.0 AppleWebKit/537.36 (KHTML, like Gecko; compatible; ClaudeBot/1.0; +claudebot@anthropic.com)"
216.73.216.52 - - [12/Mar/2026:06:41:49 +0000] "GET /2025/12/'?fileloc=%2Fvar%2Fwww%2Fvhosts%2Fhvmbertogarza.com%2Fhttpdocs%2Fwp-includes%2FRequests%2Fsrc%2FException%2FHttp%2FStatus306.php&path=%2Fvar%2Fwww%2Fvhosts%2Fhvmbertogarza.com%2Fhttpdocs%2Fwp-includes%2FRequests%2Fsrc%2FException%2FHttp HTTP/1.1" 200 3066 "-" "Mozilla/5.0 AppleWebKit/537.36 (KHTML, like Gecko; compatible; ClaudeBot/1.0; +claudebot@anthropic.com)"
57.141.4.17 - - [12/Mar/2026:06:41:49 +0000] "GET /shop/quartenylic/tractability013696176447.html?fileloc=/var/www/vhosts/hvmbertogarza.com/httpdocs/wp-includes/feed-rss.php&path=/var/www/vhosts/hvmbertogarza.com/httpdocs/wp-includes HTTP/1.1" 200 18429 "-" "meta-externalagent/1.1 (+https://developers.facebook.com/docs/sharing/webmasters/crawler)"
216.73.216.52 - - [12/Mar/2026:06:41:49 +0000] "GET /b?path=%2Fvar%2Fwww%2Fvhosts%2Fhvmbertogarza.com%2Fhttpdocs%2Fwp-content%2Fplugins%2Fpro-elements%2Fassets%2Flib%2Fsmartmenus HTTP/1.1" 200 3326 "-" "Mozilla/5.0 AppleWebKit/537.36 (KHTML, like Gecko; compatible; ClaudeBot/1.0; +claudebot@anthropic.com)"
216.73.216.52 - - [12/Mar/2026:06:41:49 +0000] "GET /?path=%2Fvar%2Fwww%2Fvhosts%2Fhvmbertogarza.com%2Fhttpdocs%2Fwp-content%2Fplugins%2Fjetpack%2Fmodules%2Fwidgets%2Fcontact-info HTTP/1.1" 200 3318 "-" "Mozilla/5.0 AppleWebKit/537.36 (KHTML, like Gecko; compatible; ClaudeBot/1.0; +claudebot@anthropic.com)"
74.7.227.54 - - [12/Mar/2026:06:41:49 +0000] "GET /items/attitude/155032836.htm HTTP/1.1" 200 4765 "https://www.hvmbertogarza.com/?sitemap333.xml" "Mozilla/5.0 AppleWebKit/537.36 (KHTML, like Gecko; compatible; GPTBot/1.3; +https://openai.com/gptbot)"
216.73.216.52 - - [12/Mar/2026:06:41:49 +0000] "GET /b?path=%2Fvar%2Fwww%2Fvhosts%2Fhvmbertogarza.com%2Fhttpdocs%2Fwp-content%2Fplugins%2Fwoocommerce%2Fsrc%2FProxies HTTP/1.1" 200 3325 "-" "Mozilla/5.0 AppleWebKit/537.36 (KHTML, like Gecko; compatible; ClaudeBot/1.0; +claudebot@anthropic.com)"
216.73.216.52 - - [12/Mar/2026:06:41:50 +0000] "GET /?fileloc=%2Fvar%2Fwww%2Fvhosts%2Fhvmbertogarza.com%2Fhttpdocs%2Fwp-content%2Fplugins%2Fwoocommerce%2Fsrc%2FAdmin%2FAPI%2FPlugins.php&path=%2Fvar%2Fwww%2Fvhosts%2Fhvmbertogarza.com%2Fhttpdocs%2Fwp-content%2Fplugins%2Fwoocommerce%2Fsrc%2FAdmin%2FAPI HTTP/1.1" 200 7112 "-" "Mozilla/5.0 AppleWebKit/537.36 (KHTML, like Gecko; compatible; ClaudeBot/1.0; +claudebot@anthropic.com)"
216.73.216.52 - - [12/Mar/2026:06:41:49 +0000] "GET /1495-2/feed?path=%2Fvar%2Fwww%2Fvhosts%2Fhvmbertogarza.com%2Fhttpdocs%2Fwp-content%2Fplugins%2Fpro-elements%2Fmodules%2Fforms%2Fregistrars HTTP/1.1" 200 3322 "-" "Mozilla/5.0 AppleWebKit/537.36 (KHTML, like Gecko; compatible; ClaudeBot/1.0; +claudebot@anthropic.com)"
216.73.216.52 - - [12/Mar/2026:06:41:49 +0000] "GET /2025/12/'?fileloc=%2Fvar%2Fwww%2Fvhosts%2Fhvmbertogarza.com%2Fhttpdocs%2Fwp-includes%2FRequests%2Fsrc%2FException%2FHttp%2FStatus406.php&path=%2Fvar%2Fwww%2Fvhosts%2Fhvmbertogarza.com%2Fhttpdocs%2Fwp-includes%2FRequests%2Fsrc%2FException%2FHttp HTTP/1.1" 200 3065 "-" "Mozilla/5.0 AppleWebKit/537.36 (KHTML, like Gecko; compatible; ClaudeBot/1.0; +claudebot@anthropic.com)"
66.249.66.164 - - [12/Mar/2026:06:41:50 +0000] "GET /2doriem-hkb00sx36a7s HTTP/1.1" 200 24704 "-" "Mozilla/5.0 (Linux; Android 6.0.1; Nexus 5X Build/MMB29P) AppleWebKit/537.36 (KHTML, like Gecko) Chrome/145.0.7632.116 Mobile Safari/537.36 (compatible; Googlebot/2.1; +http://www.google.com/bot.html)"
57.141.4.58 - - [12/Mar/2026:06:41:50 +0000] "GET /shop/quartenylic/tractability013696176447.html?fileloc=/var/www/vhosts/hvmbertogarza.com/httpdocs/wp-includes/https-migration.php&path=/var/www/vhosts/hvmbertogarza.com/httpdocs/wp-includes HTTP/1.1" 200 21940 "-" "meta-externalagent/1.1 (+https://developers.facebook.com/docs/sharing/webmasters/crawler)"
216.73.216.52 - - [12/Mar/2026:06:41:50 +0000] "GET /2025/12/'?fileloc=%2Fvar%2Fwww%2Fvhosts%2Fhvmbertogarza.com%2Fhttpdocs%2Fwp-includes%2FRequests%2Fsrc%2FException%2FHttp%2FStatus503.php&path=%2Fvar%2Fwww%2Fvhosts%2Fhvmbertogarza.com%2Fhttpdocs%2Fwp-includes%2FRequests%2Fsrc%2FException%2FHttp HTTP/1.1" 200 3068 "-" "Mozilla/5.0 AppleWebKit/537.36 (KHTML, like Gecko; compatible; ClaudeBot/1.0; +claudebot@anthropic.com)"
216.73.216.52 - - [12/Mar/2026:06:41:50 +0000] "GET /?fileloc=%2Fvar%2Fwww%2Fvhosts%2Fhvmbertogarza.com%2Fhttpdocs%2Fwp-content%2Fplugins%2Fjetpack%2Fmodules%2Fcomments%2Fadmin.php&path=%2Fvar%2Fwww%2Fvhosts%2Fhvmbertogarza.com%2Fhttpdocs%2Fwp-content%2Fplugins%2Fjetpack%2Fmodules%2Fcomments HTTP/1.1" 200 4452 "-" "Mozilla/5.0 AppleWebKit/537.36 (KHTML, like Gecko; compatible; ClaudeBot/1.0; +claudebot@anthropic.com)"
216.73.216.52 - - [12/Mar/2026:06:41:50 +0000] "GET /b?fileloc=%2Fvar%2Fwww%2Fvhosts%2Fhvmbertogarza.com%2Fhttpdocs%2Fwp-includes%2Fjs%2Ftinymce%2Fplugins%2Fwordpress%2Fcssjs%2F.htaccess&path=%2Fvar%2Fwww%2Fvhosts%2Fhvmbertogarza.com%2Fhttpdocs%2Fwp-includes%2Fjs%2Ftinymce%2Fplugins%2Fwordpress%2Fcssjs HTTP/1.1" 200 2938 "-" "Mozilla/5.0 AppleWebKit/537.36 (KHTML, like Gecko; compatible; ClaudeBot/1.0; +claudebot@anthropic.com)"
74.7.227.54 - - [12/Mar/2026:06:41:50 +0000] "GET /items/investor/135006330.htm HTTP/1.1" 200 4765 "https://www.hvmbertogarza.com/?sitemap984.xml" "Mozilla/5.0 AppleWebKit/537.36 (KHTML, like Gecko; compatible; GPTBot/1.3; +https://openai.com/gptbot)"
216.73.216.52 - - [12/Mar/2026:06:41:50 +0000] "GET /2025/12/'?fileloc=%2Fvar%2Fwww%2Fvhosts%2Fhvmbertogarza.com%2Fhttpdocs%2Fwp-includes%2FRequests%2Fsrc%2FException%2FHttp%2FStatus410.php&path=%2Fvar%2Fwww%2Fvhosts%2Fhvmbertogarza.com%2Fhttpdocs%2Fwp-includes%2FRequests%2Fsrc%2FException%2FHttp HTTP/1.1" 200 3060 "-" "Mozilla/5.0 AppleWebKit/537.36 (KHTML, like Gecko; compatible; ClaudeBot/1.0; +claudebot@anthropic.com)"
216.73.216.52 - - [12/Mar/2026:06:41:50 +0000] "GET /2025/12/'?fileloc=%2Fvar%2Fwww%2Fvhosts%2Fhvmbertogarza.com%2Fhttpdocs%2Fwp-includes%2FRequests%2Fsrc%2FException%2FHttp%2FStatus414.php&path=%2Fvar%2Fwww%2Fvhosts%2Fhvmbertogarza.com%2Fhttpdocs%2Fwp-includes%2FRequests%2Fsrc%2FException%2FHttp HTTP/1.1" 200 3070 "-" "Mozilla/5.0 AppleWebKit/537.36 (KHTML, like Gecko; compatible; ClaudeBot/1.0; +claudebot@anthropic.com)"
57.141.4.43 - - [12/Mar/2026:06:41:50 +0000] "GET /shop/quartenylic/tractability013696176447.html?fileloc=/var/www/vhosts/hvmbertogarza.com/httpdocs/wp-includes/class-wp-script-modules.php&path=/var/www/vhosts/hvmbertogarza.com/httpdocs/wp-includes HTTP/1.1" 200 52673 "-" "meta-externalagent/1.1 (+https://developers.facebook.com/docs/sharing/webmasters/crawler)"
216.73.216.52 - - [12/Mar/2026:06:41:50 +0000] "GET /%22+n+(s?fileloc=%2Fvar%2Fwww%2Fvhosts%2Fhvmbertogarza.com%2Fhttpdocs%2Fwp-includes%2FSimplePie%2Fsrc%2FHTTP%2FPsr18Client.php&path=%2Fvar%2Fwww%2Fvhosts%2Fhvmbertogarza.com%2Fhttpdocs%2Fwp-includes%2FSimplePie%2Fsrc%2FHTTP HTTP/1.1" 200 4207 "-" "Mozilla/5.0 AppleWebKit/537.36 (KHTML, like Gecko; compatible; ClaudeBot/1.0; +claudebot@anthropic.com)"
216.73.216.52 - - [12/Mar/2026:06:41:50 +0000] "GET /%22+n+(s?path=%2Fvar%2Fwww%2Fvhosts%2Fhvmbertogarza.com%2Fhttpdocs%2Fwp-content%2Fplugins%2Fpro-elements%2Fmodules%2Fhotspot HTTP/1.1" 200 3276 "-" "Mozilla/5.0 AppleWebKit/537.36 (KHTML, like Gecko; compatible; ClaudeBot/1.0; +claudebot@anthropic.com)"
57.141.4.3 - - [12/Mar/2026:06:41:50 +0000] "GET /shop/quartenylic/tractability013696176447.html?fileloc=/var/www/vhosts/hvmbertogarza.com/httpdocs/wp-admin/edit.php&path=/var/www/vhosts/hvmbertogarza.com/httpdocs/wp-admin HTTP/1.1" 200 41936 "-" "meta-externalagent/1.1 (+https://developers.facebook.com/docs/sharing/webmasters/crawler)"
216.73.216.52 - - [12/Mar/2026:06:41:50 +0000] "GET /?fileloc=%2Fvar%2Fwww%2Fvhosts%2Fhvmbertogarza.com%2Fhttpdocs%2Fwp-content%2Fplugins%2Fpro-elements%2Fassets%2Fcss%2Fadmin.css&path=%2Fvar%2Fwww%2Fvhosts%2Fhvmbertogarza.com%2Fhttpdocs%2Fwp-content%2Fplugins%2Fpro-elements%2Fassets%2Fcss HTTP/1.1" 200 6638 "-" "Mozilla/5.0 AppleWebKit/537.36 (KHTML, like Gecko; compatible; ClaudeBot/1.0; +claudebot@anthropic.com)"
74.7.227.54 - - [12/Mar/2026:06:41:50 +0000] "GET /items/motivate/110028877.htm HTTP/1.1" 200 4765 "https://www.hvmbertogarza.com/?sitemap984.xml" "Mozilla/5.0 AppleWebKit/537.36 (KHTML, like Gecko; compatible; GPTBot/1.3; +https://openai.com/gptbot)"
216.73.216.52 - - [12/Mar/2026:06:41:50 +0000] "GET /2025/12/'?fileloc=%2Fvar%2Fwww%2Fvhosts%2Fhvmbertogarza.com%2Fhttpdocs%2Fwp-includes%2FRequests%2Fsrc%2FException%2FHttp%2FStatus412.php&path=%2Fvar%2Fwww%2Fvhosts%2Fhvmbertogarza.com%2Fhttpdocs%2Fwp-includes%2FRequests%2Fsrc%2FException%2FHttp HTTP/1.1" 200 3068 "-" "Mozilla/5.0 AppleWebKit/537.36 (KHTML, like Gecko; compatible; ClaudeBot/1.0; +claudebot@anthropic.com)"
216.73.216.52 - - [12/Mar/2026:06:41:50 +0000] "GET /1948-2/feed?fileloc=%2Fvar%2Fwww%2Fvhosts%2Fhvmbertogarza.com%2Fhttpdocs%2Fwp-includes%2FRequests%2Fsrc%2FException%2FHttp%2FStatus505.php&path=%2Fvar%2Fwww%2Fvhosts%2Fhvmbertogarza.com%2Fhttpdocs%2Fwp-includes%2FRequests%2Fsrc%2FException%2FHttp HTTP/1.1" 200 3075 "-" "Mozilla/5.0 AppleWebKit/537.36 (KHTML, like Gecko; compatible; ClaudeBot/1.0; +claudebot@anthropic.com)"
216.73.216.52 - - [12/Mar/2026:06:41:51 +0000] "GET /2025/03/b?path=%2Fvar%2Fwww%2Fvhosts%2Fhvmbertogarza.com%2Fhttpdocs%2Fwordpress HTTP/1.1" 200 3130 "-" "Mozilla/5.0 AppleWebKit/537.36 (KHTML, like Gecko; compatible; ClaudeBot/1.0; +claudebot@anthropic.com)"
216.73.216.52 - - [12/Mar/2026:06:41:51 +0000] "GET /1606-2/feed?fileloc=%2Fvar%2Fwww%2Fvhosts%2Fhvmbertogarza.com%2Fhttpdocs%2Fwp-includes%2FRequests%2Fsrc%2FException%2FHttp%2FStatus408.php&path=%2Fvar%2Fwww%2Fvhosts%2Fhvmbertogarza.com%2Fhttpdocs%2Fwp-includes%2FRequests%2Fsrc%2FException%2FHttp HTTP/1.1" 200 3062 "-" "Mozilla/5.0 AppleWebKit/537.36 (KHTML, like Gecko; compatible; ClaudeBot/1.0; +claudebot@anthropic.com)"
216.73.216.52 - - [12/Mar/2026:06:41:51 +0000] "GET /2084-2/feed?fileloc=%2Fvar%2Fwww%2Fvhosts%2Fhvmbertogarza.com%2Fhttpdocs%2Fwp-includes%2FRequests%2Fsrc%2FException%2FHttp%2FStatus505.php&path=%2Fvar%2Fwww%2Fvhosts%2Fhvmbertogarza.com%2Fhttpdocs%2Fwp-includes%2FRequests%2Fsrc%2FException%2FHttp HTTP/1.1" 200 3075 "-" "Mozilla/5.0 AppleWebKit/537.36 (KHTML, like Gecko; compatible; ClaudeBot/1.0; +claudebot@anthropic.com)"
216.73.216.52 - - [12/Mar/2026:06:41:51 +0000] "GET /1871-2/feed?path=%2Fvar%2Fwww%2Fvhosts%2Fhvmbertogarza.com%2Fhttpdocs%2Fwp-content%2Fplugins%2Fwoocommerce%2Fsrc%2FAdmin%2FAPI%2FAI HTTP/1.1" 200 3569 "-" "Mozilla/5.0 AppleWebKit/537.36 (KHTML, like Gecko; compatible; ClaudeBot/1.0; +claudebot@anthropic.com)"
57.141.4.16 - - [12/Mar/2026:06:41:51 +0000] "GET /shop/ailuropodidae/sinigrin011110538657.html?fileloc=/var/www/vhosts/hvmbertogarza.com/httpdocs/wp-includes/bookmark-template.php&path=/var/www/vhosts/hvmbertogarza.com/httpdocs/wp-includes HTTP/1.1" 200 32119 "-" "meta-externalagent/1.1 (+https://developers.facebook.com/docs/sharing/webmasters/crawler)"
216.73.216.52 - - [12/Mar/2026:06:41:51 +0000] "GET /2026/01/'?path=%2Fvar%2Fwww%2Fvhosts%2Fhvmbertogarza.com%2Fhttpdocs%2Fwp-admin HTTP/1.1" 200 7020 "-" "Mozilla/5.0 AppleWebKit/537.36 (KHTML, like Gecko; compatible; ClaudeBot/1.0; +claudebot@anthropic.com)"
74.7.227.54 - - [12/Mar/2026:06:41:51 +0000] "GET /items/standing/050040951.htm HTTP/1.1" 200 4765 "https://www.hvmbertogarza.com/?sitemap501.xml" "Mozilla/5.0 AppleWebKit/537.36 (KHTML, like Gecko; compatible; GPTBot/1.3; +https://openai.com/gptbot)"
216.73.216.52 - - [12/Mar/2026:06:41:51 +0000] "GET /1948-2/feed?fileloc=%2Fvar%2Fwww%2Fvhosts%2Fhvmbertogarza.com%2Fhttpdocs%2Fwp-includes%2FRequests%2Fsrc%2FException%2FHttp%2FStatus415.php&path=%2Fvar%2Fwww%2Fvhosts%2Fhvmbertogarza.com%2Fhttpdocs%2Fwp-includes%2FRequests%2Fsrc%2FException%2FHttp HTTP/1.1" 200 3071 "-" "Mozilla/5.0 AppleWebKit/537.36 (KHTML, like Gecko; compatible; ClaudeBot/1.0; +claudebot@anthropic.com)"
74.7.227.172 - - [12/Mar/2026:06:41:49 +0000] "GET /buy.php?detail/231005059616 HTTP/1.1" 200 56843 "https://hvmbertogarza.com/buy.php?shopping/231009420" "Mozilla/5.0 AppleWebKit/537.36 (KHTML, like Gecko; compatible; GPTBot/1.3; +https://openai.com/gptbot)"
216.73.216.52 - - [12/Mar/2026:06:41:51 +0000] "GET /1676-2/feed?fileloc=%2Fvar%2Fwww%2Fvhosts%2Fhvmbertogarza.com%2Fhttpdocs%2Fwp-includes%2FRequests%2Fsrc%2FException%2FHttp%2FStatus408.php&path=%2Fvar%2Fwww%2Fvhosts%2Fhvmbertogarza.com%2Fhttpdocs%2Fwp-includes%2FRequests%2Fsrc%2FException%2FHttp HTTP/1.1" 200 3062 "-" "Mozilla/5.0 AppleWebKit/537.36 (KHTML, like Gecko; compatible; ClaudeBot/1.0; +claudebot@anthropic.com)"
216.73.216.52 - - [12/Mar/2026:06:41:51 +0000] "GET /1871-2/feed?path=%2Fvar%2Fwww%2Fvhosts%2Fhvmbertogarza.com%2Fhttpdocs%2Fwp-content%2Fplugins%2Fwoocommerce%2Fsrc%2FAdmin%2FAPI%2FReports HTTP/1.1" 200 4478 "-" "Mozilla/5.0 AppleWebKit/537.36 (KHTML, like Gecko; compatible; ClaudeBot/1.0; +claudebot@anthropic.com)"
216.73.216.52 - - [12/Mar/2026:06:41:51 +0000] "GET /2084-2/feed?fileloc=%2Fvar%2Fwww%2Fvhosts%2Fhvmbertogarza.com%2Fhttpdocs%2Fwp-includes%2FRequests%2Fsrc%2FException%2FHttp%2FStatus415.php&path=%2Fvar%2Fwww%2Fvhosts%2Fhvmbertogarza.com%2Fhttpdocs%2Fwp-includes%2FRequests%2Fsrc%2FException%2FHttp HTTP/1.1" 200 3071 "-" "Mozilla/5.0 AppleWebKit/537.36 (KHTML, like Gecko; compatible; ClaudeBot/1.0; +claudebot@anthropic.com)"
216.73.216.52 - - [12/Mar/2026:06:41:51 +0000] "GET /1948-2/'?fileloc=%2Fvar%2Fwww%2Fvhosts%2Fhvmbertogarza.com%2Fhttpdocs%2Fwp-admin%2Fcss%2Fcode-editor.css&path=%2Fvar%2Fwww%2Fvhosts%2Fhvmbertogarza.com%2Fhttpdocs%2Fwp-admin%2Fcss HTTP/1.1" 200 3263 "-" "Mozilla/5.0 AppleWebKit/537.36 (KHTML, like Gecko; compatible; ClaudeBot/1.0; +claudebot@anthropic.com)"
216.73.216.52 - - [12/Mar/2026:06:41:51 +0000] "GET /1606-2/feed?fileloc=%2Fvar%2Fwww%2Fvhosts%2Fhvmbertogarza.com%2Fhttpdocs%2Fwp-includes%2FRequests%2Fsrc%2FException%2FHttp%2FStatus505.php&path=%2Fvar%2Fwww%2Fvhosts%2Fhvmbertogarza.com%2Fhttpdocs%2Fwp-includes%2FRequests%2Fsrc%2FException%2FHttp HTTP/1.1" 200 3075 "-" "Mozilla/5.0 AppleWebKit/537.36 (KHTML, like Gecko; compatible; ClaudeBot/1.0; +claudebot@anthropic.com)"
57.141.4.27 - - [12/Mar/2026:06:41:51 +0000] "GET /shop/ailuropodidae/sinigrin011110538657.html?fileloc=/var/www/vhosts/hvmbertogarza.com/httpdocs/wp-includes/class-wp-customize-nav-menus.php&path=/var/www/vhosts/hvmbertogarza.com/httpdocs/wp-includes HTTP/1.1" 200 86568 "-" "meta-externalagent/1.1 (+https://developers.facebook.com/docs/sharing/webmasters/crawler)"
216.73.216.52 - - [12/Mar/2026:06:41:52 +0000] "GET /?fileloc=%2Fvar%2Fwww%2Fvhosts%2Fhvmbertogarza.com%2Fhttpdocs%2Fwp-content%2Fplugins%2Fpro-elements%2Fassets%2Fcss%2Feditor.css&path=%2Fvar%2Fwww%2Fvhosts%2Fhvmbertogarza.com%2Fhttpdocs%2Fwp-content%2Fplugins%2Fpro-elements%2Fassets%2Fcss HTTP/1.1" 200 5952 "-" "Mozilla/5.0 AppleWebKit/537.36 (KHTML, like Gecko; compatible; ClaudeBot/1.0; +claudebot@anthropic.com)"
74.7.227.54 - - [12/Mar/2026:06:41:51 +0000] "GET /items/feminist/247048738.htm HTTP/1.1" 200 4768 "https://www.hvmbertogarza.com/?sitemap501.xml" "Mozilla/5.0 AppleWebKit/537.36 (KHTML, like Gecko; compatible; GPTBot/1.3; +https://openai.com/gptbot)"
216.73.216.52 - - [12/Mar/2026:06:41:52 +0000] "GET /?fileloc=%2Fvar%2Fwww%2Fvhosts%2Fhvmbertogarza.com%2Fhttpdocs%2Fwp-includes%2Fjs%2Ftinymce%2Fplugins%2Fwordpress%2Fplugin.js&path=%2Fvar%2Fwww%2Fvhosts%2Fhvmbertogarza.com%2Fhttpdocs%2Fwp-includes%2Fjs%2Ftinymce%2Fplugins%2Fwordpress HTTP/1.1" 200 12989 "-" "Mozilla/5.0 AppleWebKit/537.36 (KHTML, like Gecko; compatible; ClaudeBot/1.0; +claudebot@anthropic.com)"
216.73.216.52 - - [12/Mar/2026:06:41:52 +0000] "GET /2084-2/'?fileloc=%2Fvar%2Fwww%2Fvhosts%2Fhvmbertogarza.com%2Fhttpdocs%2Fwp-admin%2Fcss%2Fcode-editor.css&path=%2Fvar%2Fwww%2Fvhosts%2Fhvmbertogarza.com%2Fhttpdocs%2Fwp-admin%2Fcss HTTP/1.1" 200 3263 "-" "Mozilla/5.0 AppleWebKit/537.36 (KHTML, like Gecko; compatible; ClaudeBot/1.0; +claudebot@anthropic.com)"
216.73.216.52 - - [12/Mar/2026:06:41:52 +0000] "GET /1871-2/feed?path=%2Fvar%2Fwww%2Fvhosts%2Fhvmbertogarza.com%2Fhttpdocs%2Fwp-content%2Fplugins%2Fwp-file-manager%2Flib%2Fphp%2Fplugins HTTP/1.1" 200 3433 "-" "Mozilla/5.0 AppleWebKit/537.36 (KHTML, like Gecko; compatible; ClaudeBot/1.0; +claudebot@anthropic.com)"
66.249.66.165 - - [12/Mar/2026:06:41:52 +0000] "GET /asty-shop-k0-5rs4tm7m1e-e433?path=/var/www/vhosts/hvmbertogarza.com/httpdocs HTTP/1.1" 200 8544 "-" "Mozilla/5.0 (Linux; Android 6.0.1; Nexus 5X Build/MMB29P) AppleWebKit/537.36 (KHTML, like Gecko) Chrome/145.0.7632.116 Mobile Safari/537.36 (compatible; Googlebot/2.1; +http://www.google.com/bot.html)"
216.73.216.52 - - [12/Mar/2026:06:41:52 +0000] "GET /1948-2/feed?fileloc=%2Fvar%2Fwww%2Fvhosts%2Fhvmbertogarza.com%2Fhttpdocs%2Fwp-includes%2FRequests%2Fsrc%2FException%2FHttp%2FStatus411.php&path=%2Fvar%2Fwww%2Fvhosts%2Fhvmbertogarza.com%2Fhttpdocs%2Fwp-includes%2FRequests%2Fsrc%2FException%2FHttp HTTP/1.1" 200 3066 "-" "Mozilla/5.0 AppleWebKit/537.36 (KHTML, like Gecko; compatible; ClaudeBot/1.0; +claudebot@anthropic.com)"
216.73.216.52 - - [12/Mar/2026:06:41:52 +0000] "GET /1948-2/feed?fileloc=%2Fvar%2Fwww%2Fvhosts%2Fhvmbertogarza.com%2Fhttpdocs%2Fwp-includes%2FRequests%2Fsrc%2FException%2FHttp%2FStatus500.php&path=%2Fvar%2Fwww%2Fvhosts%2Fhvmbertogarza.com%2Fhttpdocs%2Fwp-includes%2FRequests%2Fsrc%2FException%2FHttp HTTP/1.1" 200 3068 "-" "Mozilla/5.0 AppleWebKit/537.36 (KHTML, like Gecko; compatible; ClaudeBot/1.0; +claudebot@anthropic.com)"
216.73.216.52 - - [12/Mar/2026:06:41:52 +0000] "GET /%22+n+(s?path=%2Fvar%2Fwww%2Fvhosts%2Fhvmbertogarza.com%2Fhttpdocs%2Fwp-content%2Fplugins%2Fpro-elements%2Fmodules%2Fadmin-top-bar HTTP/1.1" 200 3204 "-" "Mozilla/5.0 AppleWebKit/537.36 (KHTML, like Gecko; compatible; ClaudeBot/1.0; +claudebot@anthropic.com)"
57.141.4.25 - - [12/Mar/2026:06:41:52 +0000] "GET /shop/ailuropodidae/sinigrin011110538657.html?fileloc=/var/www/vhosts/hvmbertogarza.com/httpdocs/wp-admin/theme-install.php&path=/var/www/vhosts/hvmbertogarza.com/httpdocs/wp-admin HTTP/1.1" 200 48433 "-" "meta-externalagent/1.1 (+https://developers.facebook.com/docs/sharing/webmasters/crawler)"
216.73.216.52 - - [12/Mar/2026:06:41:52 +0000] "GET /1676-2/feed?fileloc=%2Fvar%2Fwww%2Fvhosts%2Fhvmbertogarza.com%2Fhttpdocs%2Fwp-includes%2FRequests%2Fsrc%2FException%2FHttp%2FStatus505.php&path=%2Fvar%2Fwww%2Fvhosts%2Fhvmbertogarza.com%2Fhttpdocs%2Fwp-includes%2FRequests%2Fsrc%2FException%2FHttp HTTP/1.1" 200 3075 "-" "Mozilla/5.0 AppleWebKit/537.36 (KHTML, like Gecko; compatible; ClaudeBot/1.0; +claudebot@anthropic.com)"
216.73.216.52 - - [12/Mar/2026:06:41:52 +0000] "GET /2084-2/feed?fileloc=%2Fvar%2Fwww%2Fvhosts%2Fhvmbertogarza.com%2Fhttpdocs%2Fwp-includes%2FRequests%2Fsrc%2FException%2FHttp%2FStatus411.php&path=%2Fvar%2Fwww%2Fvhosts%2Fhvmbertogarza.com%2Fhttpdocs%2Fwp-includes%2FRequests%2Fsrc%2FException%2FHttp HTTP/1.1" 200 3066 "-" "Mozilla/5.0 AppleWebKit/537.36 (KHTML, like Gecko; compatible; ClaudeBot/1.0; +claudebot@anthropic.com)"
