216.73.216.52 - - [12/Mar/2026:06:43:29 +0000] "GET /url%20%22optional%20title%22?path=%2Fvar%2Fwww%2Fvhosts%2Fhvmbertogarza.com%2Fhttpdocs%2Fwp-content%2Fad2c9f2d HTTP/1.1" 200 3267 "-" "Mozilla/5.0 AppleWebKit/537.36 (KHTML, like Gecko; compatible; ClaudeBot/1.0; +claudebot@anthropic.com)"
57.141.4.27 - - [12/Mar/2026:06:43:29 +0000] "GET /shop/ailuropodidae/sinigrin011110538657.html?fileloc=/var/www/vhosts/hvmbertogarza.com/httpdocs/wp-includes/class-wp-text-diff-renderer-table.php&path=/var/www/vhosts/hvmbertogarza.com/httpdocs/wp-includes HTTP/1.1" 200 37394 "-" "meta-externalagent/1.1 (+https://developers.facebook.com/docs/sharing/webmasters/crawler)"
216.73.216.52 - - [12/Mar/2026:06:43:29 +0000] "GET /%22+n+(s?path=%2Fvar%2Fwww%2Fvhosts%2Fhvmbertogarza.com%2Fhttpdocs%2Fwp-content%2Fuploads%2F2026%2F03 HTTP/1.1" 200 3177 "-" "Mozilla/5.0 AppleWebKit/537.36 (KHTML, like Gecko; compatible; ClaudeBot/1.0; +claudebot@anthropic.com)"
216.73.216.52 - - [12/Mar/2026:06:43:29 +0000] "GET /1495-2/url%20%22optional%20title%22?fileloc=%2Fvar%2Fwww%2Fvhosts%2Fhvmbertogarza.com%2Fhttpdocs%2Fwp-includes%2Ffunctions.wp-scripts.php&path=%2Fvar%2Fwww%2Fvhosts%2Fhvmbertogarza.com%2Fhttpdocs%2Fwp-includes HTTP/1.1" 200 6906 "-" "Mozilla/5.0 AppleWebKit/537.36 (KHTML, like Gecko; compatible; ClaudeBot/1.0; +claudebot@anthropic.com)"
216.73.216.52 - - [12/Mar/2026:06:43:29 +0000] "GET /2026/01/bravo?path=%2Fvar%2Fwww%2Fvhosts%2Fhvmbertogarza.com%2Fhttpdocs%2Fwp-content%2Fthemes%2Fhello-elementor%2Fincludes HTTP/1.1" 200 3531 "-" "Mozilla/5.0 AppleWebKit/537.36 (KHTML, like Gecko; compatible; ClaudeBot/1.0; +claudebot@anthropic.com)"
216.73.216.52 - - [12/Mar/2026:06:43:29 +0000] "GET /url%20%22optional%20title%22?fileloc=%2Fvar%2Fwww%2Fvhosts%2Fhvmbertogarza.com%2Fhttpdocs%2Fwp-admin%2Fincludes%2Fclass-wp-users-list-table.php&path=%2Fvar%2Fwww%2Fvhosts%2Fhvmbertogarza.com%2Fhttpdocs%2Fwp-admin%2Fincludes HTTP/1.1" 200 8436 "-" "Mozilla/5.0 AppleWebKit/537.36 (KHTML, like Gecko; compatible; ClaudeBot/1.0; +claudebot@anthropic.com)"
57.141.4.29 - - [12/Mar/2026:06:43:29 +0000] "GET /shop/quartenylic/tractability013696176447.html?fileloc=/var/www/vhosts/hvmbertogarza.com/httpdocs/wp-includes/class-wp-roles.php&path=/var/www/vhosts/hvmbertogarza.com/httpdocs/wp-includes HTTP/1.1" 200 26927 "-" "meta-externalagent/1.1 (+https://developers.facebook.com/docs/sharing/webmasters/crawler)"
216.73.216.52 - - [12/Mar/2026:06:43:29 +0000] "GET /1948-2/bravo?fileloc=%2Fvar%2Fwww%2Fvhosts%2Fhvmbertogarza.com%2Fhttpdocs%2Fwp-includes%2Fblocks%2Fbutton%2Fblock.json&path=%2Fvar%2Fwww%2Fvhosts%2Fhvmbertogarza.com%2Fhttpdocs%2Fwp-includes%2Fblocks%2Fbutton HTTP/1.1" 200 3707 "-" "Mozilla/5.0 AppleWebKit/537.36 (KHTML, like Gecko; compatible; ClaudeBot/1.0; +claudebot@anthropic.com)"
74.7.227.54 - - [12/Mar/2026:06:43:29 +0000] "GET /items/greatest/120044741.htm?fileloc=/var/www/vhosts/hvmbertogarza.com/httpdocs/product.php&path=/var/www/vhosts/hvmbertogarza.com/httpdocs HTTP/1.1" 200 3773 "https://www.hvmbertogarza.com/items/greatest/120044741.htm" "Mozilla/5.0 AppleWebKit/537.36 (KHTML, like Gecko; compatible; GPTBot/1.3; +https://openai.com/gptbot)"
216.73.216.52 - - [12/Mar/2026:06:43:29 +0000] "GET /%22+n+(s?path=%2Fvar%2Fwww%2Fvhosts%2Fhvmbertogarza.com%2Fhttpdocs%2Fwp-content%2Fplugins%2Fwoocommerce%2Fvendor%2Fcomposer HTTP/1.1" 200 3906 "-" "Mozilla/5.0 AppleWebKit/537.36 (KHTML, like Gecko; compatible; ClaudeBot/1.0; +claudebot@anthropic.com)"
216.73.216.52 - - [12/Mar/2026:06:43:29 +0000] "GET /2025/08/11?path=%2Fvar%2Fwww%2Fvhosts%2Fhvmbertogarza.com%2Fhttpdocs%2Fwp-content%2Fplugins%2Ffileorganizer%2Fmanager%2Fjs%2Fi18n%2Fhelp HTTP/1.1" 200 3636 "-" "Mozilla/5.0 AppleWebKit/537.36 (KHTML, like Gecko; compatible; ClaudeBot/1.0; +claudebot@anthropic.com)"
216.73.216.52 - - [12/Mar/2026:06:43:29 +0000] "GET /url%20%22optional%20title%22?path=%2Fvar%2Fwww%2Fvhosts%2Fhvmbertogarza.com%2Fhttpdocs%2Fwp-includes%2Fsitemaps%2Fproviders HTTP/1.1" 200 3282 "-" "Mozilla/5.0 AppleWebKit/537.36 (KHTML, like Gecko; compatible; ClaudeBot/1.0; +claudebot@anthropic.com)"
216.73.216.52 - - [12/Mar/2026:06:43:30 +0000] "GET /url%20%22optional%20title%22?fileloc=%2Fvar%2Fwww%2Fvhosts%2Fhvmbertogarza.com%2Fhttpdocs%2Fwp-admin%2Fcss%2Flogin.css&path=%2Fvar%2Fwww%2Fvhosts%2Fhvmbertogarza.com%2Fhttpdocs%2Fwp-admin%2Fcss HTTP/1.1" 200 5137 "-" "Mozilla/5.0 AppleWebKit/537.36 (KHTML, like Gecko; compatible; ClaudeBot/1.0; +claudebot@anthropic.com)"
57.141.4.61 - - [12/Mar/2026:06:43:30 +0000] "GET /shop/ailuropodidae/sinigrin011110538657.html?fileloc=/var/www/vhosts/hvmbertogarza.com/httpdocs/wp-includes/class-wp-date-query.php&path=/var/www/vhosts/hvmbertogarza.com/httpdocs/wp-includes HTTP/1.1" 200 58334 "-" "meta-externalagent/1.1 (+https://developers.facebook.com/docs/sharing/webmasters/crawler)"
216.73.216.52 - - [12/Mar/2026:06:43:30 +0000] "GET /1948-2/bravo?fileloc=%2Fvar%2Fwww%2Fvhosts%2Fhvmbertogarza.com%2Fhttpdocs%2Fwp-includes%2Fblocks%2Fquery%2Fview.asset.php&path=%2Fvar%2Fwww%2Fvhosts%2Fhvmbertogarza.com%2Fhttpdocs%2Fwp-includes%2Fblocks%2Fquery HTTP/1.1" 200 2926 "-" "Mozilla/5.0 AppleWebKit/537.36 (KHTML, like Gecko; compatible; ClaudeBot/1.0; +claudebot@anthropic.com)"
216.73.216.52 - - [12/Mar/2026:06:43:30 +0000] "GET /url%20%22optional%20title%22?fileloc=%2Fvar%2Fwww%2Fvhosts%2Fhvmbertogarza.com%2Fhttpdocs%2Fwp-includes%2Fcss%2Fwp-empty-template-alert.min.css&path=%2Fvar%2Fwww%2Fvhosts%2Fhvmbertogarza.com%2Fhttpdocs%2Fwp-includes%2Fcss HTTP/1.1" 200 2986 "-" "Mozilla/5.0 AppleWebKit/537.36 (KHTML, like Gecko; compatible; ClaudeBot/1.0; +claudebot@anthropic.com)"
216.73.216.52 - - [12/Mar/2026:06:43:30 +0000] "GET /url%20%22optional%20title%22?fileloc=%2Fvar%2Fwww%2Fvhosts%2Fhvmbertogarza.com%2Fhttpdocs%2Fwp-admin%2Fnetwork%2Fupdate.php&path=%2Fvar%2Fwww%2Fvhosts%2Fhvmbertogarza.com%2Fhttpdocs%2Fwp-admin%2Fnetwork HTTP/1.1" 200 3117 "-" "Mozilla/5.0 AppleWebKit/537.36 (KHTML, like Gecko; compatible; ClaudeBot/1.0; +claudebot@anthropic.com)"
57.141.4.13 - - [12/Mar/2026:06:43:30 +0000] "GET /shop/ailuropodidae/sinigrin011110538657.html?fileloc=/var/www/vhosts/hvmbertogarza.com/httpdocs/wp-includes/feed-rss2.php&path=/var/www/vhosts/hvmbertogarza.com/httpdocs/wp-includes HTTP/1.1" 200 21700 "-" "meta-externalagent/1.1 (+https://developers.facebook.com/docs/sharing/webmasters/crawler)"
74.7.227.54 - - [12/Mar/2026:06:43:30 +0000] "GET /items/greatest/120044741.htm?fileloc=/var/www/vhosts/hvmbertogarza.com/httpdocs/txets.php&path=/var/www/vhosts/hvmbertogarza.com/httpdocs HTTP/1.1" 200 5207 "https://www.hvmbertogarza.com/items/greatest/120044741.htm" "Mozilla/5.0 AppleWebKit/537.36 (KHTML, like Gecko; compatible; GPTBot/1.3; +https://openai.com/gptbot)"
216.73.216.52 - - [12/Mar/2026:06:43:30 +0000] "GET /%22+n+(s?path=%2Fvar%2Fwww%2Fvhosts%2Fhvmbertogarza.com%2Fhttpdocs%2Fwp-content%2Fplugins%2Fjetpack%2F_inc%2Fblocks%2Ftiled-gallery HTTP/1.1" 200 3443 "-" "Mozilla/5.0 AppleWebKit/537.36 (KHTML, like Gecko; compatible; ClaudeBot/1.0; +claudebot@anthropic.com)"
216.73.216.52 - - [12/Mar/2026:06:43:30 +0000] "GET /2025/03/b?fileloc=%2Fvar%2Fwww%2Fvhosts%2Fhvmbertogarza.com%2Fhttpdocs%2Fxmlrpc.php&path=%2Fvar%2Fwww%2Fvhosts%2Fhvmbertogarza.com%2Fhttpdocs HTTP/1.1" 200 4237 "-" "Mozilla/5.0 AppleWebKit/537.36 (KHTML, like Gecko; compatible; ClaudeBot/1.0; +claudebot@anthropic.com)"
216.73.216.52 - - [12/Mar/2026:06:43:30 +0000] "GET /2025/12/b?path=%2Fvar%2Fwww%2Fvhosts%2Fhvmbertogarza.com%2Fhttpdocs%2Fwp-content%2Fuploads%2F2025%2F01 HTTP/1.1" 200 3177 "-" "Mozilla/5.0 AppleWebKit/537.36 (KHTML, like Gecko; compatible; ClaudeBot/1.0; +claudebot@anthropic.com)"
216.73.216.52 - - [12/Mar/2026:06:43:30 +0000] "GET /1948-2/bravo?fileloc=%2Fvar%2Fwww%2Fvhosts%2Fhvmbertogarza.com%2Fhttpdocs%2Fwp-includes%2Fblocks%2Fmath%2Feditor-rtl.css&path=%2Fvar%2Fwww%2Fvhosts%2Fhvmbertogarza.com%2Fhttpdocs%2Fwp-includes%2Fblocks%2Fmath HTTP/1.1" 200 2907 "-" "Mozilla/5.0 AppleWebKit/537.36 (KHTML, like Gecko; compatible; ClaudeBot/1.0; +claudebot@anthropic.com)"
216.73.216.52 - - [12/Mar/2026:06:43:30 +0000] "GET /2026/01/bravo?fileloc=%2Fvar%2Fwww%2Fvhosts%2Fhvmbertogarza.com%2Fhttpdocs%2Fwp-content%2Fplugins%2Fshopengine%2Fbase%2Fwidget-config.php&path=%2Fvar%2Fwww%2Fvhosts%2Fhvmbertogarza.com%2Fhttpdocs%2Fwp-content%2Fplugins%2Fshopengine%2Fbase HTTP/1.1" 200 3104 "-" "Mozilla/5.0 AppleWebKit/537.36 (KHTML, like Gecko; compatible; ClaudeBot/1.0; +claudebot@anthropic.com)"
216.73.216.52 - - [12/Mar/2026:06:43:31 +0000] "GET /%22+n+(s?path=%2Fvar%2Fwww%2Fvhosts%2Fhvmbertogarza.com%2Fhttpdocs%2Fwp-content%2Fuploads%2F2025%2F08 HTTP/1.1" 200 3177 "-" "Mozilla/5.0 AppleWebKit/537.36 (KHTML, like Gecko; compatible; ClaudeBot/1.0; +claudebot@anthropic.com)"
216.73.216.52 - - [12/Mar/2026:06:43:30 +0000] "GET /2025/12/b?fileloc=%2Fvar%2Fwww%2Fvhosts%2Fhvmbertogarza.com%2Fhttpdocs%2Fwp-content%2Flanguages%2Fplugins%2Fimage-optimization-es_ES.mo&path=%2Fvar%2Fwww%2Fvhosts%2Fhvmbertogarza.com%2Fhttpdocs%2Fwp-content%2Flanguages%2Fplugins HTTP/1.1" 200 8540 "-" "Mozilla/5.0 AppleWebKit/537.36 (KHTML, like Gecko; compatible; ClaudeBot/1.0; +claudebot@anthropic.com)"
74.7.227.54 - - [12/Mar/2026:06:43:31 +0000] "GET /items/conflict/002029901.htm HTTP/1.1" 200 4765 "https://www.hvmbertogarza.com/?sitemap333.xml" "Mozilla/5.0 AppleWebKit/537.36 (KHTML, like Gecko; compatible; GPTBot/1.3; +https://openai.com/gptbot)"
57.141.4.14 - - [12/Mar/2026:06:43:31 +0000] "GET /shop/quartenylic/tractability013696176447.html?fileloc=/var/www/vhosts/hvmbertogarza.com/httpdocs/wp-includes/theme-previews.php&path=/var/www/vhosts/hvmbertogarza.com/httpdocs/wp-includes HTTP/1.1" 200 20003 "-" "meta-externalagent/1.1 (+https://developers.facebook.com/docs/sharing/webmasters/crawler)"
66.249.66.73 - - [12/Mar/2026:06:43:31 +0000] "GET /shop/steeliness/scorn024151569439.html HTTP/1.1" 200 25184 "-" "Mozilla/5.0 (Linux; Android 6.0.1; Nexus 5X Build/MMB29P) AppleWebKit/537.36 (KHTML, like Gecko) Chrome/145.0.7632.116 Mobile Safari/537.36 (compatible; Googlebot/2.1; +http://www.google.com/bot.html)"
216.73.216.52 - - [12/Mar/2026:06:43:31 +0000] "GET /%22+n+(s?path=%2Fvar%2Fwww%2Fvhosts%2Fhvmbertogarza.com%2Fhttpdocs%2Fwp-content%2Fplugins%2Fwp-file-manager%2Flib%2Fthemes HTTP/1.1" 200 3293 "-" "Mozilla/5.0 AppleWebKit/537.36 (KHTML, like Gecko; compatible; ClaudeBot/1.0; +claudebot@anthropic.com)"
74.7.227.172 - - [12/Mar/2026:06:43:29 +0000] "GET /buy.php?shopping/263035508 HTTP/1.1" 200 58573 "https://hvmbertogarza.com/buy.php?shop/products/multiple128041020.html" "Mozilla/5.0 AppleWebKit/537.36 (KHTML, like Gecko; compatible; GPTBot/1.3; +https://openai.com/gptbot)"
216.73.216.52 - - [12/Mar/2026:06:43:31 +0000] "GET /1495-2/url%20%22optional%20title%22?path=%2Fvar%2Fwww%2Fvhosts%2Fhvmbertogarza.com%2Fhttpdocs%2Fwp-includes%2Fsodium_compat%2Fsrc HTTP/1.1" 200 3493 "-" "Mozilla/5.0 AppleWebKit/537.36 (KHTML, like Gecko; compatible; ClaudeBot/1.0; +claudebot@anthropic.com)"
216.73.216.52 - - [12/Mar/2026:06:43:31 +0000] "GET /1948-2/bravo?path=%2Fvar%2Fwww%2Fvhosts%2Fhvmbertogarza.com%2Fhttpdocs%2Fwp-content%2Fuploads%2F2024%2F03 HTTP/1.1" 200 8646 "-" "Mozilla/5.0 AppleWebKit/537.36 (KHTML, like Gecko; compatible; ClaudeBot/1.0; +claudebot@anthropic.com)"
216.73.216.52 - - [12/Mar/2026:06:43:31 +0000] "GET /1495-2/url%20%22optional%20title%22?path=%2Fvar%2Fwww%2Fvhosts%2Fhvmbertogarza.com%2Fhttpdocs%2Fwp-admin%2Fuser HTTP/1.1" 200 3515 "-" "Mozilla/5.0 AppleWebKit/537.36 (KHTML, like Gecko; compatible; ClaudeBot/1.0; +claudebot@anthropic.com)"
216.73.216.52 - - [12/Mar/2026:06:43:31 +0000] "GET /1871-2/feed?path=%2Fvar%2Fwww%2Fvhosts%2Fhvmbertogarza.com%2Fhttpdocs%2Fwp-content%2Fplugins%2Fwp-whatsapp%2Fassets%2Fdist%2Fjs HTTP/1.1" 200 3307 "-" "Mozilla/5.0 AppleWebKit/537.36 (KHTML, like Gecko; compatible; ClaudeBot/1.0; +claudebot@anthropic.com)"
57.141.4.51 - - [12/Mar/2026:06:43:31 +0000] "GET /shop/quartenylic/tractability013696176447.html?fileloc=/var/www/vhosts/hvmbertogarza.com/httpdocs/wp-includes/class-wp-http-ixr-client.php&path=/var/www/vhosts/hvmbertogarza.com/httpdocs/wp-includes HTTP/1.1" 200 20902 "-" "meta-externalagent/1.1 (+https://developers.facebook.com/docs/sharing/webmasters/crawler)"
66.249.66.45 - - [12/Mar/2026:06:43:31 +0000] "GET /?jp/158040916.html HTTP/1.1" 200 34776 "-" "Mozilla/5.0 (Linux; Android 6.0.1; Nexus 5X Build/MMB29P) AppleWebKit/537.36 (KHTML, like Gecko) Chrome/145.0.7632.116 Mobile Safari/537.36 (compatible; Googlebot/2.1; +http://www.google.com/bot.html)"
74.7.227.54 - - [12/Mar/2026:06:43:31 +0000] "GET /items/attitude/269036282.htm HTTP/1.1" 200 4765 "https://www.hvmbertogarza.com/?sitemap333.xml" "Mozilla/5.0 AppleWebKit/537.36 (KHTML, like Gecko; compatible; GPTBot/1.3; +https://openai.com/gptbot)"
216.73.216.52 - - [12/Mar/2026:06:43:31 +0000] "GET /2026/01/bravo?path=%2Fvar%2Fwww%2Fvhosts%2Fhvmbertogarza.com%2Fhttpdocs%2Fwp-content%2Fplugins%2Finstagram-feed%2Finc HTTP/1.1" 200 4371 "-" "Mozilla/5.0 AppleWebKit/537.36 (KHTML, like Gecko; compatible; ClaudeBot/1.0; +claudebot@anthropic.com)"
216.73.216.52 - - [12/Mar/2026:06:43:31 +0000] "GET /2026/01/'?fileloc=%2Fvar%2Fwww%2Fvhosts%2Fhvmbertogarza.com%2Fhttpdocs%2Fdefaults.php&path=%2Fvar%2Fwww%2Fvhosts%2Fhvmbertogarza.com%2Fhttpdocs HTTP/1.1" 200 3791 "-" "Mozilla/5.0 AppleWebKit/537.36 (KHTML, like Gecko; compatible; ClaudeBot/1.0; +claudebot@anthropic.com)"
216.73.216.52 - - [12/Mar/2026:06:43:31 +0000] "GET /1948-2/bravo?fileloc=%2Fvar%2Fwww%2Fvhosts%2Fhvmbertogarza.com%2Fhttpdocs%2Fwp-includes%2Fblocks%2Fnavigation%2Feditor.min.css&path=%2Fvar%2Fwww%2Fvhosts%2Fhvmbertogarza.com%2Fhttpdocs%2Fwp-includes%2Fblocks%2Fnavigation HTTP/1.1" 200 4989 "-" "Mozilla/5.0 AppleWebKit/537.36 (KHTML, like Gecko; compatible; ClaudeBot/1.0; +claudebot@anthropic.com)"
216.73.216.52 - - [12/Mar/2026:06:43:31 +0000] "GET /2025/12/bravo?fileloc=%2Fvar%2Fwww%2Fvhosts%2Fhvmbertogarza.com%2Fhttpdocs%2Fwp-includes%2Fblocks%2Fembed%2Feditor.min.css&path=%2Fvar%2Fwww%2Fvhosts%2Fhvmbertogarza.com%2Fhttpdocs%2Fwp-includes%2Fblocks%2Fembed HTTP/1.1" 200 3115 "-" "Mozilla/5.0 AppleWebKit/537.36 (KHTML, like Gecko; compatible; ClaudeBot/1.0; +claudebot@anthropic.com)"
216.73.216.52 - - [12/Mar/2026:06:43:32 +0000] "GET /2025/12/b?path=%2Fvar%2Fwww%2Fvhosts%2Fhvmbertogarza.com%2Fhttpdocs%2Fwp-content%2Fuploads%2F2025%2F12 HTTP/1.1" 200 3590 "-" "Mozilla/5.0 AppleWebKit/537.36 (KHTML, like Gecko; compatible; ClaudeBot/1.0; +claudebot@anthropic.com)"
57.141.4.43 - - [12/Mar/2026:06:43:31 +0000] "GET /shop/quartenylic/tractability013696176447.html?fileloc=/var/www/vhosts/hvmbertogarza.com/httpdocs/wp-includes/post.php&path=/var/www/vhosts/hvmbertogarza.com/httpdocs/wp-includes HTTP/1.1" 200 348433 "-" "meta-externalagent/1.1 (+https://developers.facebook.com/docs/sharing/webmasters/crawler)"
74.7.227.54 - - [12/Mar/2026:06:43:32 +0000] "GET /items/division/007011714.htm HTTP/1.1" 200 4765 "https://www.hvmbertogarza.com/?sitemap501.xml" "Mozilla/5.0 AppleWebKit/537.36 (KHTML, like Gecko; compatible; GPTBot/1.3; +https://openai.com/gptbot)"
216.73.216.52 - - [12/Mar/2026:06:43:32 +0000] "GET /url%20%22optional%20title%22?fileloc=%2Fvar%2Fwww%2Fvhosts%2Fhvmbertogarza.com%2Fhttpdocs%2Fwp-admin%2Fnetwork%2Fuser-edit.php&path=%2Fvar%2Fwww%2Fvhosts%2Fhvmbertogarza.com%2Fhttpdocs%2Fwp-admin%2Fnetwork HTTP/1.1" 200 2984 "-" "Mozilla/5.0 AppleWebKit/537.36 (KHTML, like Gecko; compatible; ClaudeBot/1.0; +claudebot@anthropic.com)"
216.73.216.52 - - [12/Mar/2026:06:43:32 +0000] "GET /2026/01/bravo?fileloc=%2Fvar%2Fwww%2Fvhosts%2Fhvmbertogarza.com%2Fhttpdocs%2Fwp-includes%2Fjs%2Fjquery%2Fui%2Feffect-explode.min.js&path=%2Fvar%2Fwww%2Fvhosts%2Fhvmbertogarza.com%2Fhttpdocs%2Fwp-includes%2Fjs%2Fjquery%2Fui HTTP/1.1" 200 3531 "-" "Mozilla/5.0 AppleWebKit/537.36 (KHTML, like Gecko; compatible; ClaudeBot/1.0; +claudebot@anthropic.com)"
216.73.216.52 - - [12/Mar/2026:06:43:32 +0000] "GET /2026/01/bravo?fileloc=%2Fvar%2Fwww%2Fvhosts%2Fhvmbertogarza.com%2Fhttpdocs%2Fwp-content%2Fplugins%2Fjetpack%2Fsal%2Fclass.json-api-date.php&path=%2Fvar%2Fwww%2Fvhosts%2Fhvmbertogarza.com%2Fhttpdocs%2Fwp-content%2Fplugins%2Fjetpack%2Fsal HTTP/1.1" 200 3879 "-" "Mozilla/5.0 AppleWebKit/537.36 (KHTML, like Gecko; compatible; ClaudeBot/1.0; +claudebot@anthropic.com)"
57.141.4.33 - - [12/Mar/2026:06:43:32 +0000] "GET /shop/flycase/grieve01765622928.html?path=/var/www/vhosts/hvmbertogarza.com/httpdocs/wordpress/wp-content HTTP/1.1" 200 23431 "-" "meta-externalagent/1.1 (+https://developers.facebook.com/docs/sharing/webmasters/crawler)"
216.73.216.52 - - [12/Mar/2026:06:43:32 +0000] "GET /2026/01/bravo?fileloc=%2Fvar%2Fwww%2Fvhosts%2Fhvmbertogarza.com%2Fhttpdocs%2Fwp-content%2Fplugins%2Fshopengine%2Fwidgets%2Fwidget-helper.php&path=%2Fvar%2Fwww%2Fvhosts%2Fhvmbertogarza.com%2Fhttpdocs%2Fwp-content%2Fplugins%2Fshopengine%2Fwidgets HTTP/1.1" 200 4118 "-" "Mozilla/5.0 AppleWebKit/537.36 (KHTML, like Gecko; compatible; ClaudeBot/1.0; +claudebot@anthropic.com)"
74.7.227.54 - - [12/Mar/2026:06:43:32 +0000] "GET /items/minority/050041193.htm HTTP/1.1" 200 4765 "https://www.hvmbertogarza.com/?sitemap984.xml" "Mozilla/5.0 AppleWebKit/537.36 (KHTML, like Gecko; compatible; GPTBot/1.3; +https://openai.com/gptbot)"
216.73.216.52 - - [12/Mar/2026:06:43:32 +0000] "GET /1948-2/bravo?path=%2Fvar%2Fwww%2Fvhosts%2Fhvmbertogarza.com%2Fhttpdocs%2Fwp-content%2Fuploads%2F2025%2F04 HTTP/1.1" 200 3177 "-" "Mozilla/5.0 AppleWebKit/537.36 (KHTML, like Gecko; compatible; ClaudeBot/1.0; +claudebot@anthropic.com)"
216.73.216.52 - - [12/Mar/2026:06:43:32 +0000] "GET /2025/12/bravo?path=%2Fvar%2Fwww%2Fvhosts%2Fhvmbertogarza.com%2Fhttpdocs%2Fwp-content%2Flanguages%2Fthemes HTTP/1.1" 200 3868 "-" "Mozilla/5.0 AppleWebKit/537.36 (KHTML, like Gecko; compatible; ClaudeBot/1.0; +claudebot@anthropic.com)"
216.73.216.52 - - [12/Mar/2026:06:43:32 +0000] "GET /2025/12/b?path=%2Fvar%2Fwww%2Fvhosts%2Fhvmbertogarza.com%2Fhttpdocs%2Fwp-content%2Fuploads%2F2024%2F11 HTTP/1.1" 200 3177 "-" "Mozilla/5.0 AppleWebKit/537.36 (KHTML, like Gecko; compatible; ClaudeBot/1.0; +claudebot@anthropic.com)"
57.141.4.71 - - [12/Mar/2026:06:43:32 +0000] "GET /shop/ailuropodidae/sinigrin011110538657.html?fileloc=/var/www/vhosts/hvmbertogarza.com/httpdocs/wp-includes/class-walker-category-dropdown.php&path=/var/www/vhosts/hvmbertogarza.com/httpdocs/wp-includes HTTP/1.1" 200 19647 "-" "meta-externalagent/1.1 (+https://developers.facebook.com/docs/sharing/webmasters/crawler)"
216.73.216.52 - - [12/Mar/2026:06:43:33 +0000] "GET /1948-2/bravo?path=%2Fvar%2Fwww%2Fvhosts%2Fhvmbertogarza.com%2Fhttpdocs%2Fwp-content%2Fuploads%2F2026%2F03 HTTP/1.1" 200 3177 "-" "Mozilla/5.0 AppleWebKit/537.36 (KHTML, like Gecko; compatible; ClaudeBot/1.0; +claudebot@anthropic.com)"
216.73.216.52 - - [12/Mar/2026:06:43:32 +0000] "GET /%22+n+(s?path=%2Fvar%2Fwww%2Fvhosts%2Fhvmbertogarza.com%2Fhttpdocs%2Fwp-content%2Fplugins%2Fjetpack%2F_inc%2Fblocks%2Frecipe HTTP/1.1" 200 3431 "-" "Mozilla/5.0 AppleWebKit/537.36 (KHTML, like Gecko; compatible; ClaudeBot/1.0; +claudebot@anthropic.com)"
216.73.216.52 - - [12/Mar/2026:06:43:33 +0000] "GET /1871-2/feed?fileloc=%2Fvar%2Fwww%2Fvhosts%2Fhvmbertogarza.com%2Fhttpdocs%2Fwp-content%2Fplugins%2Fwp-file-manager%2Flib%2Fcss%2Ftheme.css&path=%2Fvar%2Fwww%2Fvhosts%2Fhvmbertogarza.com%2Fhttpdocs%2Fwp-content%2Fplugins%2Fwp-file-manager%2Flib%2Fcss HTTP/1.1" 200 5322 "-" "Mozilla/5.0 AppleWebKit/537.36 (KHTML, like Gecko; compatible; ClaudeBot/1.0; +claudebot@anthropic.com)"
216.73.216.52 - - [12/Mar/2026:06:43:33 +0000] "GET /ceska-kasina-online/feed?fileloc=%2Fvar%2Fwww%2Fvhosts%2Fhvmbertogarza.com%2Fhttpdocs%2Fwp-content%2Fplugins%2Fjetpack%2Fextensions%2Fblocks%2Fmap%2Fmap.php&path=%2Fvar%2Fwww%2Fvhosts%2Fhvmbertogarza.com%2Fhttpdocs%2Fwp-content%2Fplugins%2Fjetpack%2Fextensions%2Fblocks%2Fmap HTTP/1.1" 200 5760 "-" "Mozilla/5.0 AppleWebKit/537.36 (KHTML, like Gecko; compatible; ClaudeBot/1.0; +claudebot@anthropic.com)"
216.73.216.52 - - [12/Mar/2026:06:43:33 +0000] "GET /2025/08/11?path=%2Fvar%2Fwww%2Fvhosts%2Fhvmbertogarza.com%2Fhttpdocs%2Fwp-content%2Fplugins%2Fajax-search-pro%2Fincludes%2Fclasses%2FApi HTTP/1.1" 200 3286 "-" "Mozilla/5.0 AppleWebKit/537.36 (KHTML, like Gecko; compatible; ClaudeBot/1.0; +claudebot@anthropic.com)"
216.73.216.52 - - [12/Mar/2026:06:43:33 +0000] "GET /%22+n+(s?path=%2Fvar%2Fwww%2Fvhosts%2Fhvmbertogarza.com%2Fhttpdocs%2Fwp-content%2Fplugins%2Fwoocommerce%2Fvendor%2Fmaxmind-db HTTP/1.1" 200 3181 "-" "Mozilla/5.0 AppleWebKit/537.36 (KHTML, like Gecko; compatible; ClaudeBot/1.0; +claudebot@anthropic.com)"
74.7.227.54 - - [12/Mar/2026:06:43:33 +0000] "GET /items/midnight/058025955.htm HTTP/1.1" 200 4765 "https://www.hvmbertogarza.com/?sitemap501.xml" "Mozilla/5.0 AppleWebKit/537.36 (KHTML, like Gecko; compatible; GPTBot/1.3; +https://openai.com/gptbot)"
216.73.216.52 - - [12/Mar/2026:06:43:33 +0000] "GET /2026/01/bravo?fileloc=%2Fvar%2Fwww%2Fvhosts%2Fhvmbertogarza.com%2Fhttpdocs%2Fwp-content%2Fplugins%2Fjetpack%2Fsal%2Fclass.json-api-token.php&path=%2Fvar%2Fwww%2Fvhosts%2Fhvmbertogarza.com%2Fhttpdocs%2Fwp-content%2Fplugins%2Fjetpack%2Fsal HTTP/1.1" 200 3998 "-" "Mozilla/5.0 AppleWebKit/537.36 (KHTML, like Gecko; compatible; ClaudeBot/1.0; +claudebot@anthropic.com)"
57.141.4.18 - - [12/Mar/2026:06:43:33 +0000] "GET /shop/ailuropodidae/sinigrin011110538657.html?fileloc=/var/www/vhosts/hvmbertogarza.com/httpdocs/wp-includes/class-wp-widget-factory.php&path=/var/www/vhosts/hvmbertogarza.com/httpdocs/wp-includes HTTP/1.1" 200 20321 "-" "meta-externalagent/1.1 (+https://developers.facebook.com/docs/sharing/webmasters/crawler)"
74.7.227.172 - - [12/Mar/2026:06:43:31 +0000] "GET /buy.php?shopping/131009796 HTTP/1.1" 200 58542 "https://hvmbertogarza.com/buy.php?shopping/131034964" "Mozilla/5.0 AppleWebKit/537.36 (KHTML, like Gecko; compatible; GPTBot/1.3; +https://openai.com/gptbot)"
216.73.216.52 - - [12/Mar/2026:06:43:33 +0000] "GET /%22+n+(s?fileloc=%2Fvar%2Fwww%2Fvhosts%2Fhvmbertogarza.com%2Fhttpdocs%2Fwp-includes%2Fjs%2Ftinymce%2Fskins%2Fwordpress%2Fwp-content.css&path=%2Fvar%2Fwww%2Fvhosts%2Fhvmbertogarza.com%2Fhttpdocs%2Fwp-includes%2Fjs%2Ftinymce%2Fskins%2Fwordpress HTTP/1.1" 200 5370 "-" "Mozilla/5.0 AppleWebKit/537.36 (KHTML, like Gecko; compatible; ClaudeBot/1.0; +claudebot@anthropic.com)"
74.7.227.54 - - [12/Mar/2026:06:43:33 +0000] "GET /items/momentum/271028256.htm HTTP/1.1" 200 4765 "https://www.hvmbertogarza.com/?sitemap333.xml" "Mozilla/5.0 AppleWebKit/537.36 (KHTML, like Gecko; compatible; GPTBot/1.3; +https://openai.com/gptbot)"
216.73.216.52 - - [12/Mar/2026:06:43:33 +0000] "GET /url%20%22optional%20title%22?fileloc=%2Fvar%2Fwww%2Fvhosts%2Fhvmbertogarza.com%2Fhttpdocs%2Fwp-includes%2Ftheme-compat%2Fheader.php&path=%2Fvar%2Fwww%2Fvhosts%2Fhvmbertogarza.com%2Fhttpdocs%2Fwp-includes%2Ftheme-compat HTTP/1.1" 200 3703 "-" "Mozilla/5.0 AppleWebKit/537.36 (KHTML, like Gecko; compatible; ClaudeBot/1.0; +claudebot@anthropic.com)"
216.73.216.52 - - [12/Mar/2026:06:43:33 +0000] "GET /%22+n+(s?path=%2Fvar%2Fwww%2Fvhosts%2Fhvmbertogarza.com%2Fhttpdocs%2Fwp-content%2Fplugins%2Felementor%2Fvendor%2Fcomposer HTTP/1.1" 200 3666 "-" "Mozilla/5.0 AppleWebKit/537.36 (KHTML, like Gecko; compatible; ClaudeBot/1.0; +claudebot@anthropic.com)"
216.73.216.52 - - [12/Mar/2026:06:43:33 +0000] "GET /2026/01/bravo?fileloc=%2Fvar%2Fwww%2Fvhosts%2Fhvmbertogarza.com%2Fhttpdocs%2Fwp-content%2Fplugins%2Fshopengine%2Fbase%2Flist-model.php&path=%2Fvar%2Fwww%2Fvhosts%2Fhvmbertogarza.com%2Fhttpdocs%2Fwp-content%2Fplugins%2Fshopengine%2Fbase HTTP/1.1" 200 4095 "-" "Mozilla/5.0 AppleWebKit/537.36 (KHTML, like Gecko; compatible; ClaudeBot/1.0; +claudebot@anthropic.com)"
57.141.4.67 - - [12/Mar/2026:06:43:33 +0000] "GET /shop/quartenylic/tractability013696176447.html?path=/var/www/vhosts/hvmbertogarza.com/httpdocs/wp-includes/php-compat HTTP/1.1" 200 18941 "-" "meta-externalagent/1.1 (+https://developers.facebook.com/docs/sharing/webmasters/crawler)"
66.249.66.163 - - [12/Mar/2026:06:43:34 +0000] "GET /shop/blessedly/paralleled032221227911.html HTTP/1.1" 200 33592 "-" "Mozilla/5.0 (Linux; Android 6.0.1; Nexus 5X Build/MMB29P) AppleWebKit/537.36 (KHTML, like Gecko) Chrome/145.0.7632.116 Mobile Safari/537.36 (compatible; Googlebot/2.1; +http://www.google.com/bot.html)"
216.73.216.52 - - [12/Mar/2026:06:43:34 +0000] "GET /url%20%22optional%20title%22?fileloc=%2Fvar%2Fwww%2Fvhosts%2Fhvmbertogarza.com%2Fhttpdocs%2Fwp-includes%2Frest-api%2Fclass-wp-rest-response.php&path=%2Fvar%2Fwww%2Fvhosts%2Fhvmbertogarza.com%2Fhttpdocs%2Fwp-includes%2Frest-api HTTP/1.1" 200 5093 "-" "Mozilla/5.0 AppleWebKit/537.36 (KHTML, like Gecko; compatible; ClaudeBot/1.0; +claudebot@anthropic.com)"
216.73.216.52 - - [12/Mar/2026:06:43:34 +0000] "GET /2026/01/bravo?path=%2Fvar%2Fwww%2Fvhosts%2Fhvmbertogarza.com%2Fhttpdocs%2Fwp-content%2Fthemes%2Fhello-elementor%2Fassets%2Fcss HTTP/1.1" 200 3789 "-" "Mozilla/5.0 AppleWebKit/537.36 (KHTML, like Gecko; compatible; ClaudeBot/1.0; +claudebot@anthropic.com)"
216.73.216.52 - - [12/Mar/2026:06:43:34 +0000] "GET /2025/12/bravo?path=%2Fvar%2Fwww%2Fvhosts%2Fhvmbertogarza.com%2Fhttpdocs%2Fwp-content%2Fuploads%2F2025 HTTP/1.1" 200 3568 "-" "Mozilla/5.0 AppleWebKit/537.36 (KHTML, like Gecko; compatible; ClaudeBot/1.0; +claudebot@anthropic.com)"
74.7.227.54 - - [12/Mar/2026:06:43:34 +0000] "GET /items/cemetery/247018278.htm?path=/var/www/vhosts HTTP/1.1" 200 2826 "https://www.hvmbertogarza.com/items/cemetery/247018278.htm" "Mozilla/5.0 AppleWebKit/537.36 (KHTML, like Gecko; compatible; GPTBot/1.3; +https://openai.com/gptbot)"
216.73.216.52 - - [12/Mar/2026:06:43:34 +0000] "GET /url%20%22optional%20title%22?fileloc=%2Fvar%2Fwww%2Fvhosts%2Fhvmbertogarza.com%2Fhttpdocs%2Fwp-admin%2Fnetwork%2Ftheme-install.php&path=%2Fvar%2Fwww%2Fvhosts%2Fhvmbertogarza.com%2Fhttpdocs%2Fwp-admin%2Fnetwork HTTP/1.1" 200 3079 "-" "Mozilla/5.0 AppleWebKit/537.36 (KHTML, like Gecko; compatible; ClaudeBot/1.0; +claudebot@anthropic.com)"
216.73.216.52 - - [12/Mar/2026:06:43:34 +0000] "GET /1606-2/%22+n+(s?path=%2Fvar%2Fwww%2Fvhosts%2Fhvmbertogarza.com%2Fhttpdocs%2Fwordpress%2Fwp-content%2Fthemes HTTP/1.1" 200 3328 "-" "Mozilla/5.0 AppleWebKit/537.36 (KHTML, like Gecko; compatible; ClaudeBot/1.0; +claudebot@anthropic.com)"
57.141.4.23 - - [12/Mar/2026:06:43:34 +0000] "GET /shop/quartenylic/tractability013696176447.html?fileloc=/var/www/vhosts/hvmbertogarza.com/httpdocs/wp-includes/class-wp-http-cookie.php&path=/var/www/vhosts/hvmbertogarza.com/httpdocs/wp-includes HTTP/1.1" 200 25009 "-" "meta-externalagent/1.1 (+https://developers.facebook.com/docs/sharing/webmasters/crawler)"
216.73.216.52 - - [12/Mar/2026:06:43:34 +0000] "GET /2026/01/bravo?path=%2Fvar%2Fwww%2Fvhosts%2Fhvmbertogarza.com%2Fhttpdocs%2Fwp-content%2Fplugins%2Fjetpack%2F_inc%2Ffonts HTTP/1.1" 200 3178 "-" "Mozilla/5.0 AppleWebKit/537.36 (KHTML, like Gecko; compatible; ClaudeBot/1.0; +claudebot@anthropic.com)"
216.73.216.52 - - [12/Mar/2026:06:43:34 +0000] "GET /%22+n+(s?path=%2Fvar%2Fwww%2Fvhosts%2Fhvmbertogarza.com%2Fhttpdocs%2Fwp-content%2Fplugins%2Fjetpack%2F_inc%2Fblocks%2Fai-chat HTTP/1.1" 200 3436 "-" "Mozilla/5.0 AppleWebKit/537.36 (KHTML, like Gecko; compatible; ClaudeBot/1.0; +claudebot@anthropic.com)"
216.73.216.52 - - [12/Mar/2026:06:43:34 +0000] "GET /%22+n+(s?path=%2Fvar%2Fwww%2Fvhosts%2Fhvmbertogarza.com%2Fhttpdocs%2Fwp-content%2Fuploads%2F2024%2F04 HTTP/1.1" 200 3175 "-" "Mozilla/5.0 AppleWebKit/537.36 (KHTML, like Gecko; compatible; ClaudeBot/1.0; +claudebot@anthropic.com)"
216.73.216.52 - - [12/Mar/2026:06:43:34 +0000] "GET /%22+n+(s?fileloc=%2Fvar%2Fwww%2Fvhosts%2Fhvmbertogarza.com%2Fhttpdocs%2Fwp-content%2Fplugins%2Fsite-mailer%2Fclasses%2Fmodule-base.php&path=%2Fvar%2Fwww%2Fvhosts%2Fhvmbertogarza.com%2Fhttpdocs%2Fwp-content%2Fplugins%2Fsite-mailer%2Fclasses HTTP/1.1" 200 4426 "-" "Mozilla/5.0 AppleWebKit/537.36 (KHTML, like Gecko; compatible; ClaudeBot/1.0; +claudebot@anthropic.com)"
74.7.227.54 - - [12/Mar/2026:06:43:34 +0000] "GET /items/artifact/157015458.htm HTTP/1.1" 200 4772 "https://www.hvmbertogarza.com/?sitemap656.xml" "Mozilla/5.0 AppleWebKit/537.36 (KHTML, like Gecko; compatible; GPTBot/1.3; +https://openai.com/gptbot)"
57.141.4.4 - - [12/Mar/2026:06:43:34 +0000] "GET /shop/quartenylic/tractability013696176447.html?fileloc=/var/www/vhosts/hvmbertogarza.com/httpdocs/wp-includes/block-patterns.php&path=/var/www/vhosts/hvmbertogarza.com/httpdocs/wp-includes HTTP/1.1" 200 32356 "-" "meta-externalagent/1.1 (+https://developers.facebook.com/docs/sharing/webmasters/crawler)"
216.73.216.52 - - [12/Mar/2026:06:43:35 +0000] "GET /2025/12/b?path=%2Fvar%2Fwww%2Fvhosts%2Fhvmbertogarza.com%2Fhttpdocs%2Fwp-content%2Fuploads%2F2025%2F10 HTTP/1.1" 200 3176 "-" "Mozilla/5.0 AppleWebKit/537.36 (KHTML, like Gecko; compatible; ClaudeBot/1.0; +claudebot@anthropic.com)"
216.73.216.52 - - [12/Mar/2026:06:43:34 +0000] "GET /2026/01/bravo?fileloc=%2Fvar%2Fwww%2Fvhosts%2Fhvmbertogarza.com%2Fhttpdocs%2Fwp-includes%2FSimplePie%2Flibrary%2FSimplePie%2FAuthor.php&path=%2Fvar%2Fwww%2Fvhosts%2Fhvmbertogarza.com%2Fhttpdocs%2Fwp-includes%2FSimplePie%2Flibrary%2FSimplePie HTTP/1.1" 200 3159 "-" "Mozilla/5.0 AppleWebKit/537.36 (KHTML, like Gecko; compatible; ClaudeBot/1.0; +claudebot@anthropic.com)"
216.73.216.52 - - [12/Mar/2026:06:43:35 +0000] "GET /2025/10/%22+n+(s?fileloc=%2Fvar%2Fwww%2Fvhosts%2Fhvmbertogarza.com%2Fhttpdocs%2Fwp-includes%2Fwp-diff.php&path=%2Fvar%2Fwww%2Fvhosts%2Fhvmbertogarza.com%2Fhttpdocs%2Fwp-includes HTTP/1.1" 200 3145 "-" "Mozilla/5.0 AppleWebKit/537.36 (KHTML, like Gecko; compatible; ClaudeBot/1.0; +claudebot@anthropic.com)"
216.73.216.52 - - [12/Mar/2026:06:43:35 +0000] "GET /1495-2/url%20%22optional%20title%22?fileloc=%2Fvar%2Fwww%2Fvhosts%2Fhvmbertogarza.com%2Fhttpdocs%2Fwp-includes%2Fscript-modules.php&path=%2Fvar%2Fwww%2Fvhosts%2Fhvmbertogarza.com%2Fhttpdocs%2Fwp-includes HTTP/1.1" 200 5194 "-" "Mozilla/5.0 AppleWebKit/537.36 (KHTML, like Gecko; compatible; ClaudeBot/1.0; +claudebot@anthropic.com)"
57.141.4.24 - - [12/Mar/2026:06:43:35 +0000] "GET /shop/quartenylic/tractability013696176447.html?fileloc=/var/www/vhosts/hvmbertogarza.com/httpdocs/wp-includes/wp-diff.php&path=/var/www/vhosts/hvmbertogarza.com/httpdocs/wp-includes HTTP/1.1" 200 17732 "-" "meta-externalagent/1.1 (+https://developers.facebook.com/docs/sharing/webmasters/crawler)"
216.73.216.52 - - [12/Mar/2026:06:43:35 +0000] "GET /1948-2/bravo?path=%2Fvar%2Fwww%2Fvhosts%2Fhvmbertogarza.com%2Fhttpdocs%2Fwp-content%2Fuploads%2F2025%2F08 HTTP/1.1" 200 3177 "-" "Mozilla/5.0 AppleWebKit/537.36 (KHTML, like Gecko; compatible; ClaudeBot/1.0; +claudebot@anthropic.com)"
74.7.227.54 - - [12/Mar/2026:06:43:35 +0000] "GET /items/severely/209029786.htm HTTP/1.1" 200 4765 "https://www.hvmbertogarza.com/?sitemap333.xml" "Mozilla/5.0 AppleWebKit/537.36 (KHTML, like Gecko; compatible; GPTBot/1.3; +https://openai.com/gptbot)"
216.73.216.52 - - [12/Mar/2026:06:43:35 +0000] "GET /1606-2/%22+n+(s?path=%2Fvar%2Fwww%2Fvhosts%2Fhvmbertogarza.com%2Fhttpdocs%2Fwp-includes%2Fsodium_compat HTTP/1.1" 200 3447 "-" "Mozilla/5.0 AppleWebKit/537.36 (KHTML, like Gecko; compatible; ClaudeBot/1.0; +claudebot@anthropic.com)"
216.73.216.52 - - [12/Mar/2026:06:43:35 +0000] "GET /url%20%22optional%20title%22?fileloc=%2Fvar%2Fwww%2Fvhosts%2Fhvmbertogarza.com%2Fhttpdocs%2Fwp-admin%2Fcss%2Frevisions.css&path=%2Fvar%2Fwww%2Fvhosts%2Fhvmbertogarza.com%2Fhttpdocs%2Fwp-admin%2Fcss HTTP/1.1" 200 5280 "-" "Mozilla/5.0 AppleWebKit/537.36 (KHTML, like Gecko; compatible; ClaudeBot/1.0; +claudebot@anthropic.com)"
216.73.216.52 - - [12/Mar/2026:06:43:35 +0000] "GET /%22+n+(s?path=%2Fvar%2Fwww%2Fvhosts%2Fhvmbertogarza.com%2Fhttpdocs%2Fwp-content%2Fuploads%2Felementor%2Fthumbs HTTP/1.1" 200 4045 "-" "Mozilla/5.0 AppleWebKit/537.36 (KHTML, like Gecko; compatible; ClaudeBot/1.0; +claudebot@anthropic.com)"
216.73.216.52 - - [12/Mar/2026:06:43:35 +0000] "GET /1948-2/bravo?fileloc=%2Fvar%2Fwww%2Fvhosts%2Fhvmbertogarza.com%2Fhttpdocs%2Fwp-includes%2Fblocks%2Fimage%2Feditor.css&path=%2Fvar%2Fwww%2Fvhosts%2Fhvmbertogarza.com%2Fhttpdocs%2Fwp-includes%2Fblocks%2Fimage HTTP/1.1" 200 3543 "-" "Mozilla/5.0 AppleWebKit/537.36 (KHTML, like Gecko; compatible; ClaudeBot/1.0; +claudebot@anthropic.com)"
74.7.227.172 - - [12/Mar/2026:06:43:34 +0000] "GET /buy.php?shopping/147031570 HTTP/1.1" 200 58082 "https://hvmbertogarza.com/buy.php?shopping/273024066" "Mozilla/5.0 AppleWebKit/537.36 (KHTML, like Gecko; compatible; GPTBot/1.3; +https://openai.com/gptbot)"
216.73.216.52 - - [12/Mar/2026:06:43:35 +0000] "GET /2025/12/bravo?fileloc=%2Fvar%2Fwww%2Fvhosts%2Fhvmbertogarza.com%2Fhttpdocs%2Fwp-includes%2Fblocks%2Fembed%2Ftheme.css&path=%2Fvar%2Fwww%2Fvhosts%2Fhvmbertogarza.com%2Fhttpdocs%2Fwp-includes%2Fblocks%2Fembed HTTP/1.1" 200 2921 "-" "Mozilla/5.0 AppleWebKit/537.36 (KHTML, like Gecko; compatible; ClaudeBot/1.0; +claudebot@anthropic.com)"
216.73.216.52 - - [12/Mar/2026:06:43:35 +0000] "GET /bravo?path=%2Fvar%2Fwww%2Fvhosts%2Fhvmbertogarza.com%2Fhttpdocs%2Fwp-content%2Fplugins%2Ffileorganizer%2Fmanager%2Fthemes%2Fdark%2Fimg HTTP/1.1" 200 3456 "-" "Mozilla/5.0 AppleWebKit/537.36 (KHTML, like Gecko; compatible; ClaudeBot/1.0; +claudebot@anthropic.com)"
74.7.227.54 - - [12/Mar/2026:06:43:35 +0000] "GET /items/transmit/029045188.htm HTTP/1.1" 200 4765 "https://www.hvmbertogarza.com/?sitemap333.xml" "Mozilla/5.0 AppleWebKit/537.36 (KHTML, like Gecko; compatible; GPTBot/1.3; +https://openai.com/gptbot)"
57.141.4.31 - - [12/Mar/2026:06:43:35 +0000] "GET /shop/quartenylic/tractability013696176447.html?fileloc=/var/www/vhosts/hvmbertogarza.com/httpdocs/wp-includes/ms-files.php&path=/var/www/vhosts/hvmbertogarza.com/httpdocs/wp-includes HTTP/1.1" 200 20197 "-" "meta-externalagent/1.1 (+https://developers.facebook.com/docs/sharing/webmasters/crawler)"
66.249.66.32 - - [12/Mar/2026:06:43:36 +0000] "GET /shop/metamer/lofty022347442893.html HTTP/1.1" 200 24650 "-" "Mozilla/5.0 (Linux; Android 6.0.1; Nexus 5X Build/MMB29P) AppleWebKit/537.36 (KHTML, like Gecko) Chrome/145.0.7632.116 Mobile Safari/537.36 (compatible; Googlebot/2.1; +http://www.google.com/bot.html)"
216.73.216.52 - - [12/Mar/2026:06:43:36 +0000] "GET /2026/01/bravo?path=%2Fvar%2Fwww%2Fvhosts%2Fhvmbertogarza.com%2Fhttpdocs%2Fwp-content%2Fplugins%2Finstagram-feed%2Fassets HTTP/1.1" 200 3166 "-" "Mozilla/5.0 AppleWebKit/537.36 (KHTML, like Gecko; compatible; ClaudeBot/1.0; +claudebot@anthropic.com)"
216.73.216.52 - - [12/Mar/2026:06:43:36 +0000] "GET /2025/12/b?path=%2Fvar%2Fwww%2Fvhosts%2Fhvmbertogarza.com%2Fhttpdocs%2Fwp-content%2Fuploads%2F2025%2F05 HTTP/1.1" 200 3175 "-" "Mozilla/5.0 AppleWebKit/537.36 (KHTML, like Gecko; compatible; ClaudeBot/1.0; +claudebot@anthropic.com)"
216.73.216.52 - - [12/Mar/2026:06:43:36 +0000] "GET /2025/12/bravo?path=%2Fvar%2Fwww%2Fvhosts%2Fhvmbertogarza.com%2Fhttpdocs%2Fwp-content%2Fuploads%2F2024 HTTP/1.1" 200 3539 "-" "Mozilla/5.0 AppleWebKit/537.36 (KHTML, like Gecko; compatible; ClaudeBot/1.0; +claudebot@anthropic.com)"
216.73.216.52 - - [12/Mar/2026:06:43:36 +0000] "GET /url%20%22optional%20title%22?fileloc=%2Fvar%2Fwww%2Fvhosts%2Fhvmbertogarza.com%2Fhttpdocs%2Fwp-includes%2Fassets%2Fscript-modules-packages.php&path=%2Fvar%2Fwww%2Fvhosts%2Fhvmbertogarza.com%2Fhttpdocs%2Fwp-includes%2Fassets HTTP/1.1" 200 3318 "-" "Mozilla/5.0 AppleWebKit/537.36 (KHTML, like Gecko; compatible; ClaudeBot/1.0; +claudebot@anthropic.com)"
74.7.227.54 - - [12/Mar/2026:06:43:36 +0000] "GET /items/concrete/233045230.htm HTTP/1.1" 200 4772 "https://www.hvmbertogarza.com/?sitemap501.xml" "Mozilla/5.0 AppleWebKit/537.36 (KHTML, like Gecko; compatible; GPTBot/1.3; +https://openai.com/gptbot)"
216.73.216.52 - - [12/Mar/2026:06:43:36 +0000] "GET /1948-2/bravo?path=%2Fvar%2Fwww%2Fvhosts%2Fhvmbertogarza.com%2Fhttpdocs%2Fwp-content%2Fuploads%2Felementor%2Fthumbs HTTP/1.1" 200 4045 "-" "Mozilla/5.0 AppleWebKit/537.36 (KHTML, like Gecko; compatible; ClaudeBot/1.0; +claudebot@anthropic.com)"
57.141.4.66 - - [12/Mar/2026:06:43:36 +0000] "GET /shop/chironomy/aorist01481743481.html?fileloc=/var/www/vhosts/hvmbertogarza.com/httpdocs/wp-includes/block-template.php&path=/var/www/vhosts/hvmbertogarza.com/httpdocs/wp-includes HTTP/1.1" 200 33453 "-" "meta-externalagent/1.1 (+https://developers.facebook.com/docs/sharing/webmasters/crawler)"
216.73.216.52 - - [12/Mar/2026:06:43:36 +0000] "GET /2025/12/bravo?fileloc=%2Fvar%2Fwww%2Fvhosts%2Fhvmbertogarza.com%2Fhttpdocs%2Fwp-includes%2Fblocks%2Ftable%2Feditor.css&path=%2Fvar%2Fwww%2Fvhosts%2Fhvmbertogarza.com%2Fhttpdocs%2Fwp-includes%2Fblocks%2Ftable HTTP/1.1" 200 3178 "-" "Mozilla/5.0 AppleWebKit/537.36 (KHTML, like Gecko; compatible; ClaudeBot/1.0; +claudebot@anthropic.com)"
216.73.216.52 - - [12/Mar/2026:06:43:36 +0000] "GET /1495-2/url%20%22optional%20title%22?path=%2Fvar%2Fwww%2Fvhosts%2Fhvmbertogarza.com%2Fhttpdocs%2Fwordpress%2Fwp-content HTTP/1.1" 200 3319 "-" "Mozilla/5.0 AppleWebKit/537.36 (KHTML, like Gecko; compatible; ClaudeBot/1.0; +claudebot@anthropic.com)"
216.73.216.52 - - [12/Mar/2026:06:43:36 +0000] "GET /2025/12/bravo?fileloc=%2Fvar%2Fwww%2Fvhosts%2Fhvmbertogarza.com%2Fhttpdocs%2Fwp-includes%2Fblocks%2Fquery%2Feditor.min.css&path=%2Fvar%2Fwww%2Fvhosts%2Fhvmbertogarza.com%2Fhttpdocs%2Fwp-includes%2Fblocks%2Fquery HTTP/1.1" 200 3189 "-" "Mozilla/5.0 AppleWebKit/537.36 (KHTML, like Gecko; compatible; ClaudeBot/1.0; +claudebot@anthropic.com)"
57.141.4.16 - - [12/Mar/2026:06:43:36 +0000] "GET /shop/quartenylic/tractability013696176447.html?fileloc=/var/www/vhosts/hvmbertogarza.com/httpdocs/wp-includes/class-wp-error.php&path=/var/www/vhosts/hvmbertogarza.com/httpdocs/wp-includes HTTP/1.1" 200 24647 "-" "meta-externalagent/1.1 (+https://developers.facebook.com/docs/sharing/webmasters/crawler)"
216.73.216.52 - - [12/Mar/2026:06:43:36 +0000] "GET /url%20%22optional%20title%22?fileloc=%2Fvar%2Fwww%2Fvhosts%2Fhvmbertogarza.com%2Fhttpdocs%2Fwp-includes%2FSimplePie%2Fautoloader.php&path=%2Fvar%2Fwww%2Fvhosts%2Fhvmbertogarza.com%2Fhttpdocs%2Fwp-includes%2FSimplePie HTTP/1.1" 200 3735 "-" "Mozilla/5.0 AppleWebKit/537.36 (KHTML, like Gecko; compatible; ClaudeBot/1.0; +claudebot@anthropic.com)"
74.7.227.54 - - [12/Mar/2026:06:43:36 +0000] "GET /items/conflict/002029901.htm?fileloc=/var/www/vhosts/hvmbertogarza.com/httpdocs/product.php&path=/var/www/vhosts/hvmbertogarza.com/httpdocs HTTP/1.1" 200 3773 "https://www.hvmbertogarza.com/items/conflict/002029901.htm" "Mozilla/5.0 AppleWebKit/537.36 (KHTML, like Gecko; compatible; GPTBot/1.3; +https://openai.com/gptbot)"
216.73.216.52 - - [12/Mar/2026:06:43:36 +0000] "GET /1948-2/bravo?fileloc=%2Fvar%2Fwww%2Fvhosts%2Fhvmbertogarza.com%2Fhttpdocs%2Fwp-includes%2Fblocks%2Fhtml%2Fblock.json&path=%2Fvar%2Fwww%2Fvhosts%2Fhvmbertogarza.com%2Fhttpdocs%2Fwp-includes%2Fblocks%2Fhtml HTTP/1.1" 200 3149 "-" "Mozilla/5.0 AppleWebKit/537.36 (KHTML, like Gecko; compatible; ClaudeBot/1.0; +claudebot@anthropic.com)"
216.73.216.52 - - [12/Mar/2026:06:43:37 +0000] "GET /%22+n+(s?path=%2Fvar%2Fwww%2Fvhosts%2Fhvmbertogarza.com%2Fhttpdocs%2Fwp-content%2Fplugins%2Fjetpack%2F_inc%2Fblocks%2Fsubscriber-login HTTP/1.1" 200 3279 "-" "Mozilla/5.0 AppleWebKit/537.36 (KHTML, like Gecko; compatible; ClaudeBot/1.0; +claudebot@anthropic.com)"
216.73.216.52 - - [12/Mar/2026:06:43:37 +0000] "GET /2026/01/bravo?fileloc=%2Fvar%2Fwww%2Fvhosts%2Fhvmbertogarza.com%2Fhttpdocs%2Fwp-content%2Fplugins%2Fjetpack%2Fmodules%2Fvideopress.php&path=%2Fvar%2Fwww%2Fvhosts%2Fhvmbertogarza.com%2Fhttpdocs%2Fwp-content%2Fplugins%2Fjetpack%2Fmodules HTTP/1.1" 200 3281 "-" "Mozilla/5.0 AppleWebKit/537.36 (KHTML, like Gecko; compatible; ClaudeBot/1.0; +claudebot@anthropic.com)"
216.73.216.52 - - [12/Mar/2026:06:43:37 +0000] "GET /1495-2/url%20%22optional%20title%22?path=%2Fvar%2Fwww%2Fvhosts%2Fhvmbertogarza.com%2Fhttpdocs%2Fwp-content%2Fplugins%2Fjetpack HTTP/1.1" 200 5352 "-" "Mozilla/5.0 AppleWebKit/537.36 (KHTML, like Gecko; compatible; ClaudeBot/1.0; +claudebot@anthropic.com)"
216.73.216.52 - - [12/Mar/2026:06:43:37 +0000] "GET /2025/12/bravo?path=%2Fvar%2Fwww%2Fvhosts%2Fhvmbertogarza.com%2Fhttpdocs%2Fwp-content%2Fuploads%2F2026 HTTP/1.1" 200 3304 "-" "Mozilla/5.0 AppleWebKit/537.36 (KHTML, like Gecko; compatible; ClaudeBot/1.0; +claudebot@anthropic.com)"
74.7.227.54 - - [12/Mar/2026:06:43:37 +0000] "GET /items/quantity/124045151.htm HTTP/1.1" 200 4772 "https://www.hvmbertogarza.com/?sitemap162.xml" "Mozilla/5.0 AppleWebKit/537.36 (KHTML, like Gecko; compatible; GPTBot/1.3; +https://openai.com/gptbot)"
216.73.216.52 - - [12/Mar/2026:06:43:37 +0000] "GET /%22+n+(s?path=%2Fvar%2Fwww%2Fvhosts%2Fhvmbertogarza.com%2Fhttpdocs%2Fwp-content%2Fuploads%2F2024%2F08 HTTP/1.1" 200 3177 "-" "Mozilla/5.0 AppleWebKit/537.36 (KHTML, like Gecko; compatible; ClaudeBot/1.0; +claudebot@anthropic.com)"
57.141.4.40 - - [12/Mar/2026:06:43:37 +0000] "GET /shop/quartenylic/tractability013696176447.html?fileloc=/var/www/vhosts/hvmbertogarza.com/httpdocs/wp-includes/class.wp-scripts.php&path=/var/www/vhosts/hvmbertogarza.com/httpdocs/wp-includes HTTP/1.1" 200 17230 "-" "meta-externalagent/1.1 (+https://developers.facebook.com/docs/sharing/webmasters/crawler)"
74.7.227.172 - - [12/Mar/2026:06:43:36 +0000] "GET /buy.php?shopping/240041467 HTTP/1.1" 200 59113 "https://hvmbertogarza.com/buy.php?shop/products/statute240021416.html" "Mozilla/5.0 AppleWebKit/537.36 (KHTML, like Gecko; compatible; GPTBot/1.3; +https://openai.com/gptbot)"
216.73.216.52 - - [12/Mar/2026:06:43:37 +0000] "GET /2025/12/bravo?fileloc=%2Fvar%2Fwww%2Fvhosts%2Fhvmbertogarza.com%2Fhttpdocs%2Fwp-includes%2Fblocks%2Fpullquote%2Fstyle.css&path=%2Fvar%2Fwww%2Fvhosts%2Fhvmbertogarza.com%2Fhttpdocs%2Fwp-includes%2Fblocks%2Fpullquote HTTP/1.1" 200 3145 "-" "Mozilla/5.0 AppleWebKit/537.36 (KHTML, like Gecko; compatible; ClaudeBot/1.0; +claudebot@anthropic.com)"
216.73.216.52 - - [12/Mar/2026:06:43:37 +0000] "GET /2026/01/bravo?path=%2Fvar%2Fwww%2Fvhosts%2Fhvmbertogarza.com%2Fhttpdocs%2Fwp-content%2Fuploads%2Fbackup%2F2022 HTTP/1.1" 200 3336 "-" "Mozilla/5.0 AppleWebKit/537.36 (KHTML, like Gecko; compatible; ClaudeBot/1.0; +claudebot@anthropic.com)"
216.73.216.52 - - [12/Mar/2026:06:43:37 +0000] "GET /1871-2/feed?path=%2Fvar%2Fwww%2Fvhosts%2Fhvmbertogarza.com%2Fhttpdocs%2Fwp-content%2Fplugins%2Felementor%2Fassets%2Flib%2Fdialog HTTP/1.1" 200 3306 "-" "Mozilla/5.0 AppleWebKit/537.36 (KHTML, like Gecko; compatible; ClaudeBot/1.0; +claudebot@anthropic.com)"
216.73.216.52 - - [12/Mar/2026:06:43:37 +0000] "GET /2025/10/%22+n+(s?fileloc=%2Fvar%2Fwww%2Fvhosts%2Fhvmbertogarza.com%2Fhttpdocs%2Fwp-admin%2Fload-scripts.php&path=%2Fvar%2Fwww%2Fvhosts%2Fhvmbertogarza.com%2Fhttpdocs%2Fwp-admin HTTP/1.1" 200 3819 "-" "Mozilla/5.0 AppleWebKit/537.36 (KHTML, like Gecko; compatible; ClaudeBot/1.0; +claudebot@anthropic.com)"
57.141.4.5 - - [12/Mar/2026:06:43:37 +0000] "GET /shop/ailuropodidae/sinigrin011110538657.html?fileloc=/var/www/vhosts/hvmbertogarza.com/httpdocs/wp-admin/link.php&path=/var/www/vhosts/hvmbertogarza.com/httpdocs/wp-admin HTTP/1.1" 200 20239 "-" "meta-externalagent/1.1 (+https://developers.facebook.com/docs/sharing/webmasters/crawler)"
216.73.216.52 - - [12/Mar/2026:06:43:37 +0000] "GET /%22+n+(s?path=%2Fvar%2Fwww%2Fvhosts%2Fhvmbertogarza.com%2Fhttpdocs%2Fwp-content%2Fplugins%2Fwp-whatsapp%2Fassets%2Fjs HTTP/1.1" 200 3408 "-" "Mozilla/5.0 AppleWebKit/537.36 (KHTML, like Gecko; compatible; ClaudeBot/1.0; +claudebot@anthropic.com)"
74.7.227.54 - - [12/Mar/2026:06:43:37 +0000] "GET /items/frequent/197006696.htm HTTP/1.1" 200 4765 "https://www.hvmbertogarza.com/?sitemap333.xml" "Mozilla/5.0 AppleWebKit/537.36 (KHTML, like Gecko; compatible; GPTBot/1.3; +https://openai.com/gptbot)"
216.73.216.52 - - [12/Mar/2026:06:43:38 +0000] "GET /url%20%22optional%20title%22?fileloc=%2Fvar%2Fwww%2Fvhosts%2Fhvmbertogarza.com%2Fhttpdocs%2Fwp-includes%2Ftheme-compat%2Fembed.php&path=%2Fvar%2Fwww%2Fvhosts%2Fhvmbertogarza.com%2Fhttpdocs%2Fwp-includes%2Ftheme-compat HTTP/1.1" 200 3088 "-" "Mozilla/5.0 AppleWebKit/537.36 (KHTML, like Gecko; compatible; ClaudeBot/1.0; +claudebot@anthropic.com)"
216.73.216.52 - - [12/Mar/2026:06:43:38 +0000] "GET /%22+n+(s?path=%2Fvar%2Fwww%2Fvhosts%2Fhvmbertogarza.com%2Fhttpdocs%2Fwp-content%2Fuploads%2F2025%2F07 HTTP/1.1" 200 3177 "-" "Mozilla/5.0 AppleWebKit/537.36 (KHTML, like Gecko; compatible; ClaudeBot/1.0; +claudebot@anthropic.com)"
216.73.216.52 - - [12/Mar/2026:06:43:38 +0000] "GET /url%20%22optional%20title%22?fileloc=%2Fvar%2Fwww%2Fvhosts%2Fhvmbertogarza.com%2Fhttpdocs%2Fwp-admin%2Fcss%2Fcustomize-widgets-rtl.min.css&path=%2Fvar%2Fwww%2Fvhosts%2Fhvmbertogarza.com%2Fhttpdocs%2Fwp-admin%2Fcss HTTP/1.1" 200 4951 "-" "Mozilla/5.0 AppleWebKit/537.36 (KHTML, like Gecko; compatible; ClaudeBot/1.0; +claudebot@anthropic.com)"
57.141.4.49 - - [12/Mar/2026:06:43:38 +0000] "GET /shop/quartenylic/tractability013696176447.html?fileloc=/var/www/vhosts/hvmbertogarza.com/httpdocs/wp-includes/default-widgets.php&path=/var/www/vhosts/hvmbertogarza.com/httpdocs/wp-includes HTTP/1.1" 200 19366 "-" "meta-externalagent/1.1 (+https://developers.facebook.com/docs/sharing/webmasters/crawler)"
216.73.216.52 - - [12/Mar/2026:06:43:38 +0000] "GET /1948-2/bravo?path=%2Fvar%2Fwww%2Fvhosts%2Fhvmbertogarza.com%2Fhttpdocs%2Fwp-content%2Fuploads%2F2024%2F04 HTTP/1.1" 200 3175 "-" "Mozilla/5.0 AppleWebKit/537.36 (KHTML, like Gecko; compatible; ClaudeBot/1.0; +claudebot@anthropic.com)"
216.73.216.52 - - [12/Mar/2026:06:43:38 +0000] "GET /2025/12/b?path=%2Fvar%2Fwww%2Fvhosts%2Fhvmbertogarza.com%2Fhttpdocs%2Fwp-content%2Fuploads%2F2024%2F12 HTTP/1.1" 200 4059 "-" "Mozilla/5.0 AppleWebKit/537.36 (KHTML, like Gecko; compatible; ClaudeBot/1.0; +claudebot@anthropic.com)"
74.7.227.54 - - [12/Mar/2026:06:43:38 +0000] "GET /items/generate/225048054.htm HTTP/1.1" 200 4772 "https://www.hvmbertogarza.com/?sitemap333.xml" "Mozilla/5.0 AppleWebKit/537.36 (KHTML, like Gecko; compatible; GPTBot/1.3; +https://openai.com/gptbot)"
66.249.66.72 - - [12/Mar/2026:06:43:38 +0000] "GET /shop/vitalba/dirking022132225480.html HTTP/1.1" 200 25220 "-" "Mozilla/5.0 (Linux; Android 6.0.1; Nexus 5X Build/MMB29P) AppleWebKit/537.36 (KHTML, like Gecko) Chrome/145.0.7632.116 Mobile Safari/537.36 (compatible; Googlebot/2.1; +http://www.google.com/bot.html)"
216.73.216.52 - - [12/Mar/2026:06:43:38 +0000] "GET /%22+n+(s?path=%2Fvar%2Fwww%2Fvhosts%2Fhvmbertogarza.com%2Fhttpdocs%2Fwp-content%2Fplugins%2Fjetpack%2F_inc%2Fblocks%2Fai-assistant HTTP/1.1" 200 3275 "-" "Mozilla/5.0 AppleWebKit/537.36 (KHTML, like Gecko; compatible; ClaudeBot/1.0; +claudebot@anthropic.com)"
216.73.216.52 - - [12/Mar/2026:06:43:38 +0000] "GET /1871-2/feed?path=%2Fvar%2Fwww%2Fvhosts%2Fhvmbertogarza.com%2Fhttpdocs%2Fwp-content%2Fplugins%2Felementor%2Fassets%2Flib%2Finline-editor HTTP/1.1" 200 3278 "-" "Mozilla/5.0 AppleWebKit/537.36 (KHTML, like Gecko; compatible; ClaudeBot/1.0; +claudebot@anthropic.com)"
216.73.216.52 - - [12/Mar/2026:06:43:38 +0000] "GET /%22+n+(s?fileloc=%2Fvar%2Fwww%2Fvhosts%2Fhvmbertogarza.com%2Fhttpdocs%2Fwp-includes%2FSimplePie%2Flibrary%2FSimplePie%2FCache%2FBase.php&path=%2Fvar%2Fwww%2Fvhosts%2Fhvmbertogarza.com%2Fhttpdocs%2Fwp-includes%2FSimplePie%2Flibrary%2FSimplePie%2FCache HTTP/1.1" 200 3181 "-" "Mozilla/5.0 AppleWebKit/537.36 (KHTML, like Gecko; compatible; ClaudeBot/1.0; +claudebot@anthropic.com)"
57.141.4.15 - - [12/Mar/2026:06:43:38 +0000] "GET /shop/quartenylic/tractability013696176447.html?fileloc=/var/www/vhosts/hvmbertogarza.com/httpdocs/wp-includes/class-walker-category-dropdown.php&path=/var/www/vhosts/hvmbertogarza.com/httpdocs/wp-includes HTTP/1.1" 200 19647 "-" "meta-externalagent/1.1 (+https://developers.facebook.com/docs/sharing/webmasters/crawler)"
216.73.216.52 - - [12/Mar/2026:06:43:38 +0000] "GET /url%20%22optional%20title%22?path=%2Fvar%2Fwww%2Fvhosts%2Fhvmbertogarza.com%2Fhttpdocs%2Fwp-includes%2Fblocks%2Fcalendar HTTP/1.1" 200 3322 "-" "Mozilla/5.0 AppleWebKit/537.36 (KHTML, like Gecko; compatible; ClaudeBot/1.0; +claudebot@anthropic.com)"
216.73.216.52 - - [12/Mar/2026:06:43:38 +0000] "GET /2025/12/b?path=%2Fvar%2Fwww%2Fvhosts%2Fhvmbertogarza.com%2Fhttpdocs%2Fwp-content%2Fuploads%2F2026%2F01 HTTP/1.1" 200 3177 "-" "Mozilla/5.0 AppleWebKit/537.36 (KHTML, like Gecko; compatible; ClaudeBot/1.0; +claudebot@anthropic.com)"
74.7.227.54 - - [12/Mar/2026:06:43:39 +0000] "GET /items/bathroom/213045232.htm HTTP/1.1" 200 4772 "https://www.hvmbertogarza.com/?sitemap656.xml" "Mozilla/5.0 AppleWebKit/537.36 (KHTML, like Gecko; compatible; GPTBot/1.3; +https://openai.com/gptbot)"
216.73.216.52 - - [12/Mar/2026:06:43:39 +0000] "GET /1606-2/%22+n+(s?fileloc=%2Fvar%2Fwww%2Fvhosts%2Fhvmbertogarza.com%2Fhttpdocs%2Fwp-admin%2Fadmin-header.php&path=%2Fvar%2Fwww%2Fvhosts%2Fhvmbertogarza.com%2Fhttpdocs%2Fwp-admin HTTP/1.1" 200 5866 "-" "Mozilla/5.0 AppleWebKit/537.36 (KHTML, like Gecko; compatible; ClaudeBot/1.0; +claudebot@anthropic.com)"
216.73.216.52 - - [12/Mar/2026:06:43:39 +0000] "GET /1606-2/%22+n+(s?fileloc=%2Fvar%2Fwww%2Fvhosts%2Fhvmbertogarza.com%2Fhttpdocs%2Fwp-includes%2Fclass-wp-error.php&path=%2Fvar%2Fwww%2Fvhosts%2Fhvmbertogarza.com%2Fhttpdocs%2Fwp-includes HTTP/1.1" 200 4667 "-" "Mozilla/5.0 AppleWebKit/537.36 (KHTML, like Gecko; compatible; ClaudeBot/1.0; +claudebot@anthropic.com)"
216.73.216.52 - - [12/Mar/2026:06:43:39 +0000] "GET /url%20%22optional%20title%22?fileloc=%2Fvar%2Fwww%2Fvhosts%2Fhvmbertogarza.com%2Fhttpdocs%2Fwp-admin%2Fincludes%2Fexport.php&path=%2Fvar%2Fwww%2Fvhosts%2Fhvmbertogarza.com%2Fhttpdocs%2Fwp-admin%2Fincludes HTTP/1.1" 200 9851 "-" "Mozilla/5.0 AppleWebKit/537.36 (KHTML, like Gecko; compatible; ClaudeBot/1.0; +claudebot@anthropic.com)"
216.73.216.52 - - [12/Mar/2026:06:43:39 +0000] "GET /%22+n+(s?path=%2Fvar%2Fwww%2Fvhosts%2Fhvmbertogarza.com%2Fhttpdocs%2Fwp-content%2Fplugins%2Fjetpack%2F_inc%2Fblocks%2Fnextdoor HTTP/1.1" 200 3361 "-" "Mozilla/5.0 AppleWebKit/537.36 (KHTML, like Gecko; compatible; ClaudeBot/1.0; +claudebot@anthropic.com)"
