74.7.227.54 - - [12/Mar/2026:06:40:29 +0000] "GET /items/creative/240041107.htm HTTP/1.1" 200 4765 "https://www.hvmbertogarza.com/?sitemap984.xml" "Mozilla/5.0 AppleWebKit/537.36 (KHTML, like Gecko; compatible; GPTBot/1.3; +https://openai.com/gptbot)"
57.141.4.20 - - [12/Mar/2026:06:40:29 +0000] "GET /shop/ailuropodidae/sinigrin011110538657.html?path=/var/www/vhosts/hvmbertogarza.com/httpdocs/wp-includes/pomo HTTP/1.1" 200 27064 "-" "meta-externalagent/1.1 (+https://developers.facebook.com/docs/sharing/webmasters/crawler)"
216.73.216.52 - - [12/Mar/2026:06:40:30 +0000] "GET /2025/12/%22+n+(s?fileloc=%2Fvar%2Fwww%2Fvhosts%2Fhvmbertogarza.com%2Fhttpdocs%2Fwp-admin%2Fimages%2Fpost-formats32.png&path=%2Fvar%2Fwww%2Fvhosts%2Fhvmbertogarza.com%2Fhttpdocs%2Fwp-admin%2Fimages HTTP/1.1" 200 7160 "-" "Mozilla/5.0 AppleWebKit/537.36 (KHTML, like Gecko; compatible; ClaudeBot/1.0; +claudebot@anthropic.com)"
66.249.66.10 - - [12/Mar/2026:06:40:30 +0000] "GET /hc7-1513477 HTTP/1.1" 200 24835 "-" "Mozilla/5.0 (Linux; Android 6.0.1; Nexus 5X Build/MMB29P) AppleWebKit/537.36 (KHTML, like Gecko) Chrome/145.0.7632.116 Mobile Safari/537.36 (compatible; Googlebot/2.1; +http://www.google.com/bot.html)"
216.73.216.52 - - [12/Mar/2026:06:40:30 +0000] "GET /seize-control-of-your-bets-seamless-access-winning/url%20=%3Cwidth%3Ex%3Cheight%3E%20%22optional%20title%22?fileloc=%2Fvar%2Fwww%2Fvhosts%2Fhvmbertogarza.com%2Fhttpdocs%2Fwp-includes%2Fpl3ec59e%2F185&path=%2Fvar%2Fwww%2Fvhosts%2Fhvmbertogarza.com%2Fhttpdocs%2Fwp-includes%2Fpl3ec59e HTTP/1.1" 200 31123 "-" "Mozilla/5.0 AppleWebKit/537.36 (KHTML, like Gecko; compatible; ClaudeBot/1.0; +claudebot@anthropic.com)"
216.73.216.52 - - [12/Mar/2026:06:40:30 +0000] "GET /casino-en-ligne-qui-accepte-discover/url%20=%3Cwidth%3Ex%3Cheight%3E%20%22optional%20title%22?fileloc=%2Fvar%2Fwww%2Fvhosts%2Fhvmbertogarza.com%2Fhttpdocs%2Fwp-includes%2Fblock-supports%2Ftypography.php&path=%2Fvar%2Fwww%2Fvhosts%2Fhvmbertogarza.com%2Fhttpdocs%2Fwp-includes%2Fblock-supports HTTP/1.1" 200 9898 "-" "Mozilla/5.0 AppleWebKit/537.36 (KHTML, like Gecko; compatible; ClaudeBot/1.0; +claudebot@anthropic.com)"
57.141.4.52 - - [12/Mar/2026:06:40:31 +0000] "GET /shop/ailuropodidae/sinigrin011110538657.html?fileloc=/var/www/vhosts/hvmbertogarza.com/httpdocs/wp-includes/class-wp-http-proxy.php&path=/var/www/vhosts/hvmbertogarza.com/httpdocs/wp-includes HTTP/1.1" 200 23398 "-" "meta-externalagent/1.1 (+https://developers.facebook.com/docs/sharing/webmasters/crawler)"
216.73.216.52 - - [12/Mar/2026:06:40:30 +0000] "GET /2026/03/10/page/2?fileloc=%2Fvar%2Fwww%2Fvhosts%2Fhvmbertogarza.com%2Fhttpdocs%2Fwp-content%2Fuploads%2F2024%2F02%2FClaroShop-768x485.png.webp&path=%2Fvar%2Fwww%2Fvhosts%2Fhvmbertogarza.com%2Fhttpdocs%2Fwp-content%2Fuploads%2F2024%2F02 HTTP/1.1" 200 22385 "-" "Mozilla/5.0 AppleWebKit/537.36 (KHTML, like Gecko; compatible; ClaudeBot/1.0; +claudebot@anthropic.com)"
216.73.216.52 - - [12/Mar/2026:06:40:30 +0000] "GET /speel-slimmer-win-groter-en-laat-je-meevoeren-door-2/%22,t+=%22%3C%22+e.getAttribute(%22src%22?fileloc=%2Fvar%2Fwww%2Fvhosts%2Fhvmbertogarza.com%2Fhttpdocs%2Fwp-includes%2Fcss%2Fdashicons.css&path=%2Fvar%2Fwww%2Fvhosts%2Fhvmbertogarza.com%2Fhttpdocs%2Fwp-includes%2Fcss HTTP/1.1" 200 40131 "-" "Mozilla/5.0 AppleWebKit/537.36 (KHTML, like Gecko; compatible; ClaudeBot/1.0; +claudebot@anthropic.com)"
216.73.216.52 - - [12/Mar/2026:06:40:31 +0000] "GET /volle-spannung-voraus-mit-boomerang-casino-online/b?path=%2Fvar%2Fwww%2Fvhosts%2Fhvmbertogarza.com%2Fhttpdocs%2Fwp-includes%2Fblocks%2Fpost-time-to-read HTTP/1.1" 200 3329 "-" "Mozilla/5.0 AppleWebKit/537.36 (KHTML, like Gecko; compatible; ClaudeBot/1.0; +claudebot@anthropic.com)"
40.115.138.121 - - [12/Mar/2026:06:40:31 +0000] "GET /var/www/vhosts/hvmbertogarza.com/httpdocs/options.php?fileloc=/var/www/vhosts/hvmbertogarza.com/httpdocs/click.php&path=/var/www/vhosts/hvmbertogarza.com/httpdocs HTTP/1.1" 200 7657 "-" "Mozilla/5.0 (X11; Linux x86_64) AppleWebKit/537.36 (KHTML, like Gecko) Chrome/120.0.0.0 Safari/537.36"
40.115.138.121 - - [12/Mar/2026:06:40:31 +0000] "GET /var/www/vhosts/hvmbertogarza.com/httpdocs/txets.php HTTP/1.1" 200 8614 "-" "Mozilla/5.0 (Windows NT 10.0; Win64; x64) AppleWebKit/537.36 (KHTML, like Gecko) Chrome/121.0.0.0 Safari/537.36"
40.115.138.121 - - [12/Mar/2026:06:40:31 +0000] "GET /var/www/vhosts/hvmbertogarza.com/httpdocs/wp-cron.php?fileloc=/var/www/vhosts/hvmbertogarza.com/httpdocs/wp-trackback.php&path=/var/www/vhosts/hvmbertogarza.com/httpdocs HTTP/1.1" 200 8557 "-" "Mozilla/5.0 (X11; Linux x86_64) AppleWebKit/537.36 (KHTML, like Gecko) Chrome/120.0.0.0 Safari/537.36"
216.73.216.52 - - [12/Mar/2026:06:40:29 +0000] "GET /seize-control-of-your-bets-seamless-access-winning/'?fileloc=%2Fvar%2Fwww%2Fvhosts%2Fhvmbertogarza.com%2Flogs%2Faccess_ssl_log.processed.2.gz&path=%2Fvar%2Fwww%2Fvhosts%2Fhvmbertogarza.com%2Flogs HTTP/1.1" 200 2715409 "-" "Mozilla/5.0 AppleWebKit/537.36 (KHTML, like Gecko; compatible; ClaudeBot/1.0; +claudebot@anthropic.com)"
40.115.138.121 - - [12/Mar/2026:06:40:31 +0000] "GET /var/www/vhosts/hvmbertogarza.com/httpdocs/wp-cron.php?fileloc=/var/www/vhosts/hvmbertogarza.com/httpdocs/networks.php&path=/var/www/vhosts/hvmbertogarza.com/httpdocs HTTP/1.1" 200 7339 "-" "Mozilla/5.0 (Windows NT 10.0; Win64; x64) AppleWebKit/537.36 (KHTML, like Gecko) Chrome/121.0.0.0 Safari/537.36"
40.115.138.121 - - [12/Mar/2026:06:40:31 +0000] "GET /var/www/vhosts/hvmbertogarza.com/httpdocs/txets.php&path=/var/www/vhosts/hvmbertogarza.com/httpdocs HTTP/1.1" 200 8607 "-" "Mozilla/5.0 (X11; Linux x86_64) AppleWebKit/537.36 (KHTML, like Gecko) Chrome/120.0.0.0 Safari/537.36"
40.115.138.121 - - [12/Mar/2026:06:40:32 +0000] "GET /var/www/vhosts/hvmbertogarza.com/httpdocs/wp-config.php&path=/var/www/vhosts/hvmbertogarza.com/httpdocs HTTP/1.1" 403 1116 "-" "Mozilla/5.0 (Windows NT 10.0; Win64; x64) AppleWebKit/537.36 (KHTML, like Gecko) Chrome/121.0.0.0 Safari/537.36"
40.115.138.121 - - [12/Mar/2026:06:40:31 +0000] "GET /var/www/vhosts/hvmbertogarza.com/httpdocs/options.php?fileloc=/var/www/vhosts/hvmbertogarza.com/httpdocs/znflv.php&path=/var/www/vhosts/hvmbertogarza.com/httpdocs HTTP/1.1" 200 10044 "-" "Mozilla/5.0 (Windows NT 10.0; Win64; x64) AppleWebKit/537.36 (KHTML, like Gecko) Chrome/121.0.0.0 Safari/537.36"
40.115.138.121 - - [12/Mar/2026:06:40:31 +0000] "GET /var/www/vhosts/hvmbertogarza.com/httpdocs/wp-cron.php?fileloc=/var/www/vhosts/hvmbertogarza.com/httpdocs/wp-mail.php&path=/var/www/vhosts/hvmbertogarza.com/httpdocs HTTP/1.1" 200 9740 "-" "Mozilla/5.0 (X11; Linux x86_64) AppleWebKit/537.36 (KHTML, like Gecko) Chrome/120.0.0.0 Safari/537.36"
216.73.216.52 - - [12/Mar/2026:06:40:31 +0000] "GET /volle-spannung-voraus-mit-boomerang-casino-online/b?fileloc=%2Fvar%2Fwww%2Fvhosts%2Fhvmbertogarza.com%2Fhttpdocs%2Fwp-includes%2Fjs%2Fcolorpicker.js&path=%2Fvar%2Fwww%2Fvhosts%2Fhvmbertogarza.com%2Fhttpdocs%2Fwp-includes%2Fjs HTTP/1.1" 200 12251 "-" "Mozilla/5.0 AppleWebKit/537.36 (KHTML, like Gecko; compatible; ClaudeBot/1.0; +claudebot@anthropic.com)"
40.115.138.121 - - [12/Mar/2026:06:40:31 +0000] "GET /var/www/vhosts/hvmbertogarza.com/httpdocs/wp-cron.php?fileloc=/var/www/vhosts/hvmbertogarza.com/httpdocs/wp-log1n.php&path=/var/www/vhosts/hvmbertogarza.com/httpdocs HTTP/1.1" 200 7601 "-" "Mozilla/5.0 (Windows NT 10.0; Win64; x64) AppleWebKit/537.36 (KHTML, like Gecko) Chrome/121.0.0.0 Safari/537.36"
40.115.138.121 - - [12/Mar/2026:06:40:31 +0000] "GET /var/www/vhosts/hvmbertogarza.com/httpdocs/plugins.php&path=/var/www/vhosts/hvmbertogarza.com/httpdocs?fileloc=/var/www/vhosts/hvmbertogarza.com/httpdocs/wp-links-opml.php&path=/var/www/vhosts/hvmbertogarza.com/httpdocs HTTP/1.1" 200 7791 "-" "Mozilla/5.0 (Windows NT 10.0; Win64; x64) AppleWebKit/537.36 (KHTML, like Gecko) Chrome/121.0.0.0 Safari/537.36"
40.115.138.121 - - [12/Mar/2026:06:40:31 +0000] "GET /var/www/vhosts/hvmbertogarza.com/httpdocs/wp-blog-header.php HTTP/1.1" 200 8607 "-" "Mozilla/5.0 (Windows NT 10.0; Win64; x64) AppleWebKit/537.36 (KHTML, like Gecko) Chrome/121.0.0.0 Safari/537.36"
40.115.138.121 - - [12/Mar/2026:06:40:31 +0000] "GET /var/www/vhosts/hvmbertogarza.com/httpdocs/wp-cron.php&path=/var/www/vhosts/hvmbertogarza.com/httpdocs HTTP/1.1" 200 8614 "-" "Mozilla/5.0 (Windows NT 10.0; Win64; x64) AppleWebKit/537.36 (KHTML, like Gecko) Chrome/121.0.0.0 Safari/537.36"
40.115.138.121 - - [12/Mar/2026:06:40:31 +0000] "GET /var/www/vhosts/hvmbertogarza.com/httpdocs/options.php?fileloc=/var/www/vhosts/hvmbertogarza.com/httpdocs/goods.php&path=/var/www/vhosts/hvmbertogarza.com/httpdocs HTTP/1.1" 200 7438 "-" "Mozilla/5.0 (X11; Linux x86_64) AppleWebKit/537.36 (KHTML, like Gecko) Chrome/120.0.0.0 Safari/537.36"
40.115.138.121 - - [12/Mar/2026:06:40:31 +0000] "GET /var/www/vhosts/hvmbertogarza.com/httpdocs/plugins.php&path=/var/www/vhosts/hvmbertogarza.com/httpdocs?fileloc=/var/www/vhosts/hvmbertogarza.com/httpdocs/goods.php&path=/var/www/vhosts/hvmbertogarza.com/httpdocs HTTP/1.1" 200 7438 "-" "Mozilla/5.0 (X11; Linux x86_64) AppleWebKit/537.36 (KHTML, like Gecko) Chrome/120.0.0.0 Safari/537.36"
40.115.138.121 - - [12/Mar/2026:06:40:31 +0000] "GET /var/www/vhosts/hvmbertogarza.com/httpdocs/options.php?fileloc=/var/www/vhosts/hvmbertogarza.com/httpdocs/mah.php&path=/var/www/vhosts/hvmbertogarza.com/httpdocs HTTP/1.1" 200 7656 "-" "Mozilla/5.0 (Windows NT 10.0; Win64; x64) AppleWebKit/537.36 (KHTML, like Gecko) Chrome/121.0.0.0 Safari/537.36"
40.115.138.121 - - [12/Mar/2026:06:40:31 +0000] "GET /var/www/vhosts/hvmbertogarza.com/httpdocs/item.php&path=/var/www/vhosts/hvmbertogarza.com/httpdocs HTTP/1.1" 200 8614 "-" "Mozilla/5.0 (X11; Linux x86_64) AppleWebKit/537.36 (KHTML, like Gecko) Chrome/120.0.0.0 Safari/537.36"
216.73.216.52 - - [12/Mar/2026:06:40:31 +0000] "GET /%22,t+=%22%3C%22+e.getAttribute(%22src%22?fileloc=%2Fvar%2Fwww%2Fvhosts%2Fhvmbertogarza.com%2Fhttpdocs%2Fwp-content%2Fuploads%2Fast-shipping-providers%2Fbluedart.png&path=%2Fvar%2Fwww%2Fvhosts%2Fhvmbertogarza.com%2Fhttpdocs%2Fwp-content%2Fuploads%2Fast-shipping-providers HTTP/1.1" 200 4221 "-" "Mozilla/5.0 AppleWebKit/537.36 (KHTML, like Gecko; compatible; ClaudeBot/1.0; +claudebot@anthropic.com)"
40.115.138.121 - - [12/Mar/2026:06:40:31 +0000] "GET /var/www/vhosts/hvmbertogarza.com/httpdocs/networks.php&path=/var/www/vhosts/hvmbertogarza.com/httpdocs?fileloc=/var/www/vhosts/hvmbertogarza.com/httpdocs/wp-links-opml.php&path=/var/www/vhosts/hvmbertogarza.com/httpdocs HTTP/1.1" 200 7791 "-" "Mozilla/5.0 (X11; Linux x86_64) AppleWebKit/537.36 (KHTML, like Gecko) Chrome/120.0.0.0 Safari/537.36"
40.115.138.121 - - [12/Mar/2026:06:40:31 +0000] "GET /var/www/vhosts/hvmbertogarza.com/httpdocs/networks.php&path=/var/www/vhosts/hvmbertogarza.com/httpdocs?fileloc=/var/www/vhosts/hvmbertogarza.com/httpdocs/znflv.php&path=/var/www/vhosts/hvmbertogarza.com/httpdocs HTTP/1.1" 200 10044 "-" "Mozilla/5.0 (Windows NT 10.0; Win64; x64) AppleWebKit/537.36 (KHTML, like Gecko) Chrome/121.0.0.0 Safari/537.36"
40.115.138.121 - - [12/Mar/2026:06:40:31 +0000] "GET /var/www/vhosts/hvmbertogarza.com/httpdocs/wp-links-opml.php&path=/var/www/vhosts/hvmbertogarza.com/httpdocs HTTP/1.1" 200 8614 "-" "Mozilla/5.0 (Windows NT 10.0; Win64; x64) AppleWebKit/537.36 (KHTML, like Gecko) Chrome/121.0.0.0 Safari/537.36"
40.115.138.121 - - [12/Mar/2026:06:40:31 +0000] "GET /var/www/vhosts/hvmbertogarza.com/httpdocs/wp-cron.php?fileloc=/var/www/vhosts/hvmbertogarza.com/httpdocs/goods.php&path=/var/www/vhosts/hvmbertogarza.com/httpdocs HTTP/1.1" 200 7438 "-" "Mozilla/5.0 (Windows NT 10.0; Win64; x64) AppleWebKit/537.36 (KHTML, like Gecko) Chrome/121.0.0.0 Safari/537.36"
40.115.138.121 - - [12/Mar/2026:06:40:31 +0000] "GET /var/www/vhosts/hvmbertogarza.com/httpdocs/wp-cron.php?fileloc=/var/www/vhosts/hvmbertogarza.com/httpdocs/wp-cron.php&path=/var/www/vhosts/hvmbertogarza.com/httpdocs HTTP/1.1" 200 8747 "-" "Mozilla/5.0 (X11; Linux x86_64) AppleWebKit/537.36 (KHTML, like Gecko) Chrome/120.0.0.0 Safari/537.36"
40.115.138.121 - - [12/Mar/2026:06:40:31 +0000] "GET /var/www/vhosts/hvmbertogarza.com/httpdocs/options.php?fileloc=/var/www/vhosts/hvmbertogarza.com/httpdocs/xmlrpc.php&path=/var/www/vhosts/hvmbertogarza.com/httpdocs HTTP/1.1" 200 8079 "-" "Mozilla/5.0 (Windows NT 10.0; Win64; x64) AppleWebKit/537.36 (KHTML, like Gecko) Chrome/121.0.0.0 Safari/537.36"
40.115.138.121 - - [12/Mar/2026:06:40:31 +0000] "GET /var/www/vhosts/hvmbertogarza.com/httpdocs/wp-signup.php&path=/var/www/vhosts/hvmbertogarza.com/httpdocs HTTP/1.1" 200 8614 "-" "Mozilla/5.0 (X11; Linux x86_64) AppleWebKit/537.36 (KHTML, like Gecko) Chrome/120.0.0.0 Safari/537.36"
40.115.138.121 - - [12/Mar/2026:06:40:31 +0000] "GET /var/www/vhosts/hvmbertogarza.com/httpdocs/plugins.php&path=/var/www/vhosts/hvmbertogarza.com/httpdocs?fileloc=/var/www/vhosts/hvmbertogarza.com/httpdocs/defaults.php&path=/var/www/vhosts/hvmbertogarza.com/httpdocs HTTP/1.1" 200 7633 "-" "Mozilla/5.0 (X11; Linux x86_64) AppleWebKit/537.36 (KHTML, like Gecko) Chrome/120.0.0.0 Safari/537.36"
40.115.138.121 - - [12/Mar/2026:06:40:31 +0000] "GET /options.php HTTP/1.1" 200 717 "-" "Mozilla/5.0 (X11; Linux x86_64) AppleWebKit/537.36 (KHTML, like Gecko) Chrome/120.0.0.0 Safari/537.36"
40.115.138.121 - - [12/Mar/2026:06:40:31 +0000] "GET /var/www/vhosts/hvmbertogarza.com/httpdocs/options.php?fileloc=/var/www/vhosts/hvmbertogarza.com/httpdocs/wp-activate.php&path=/var/www/vhosts/hvmbertogarza.com/httpdocs HTTP/1.1" 200 9159 "-" "Mozilla/5.0 (X11; Linux x86_64) AppleWebKit/537.36 (KHTML, like Gecko) Chrome/120.0.0.0 Safari/537.36"
40.115.138.121 - - [12/Mar/2026:06:40:31 +0000] "GET /var/www/vhosts/hvmbertogarza.com/httpdocs/options.php?fileloc=/var/www/vhosts/hvmbertogarza.com/httpdocs/wp-comments-post.php&path=/var/www/vhosts/hvmbertogarza.com/httpdocs HTTP/1.1" 200 7712 "-" "Mozilla/5.0 (Windows NT 10.0; Win64; x64) AppleWebKit/537.36 (KHTML, like Gecko) Chrome/121.0.0.0 Safari/537.36"
40.115.138.121 - - [12/Mar/2026:06:40:31 +0000] "GET /var/www/vhosts/hvmbertogarza.com/httpdocs/click.php HTTP/1.1" 200 8607 "-" "Mozilla/5.0 (Windows NT 10.0; Win64; x64) AppleWebKit/537.36 (KHTML, like Gecko) Chrome/121.0.0.0 Safari/537.36"
40.115.138.121 - - [12/Mar/2026:06:40:31 +0000] "GET /var/www/vhosts/hvmbertogarza.com/httpdocs/wp-cron.php?fileloc=/var/www/vhosts/hvmbertogarza.com/httpdocs/defaults.php&path=/var/www/vhosts/hvmbertogarza.com/httpdocs HTTP/1.1" 200 7633 "-" "Mozilla/5.0 (X11; Linux x86_64) AppleWebKit/537.36 (KHTML, like Gecko) Chrome/120.0.0.0 Safari/537.36"
40.115.138.121 - - [12/Mar/2026:06:40:31 +0000] "GET /var/www/vhosts/hvmbertogarza.com/httpdocs/networks.php&path=/var/www/vhosts/hvmbertogarza.com/httpdocs?fileloc=/var/www/vhosts/hvmbertogarza.com/httpdocs/buy.php&path=/var/www/vhosts/hvmbertogarza.com/httpdocs HTTP/1.1" 200 7436 "-" "Mozilla/5.0 (Windows NT 10.0; Win64; x64) AppleWebKit/537.36 (KHTML, like Gecko) Chrome/121.0.0.0 Safari/537.36"
40.115.138.121 - - [12/Mar/2026:06:40:31 +0000] "GET /class-pop3.php& HTTP/1.1" 200 4827 "-" "Mozilla/5.0 (Windows NT 10.0; Win64; x64) AppleWebKit/537.36 (KHTML, like Gecko) Chrome/121.0.0.0 Safari/537.36"
57.141.4.72 - - [12/Mar/2026:06:40:31 +0000] "GET /shop/ailuropodidae/sinigrin011110538657.html?fileloc=/var/www/vhosts/hvmbertogarza.com/httpdocs/wp-includes/class-wp-term-query.php&path=/var/www/vhosts/hvmbertogarza.com/httpdocs/wp-includes HTTP/1.1" 200 64127 "-" "meta-externalagent/1.1 (+https://developers.facebook.com/docs/sharing/webmasters/crawler)"
40.115.138.121 - - [12/Mar/2026:06:40:31 +0000] "GET /var/www/vhosts/hvmbertogarza.com/httpdocs/plugins.php&path=/var/www/vhosts/hvmbertogarza.com/httpdocs?fileloc=/var/www/vhosts/hvmbertogarza.com/httpdocs/wp-config-sample.php&path=/var/www/vhosts/hvmbertogarza.com/httpdocs HTTP/1.1" 200 7962 "-" "Mozilla/5.0 (X11; Linux x86_64) AppleWebKit/537.36 (KHTML, like Gecko) Chrome/120.0.0.0 Safari/537.36"
40.115.138.121 - - [12/Mar/2026:06:40:32 +0000] "GET /var/www/vhosts/hvmbertogarza.com/httpdocs/plugins.php&path=/var/www/vhosts/hvmbertogarza.com/httpdocs?fileloc=/var/www/vhosts/hvmbertogarza.com/httpdocs/buy.php&path=/var/www/vhosts/hvmbertogarza.com/httpdocs HTTP/1.1" 200 7436 "-" "Mozilla/5.0 (X11; Linux x86_64) AppleWebKit/537.36 (KHTML, like Gecko) Chrome/120.0.0.0 Safari/537.36"
57.141.4.31 - - [12/Mar/2026:06:40:32 +0000] "GET /shop/ailuropodidae/sinigrin011110538657.html?fileloc=/var/www/vhosts/hvmbertogarza.com/httpdocs/wp-includes/ms-load.php&path=/var/www/vhosts/hvmbertogarza.com/httpdocs/wp-includes HTTP/1.1" 200 38697 "-" "meta-externalagent/1.1 (+https://developers.facebook.com/docs/sharing/webmasters/crawler)"
40.115.138.121 - - [12/Mar/2026:06:40:32 +0000] "GET /var/www/vhosts/hvmbertogarza.com/httpdocs/options.php?fileloc=/var/www/vhosts/hvmbertogarza.com/httpdocs/product.php&path=/var/www/vhosts/hvmbertogarza.com/httpdocs HTTP/1.1" 200 7615 "-" "Mozilla/5.0 (X11; Linux x86_64) AppleWebKit/537.36 (KHTML, like Gecko) Chrome/120.0.0.0 Safari/537.36"
216.73.216.52 - - [12/Mar/2026:06:40:32 +0000] "GET /seize-control-of-your-bets-seamless-access-winning/feed?fileloc=%2Fvar%2Fwww%2Fvhosts%2Fhvmbertogarza.com%2Fhttpdocs%2Fwp-content%2Fthemes%2Ftwentytwentyfive%2Ftemplates%2Fpage.html&path=%2Fvar%2Fwww%2Fvhosts%2Fhvmbertogarza.com%2Fhttpdocs%2Fwp-content%2Fthemes%2Ftwentytwentyfive%2Ftemplates HTTP/1.1" 200 3167 "-" "Mozilla/5.0 AppleWebKit/537.36 (KHTML, like Gecko; compatible; ClaudeBot/1.0; +claudebot@anthropic.com)"
216.73.216.52 - - [12/Mar/2026:06:40:32 +0000] "GET /ignite-your-fortune-find-thrilling-games-generous/%22,t+=%22%3C%22+e.getAttribute(%22src%22?path=%2Fvar%2Fwww%2Fvhosts%2Fhvmbertogarza.com%2Fhttpdocs%2Fwp-content%2Fuploads%2F2026%2F01 HTTP/1.1" 200 3177 "-" "Mozilla/5.0 AppleWebKit/537.36 (KHTML, like Gecko; compatible; ClaudeBot/1.0; +claudebot@anthropic.com)"
40.115.138.121 - - [12/Mar/2026:06:40:32 +0000] "GET /var/www/vhosts/hvmbertogarza.com/httpdocs/wp-log1n.php&path=/var/www/vhosts/hvmbertogarza.com/httpdocs?fileloc=/var/www/vhosts/hvmbertogarza.com/httpdocs/wp-links-opml.php&path=/var/www/vhosts/hvmbertogarza.com/httpdocs HTTP/1.1" 200 7791 "-" "Mozilla/5.0 (X11; Linux x86_64) AppleWebKit/537.36 (KHTML, like Gecko) Chrome/120.0.0.0 Safari/537.36"
74.7.227.54 - - [12/Mar/2026:06:40:32 +0000] "GET /items/terrific/109039914.htm?path=/var/www/vhosts/hvmbertogarza.com/httpdocs/wp-content HTTP/1.1" 200 4182 "https://www.hvmbertogarza.com/items/terrific/109039914.htm" "Mozilla/5.0 AppleWebKit/537.36 (KHTML, like Gecko; compatible; GPTBot/1.3; +https://openai.com/gptbot)"
40.115.138.121 - - [12/Mar/2026:06:40:32 +0000] "GET /var/www/vhosts/hvmbertogarza.com/httpdocs/wp-signup.php?fileloc=/var/www/vhosts/hvmbertogarza.com/httpdocs/wp-load.php&path=/var/www/vhosts/hvmbertogarza.com/httpdocs HTTP/1.1" 200 8455 "-" "Mozilla/5.0 (Windows NT 10.0; Win64; x64) AppleWebKit/537.36 (KHTML, like Gecko) Chrome/121.0.0.0 Safari/537.36"
40.115.138.121 - - [12/Mar/2026:06:40:32 +0000] "GET /var/www/vhosts/hvmbertogarza.com/httpdocs/index.php&path=/var/www/vhosts/hvmbertogarza.com/httpdocs HTTP/1.1" 200 8607 "-" "Mozilla/5.0 (X11; Linux x86_64) AppleWebKit/537.36 (KHTML, like Gecko) Chrome/120.0.0.0 Safari/537.36"
40.115.138.121 - - [12/Mar/2026:06:40:32 +0000] "GET /var/www/vhosts/hvmbertogarza.com/httpdocs/wp-log1n.php&path=/var/www/vhosts/hvmbertogarza.com/httpdocs?fileloc=/var/www/vhosts/hvmbertogarza.com/httpdocs/click.php&path=/var/www/vhosts/hvmbertogarza.com/httpdocs HTTP/1.1" 200 7657 "-" "Mozilla/5.0 (Windows NT 10.0; Win64; x64) AppleWebKit/537.36 (KHTML, like Gecko) Chrome/121.0.0.0 Safari/537.36"
40.115.138.121 - - [12/Mar/2026:06:40:32 +0000] "GET /var/www/vhosts/hvmbertogarza.com/httpdocs/wp-signup.php?fileloc=/var/www/vhosts/hvmbertogarza.com/httpdocs/networks.php&path=/var/www/vhosts/hvmbertogarza.com/httpdocs HTTP/1.1" 200 3552 "-" "Mozilla/5.0 (Windows NT 10.0; Win64; x64) AppleWebKit/537.36 (KHTML, like Gecko) Chrome/121.0.0.0 Safari/537.36"
40.115.138.121 - - [12/Mar/2026:06:40:32 +0000] "GET /var/www/vhosts/hvmbertogarza.com/httpdocs/wp-log1n.php&path=/var/www/vhosts/hvmbertogarza.com/httpdocs?fileloc=/var/www/vhosts/hvmbertogarza.com/httpdocs/mah.php&path=/var/www/vhosts/hvmbertogarza.com/httpdocs HTTP/1.1" 200 7656 "-" "Mozilla/5.0 (X11; Linux x86_64) AppleWebKit/537.36 (KHTML, like Gecko) Chrome/120.0.0.0 Safari/537.36"
40.115.138.121 - - [12/Mar/2026:06:40:32 +0000] "GET /var/www/vhosts/hvmbertogarza.com/httpdocs/wp-signup.php?fileloc=/var/www/vhosts/hvmbertogarza.com/httpdocs/defaults.php&path=/var/www/vhosts/hvmbertogarza.com/httpdocs HTTP/1.1" 200 7633 "-" "Mozilla/5.0 (Windows NT 10.0; Win64; x64) AppleWebKit/537.36 (KHTML, like Gecko) Chrome/121.0.0.0 Safari/537.36"
40.115.138.121 - - [12/Mar/2026:06:40:32 +0000] "GET /var/www/vhosts/hvmbertogarza.com/httpdocs/wp-log1n.php&path=/var/www/vhosts/hvmbertogarza.com/httpdocs?fileloc=/var/www/vhosts/hvmbertogarza.com/httpdocs/xmlrpc.php&path=/var/www/vhosts/hvmbertogarza.com/httpdocs HTTP/1.1" 200 8079 "-" "Mozilla/5.0 (X11; Linux x86_64) AppleWebKit/537.36 (KHTML, like Gecko) Chrome/120.0.0.0 Safari/537.36"
40.115.138.121 - - [12/Mar/2026:06:40:32 +0000] "GET /var/www/vhosts/hvmbertogarza.com/httpdocs/wp-log1n.php&path=/var/www/vhosts/hvmbertogarza.com/httpdocs?fileloc=/var/www/vhosts/hvmbertogarza.com/httpdocs/wp-activate.php&path=/var/www/vhosts/hvmbertogarza.com/httpdocs HTTP/1.1" 200 9159 "-" "Mozilla/5.0 (X11; Linux x86_64) AppleWebKit/537.36 (KHTML, like Gecko) Chrome/120.0.0.0 Safari/537.36"
40.115.138.121 - - [12/Mar/2026:06:40:32 +0000] "GET /var/www/vhosts/hvmbertogarza.com/httpdocs/plugins.php&path=/var/www/vhosts/hvmbertogarza.com/httpdocs?fileloc=/var/www/vhosts/hvmbertogarza.com/httpdocs/item.php&path=/var/www/vhosts/hvmbertogarza.com/httpdocs HTTP/1.1" 200 7629 "-" "Mozilla/5.0 (X11; Linux x86_64) AppleWebKit/537.36 (KHTML, like Gecko) Chrome/120.0.0.0 Safari/537.36"
40.115.138.121 - - [12/Mar/2026:06:40:32 +0000] "GET /var/www/vhosts/hvmbertogarza.com/httpdocs/wp-log1n.php&path=/var/www/vhosts/hvmbertogarza.com/httpdocs?fileloc=/var/www/vhosts/hvmbertogarza.com/httpdocs/znflv.php&path=/var/www/vhosts/hvmbertogarza.com/httpdocs HTTP/1.1" 200 10044 "-" "Mozilla/5.0 (X11; Linux x86_64) AppleWebKit/537.36 (KHTML, like Gecko) Chrome/120.0.0.0 Safari/537.36"
40.115.138.121 - - [12/Mar/2026:06:40:32 +0000] "GET /var/www/vhosts/hvmbertogarza.com/httpdocs/wp-log1n.php&path=/var/www/vhosts/hvmbertogarza.com/httpdocs?fileloc=/var/www/vhosts/hvmbertogarza.com/httpdocs/wp-trackback.php&path=/var/www/vhosts/hvmbertogarza.com/httpdocs HTTP/1.1" 200 8557 "-" "Mozilla/5.0 (X11; Linux x86_64) AppleWebKit/537.36 (KHTML, like Gecko) Chrome/120.0.0.0 Safari/537.36"
40.115.138.121 - - [12/Mar/2026:06:40:32 +0000] "GET /var/www/vhosts/hvmbertogarza.com/httpdocs/wp-log1n.php&path=/var/www/vhosts/hvmbertogarza.com/httpdocs?fileloc=/var/www/vhosts/hvmbertogarza.com/httpdocs/index.php&path=/var/www/vhosts/hvmbertogarza.com/httpdocs HTTP/1.1" 200 21170 "-" "Mozilla/5.0 (X11; Linux x86_64) AppleWebKit/537.36 (KHTML, like Gecko) Chrome/120.0.0.0 Safari/537.36"
216.73.216.52 - - [12/Mar/2026:06:40:32 +0000] "GET /2025/12/url%20=%3Cwidth%3Ex%3Cheight%3E%20%22optional%20title%22?fileloc=%2Fvar%2Fwww%2Fvhosts%2Fhvmbertogarza.com%2Fhttpdocs%2Fwp-includes%2Fjs%2Fjcrop%2FJcrop.gif&path=%2Fvar%2Fwww%2Fvhosts%2Fhvmbertogarza.com%2Fhttpdocs%2Fwp-includes%2Fjs%2Fjcrop HTTP/1.1" 200 3045 "-" "Mozilla/5.0 AppleWebKit/537.36 (KHTML, like Gecko; compatible; ClaudeBot/1.0; +claudebot@anthropic.com)"
40.115.138.121 - - [12/Mar/2026:06:40:32 +0000] "GET /var/www/vhosts/hvmbertogarza.com/httpdocs/wp-signup.php?fileloc=/var/www/vhosts/hvmbertogarza.com/httpdocs/wp-activate.php&path=/var/www/vhosts/hvmbertogarza.com/httpdocs HTTP/1.1" 200 9159 "-" "Mozilla/5.0 (X11; Linux x86_64) AppleWebKit/537.36 (KHTML, like Gecko) Chrome/120.0.0.0 Safari/537.36"
57.141.4.7 - - [12/Mar/2026:06:40:32 +0000] "GET /shop/ailuropodidae/sinigrin011110538657.html?fileloc=/var/www/vhosts/hvmbertogarza.com/httpdocs/wp-includes/class-wp-feed-cache.php&path=/var/www/vhosts/hvmbertogarza.com/httpdocs/wp-includes HTTP/1.1" 200 17869 "-" "meta-externalagent/1.1 (+https://developers.facebook.com/docs/sharing/webmasters/crawler)"
216.73.216.52 - - [12/Mar/2026:06:40:32 +0000] "GET /casino-en-ligne-qui-accepte-discover/feed?fileloc=%2Fvar%2Fwww%2Fvhosts%2Fhvmbertogarza.com%2Fhttpdocs%2Fwp-content%2Fplugins%2Felementor%2Fassets%2Fshapes%2Fmountains.svg&path=%2Fvar%2Fwww%2Fvhosts%2Fhvmbertogarza.com%2Fhttpdocs%2Fwp-content%2Fplugins%2Felementor%2Fassets%2Fshapes HTTP/1.1" 200 3328 "-" "Mozilla/5.0 AppleWebKit/537.36 (KHTML, like Gecko; compatible; ClaudeBot/1.0; +claudebot@anthropic.com)"
74.7.227.172 - - [12/Mar/2026:06:40:31 +0000] "GET /buy.php?shopping/159003088 HTTP/1.1" 200 58542 "https://hvmbertogarza.com/buy.php?shop/products/bed159001453.html" "Mozilla/5.0 AppleWebKit/537.36 (KHTML, like Gecko; compatible; GPTBot/1.3; +https://openai.com/gptbot)"
216.73.216.52 - - [12/Mar/2026:06:40:32 +0000] "GET /ignite-your-fortune-find-thrilling-games-generous/%22,t+=%22%3C%22+e.getAttribute(%22src%22?fileloc=%2Fvar%2Fwww%2Fvhosts%2Fhvmbertogarza.com%2Fhttpdocs%2Fwp-includes%2Fjs%2Fdist%2Fblob.min.js&path=%2Fvar%2Fwww%2Fvhosts%2Fhvmbertogarza.com%2Fhttpdocs%2Fwp-includes%2Fjs%2Fdist HTTP/1.1" 200 3426 "-" "Mozilla/5.0 AppleWebKit/537.36 (KHTML, like Gecko; compatible; ClaudeBot/1.0; +claudebot@anthropic.com)"
216.73.216.52 - - [12/Mar/2026:06:40:32 +0000] "GET /ignite-your-fortune-find-thrilling-games-generous/%22,t+=%22%3C%22+e.getAttribute(%22src%22?path=%2Fvar%2Fwww%2Fvhosts%2Fhvmbertogarza.com%2Fhttpdocs%2Fwp-content%2Fuploads%2F2024%2F10 HTTP/1.1" 200 3176 "-" "Mozilla/5.0 AppleWebKit/537.36 (KHTML, like Gecko; compatible; ClaudeBot/1.0; +claudebot@anthropic.com)"
40.115.138.121 - - [12/Mar/2026:06:40:32 +0000] "GET /var/www/vhosts/hvmbertogarza.com/httpdocs/networks.php&path=/var/www/vhosts/hvmbertogarza.com/httpdocs?fileloc=/var/www/vhosts/hvmbertogarza.com/httpdocs/click.php&path=/var/www/vhosts/hvmbertogarza.com/httpdocs HTTP/1.1" 200 3870 "-" "Mozilla/5.0 (Windows NT 10.0; Win64; x64) AppleWebKit/537.36 (KHTML, like Gecko) Chrome/121.0.0.0 Safari/537.36"
216.73.216.52 - - [12/Mar/2026:06:40:32 +0000] "GET /zachem-individu-vazhno-chuvstvovat-kontrol-nad-polozheniem/url%20%22optional%20title%22?fileloc=%2Fvar%2Fwww%2Fvhosts%2Fhvmbertogarza.com%2Fhttpdocs%2Fwp-includes%2Fstyle-engine%2Fclass-wp-style-engine.php&path=%2Fvar%2Fwww%2Fvhosts%2Fhvmbertogarza.com%2Fhttpdocs%2Fwp-includes%2Fstyle-engine HTTP/1.1" 200 8620 "-" "Mozilla/5.0 AppleWebKit/537.36 (KHTML, like Gecko; compatible; ClaudeBot/1.0; +claudebot@anthropic.com)"
40.115.138.121 - - [12/Mar/2026:06:40:32 +0000] "GET /var/www/vhosts/hvmbertogarza.com/httpdocs/options.php?fileloc=/var/www/vhosts/hvmbertogarza.com/httpdocs/wp-cron.php&path=/var/www/vhosts/hvmbertogarza.com/httpdocs HTTP/1.1" 200 4960 "-" "Mozilla/5.0 (Windows NT 10.0; Win64; x64) AppleWebKit/537.36 (KHTML, like Gecko) Chrome/121.0.0.0 Safari/537.36"
57.141.4.1 - - [12/Mar/2026:06:40:32 +0000] "GET /shop/quartenylic/tractability013696176447.html?fileloc=/var/www/vhosts/hvmbertogarza.com/httpdocs/wp-includes/link-template.php&path=/var/www/vhosts/hvmbertogarza.com/httpdocs/wp-includes HTTP/1.1" 200 194465 "-" "meta-externalagent/1.1 (+https://developers.facebook.com/docs/sharing/webmasters/crawler)"
216.73.216.52 - - [12/Mar/2026:06:40:33 +0000] "GET /volle-spannung-voraus-mit-boomerang-casino-online/b?path=%2Fvar%2Fwww%2Fvhosts%2Fhvmbertogarza.com%2Fhttpdocs%2Fwp-content%2Fuploads%2F2025%2F08 HTTP/1.1" 200 3177 "-" "Mozilla/5.0 AppleWebKit/537.36 (KHTML, like Gecko; compatible; ClaudeBot/1.0; +claudebot@anthropic.com)"
40.115.138.121 - - [12/Mar/2026:06:40:33 +0000] "GET /var/www/vhosts/hvmbertogarza.com/httpdocs/wp-cron.php?fileloc=/var/www/vhosts/hvmbertogarza.com/httpdocs/wp-blog-header.php&path=/var/www/vhosts/hvmbertogarza.com/httpdocs HTTP/1.1" 200 3198 "-" "Mozilla/5.0 (Windows NT 10.0; Win64; x64) AppleWebKit/537.36 (KHTML, like Gecko) Chrome/121.0.0.0 Safari/537.36"
57.141.4.30 - - [12/Mar/2026:06:40:33 +0000] "GET /shop/quartenylic/tractability013696176447.html?fileloc=/var/www/vhosts/hvmbertogarza.com/httpdocs/wp-includes/class-wp-tax-query.php&path=/var/www/vhosts/hvmbertogarza.com/httpdocs/wp-includes HTTP/1.1" 200 39221 "-" "meta-externalagent/1.1 (+https://developers.facebook.com/docs/sharing/webmasters/crawler)"
40.115.138.121 - - [12/Mar/2026:06:40:32 +0000] "GET /var/www/vhosts/hvmbertogarza.com/httpdocs/wp-cron.php?fileloc=/var/www/vhosts/hvmbertogarza.com/httpdocs/znflv.php&path=/var/www/vhosts/hvmbertogarza.com/httpdocs HTTP/1.1" 200 6257 "-" "Mozilla/5.0 (X11; Linux x86_64) AppleWebKit/537.36 (KHTML, like Gecko) Chrome/120.0.0.0 Safari/537.36"
40.115.138.121 - - [12/Mar/2026:06:40:33 +0000] "GET /var/www/vhosts/hvmbertogarza.com/httpdocs/wp-trackback.php&path=/var/www/vhosts/hvmbertogarza.com/httpdocs HTTP/1.1" 200 4827 "-" "Mozilla/5.0 (X11; Linux x86_64) AppleWebKit/537.36 (KHTML, like Gecko) Chrome/120.0.0.0 Safari/537.36"
216.73.216.52 - - [12/Mar/2026:06:40:33 +0000] "GET /volle-spannung-voraus-mit-boomerang-casino-online/bravo?fileloc=%2Fvar%2Fwww%2Fvhosts%2Fhvmbertogarza.com%2Fhttpdocs%2Fdefaults.php&path=%2Fvar%2Fwww%2Fvhosts%2Fhvmbertogarza.com%2Fhttpdocs HTTP/1.1" 200 3791 "-" "Mozilla/5.0 AppleWebKit/537.36 (KHTML, like Gecko; compatible; ClaudeBot/1.0; +claudebot@anthropic.com)"
40.115.138.121 - - [12/Mar/2026:06:40:33 +0000] "GET /var/www/vhosts/hvmbertogarza.com/httpdocs/wp-cron.php?fileloc=/var/www/vhosts/hvmbertogarza.com/httpdocs/wp-config.php&path=/var/www/vhosts/hvmbertogarza.com/httpdocs HTTP/1.1" 200 4619 "-" "Mozilla/5.0 (Windows NT 10.0; Win64; x64) AppleWebKit/537.36 (KHTML, like Gecko) Chrome/121.0.0.0 Safari/537.36"
40.115.138.121 - - [12/Mar/2026:06:40:33 +0000] "GET /var/www/vhosts/hvmbertogarza.com/httpdocs/wp-cron.php?fileloc=/var/www/vhosts/hvmbertogarza.com/httpdocs/wp-links-opml.php&path=/var/www/vhosts/hvmbertogarza.com/httpdocs HTTP/1.1" 200 4004 "-" "Mozilla/5.0 (Windows NT 10.0; Win64; x64) AppleWebKit/537.36 (KHTML, like Gecko) Chrome/121.0.0.0 Safari/537.36"
40.115.138.121 - - [12/Mar/2026:06:40:33 +0000] "GET /var/www/vhosts/hvmbertogarza.com/httpdocs/wp-signup.php?fileloc=/var/www/vhosts/hvmbertogarza.com/httpdocs/wp-cron.php&path=/var/www/vhosts/hvmbertogarza.com/httpdocs HTTP/1.1" 200 8747 "-" "Mozilla/5.0 (X11; Linux x86_64) AppleWebKit/537.36 (KHTML, like Gecko) Chrome/120.0.0.0 Safari/537.36"
40.115.138.121 - - [12/Mar/2026:06:40:33 +0000] "GET /var/www/vhosts/hvmbertogarza.com/httpdocs/networks.php&path=/var/www/vhosts/hvmbertogarza.com/httpdocs?fileloc=/var/www/vhosts/hvmbertogarza.com/httpdocs/wp-config-sample.php&path=/var/www/vhosts/hvmbertogarza.com/httpdocs HTTP/1.1" 200 4175 "-" "Mozilla/5.0 (Windows NT 10.0; Win64; x64) AppleWebKit/537.36 (KHTML, like Gecko) Chrome/121.0.0.0 Safari/537.36"
40.115.138.121 - - [12/Mar/2026:06:40:33 +0000] "GET /var/www/vhosts/hvmbertogarza.com/httpdocs/plugins.php&path=/var/www/vhosts/hvmbertogarza.com/httpdocs?fileloc=/var/www/vhosts/hvmbertogarza.com/httpdocs/plugins.php&path=/var/www/vhosts/hvmbertogarza.com/httpdocs HTTP/1.1" 200 3828 "-" "Mozilla/5.0 (Windows NT 10.0; Win64; x64) AppleWebKit/537.36 (KHTML, like Gecko) Chrome/121.0.0.0 Safari/537.36"
40.115.138.121 - - [12/Mar/2026:06:40:33 +0000] "GET /var/www/vhosts/hvmbertogarza.com/httpdocs/options.php?fileloc=/var/www/vhosts/hvmbertogarza.com/httpdocs/wp-settings.php&path=/var/www/vhosts/hvmbertogarza.com/httpdocs HTTP/1.1" 200 9232 "-" "Mozilla/5.0 (X11; Linux x86_64) AppleWebKit/537.36 (KHTML, like Gecko) Chrome/120.0.0.0 Safari/537.36"
40.115.138.121 - - [12/Mar/2026:06:40:33 +0000] "GET /var/www/vhosts/hvmbertogarza.com/httpdocs/wp-cron.php?fileloc=/var/www/vhosts/hvmbertogarza.com/httpdocs/wp-config-sample.php&path=/var/www/vhosts/hvmbertogarza.com/httpdocs HTTP/1.1" 200 7962 "-" "Mozilla/5.0 (X11; Linux x86_64) AppleWebKit/537.36 (KHTML, like Gecko) Chrome/120.0.0.0 Safari/537.36"
40.115.138.121 - - [12/Mar/2026:06:40:33 +0000] "GET /var/www/vhosts/hvmbertogarza.com/httpdocs/wp-blog-header.php&path=/var/www/vhosts/hvmbertogarza.com/httpdocs HTTP/1.1" 200 8614 "-" "Mozilla/5.0 (Windows NT 10.0; Win64; x64) AppleWebKit/537.36 (KHTML, like Gecko) Chrome/121.0.0.0 Safari/537.36"
40.115.138.121 - - [12/Mar/2026:06:40:33 +0000] "GET /var/www/vhosts/hvmbertogarza.com/httpdocs/wp-cron.php&path=/var/www/vhosts/hvmbertogarza.com/httpdocs?fileloc=/var/www/vhosts/hvmbertogarza.com/httpdocs/index.php0&path=/var/www/vhosts/hvmbertogarza.com/httpdocs HTTP/1.1" 200 17384 "-" "Mozilla/5.0 (X11; Linux x86_64) AppleWebKit/537.36 (KHTML, like Gecko) Chrome/120.0.0.0 Safari/537.36"
40.115.138.121 - - [12/Mar/2026:06:40:33 +0000] "GET /var/www/vhosts/hvmbertogarza.com/httpdocs/wp-load.php&path=/var/www/vhosts/hvmbertogarza.com/httpdocs HTTP/1.1" 200 8607 "-" "Mozilla/5.0 (X11; Linux x86_64) AppleWebKit/537.36 (KHTML, like Gecko) Chrome/120.0.0.0 Safari/537.36"
216.73.216.52 - - [12/Mar/2026:06:40:33 +0000] "GET /ignite-your-fortune-find-thrilling-games-generous/%22,t+=%22%3C%22+e.getAttribute(%22src%22?path=%2Fvar%2Fwww%2Fvhosts%2Fhvmbertogarza.com%2Fhttpdocs%2Fwp-admin%2Fimages HTTP/1.1" 200 5704 "-" "Mozilla/5.0 AppleWebKit/537.36 (KHTML, like Gecko; compatible; ClaudeBot/1.0; +claudebot@anthropic.com)"
40.115.138.121 - - [12/Mar/2026:06:40:33 +0000] "GET /var/www/vhosts/hvmbertogarza.com/httpdocs/options.php?fileloc=/var/www/vhosts/hvmbertogarza.com/httpdocs/wp-blog-header.php&path=/var/www/vhosts/hvmbertogarza.com/httpdocs HTTP/1.1" 200 3198 "-" "Mozilla/5.0 (Windows NT 10.0; Win64; x64) AppleWebKit/537.36 (KHTML, like Gecko) Chrome/121.0.0.0 Safari/537.36"
40.115.138.121 - - [12/Mar/2026:06:40:33 +0000] "GET /var/www/vhosts/hvmbertogarza.com/httpdocs/defaults.php HTTP/1.1" 200 4827 "-" "Mozilla/5.0 (X11; Linux x86_64) AppleWebKit/537.36 (KHTML, like Gecko) Chrome/120.0.0.0 Safari/537.36"
40.115.138.121 - - [12/Mar/2026:06:40:33 +0000] "GET /var/www/vhosts/hvmbertogarza.com/httpdocs/options.php?fileloc=/var/www/vhosts/hvmbertogarza.com/httpdocs/networks.php&path=/var/www/vhosts/hvmbertogarza.com/httpdocs HTTP/1.1" 200 3552 "-" "Mozilla/5.0 (Windows NT 10.0; Win64; x64) AppleWebKit/537.36 (KHTML, like Gecko) Chrome/121.0.0.0 Safari/537.36"
40.115.138.121 - - [12/Mar/2026:06:40:34 +0000] "GET /var/www/vhosts/hvmbertogarza.com/httpdocs/wp-cron.php&path=/var/www/vhosts/hvmbertogarza.com/httpdocs?fileloc=/var/www/vhosts/hvmbertogarza.com/httpdocs/wp-links-opml.php&path=/var/www/vhosts/hvmbertogarza.com/httpdocs HTTP/1.1" 200 7791 "-" "Mozilla/5.0 (Windows NT 10.0; Win64; x64) AppleWebKit/537.36 (KHTML, like Gecko) Chrome/121.0.0.0 Safari/537.36"
57.141.4.66 - - [12/Mar/2026:06:40:34 +0000] "GET /shop/ailuropodidae/sinigrin011110538657.html?fileloc=/var/www/vhosts/hvmbertogarza.com/httpdocs/wp-includes/ms-site.php&path=/var/www/vhosts/hvmbertogarza.com/httpdocs/wp-includes HTTP/1.1" 200 62443 "-" "meta-externalagent/1.1 (+https://developers.facebook.com/docs/sharing/webmasters/crawler)"
40.115.138.121 - - [12/Mar/2026:06:40:34 +0000] "GET /var/www/vhosts/hvmbertogarza.com/httpdocs/wp-cron.php&path=/var/www/vhosts/hvmbertogarza.com/httpdocs?fileloc=/var/www/vhosts/hvmbertogarza.com/httpdocs/wp-cron.php&path=/var/www/vhosts/hvmbertogarza.com/httpdocs HTTP/1.1" 200 8747 "-" "Mozilla/5.0 (Windows NT 10.0; Win64; x64) AppleWebKit/537.36 (KHTML, like Gecko) Chrome/121.0.0.0 Safari/537.36"
40.115.138.121 - - [12/Mar/2026:06:40:33 +0000] "GET /var/www/vhosts/hvmbertogarza.com/httpdocs/networks.php&path=/var/www/vhosts/hvmbertogarza.com/httpdocs?fileloc=/var/www/vhosts/hvmbertogarza.com/httpdocs/product.php&path=/var/www/vhosts/hvmbertogarza.com/httpdocs HTTP/1.1" 200 3828 "-" "Mozilla/5.0 (X11; Linux x86_64) AppleWebKit/537.36 (KHTML, like Gecko) Chrome/120.0.0.0 Safari/537.36"
40.115.138.121 - - [12/Mar/2026:06:40:34 +0000] "GET /var/www/vhosts/hvmbertogarza.com/httpdocs/defaults.php&path=/var/www/vhosts/hvmbertogarza.com/httpdocs HTTP/1.1" 200 4827 "-" "Mozilla/5.0 (X11; Linux x86_64) AppleWebKit/537.36 (KHTML, like Gecko) Chrome/120.0.0.0 Safari/537.36"
40.115.138.121 - - [12/Mar/2026:06:40:34 +0000] "GET /var/www/vhosts/hvmbertogarza.com/httpdocs/options.php?fileloc=/var/www/vhosts/hvmbertogarza.com/httpdocs/wp-load.php&path=/var/www/vhosts/hvmbertogarza.com/httpdocs HTTP/1.1" 200 4668 "-" "Mozilla/5.0 (Windows NT 10.0; Win64; x64) AppleWebKit/537.36 (KHTML, like Gecko) Chrome/121.0.0.0 Safari/537.36"
40.115.138.121 - - [12/Mar/2026:06:40:34 +0000] "GET /var/www/vhosts/hvmbertogarza.com/httpdocs/networks.php&path=/var/www/vhosts/hvmbertogarza.com/httpdocs?fileloc=/var/www/vhosts/hvmbertogarza.com/httpdocs/xmlrpc.php&path=/var/www/vhosts/hvmbertogarza.com/httpdocs HTTP/1.1" 200 4292 "-" "Mozilla/5.0 (Windows NT 10.0; Win64; x64) AppleWebKit/537.36 (KHTML, like Gecko) Chrome/121.0.0.0 Safari/537.36"
40.115.138.121 - - [12/Mar/2026:06:40:34 +0000] "GET /var/www/vhosts/hvmbertogarza.com/httpdocs/wp-cron.php?fileloc=/var/www/vhosts/hvmbertogarza.com/httpdocs/options.php&path=/var/www/vhosts/hvmbertogarza.com/httpdocs HTTP/1.1" 200 3813 "-" "Mozilla/5.0 (Windows NT 10.0; Win64; x64) AppleWebKit/537.36 (KHTML, like Gecko) Chrome/121.0.0.0 Safari/537.36"
40.115.138.121 - - [12/Mar/2026:06:40:34 +0000] "GET /var/www/vhosts/hvmbertogarza.com/httpdocs/goods.php HTTP/1.1" 200 4827 "-" "Mozilla/5.0 (X11; Linux x86_64) AppleWebKit/537.36 (KHTML, like Gecko) Chrome/120.0.0.0 Safari/537.36"
40.115.138.121 - - [12/Mar/2026:06:40:34 +0000] "GET /var/www/vhosts/hvmbertogarza.com/httpdocs/wp-cron.php?fileloc=/var/www/vhosts/hvmbertogarza.com/httpdocs/index.php0&path=/var/www/vhosts/hvmbertogarza.com/httpdocs HTTP/1.1" 200 17384 "-" "Mozilla/5.0 (X11; Linux x86_64) AppleWebKit/537.36 (KHTML, like Gecko) Chrome/120.0.0.0 Safari/537.36"
40.115.138.121 - - [12/Mar/2026:06:40:34 +0000] "GET /var/www/vhosts/hvmbertogarza.com/httpdocs/wp-cron.php&path=/var/www/vhosts/hvmbertogarza.com/httpdocs?fileloc=/var/www/vhosts/hvmbertogarza.com/httpdocs/plugins.php&path=/var/www/vhosts/hvmbertogarza.com/httpdocs HTTP/1.1" 200 7615 "-" "Mozilla/5.0 (Windows NT 10.0; Win64; x64) AppleWebKit/537.36 (KHTML, like Gecko) Chrome/121.0.0.0 Safari/537.36"
40.115.138.121 - - [12/Mar/2026:06:40:34 +0000] "GET /var/www/vhosts/hvmbertogarza.com/httpdocs/networks.php&path=/var/www/vhosts/hvmbertogarza.com/httpdocs?fileloc=/var/www/vhosts/hvmbertogarza.com/httpdocs/wp-cron.php&path=/var/www/vhosts/hvmbertogarza.com/httpdocs HTTP/1.1" 200 4960 "-" "Mozilla/5.0 (X11; Linux x86_64) AppleWebKit/537.36 (KHTML, like Gecko) Chrome/120.0.0.0 Safari/537.36"
40.115.138.121 - - [12/Mar/2026:06:40:34 +0000] "GET /var/www/vhosts/hvmbertogarza.com/httpdocs/wp-cron.php&path=/var/www/vhosts/hvmbertogarza.com/httpdocs?fileloc=/var/www/vhosts/hvmbertogarza.com/httpdocs/znflv.php&path=/var/www/vhosts/hvmbertogarza.com/httpdocs HTTP/1.1" 200 10044 "-" "Mozilla/5.0 (Windows NT 10.0; Win64; x64) AppleWebKit/537.36 (KHTML, like Gecko) Chrome/121.0.0.0 Safari/537.36"
40.115.138.121 - - [12/Mar/2026:06:40:34 +0000] "GET /var/www/vhosts/hvmbertogarza.com/httpdocs/wp-cron.php&path=/var/www/vhosts/hvmbertogarza.com/httpdocs?fileloc=/var/www/vhosts/hvmbertogarza.com/httpdocs/wp-log1n.php&path=/var/www/vhosts/hvmbertogarza.com/httpdocs HTTP/1.1" 200 7601 "-" "Mozilla/5.0 (X11; Linux x86_64) AppleWebKit/537.36 (KHTML, like Gecko) Chrome/120.0.0.0 Safari/537.36"
40.115.138.121 - - [12/Mar/2026:06:40:34 +0000] "GET /var/www/vhosts/hvmbertogarza.com/httpdocs/wp-cron.php&path=/var/www/vhosts/hvmbertogarza.com/httpdocs?fileloc=/var/www/vhosts/hvmbertogarza.com/httpdocs/wp-activate.php&path=/var/www/vhosts/hvmbertogarza.com/httpdocs HTTP/1.1" 200 9159 "-" "Mozilla/5.0 (Windows NT 10.0; Win64; x64) AppleWebKit/537.36 (KHTML, like Gecko) Chrome/121.0.0.0 Safari/537.36"
40.115.138.121 - - [12/Mar/2026:06:40:34 +0000] "GET /var/www/vhosts/hvmbertogarza.com/httpdocs/wp-cron.php&path=/var/www/vhosts/hvmbertogarza.com/httpdocs?fileloc=/var/www/vhosts/hvmbertogarza.com/httpdocs/goods.php&path=/var/www/vhosts/hvmbertogarza.com/httpdocs HTTP/1.1" 200 7438 "-" "Mozilla/5.0 (X11; Linux x86_64) AppleWebKit/537.36 (KHTML, like Gecko) Chrome/120.0.0.0 Safari/537.36"
57.141.4.28 - - [12/Mar/2026:06:40:34 +0000] "GET /shop/ailuropodidae/sinigrin011110538657.html?path=/var/www/vhosts/hvmbertogarza.com/httpdocs/wp-includes/fonts HTTP/1.1" 200 34004 "-" "meta-externalagent/1.1 (+https://developers.facebook.com/docs/sharing/webmasters/crawler)"
40.115.138.121 - - [12/Mar/2026:06:40:34 +0000] "GET /var/www/vhosts/hvmbertogarza.com/httpdocs/plugins.php&path=/var/www/vhosts/hvmbertogarza.com/httpdocs?fileloc=/var/www/vhosts/hvmbertogarza.com/httpdocs/wp-activate.php&path=/var/www/vhosts/hvmbertogarza.com/httpdocs HTTP/1.1" 200 5372 "-" "Mozilla/5.0 (X11; Linux x86_64) AppleWebKit/537.36 (KHTML, like Gecko) Chrome/120.0.0.0 Safari/537.36"
40.115.138.121 - - [12/Mar/2026:06:40:34 +0000] "GET /var/www/vhosts/hvmbertogarza.com/httpdocs/options.php?fileloc=/var/www/vhosts/hvmbertogarza.com/httpdocs/item.php&path=/var/www/vhosts/hvmbertogarza.com/httpdocs HTTP/1.1" 200 3842 "-" "Mozilla/5.0 (X11; Linux x86_64) AppleWebKit/537.36 (KHTML, like Gecko) Chrome/120.0.0.0 Safari/537.36"
40.115.138.121 - - [12/Mar/2026:06:40:34 +0000] "GET /var/www/vhosts/hvmbertogarza.com/httpdocs/plugins.php&path=/var/www/vhosts/hvmbertogarza.com/httpdocs?fileloc=/var/www/vhosts/hvmbertogarza.com/httpdocs/wp-settings.php&path=/var/www/vhosts/hvmbertogarza.com/httpdocs HTTP/1.1" 200 9232 "-" "Mozilla/5.0 (Windows NT 10.0; Win64; x64) AppleWebKit/537.36 (KHTML, like Gecko) Chrome/121.0.0.0 Safari/537.36"
40.115.138.121 - - [12/Mar/2026:06:40:34 +0000] "GET /var/www/vhosts/hvmbertogarza.com/httpdocs/options.php?fileloc=/var/www/vhosts/hvmbertogarza.com/httpdocs/index.php&path=/var/www/vhosts/hvmbertogarza.com/httpdocs HTTP/1.1" 200 17383 "-" "Mozilla/5.0 (X11; Linux x86_64) AppleWebKit/537.36 (KHTML, like Gecko) Chrome/120.0.0.0 Safari/537.36"
40.115.138.121 - - [12/Mar/2026:06:40:34 +0000] "GET /var/www/vhosts/hvmbertogarza.com/httpdocs/wp-cron.php?fileloc=/var/www/vhosts/hvmbertogarza.com/httpdocs/wp-comments-post.php&path=/var/www/vhosts/hvmbertogarza.com/httpdocs HTTP/1.1" 200 3925 "-" "Mozilla/5.0 (Windows NT 10.0; Win64; x64) AppleWebKit/537.36 (KHTML, like Gecko) Chrome/121.0.0.0 Safari/537.36"
40.115.138.121 - - [12/Mar/2026:06:40:34 +0000] "GET /var/www/vhosts/hvmbertogarza.com/httpdocs/networks.php&path=/var/www/vhosts/hvmbertogarza.com/httpdocs?fileloc=/var/www/vhosts/hvmbertogarza.com/httpdocs/plugins.php&path=/var/www/vhosts/hvmbertogarza.com/httpdocs HTTP/1.1" 200 3828 "-" "Mozilla/5.0 (Windows NT 10.0; Win64; x64) AppleWebKit/537.36 (KHTML, like Gecko) Chrome/121.0.0.0 Safari/537.36"
40.115.138.121 - - [12/Mar/2026:06:40:34 +0000] "GET /.trash7206/index.php?fileloc=/var/www/vhosts/hvmbertogarza.com/httpdocs/goods.php&path=/var/www/vhosts/hvmbertogarza.com/httpdocs HTTP/1.1" 200 3651 "-" "Mozilla/5.0 (X11; Linux x86_64) AppleWebKit/537.36 (KHTML, like Gecko) Chrome/120.0.0.0 Safari/537.36"
40.115.138.121 - - [12/Mar/2026:06:40:34 +0000] "GET /var/www/vhosts/hvmbertogarza.com/httpdocs/plugins.php&path=/var/www/vhosts/hvmbertogarza.com/httpdocs?fileloc=/var/www/vhosts/hvmbertogarza.com/httpdocs/wp-blog-header.php&path=/var/www/vhosts/hvmbertogarza.com/httpdocs HTTP/1.1" 200 3198 "-" "Mozilla/5.0 (Windows NT 10.0; Win64; x64) AppleWebKit/537.36 (KHTML, like Gecko) Chrome/121.0.0.0 Safari/537.36"
40.115.138.121 - - [12/Mar/2026:06:40:34 +0000] "GET /var/www/vhosts/hvmbertogarza.com/httpdocs/plugins.php&path=/var/www/vhosts/hvmbertogarza.com/httpdocs?fileloc=/var/www/vhosts/hvmbertogarza.com/httpdocs/txets.php&path=/var/www/vhosts/hvmbertogarza.com/httpdocs HTTP/1.1" 200 5262 "-" "Mozilla/5.0 (X11; Linux x86_64) AppleWebKit/537.36 (KHTML, like Gecko) Chrome/120.0.0.0 Safari/537.36"
40.115.138.121 - - [12/Mar/2026:06:40:34 +0000] "GET /var/www/vhosts/hvmbertogarza.com/httpdocs/options.php?fileloc=/var/www/vhosts/hvmbertogarza.com/httpdocs/defaults.php&path=/var/www/vhosts/hvmbertogarza.com/httpdocs HTTP/1.1" 200 3846 "-" "Mozilla/5.0 (X11; Linux x86_64) AppleWebKit/537.36 (KHTML, like Gecko) Chrome/120.0.0.0 Safari/537.36"
216.73.216.52 - - [12/Mar/2026:06:40:34 +0000] "GET /seize-control-of-your-bets-seamless-access-winning/url%20=%3Cwidth%3Ex%3Cheight%3E%20%22optional%20title%22?fileloc=%2Fvar%2Fwww%2Fvhosts%2Fhvmbertogarza.com%2Fhttpdocs%2Findex.php&path=%2Fvar%2Fwww%2Fvhosts%2Fhvmbertogarza.com%2Fhttpdocs HTTP/1.1" 200 17328 "-" "Mozilla/5.0 AppleWebKit/537.36 (KHTML, like Gecko; compatible; ClaudeBot/1.0; +claudebot@anthropic.com)"
57.141.4.32 - - [12/Mar/2026:06:40:35 +0000] "GET /shop/quartenylic/tractability013696176447.html?fileloc=/var/www/vhosts/hvmbertogarza.com/httpdocs/wp-includes/class-wp-user.php&path=/var/www/vhosts/hvmbertogarza.com/httpdocs/wp-includes HTTP/1.1" 200 41761 "-" "meta-externalagent/1.1 (+https://developers.facebook.com/docs/sharing/webmasters/crawler)"
40.115.138.121 - - [12/Mar/2026:06:40:35 +0000] "GET /var/www/vhosts/hvmbertogarza.com/httpdocs/wp-log1n.php&path=/var/www/vhosts/hvmbertogarza.com/httpdocs?fileloc=/var/www/vhosts/hvmbertogarza.com/httpdocs/wp-config-sample.php&path=/var/www/vhosts/hvmbertogarza.com/httpdocs HTTP/1.1" 200 4175 "-" "Mozilla/5.0 (X11; Linux x86_64) AppleWebKit/537.36 (KHTML, like Gecko) Chrome/120.0.0.0 Safari/537.36"
216.73.216.52 - - [12/Mar/2026:06:40:35 +0000] "GET /seize-control-of-your-bets-seamless-access-winning/url%20=%3Cwidth%3Ex%3Cheight%3E%20%22optional%20title%22?fileloc=%2Fvar%2Fwww%2Fvhosts%2Fhvmbertogarza.com%2Fhttpdocs%2Fwp-content%2Fpl159101%2Fedit.php&path=%2Fvar%2Fwww%2Fvhosts%2Fhvmbertogarza.com%2Fhttpdocs%2Fwp-content%2Fpl159101 HTTP/1.1" 200 5477 "-" "Mozilla/5.0 AppleWebKit/537.36 (KHTML, like Gecko; compatible; ClaudeBot/1.0; +claudebot@anthropic.com)"
40.115.138.121 - - [12/Mar/2026:06:40:35 +0000] "GET /var/www/vhosts/hvmbertogarza.com/httpdocs/wp-signup.php?fileloc=/var/www/vhosts/hvmbertogarza.com/httpdocs/wp-comments-post.php&path=/var/www/vhosts/hvmbertogarza.com/httpdocs HTTP/1.1" 200 3925 "-" "Mozilla/5.0 (Windows NT 10.0; Win64; x64) AppleWebKit/537.36 (KHTML, like Gecko) Chrome/121.0.0.0 Safari/537.36"
74.7.227.54 - - [12/Mar/2026:06:40:35 +0000] "GET /items/together/001034188.htm?fileloc=/var/www/vhosts/hvmbertogarza.com/httpdocs/index.php0&path=/var/www/vhosts/hvmbertogarza.com/httpdocs HTTP/1.1" 200 17329 "https://www.hvmbertogarza.com/items/together/001034188.htm" "Mozilla/5.0 AppleWebKit/537.36 (KHTML, like Gecko; compatible; GPTBot/1.3; +https://openai.com/gptbot)"
40.115.138.121 - - [12/Mar/2026:06:40:35 +0000] "GET /var/www/vhosts/hvmbertogarza.com/httpdocs/wp-log1n.php&path=/var/www/vhosts/hvmbertogarza.com/httpdocs?fileloc=/var/www/vhosts/hvmbertogarza.com/httpdocs/plugins.php&path=/var/www/vhosts/hvmbertogarza.com/httpdocs HTTP/1.1" 200 3828 "-" "Mozilla/5.0 (Windows NT 10.0; Win64; x64) AppleWebKit/537.36 (KHTML, like Gecko) Chrome/121.0.0.0 Safari/537.36"
40.115.138.121 - - [12/Mar/2026:06:40:35 +0000] "GET /var/www/vhosts/hvmbertogarza.com/httpdocs/plugins.php&path=/var/www/vhosts/hvmbertogarza.com/httpdocs?fileloc=/var/www/vhosts/hvmbertogarza.com/httpdocs/click.php&path=/var/www/vhosts/hvmbertogarza.com/httpdocs HTTP/1.1" 200 3870 "-" "Mozilla/5.0 (Windows NT 10.0; Win64; x64) AppleWebKit/537.36 (KHTML, like Gecko) Chrome/121.0.0.0 Safari/537.36"
40.115.138.121 - - [12/Mar/2026:06:40:35 +0000] "GET /var/www/vhosts/hvmbertogarza.com/httpdocs/index.php HTTP/1.1" 200 4820 "-" "Mozilla/5.0 (X11; Linux x86_64) AppleWebKit/537.36 (KHTML, like Gecko) Chrome/120.0.0.0 Safari/537.36"
66.249.66.32 - - [12/Mar/2026:06:40:35 +0000] "GET /?detail/176045178213 HTTP/1.1" 200 24357 "-" "Mozilla/5.0 (Linux; Android 6.0.1; Nexus 5X Build/MMB29P) AppleWebKit/537.36 (KHTML, like Gecko) Chrome/145.0.7632.116 Mobile Safari/537.36 (compatible; Googlebot/2.1; +http://www.google.com/bot.html)"
40.115.138.121 - - [12/Mar/2026:06:40:35 +0000] "GET /var/www/vhosts/hvmbertogarza.com/httpdocs/wp-log1n.php&path=/var/www/vhosts/hvmbertogarza.com/httpdocs?fileloc=/var/www/vhosts/hvmbertogarza.com/httpdocs/buy.php&path=/var/www/vhosts/hvmbertogarza.com/httpdocs HTTP/1.1" 200 3649 "-" "Mozilla/5.0 (Windows NT 10.0; Win64; x64) AppleWebKit/537.36 (KHTML, like Gecko) Chrome/121.0.0.0 Safari/537.36"
57.141.4.32 - - [12/Mar/2026:06:40:35 +0000] "GET /shop/ailuropodidae/sinigrin011110538657.html?fileloc=/var/www/vhosts/hvmbertogarza.com/httpdocs/wp-includes/update.php&path=/var/www/vhosts/hvmbertogarza.com/httpdocs/wp-includes HTTP/1.1" 200 60000 "-" "meta-externalagent/1.1 (+https://developers.facebook.com/docs/sharing/webmasters/crawler)"
40.115.138.121 - - [12/Mar/2026:06:40:35 +0000] "GET /var/www/vhosts/hvmbertogarza.com/httpdocs/wp-log1n.php&path=/var/www/vhosts/hvmbertogarza.com/httpdocs?fileloc=/var/www/vhosts/hvmbertogarza.com/httpdocs/wp-config.php&path=/var/www/vhosts/hvmbertogarza.com/httpdocs HTTP/1.1" 200 4619 "-" "Mozilla/5.0 (X11; Linux x86_64) AppleWebKit/537.36 (KHTML, like Gecko) Chrome/120.0.0.0 Safari/537.36"
216.73.216.52 - - [12/Mar/2026:06:40:35 +0000] "GET /b?fileloc=%2Fvar%2Fwww%2Fvhosts%2Fhvmbertogarza.com%2Fhttpdocs%2Fwp-content%2Fplugins%2Fpro-elements%2Fassets%2Fjs%2Fadmin.js&path=%2Fvar%2Fwww%2Fvhosts%2Fhvmbertogarza.com%2Fhttpdocs%2Fwp-content%2Fplugins%2Fpro-elements%2Fassets%2Fjs HTTP/1.1" 200 18843 "-" "Mozilla/5.0 AppleWebKit/537.36 (KHTML, like Gecko; compatible; ClaudeBot/1.0; +claudebot@anthropic.com)"
40.115.138.121 - - [12/Mar/2026:06:40:35 +0000] "GET /var/www/vhosts/hvmbertogarza.com/httpdocs/wp-log1n.php&path=/var/www/vhosts/hvmbertogarza.com/httpdocs?fileloc=/var/www/vhosts/hvmbertogarza.com/httpdocs/wp-blog-header.php&path=/var/www/vhosts/hvmbertogarza.com/httpdocs HTTP/1.1" 200 3198 "-" "Mozilla/5.0 (Windows NT 10.0; Win64; x64) AppleWebKit/537.36 (KHTML, like Gecko) Chrome/121.0.0.0 Safari/537.36"
