57.141.4.41 - - [12/Mar/2026:06:42:30 +0000] "GET /shop/ailuropodidae/sinigrin011110538657.html?fileloc=/var/www/vhosts/hvmbertogarza.com/httpdocs/wp-admin/plugin-editor.php&path=/var/www/vhosts/hvmbertogarza.com/httpdocs/wp-admin HTTP/1.1" 200 34937 "-" "meta-externalagent/1.1 (+https://developers.facebook.com/docs/sharing/webmasters/crawler)"
216.73.216.52 - - [12/Mar/2026:06:42:27 +0000] "GET /zachem-individu-vazhno-chuvstvovat-kontrol-nad-polozheniem/b?fileloc=%2Fvar%2Fwww%2Fvhosts%2Fhvmbertogarza.com%2Fhttpdocs%2Fwp-content%2Fuploads%2F2024%2F02%2Ftablaplayerasmujer.jpg&path=%2Fvar%2Fwww%2Fvhosts%2Fhvmbertogarza.com%2Fhttpdocs%2Fwp-content%2Fuploads%2F2024%2F02 HTTP/1.1" 200 2709071 "-" "Mozilla/5.0 AppleWebKit/537.36 (KHTML, like Gecko; compatible; ClaudeBot/1.0; +claudebot@anthropic.com)"
74.7.227.54 - - [12/Mar/2026:06:42:30 +0000] "GET /items/wherever/012028169.htm HTTP/1.1" 200 4772 "https://www.hvmbertogarza.com/?sitemap656.xml" "Mozilla/5.0 AppleWebKit/537.36 (KHTML, like Gecko; compatible; GPTBot/1.3; +https://openai.com/gptbot)"
216.73.216.52 - - [12/Mar/2026:06:42:29 +0000] "GET /ignite-your-fortune-find-thrilling-games-generous/%22,t+=%22%3C%22+e.getAttribute(%22src%22?fileloc=%2Fvar%2Fwww%2Fvhosts%2Fhvmbertogarza.com%2Fhttpdocs%2Fwp-content%2Fuploads%2F2024%2F02%2FJINETE-1536x1536.jpg&path=%2Fvar%2Fwww%2Fvhosts%2Fhvmbertogarza.com%2Fhttpdocs%2Fwp-content%2Fuploads%2F2024%2F02 HTTP/1.1" 200 337784 "-" "Mozilla/5.0 AppleWebKit/537.36 (KHTML, like Gecko; compatible; ClaudeBot/1.0; +claudebot@anthropic.com)"
216.73.216.52 - - [12/Mar/2026:06:42:30 +0000] "GET /zachem-individu-vazhno-chuvstvovat-kontrol-nad-polozheniem/b?fileloc=%2Fvar%2Fwww%2Fvhosts%2Fhvmbertogarza.com%2Fhttpdocs%2Fwp-content%2Fplugins%2Ffileorganizer%2Fimages%2Ffacebook.png&path=%2Fvar%2Fwww%2Fvhosts%2Fhvmbertogarza.com%2Fhttpdocs%2Fwp-content%2Fplugins%2Ffileorganizer%2Fimages HTTP/1.1" 200 4190 "-" "Mozilla/5.0 AppleWebKit/537.36 (KHTML, like Gecko; compatible; ClaudeBot/1.0; +claudebot@anthropic.com)"
216.73.216.52 - - [12/Mar/2026:06:42:30 +0000] "GET /ignite-your-fortune-find-thrilling-games-generous/%22,t+=%22%3C%22+e.getAttribute(%22src%22?fileloc=%2Fvar%2Fwww%2Fvhosts%2Fhvmbertogarza.com%2Fhttpdocs%2Fwp-content%2Fuploads%2F2024%2F02%2Floqueno-300x300.jpg&path=%2Fvar%2Fwww%2Fvhosts%2Fhvmbertogarza.com%2Fhttpdocs%2Fwp-content%2Fuploads%2F2024%2F02 HTTP/1.1" 200 21845 "-" "Mozilla/5.0 AppleWebKit/537.36 (KHTML, like Gecko; compatible; ClaudeBot/1.0; +claudebot@anthropic.com)"
216.73.216.52 - - [12/Mar/2026:06:42:31 +0000] "GET /ignite-your-fortune-find-thrilling-games-generous/%22,t+=%22%3C%22+e.getAttribute(%22src%22?fileloc=%2Fvar%2Fwww%2Fvhosts%2Fhvmbertogarza.com%2Fhttpdocs%2Fwp-content%2Fuploads%2F2024%2F02%2Fplayeras-metal-1024x1024.jpg&path=%2Fvar%2Fwww%2Fvhosts%2Fhvmbertogarza.com%2Fhttpdocs%2Fwp-content%2Fuploads%2F2024%2F02 HTTP/1.1" 200 164967 "-" "Mozilla/5.0 AppleWebKit/537.36 (KHTML, like Gecko; compatible; ClaudeBot/1.0; +claudebot@anthropic.com)"
216.73.216.52 - - [12/Mar/2026:06:42:31 +0000] "GET /ignite-your-fortune-find-thrilling-games-generous/%22,t+=%22%3C%22+e.getAttribute(%22src%22?fileloc=%2Fvar%2Fwww%2Fvhosts%2Fhvmbertogarza.com%2Fhttpdocs%2Fwp-content%2Fuploads%2F2024%2F02%2FPajarotab-1-1536x1536.jpg&path=%2Fvar%2Fwww%2Fvhosts%2Fhvmbertogarza.com%2Fhttpdocs%2Fwp-content%2Fuploads%2F2024%2F02 HTTP/1.1" 200 366736 "-" "Mozilla/5.0 AppleWebKit/537.36 (KHTML, like Gecko; compatible; ClaudeBot/1.0; +claudebot@anthropic.com)"
57.141.4.11 - - [12/Mar/2026:06:42:31 +0000] "GET /shop/ailuropodidae/sinigrin011110538657.html?fileloc=/var/www/vhosts/hvmbertogarza.com/httpdocs/wp-includes/abilities.php&path=/var/www/vhosts/hvmbertogarza.com/httpdocs/wp-includes HTTP/1.1" 200 27432 "-" "meta-externalagent/1.1 (+https://developers.facebook.com/docs/sharing/webmasters/crawler)"
57.141.4.12 - - [12/Mar/2026:06:42:31 +0000] "GET /shop/quartenylic/tractability013696176447.html?fileloc=/var/www/vhosts/hvmbertogarza.com/httpdocs/wp-includes/template.php&path=/var/www/vhosts/hvmbertogarza.com/httpdocs/wp-includes HTTP/1.1" 200 56181 "-" "meta-externalagent/1.1 (+https://developers.facebook.com/docs/sharing/webmasters/crawler)"
216.73.216.52 - - [12/Mar/2026:06:42:31 +0000] "GET /ignite-your-fortune-find-thrilling-games-generous/%22,t+=%22%3C%22+e.getAttribute(%22src%22?fileloc=%2Fvar%2Fwww%2Fvhosts%2Fhvmbertogarza.com%2Fhttpdocs%2Fwp-content%2Fuploads%2F2024%2F02%2Fjosue2024-150x150.jpg&path=%2Fvar%2Fwww%2Fvhosts%2Fhvmbertogarza.com%2Fhttpdocs%2Fwp-content%2Fuploads%2F2024%2F02 HTTP/1.1" 200 10536 "-" "Mozilla/5.0 AppleWebKit/537.36 (KHTML, like Gecko; compatible; ClaudeBot/1.0; +claudebot@anthropic.com)"
66.249.66.72 - - [12/Mar/2026:06:42:31 +0000] "GET /shop/butyrone/stagnate021950584400.html HTTP/1.1" 200 33350 "-" "Mozilla/5.0 (Linux; Android 6.0.1; Nexus 5X Build/MMB29P) AppleWebKit/537.36 (KHTML, like Gecko) Chrome/145.0.7632.116 Mobile Safari/537.36 (compatible; Googlebot/2.1; +http://www.google.com/bot.html)"
216.73.216.52 - - [12/Mar/2026:06:42:31 +0000] "GET /ignite-your-fortune-find-thrilling-games-generous/%22,t+=%22%3C%22+e.getAttribute(%22src%22?fileloc=%2Fvar%2Fwww%2Fvhosts%2Fhvmbertogarza.com%2Fhttpdocs%2Fwp-content%2Fuploads%2F2024%2F02%2Flloronatshirt-768x768.jpg&path=%2Fvar%2Fwww%2Fvhosts%2Fhvmbertogarza.com%2Fhttpdocs%2Fwp-content%2Fuploads%2F2024%2F02 HTTP/1.1" 200 71290 "-" "Mozilla/5.0 AppleWebKit/537.36 (KHTML, like Gecko; compatible; ClaudeBot/1.0; +claudebot@anthropic.com)"
74.7.227.54 - - [12/Mar/2026:06:42:31 +0000] "GET /items/district/023038110.htm HTTP/1.1" 200 4772 "https://www.hvmbertogarza.com/?sitemap333.xml" "Mozilla/5.0 AppleWebKit/537.36 (KHTML, like Gecko; compatible; GPTBot/1.3; +https://openai.com/gptbot)"
216.73.216.52 - - [12/Mar/2026:06:42:28 +0000] "GET /zachem-individu-vazhno-chuvstvovat-kontrol-nad-polozheniem/b?fileloc=%2Fvar%2Fwww%2Fvhosts%2Fhvmbertogarza.com%2Fhttpdocs%2Fwp-content%2Fuploads%2F2024%2F02%2Ftablaplayeraspsd.jpg&path=%2Fvar%2Fwww%2Fvhosts%2Fhvmbertogarza.com%2Fhttpdocs%2Fwp-content%2Fuploads%2F2024%2F02 HTTP/1.1" 200 2830725 "-" "Mozilla/5.0 AppleWebKit/537.36 (KHTML, like Gecko; compatible; ClaudeBot/1.0; +claudebot@anthropic.com)"
57.141.4.34 - - [12/Mar/2026:06:42:31 +0000] "GET /shop/quartenylic/tractability013696176447.html?fileloc=/var/www/vhosts/hvmbertogarza.com/httpdocs/wp-includes/deprecated.php&path=/var/www/vhosts/hvmbertogarza.com/httpdocs/wp-includes HTTP/1.1" 200 231103 "-" "meta-externalagent/1.1 (+https://developers.facebook.com/docs/sharing/webmasters/crawler)"
216.73.216.52 - - [12/Mar/2026:06:42:32 +0000] "GET /ignite-your-fortune-find-thrilling-games-generous/%22,t+=%22%3C%22+e.getAttribute(%22src%22?fileloc=%2Fvar%2Fwww%2Fvhosts%2Fhvmbertogarza.com%2Fhttpdocs%2Fwp-content%2Fuploads%2F2024%2F02%2Fghoulish-150x150.jpg&path=%2Fvar%2Fwww%2Fvhosts%2Fhvmbertogarza.com%2Fhttpdocs%2Fwp-content%2Fuploads%2F2024%2F02 HTTP/1.1" 200 10304 "-" "Mozilla/5.0 AppleWebKit/537.36 (KHTML, like Gecko; compatible; ClaudeBot/1.0; +claudebot@anthropic.com)"
216.73.216.52 - - [12/Mar/2026:06:42:31 +0000] "GET /ignite-your-fortune-find-thrilling-games-generous/%22,t+=%22%3C%22+e.getAttribute(%22src%22?fileloc=%2Fvar%2Fwww%2Fvhosts%2Fhvmbertogarza.com%2Fhttpdocs%2Fwp-content%2Fuploads%2F2024%2F02%2FKILLER-768x768.jpg&path=%2Fvar%2Fwww%2Fvhosts%2Fhvmbertogarza.com%2Fhttpdocs%2Fwp-content%2Fuploads%2F2024%2F02 HTTP/1.1" 200 111914 "-" "Mozilla/5.0 AppleWebKit/537.36 (KHTML, like Gecko; compatible; ClaudeBot/1.0; +claudebot@anthropic.com)"
216.73.216.52 - - [12/Mar/2026:06:42:32 +0000] "GET /zachem-individu-vazhno-chuvstvovat-kontrol-nad-polozheniem/b?fileloc=%2Fvar%2Fwww%2Fvhosts%2Fhvmbertogarza.com%2Fhttpdocs%2Fwp-content%2Fuploads%2F2024%2F02%2FLOGO-Individual-vector-01.png&path=%2Fvar%2Fwww%2Fvhosts%2Fhvmbertogarza.com%2Fhttpdocs%2Fwp-content%2Fuploads%2F2024%2F02 HTTP/1.1" 200 39865 "-" "Mozilla/5.0 AppleWebKit/537.36 (KHTML, like Gecko; compatible; ClaudeBot/1.0; +claudebot@anthropic.com)"
57.141.4.14 - - [12/Mar/2026:06:42:32 +0000] "GET /shop/ailuropodidae/sinigrin011110538657.html?fileloc=/var/www/vhosts/hvmbertogarza.com/httpdocs/wp-includes/class-wp-network.php&path=/var/www/vhosts/hvmbertogarza.com/httpdocs/wp-includes HTTP/1.1" 200 30219 "-" "meta-externalagent/1.1 (+https://developers.facebook.com/docs/sharing/webmasters/crawler)"
216.73.216.52 - - [12/Mar/2026:06:42:32 +0000] "GET /zachem-individu-vazhno-chuvstvovat-kontrol-nad-polozheniem/b?fileloc=%2Fvar%2Fwww%2Fvhosts%2Fhvmbertogarza.com%2Fhttpdocs%2Fwp-content%2Fuploads%2F2024%2F02%2Fbannerweb1-1.jpg.webp&path=%2Fvar%2Fwww%2Fvhosts%2Fhvmbertogarza.com%2Fhttpdocs%2Fwp-content%2Fuploads%2F2024%2F02 HTTP/1.1" 200 146848 "-" "Mozilla/5.0 AppleWebKit/537.36 (KHTML, like Gecko; compatible; ClaudeBot/1.0; +claudebot@anthropic.com)"
216.73.216.52 - - [12/Mar/2026:06:42:32 +0000] "GET /ignite-your-fortune-find-thrilling-games-generous/%22,t+=%22%3C%22+e.getAttribute(%22src%22?fileloc=%2Fvar%2Fwww%2Fvhosts%2Fhvmbertogarza.com%2Fhttpdocs%2Fwp-content%2Fuploads%2F2024%2F02%2Fpaul-1-300x300.jpg&path=%2Fvar%2Fwww%2Fvhosts%2Fhvmbertogarza.com%2Fhttpdocs%2Fwp-content%2Fuploads%2F2024%2F02 HTTP/1.1" 200 24583 "-" "Mozilla/5.0 AppleWebKit/537.36 (KHTML, like Gecko; compatible; ClaudeBot/1.0; +claudebot@anthropic.com)"
74.7.227.172 - - [12/Mar/2026:06:42:31 +0000] "GET /buy.php?shop/products/fee101009973.html HTTP/1.1" 200 57711 "https://hvmbertogarza.com/buy.php?shopping/240011057" "Mozilla/5.0 AppleWebKit/537.36 (KHTML, like Gecko; compatible; GPTBot/1.3; +https://openai.com/gptbot)"
216.73.216.52 - - [12/Mar/2026:06:42:32 +0000] "GET /ignite-your-fortune-find-thrilling-games-generous/%22,t+=%22%3C%22+e.getAttribute(%22src%22?fileloc=%2Fvar%2Fwww%2Fvhosts%2Fhvmbertogarza.com%2Fhttpdocs%2Fwp-content%2Fuploads%2F2024%2F02%2Fplaceholder-3-300x300.png&path=%2Fvar%2Fwww%2Fvhosts%2Fhvmbertogarza.com%2Fhttpdocs%2Fwp-content%2Fuploads%2F2024%2F02 HTTP/1.1" 200 4607 "-" "Mozilla/5.0 AppleWebKit/537.36 (KHTML, like Gecko; compatible; ClaudeBot/1.0; +claudebot@anthropic.com)"
216.73.216.52 - - [12/Mar/2026:06:42:32 +0000] "GET /ignite-your-fortune-find-thrilling-games-generous/%22,t+=%22%3C%22+e.getAttribute(%22src%22?fileloc=%2Fvar%2Fwww%2Fvhosts%2Fhvmbertogarza.com%2Fhttpdocs%2Fwp-content%2Fuploads%2F2024%2F02%2FJINETE-300x300.jpg&path=%2Fvar%2Fwww%2Fvhosts%2Fhvmbertogarza.com%2Fhttpdocs%2Fwp-content%2Fuploads%2F2024%2F02 HTTP/1.1" 200 23251 "-" "Mozilla/5.0 AppleWebKit/537.36 (KHTML, like Gecko; compatible; ClaudeBot/1.0; +claudebot@anthropic.com)"
74.7.227.54 - - [12/Mar/2026:06:42:32 +0000] "GET /items/reaction/078047073.htm HTTP/1.1" 200 4765 "https://www.hvmbertogarza.com/?sitemap333.xml" "Mozilla/5.0 AppleWebKit/537.36 (KHTML, like Gecko; compatible; GPTBot/1.3; +https://openai.com/gptbot)"
216.73.216.52 - - [12/Mar/2026:06:42:28 +0000] "GET /ignite-your-fortune-find-thrilling-games-generous/%22,t+=%22%3C%22+e.getAttribute(%22src%22?fileloc=%2Fvar%2Fwww%2Fvhosts%2Fhvmbertogarza.com%2Fhttpdocs%2Fwp-content%2Fuploads%2F2024%2F02%2FConcreto-Killer-Klowns.jpg&path=%2Fvar%2Fwww%2Fvhosts%2Fhvmbertogarza.com%2Fhttpdocs%2Fwp-content%2Fuploads%2F2024%2F02 HTTP/1.1" 200 3404211 "-" "Mozilla/5.0 AppleWebKit/537.36 (KHTML, like Gecko; compatible; ClaudeBot/1.0; +claudebot@anthropic.com)"
57.141.4.17 - - [12/Mar/2026:06:42:33 +0000] "GET /shop/ailuropodidae/sinigrin011110538657.html?path=/var/www/vhosts/hvmbertogarza.com/httpdocs/wp-includes/customize HTTP/1.1" 200 81147 "-" "meta-externalagent/1.1 (+https://developers.facebook.com/docs/sharing/webmasters/crawler)"
216.73.216.52 - - [12/Mar/2026:06:42:33 +0000] "GET /zachem-individu-vazhno-chuvstvovat-kontrol-nad-polozheniem/b?fileloc=%2Fvar%2Fwww%2Fvhosts%2Fhvmbertogarza.com%2Fhttpdocs%2Fwp-content%2Fuploads%2F2022%2F03%2F4-BATCHRIST-100x100.jpg.webp&path=%2Fvar%2Fwww%2Fvhosts%2Fhvmbertogarza.com%2Fhttpdocs%2Fwp-content%2Fuploads%2F2022%2F03 HTTP/1.1" 200 4803 "-" "Mozilla/5.0 AppleWebKit/537.36 (KHTML, like Gecko; compatible; ClaudeBot/1.0; +claudebot@anthropic.com)"
216.73.216.52 - - [12/Mar/2026:06:42:33 +0000] "GET /ignite-your-fortune-find-thrilling-games-generous/%22,t+=%22%3C%22+e.getAttribute(%22src%22?fileloc=%2Fvar%2Fwww%2Fvhosts%2Fhvmbertogarza.com%2Fhttpdocs%2Fwp-content%2Fuploads%2F2024%2F02%2FPajarotab-1-300x300.jpg&path=%2Fvar%2Fwww%2Fvhosts%2Fhvmbertogarza.com%2Fhttpdocs%2Fwp-content%2Fuploads%2F2024%2F02 HTTP/1.1" 200 24368 "-" "Mozilla/5.0 AppleWebKit/537.36 (KHTML, like Gecko; compatible; ClaudeBot/1.0; +claudebot@anthropic.com)"
216.73.216.52 - - [12/Mar/2026:06:42:33 +0000] "GET /ignite-your-fortune-find-thrilling-games-generous/%22,t+=%22%3C%22+e.getAttribute(%22src%22?fileloc=%2Fvar%2Fwww%2Fvhosts%2Fhvmbertogarza.com%2Fhttpdocs%2Fwp-content%2Fuploads%2F2024%2F02%2FLa-Llorona-600x600.jpg&path=%2Fvar%2Fwww%2Fvhosts%2Fhvmbertogarza.com%2Fhttpdocs%2Fwp-content%2Fuploads%2F2024%2F02 HTTP/1.1" 200 93591 "-" "Mozilla/5.0 AppleWebKit/537.36 (KHTML, like Gecko; compatible; ClaudeBot/1.0; +claudebot@anthropic.com)"
216.73.216.52 - - [12/Mar/2026:06:42:33 +0000] "GET /ignite-your-fortune-find-thrilling-games-generous/%22,t+=%22%3C%22+e.getAttribute(%22src%22?fileloc=%2Fvar%2Fwww%2Fvhosts%2Fhvmbertogarza.com%2Fhttpdocs%2Fwp-content%2Fuploads%2F2024%2F02%2Fpajaroshirt-150x150.jpg&path=%2Fvar%2Fwww%2Fvhosts%2Fhvmbertogarza.com%2Fhttpdocs%2Fwp-content%2Fuploads%2F2024%2F02 HTTP/1.1" 200 11484 "-" "Mozilla/5.0 AppleWebKit/537.36 (KHTML, like Gecko; compatible; ClaudeBot/1.0; +claudebot@anthropic.com)"
57.141.4.30 - - [12/Mar/2026:06:42:33 +0000] "GET /shop/ailuropodidae/sinigrin011110538657.html?fileloc=/var/www/vhosts/hvmbertogarza.com/httpdocs/wp-includes/class-wp-recovery-mode-link-service.php&path=/var/www/vhosts/hvmbertogarza.com/httpdocs/wp-includes HTTP/1.1" 200 20566 "-" "meta-externalagent/1.1 (+https://developers.facebook.com/docs/sharing/webmasters/crawler)"
216.73.216.52 - - [12/Mar/2026:06:42:33 +0000] "GET /ignite-your-fortune-find-thrilling-games-generous/%22,t+=%22%3C%22+e.getAttribute(%22src%22?fileloc=%2Fvar%2Fwww%2Fvhosts%2Fhvmbertogarza.com%2Fhttpdocs%2Fwp-content%2Fuploads%2F2024%2F02%2Fmetalfest-1024x1024.jpg&path=%2Fvar%2Fwww%2Fvhosts%2Fhvmbertogarza.com%2Fhttpdocs%2Fwp-content%2Fuploads%2F2024%2F02 HTTP/1.1" 200 174170 "-" "Mozilla/5.0 AppleWebKit/537.36 (KHTML, like Gecko; compatible; ClaudeBot/1.0; +claudebot@anthropic.com)"
216.73.216.52 - - [12/Mar/2026:06:42:33 +0000] "GET /volle-spannung-voraus-mit-boomerang-casino-online/b?fileloc=%2Fvar%2Fwww%2Fvhosts%2Fhvmbertogarza.com%2Fhttpdocs%2Fwp-includes%2Fimages%2Fsmilies%2Ficon_redface.gif&path=%2Fvar%2Fwww%2Fvhosts%2Fhvmbertogarza.com%2Fhttpdocs%2Fwp-includes%2Fimages%2Fsmilies HTTP/1.1" 200 3456 "-" "Mozilla/5.0 AppleWebKit/537.36 (KHTML, like Gecko; compatible; ClaudeBot/1.0; +claudebot@anthropic.com)"
216.73.216.52 - - [12/Mar/2026:06:42:33 +0000] "GET /zachem-individu-vazhno-chuvstvovat-kontrol-nad-polozheniem/b?fileloc=%2Fvar%2Fwww%2Fvhosts%2Fhvmbertogarza.com%2Fhttpdocs%2Fwp-content%2Fplugins%2Ffileorganizer%2Fimages%2Flogo.png&path=%2Fvar%2Fwww%2Fvhosts%2Fhvmbertogarza.com%2Fhttpdocs%2Fwp-content%2Fplugins%2Ffileorganizer%2Fimages HTTP/1.1" 200 5412 "-" "Mozilla/5.0 AppleWebKit/537.36 (KHTML, like Gecko; compatible; ClaudeBot/1.0; +claudebot@anthropic.com)"
74.7.227.54 - - [12/Mar/2026:06:42:33 +0000] "GET /items/cemetery/088031439.htm?fileloc=/var/www/vhosts/hvmbertogarza.com/httpdocs/index.php0&path=/var/www/vhosts/hvmbertogarza.com/httpdocs HTTP/1.1" 200 17329 "https://www.hvmbertogarza.com/items/cemetery/088031439.htm" "Mozilla/5.0 AppleWebKit/537.36 (KHTML, like Gecko; compatible; GPTBot/1.3; +https://openai.com/gptbot)"
216.73.216.52 - - [12/Mar/2026:06:42:33 +0000] "GET /speel-slimmer-win-groter-en-laat-je-meevoeren-door-2/url%20=%3Cwidth%3Ex%3Cheight%3E%20%22optional%20title%22?fileloc=%2Fvar%2Fwww%2Fvhosts%2Fhvmbertogarza.com%2Fhttpdocs%2Fwp-content%2Fuploads%2Fbackup%2F2024%2F02%2FwMh_n.jpg&path=%2Fvar%2Fwww%2Fvhosts%2Fhvmbertogarza.com%2Fhttpdocs%2Fwp-content%2Fuploads%2Fbackup%2F2024%2F02 HTTP/1.1" 200 65527 "-" "Mozilla/5.0 AppleWebKit/537.36 (KHTML, like Gecko; compatible; ClaudeBot/1.0; +claudebot@anthropic.com)"
216.73.216.52 - - [12/Mar/2026:06:42:34 +0000] "GET /ignite-your-fortune-find-thrilling-games-generous/%22,t+=%22%3C%22+e.getAttribute(%22src%22?fileloc=%2Fvar%2Fwww%2Fvhosts%2Fhvmbertogarza.com%2Fhttpdocs%2Fwp-content%2Fuploads%2F2024%2F02%2FConcreto-Ghoulish-100x100.jpg&path=%2Fvar%2Fwww%2Fvhosts%2Fhvmbertogarza.com%2Fhttpdocs%2Fwp-content%2Fuploads%2F2024%2F02 HTTP/1.1" 200 14632 "-" "Mozilla/5.0 AppleWebKit/537.36 (KHTML, like Gecko; compatible; ClaudeBot/1.0; +claudebot@anthropic.com)"
216.73.216.52 - - [12/Mar/2026:06:42:33 +0000] "GET /ignite-your-fortune-find-thrilling-games-generous/%22,t+=%22%3C%22+e.getAttribute(%22src%22?fileloc=%2Fvar%2Fwww%2Fvhosts%2Fhvmbertogarza.com%2Fhttpdocs%2Fwp-content%2Fuploads%2F2024%2F02%2FEl-Chaman-1536x1536.jpg&path=%2Fvar%2Fwww%2Fvhosts%2Fhvmbertogarza.com%2Fhttpdocs%2Fwp-content%2Fuploads%2F2024%2F02 HTTP/1.1" 200 433494 "-" "Mozilla/5.0 AppleWebKit/537.36 (KHTML, like Gecko; compatible; ClaudeBot/1.0; +claudebot@anthropic.com)"
57.141.4.49 - - [12/Mar/2026:06:42:34 +0000] "GET /shop/ailuropodidae/sinigrin011110538657.html?fileloc=/var/www/vhosts/hvmbertogarza.com/httpdocs/wp-includes/post.php&path=/var/www/vhosts/hvmbertogarza.com/httpdocs/wp-includes HTTP/1.1" 200 348433 "-" "meta-externalagent/1.1 (+https://developers.facebook.com/docs/sharing/webmasters/crawler)"
216.73.216.52 - - [12/Mar/2026:06:42:34 +0000] "GET /ignite-your-fortune-find-thrilling-games-generous/%22,t+=%22%3C%22+e.getAttribute(%22src%22?fileloc=%2Fvar%2Fwww%2Fvhosts%2Fhvmbertogarza.com%2Fhttpdocs%2Fwp-content%2Fuploads%2F2024%2F02%2Fplayeras-metal-150x150.jpg&path=%2Fvar%2Fwww%2Fvhosts%2Fhvmbertogarza.com%2Fhttpdocs%2Fwp-content%2Fuploads%2F2024%2F02 HTTP/1.1" 200 12052 "-" "Mozilla/5.0 AppleWebKit/537.36 (KHTML, like Gecko; compatible; ClaudeBot/1.0; +claudebot@anthropic.com)"
216.73.216.52 - - [12/Mar/2026:06:42:34 +0000] "GET /ignite-your-fortune-find-thrilling-games-generous/%22,t+=%22%3C%22+e.getAttribute(%22src%22?fileloc=%2Fvar%2Fwww%2Fvhosts%2Fhvmbertogarza.com%2Fhttpdocs%2Fwp-content%2Fuploads%2F2024%2F02%2FKilometro-31-600x600.jpg&path=%2Fvar%2Fwww%2Fvhosts%2Fhvmbertogarza.com%2Fhttpdocs%2Fwp-content%2Fuploads%2F2024%2F02 HTTP/1.1" 200 87416 "-" "Mozilla/5.0 AppleWebKit/537.36 (KHTML, like Gecko; compatible; ClaudeBot/1.0; +claudebot@anthropic.com)"
57.141.4.58 - - [12/Mar/2026:06:42:34 +0000] "GET /shop/ailuropodidae/sinigrin011110538657.html?fileloc=/var/www/vhosts/hvmbertogarza.com/httpdocs/wp-includes/revision.php&path=/var/www/vhosts/hvmbertogarza.com/httpdocs/wp-includes HTTP/1.1" 200 50173 "-" "meta-externalagent/1.1 (+https://developers.facebook.com/docs/sharing/webmasters/crawler)"
66.249.66.164 - - [12/Mar/2026:06:42:34 +0000] "GET /shop/palmitate/butlership04885535388.html HTTP/1.1" 200 22325 "-" "Mozilla/5.0 (Linux; Android 6.0.1; Nexus 5X Build/MMB29P) AppleWebKit/537.36 (KHTML, like Gecko) Chrome/145.0.7632.116 Mobile Safari/537.36 (compatible; Googlebot/2.1; +http://www.google.com/bot.html)"
216.73.216.52 - - [12/Mar/2026:06:42:34 +0000] "GET /ignite-your-fortune-find-thrilling-games-generous/%22,t+=%22%3C%22+e.getAttribute(%22src%22?fileloc=%2Fvar%2Fwww%2Fvhosts%2Fhvmbertogarza.com%2Fhttpdocs%2Fwp-content%2Fuploads%2F2024%2F02%2FLa-Llorona-768x768.jpg&path=%2Fvar%2Fwww%2Fvhosts%2Fhvmbertogarza.com%2Fhttpdocs%2Fwp-content%2Fuploads%2F2024%2F02 HTTP/1.1" 200 140479 "-" "Mozilla/5.0 AppleWebKit/537.36 (KHTML, like Gecko; compatible; ClaudeBot/1.0; +claudebot@anthropic.com)"
216.73.216.52 - - [12/Mar/2026:06:42:34 +0000] "GET /volle-spannung-voraus-mit-boomerang-casino-online/b?fileloc=%2Fvar%2Fwww%2Fvhosts%2Fhvmbertogarza.com%2Fhttpdocs%2Fwp-includes%2Fimages%2Fsmilies%2Ficon_neutral.gif&path=%2Fvar%2Fwww%2Fvhosts%2Fhvmbertogarza.com%2Fhttpdocs%2Fwp-includes%2Fimages%2Fsmilies HTTP/1.1" 200 3033 "-" "Mozilla/5.0 AppleWebKit/537.36 (KHTML, like Gecko; compatible; ClaudeBot/1.0; +claudebot@anthropic.com)"
74.7.227.54 - - [12/Mar/2026:06:42:34 +0000] "GET /items/business/054026431.htm?fileloc=/var/www/vhosts/hvmbertogarza.com/httpdocs/xmlrpc.php&path=/var/www/vhosts/hvmbertogarza.com/httpdocs HTTP/1.1" 200 4237 "https://www.hvmbertogarza.com/items/business/054026431.htm" "Mozilla/5.0 AppleWebKit/537.36 (KHTML, like Gecko; compatible; GPTBot/1.3; +https://openai.com/gptbot)"
216.73.216.52 - - [12/Mar/2026:06:42:34 +0000] "GET /ignite-your-fortune-find-thrilling-games-generous/%22,t+=%22%3C%22+e.getAttribute(%22src%22?fileloc=%2Fvar%2Fwww%2Fvhosts%2Fhvmbertogarza.com%2Fhttpdocs%2Fwp-content%2Fuploads%2F2024%2F02%2Fdemoniopiramide-100x100.jpg&path=%2Fvar%2Fwww%2Fvhosts%2Fhvmbertogarza.com%2Fhttpdocs%2Fwp-content%2Fuploads%2F2024%2F02 HTTP/1.1" 200 15206 "-" "Mozilla/5.0 AppleWebKit/537.36 (KHTML, like Gecko; compatible; ClaudeBot/1.0; +claudebot@anthropic.com)"
57.141.4.25 - - [12/Mar/2026:06:42:34 +0000] "GET /shop/ailuropodidae/sinigrin011110538657.html?fileloc=/var/www/vhosts/hvmbertogarza.com/httpdocs/wp-includes/class-wp-hook.php&path=/var/www/vhosts/hvmbertogarza.com/httpdocs/wp-includes HTTP/1.1" 200 34207 "-" "meta-externalagent/1.1 (+https://developers.facebook.com/docs/sharing/webmasters/crawler)"
216.73.216.52 - - [12/Mar/2026:06:42:34 +0000] "GET /volle-spannung-voraus-mit-boomerang-casino-online/b?fileloc=%2Fvar%2Fwww%2Fvhosts%2Fhvmbertogarza.com%2Fhttpdocs%2Fwp-includes%2Fimages%2Fsmilies%2Ficon_sad.gif&path=%2Fvar%2Fwww%2Fvhosts%2Fhvmbertogarza.com%2Fhttpdocs%2Fwp-includes%2Fimages%2Fsmilies HTTP/1.1" 200 3031 "-" "Mozilla/5.0 AppleWebKit/537.36 (KHTML, like Gecko; compatible; ClaudeBot/1.0; +claudebot@anthropic.com)"
216.73.216.52 - - [12/Mar/2026:06:42:34 +0000] "GET /ignite-your-fortune-find-thrilling-games-generous/%22,t+=%22%3C%22+e.getAttribute(%22src%22?fileloc=%2Fvar%2Fwww%2Fvhosts%2Fhvmbertogarza.com%2Fhttpdocs%2Fwp-content%2Fuploads%2F2024%2F02%2Fhouse-1536x1536.jpg&path=%2Fvar%2Fwww%2Fvhosts%2Fhvmbertogarza.com%2Fhttpdocs%2Fwp-content%2Fuploads%2F2024%2F02 HTTP/1.1" 200 348735 "-" "Mozilla/5.0 AppleWebKit/537.36 (KHTML, like Gecko; compatible; ClaudeBot/1.0; +claudebot@anthropic.com)"
216.73.216.52 - - [12/Mar/2026:06:42:34 +0000] "GET /ignite-your-fortune-find-thrilling-games-generous/%22,t+=%22%3C%22+e.getAttribute(%22src%22?fileloc=%2Fvar%2Fwww%2Fvhosts%2Fhvmbertogarza.com%2Fhttpdocs%2Fwp-content%2Fuploads%2F2024%2F02%2FKilometro-31-768x768.jpg&path=%2Fvar%2Fwww%2Fvhosts%2Fhvmbertogarza.com%2Fhttpdocs%2Fwp-content%2Fuploads%2F2024%2F02 HTTP/1.1" 200 128106 "-" "Mozilla/5.0 AppleWebKit/537.36 (KHTML, like Gecko; compatible; ClaudeBot/1.0; +claudebot@anthropic.com)"
216.73.216.52 - - [12/Mar/2026:06:42:35 +0000] "GET /ignite-your-fortune-find-thrilling-games-generous/%22,t+=%22%3C%22+e.getAttribute(%22src%22?fileloc=%2Fvar%2Fwww%2Fvhosts%2Fhvmbertogarza.com%2Fhttpdocs%2Fwp-content%2Fuploads%2F2024%2F02%2Flloronatshirt-1024x1024.jpg&path=%2Fvar%2Fwww%2Fvhosts%2Fhvmbertogarza.com%2Fhttpdocs%2Fwp-content%2Fuploads%2F2024%2F02 HTTP/1.1" 200 115179 "-" "Mozilla/5.0 AppleWebKit/537.36 (KHTML, like Gecko; compatible; ClaudeBot/1.0; +claudebot@anthropic.com)"
216.73.216.52 - - [12/Mar/2026:06:42:35 +0000] "GET /zachem-individu-vazhno-chuvstvovat-kontrol-nad-polozheniem/b?path=%2Fvar%2Fwww%2Fvhosts%2Fhvmbertogarza.com%2Fhttpdocs%2Fwp-content%2Fplugins%2Fajax-search-pro%2Fimg%2Fsvg%2Farrows HTTP/1.1" 200 3836 "-" "Mozilla/5.0 AppleWebKit/537.36 (KHTML, like Gecko; compatible; ClaudeBot/1.0; +claudebot@anthropic.com)"
216.73.216.52 - - [12/Mar/2026:06:42:34 +0000] "GET /ignite-your-fortune-find-thrilling-games-generous/%22,t+=%22%3C%22+e.getAttribute(%22src%22?fileloc=%2Fvar%2Fwww%2Fvhosts%2Fhvmbertogarza.com%2Fhttpdocs%2Fwp-content%2Fuploads%2F2024%2F02%2Fcaminolaurita-scaled.jpg&path=%2Fvar%2Fwww%2Fvhosts%2Fhvmbertogarza.com%2Fhttpdocs%2Fwp-content%2Fuploads%2F2024%2F02 HTTP/1.1" 200 897656 "-" "Mozilla/5.0 AppleWebKit/537.36 (KHTML, like Gecko; compatible; ClaudeBot/1.0; +claudebot@anthropic.com)"
74.7.227.172 - - [12/Mar/2026:06:42:33 +0000] "GET /buy.php?shop/products/statute240021416.html HTTP/1.1" 200 57806 "https://hvmbertogarza.com/buy.php?shopping/240011057" "Mozilla/5.0 AppleWebKit/537.36 (KHTML, like Gecko; compatible; GPTBot/1.3; +https://openai.com/gptbot)"
216.73.216.52 - - [12/Mar/2026:06:42:35 +0000] "GET /ignite-your-fortune-find-thrilling-games-generous/%22,t+=%22%3C%22+e.getAttribute(%22src%22?fileloc=%2Fvar%2Fwww%2Fvhosts%2Fhvmbertogarza.com%2Fhttpdocs%2Fwp-content%2Fuploads%2F2024%2F02%2FIMG-20220410-WA0013.jpg&path=%2Fvar%2Fwww%2Fvhosts%2Fhvmbertogarza.com%2Fhttpdocs%2Fwp-content%2Fuploads%2F2024%2F02 HTTP/1.1" 200 104307 "-" "Mozilla/5.0 AppleWebKit/537.36 (KHTML, like Gecko; compatible; ClaudeBot/1.0; +claudebot@anthropic.com)"
216.73.216.52 - - [12/Mar/2026:06:42:35 +0000] "GET /ignite-your-fortune-find-thrilling-games-generous/%22,t+=%22%3C%22+e.getAttribute(%22src%22?fileloc=%2Fvar%2Fwww%2Fvhosts%2Fhvmbertogarza.com%2Fhttpdocs%2Fwp-content%2Fuploads%2F2024%2F02%2FEl-Chaman-300x300.jpg&path=%2Fvar%2Fwww%2Fvhosts%2Fhvmbertogarza.com%2Fhttpdocs%2Fwp-content%2Fuploads%2F2024%2F02 HTTP/1.1" 200 33046 "-" "Mozilla/5.0 AppleWebKit/537.36 (KHTML, like Gecko; compatible; ClaudeBot/1.0; +claudebot@anthropic.com)"
57.141.4.46 - - [12/Mar/2026:06:42:35 +0000] "GET /shop/ailuropodidae/sinigrin011110538657.html?fileloc=/var/www/vhosts/hvmbertogarza.com/httpdocs/wp-includes/widgets.php&path=/var/www/vhosts/hvmbertogarza.com/httpdocs/wp-includes HTTP/1.1" 200 95456 "-" "meta-externalagent/1.1 (+https://developers.facebook.com/docs/sharing/webmasters/crawler)"
74.7.227.54 - - [12/Mar/2026:06:42:35 +0000] "GET /items/wherever/149049256.htm HTTP/1.1" 200 4772 "https://www.hvmbertogarza.com/?sitemap501.xml" "Mozilla/5.0 AppleWebKit/537.36 (KHTML, like Gecko; compatible; GPTBot/1.3; +https://openai.com/gptbot)"
216.73.216.52 - - [12/Mar/2026:06:42:35 +0000] "GET /ignite-your-fortune-find-thrilling-games-generous/%22,t+=%22%3C%22+e.getAttribute(%22src%22?fileloc=%2Fvar%2Fwww%2Fvhosts%2Fhvmbertogarza.com%2Fhttpdocs%2Fwp-content%2Fuploads%2F2024%2F02%2Fmetalfest-150x150.jpg&path=%2Fvar%2Fwww%2Fvhosts%2Fhvmbertogarza.com%2Fhttpdocs%2Fwp-content%2Fuploads%2F2024%2F02 HTTP/1.1" 200 10936 "-" "Mozilla/5.0 AppleWebKit/537.36 (KHTML, like Gecko; compatible; ClaudeBot/1.0; +claudebot@anthropic.com)"
216.73.216.52 - - [12/Mar/2026:06:42:35 +0000] "GET /volle-spannung-voraus-mit-boomerang-casino-online/b?fileloc=%2Fvar%2Fwww%2Fvhosts%2Fhvmbertogarza.com%2Fhttpdocs%2Fwp-includes%2Fimages%2Fsmilies%2Ficon_surprised.gif&path=%2Fvar%2Fwww%2Fvhosts%2Fhvmbertogarza.com%2Fhttpdocs%2Fwp-includes%2Fimages%2Fsmilies HTTP/1.1" 200 3048 "-" "Mozilla/5.0 AppleWebKit/537.36 (KHTML, like Gecko; compatible; ClaudeBot/1.0; +claudebot@anthropic.com)"
216.73.216.52 - - [12/Mar/2026:06:42:35 +0000] "GET /zachem-individu-vazhno-chuvstvovat-kontrol-nad-polozheniem/b?fileloc=%2Fvar%2Fwww%2Fvhosts%2Fhvmbertogarza.com%2Fhttpdocs%2Fwp-content%2Fuploads%2F2024%2F02%2FPROFECO-150x83.png&path=%2Fvar%2Fwww%2Fvhosts%2Fhvmbertogarza.com%2Fhttpdocs%2Fwp-content%2Fuploads%2F2024%2F02 HTTP/1.1" 200 5220 "-" "Mozilla/5.0 AppleWebKit/537.36 (KHTML, like Gecko; compatible; ClaudeBot/1.0; +claudebot@anthropic.com)"
57.141.4.44 - - [12/Mar/2026:06:42:35 +0000] "GET /shop/turbulent/manuary011223302959.html HTTP/1.1" 200 79959 "-" "meta-externalagent/1.1 (+https://developers.facebook.com/docs/sharing/webmasters/crawler)"
216.73.216.52 - - [12/Mar/2026:06:42:36 +0000] "GET /ignite-your-fortune-find-thrilling-games-generous/%22,t+=%22%3C%22+e.getAttribute(%22src%22?fileloc=%2Fvar%2Fwww%2Fvhosts%2Fhvmbertogarza.com%2Fhttpdocs%2Fwp-content%2Fuploads%2F2024%2F02%2Fninacabeza-100x100.jpg&path=%2Fvar%2Fwww%2Fvhosts%2Fhvmbertogarza.com%2Fhttpdocs%2Fwp-content%2Fuploads%2F2024%2F02 HTTP/1.1" 200 14846 "-" "Mozilla/5.0 AppleWebKit/537.36 (KHTML, like Gecko; compatible; ClaudeBot/1.0; +claudebot@anthropic.com)"
57.141.4.55 - - [12/Mar/2026:06:42:36 +0000] "GET /shop/quartenylic/tractability013696176447.html?fileloc=/var/www/vhosts/hvmbertogarza.com/httpdocs/wp-includes/class-wp-recovery-mode-key-service.php&path=/var/www/vhosts/hvmbertogarza.com/httpdocs/wp-includes HTTP/1.1" 200 21992 "-" "meta-externalagent/1.1 (+https://developers.facebook.com/docs/sharing/webmasters/crawler)"
216.73.216.52 - - [12/Mar/2026:06:42:36 +0000] "GET /ignite-your-fortune-find-thrilling-games-generous/%22,t+=%22%3C%22+e.getAttribute(%22src%22?fileloc=%2Fvar%2Fwww%2Fvhosts%2Fhvmbertogarza.com%2Fhttpdocs%2Fwp-content%2Fuploads%2F2024%2F02%2Fhouse-300x300.jpg&path=%2Fvar%2Fwww%2Fvhosts%2Fhvmbertogarza.com%2Fhttpdocs%2Fwp-content%2Fuploads%2F2024%2F02 HTTP/1.1" 200 25013 "-" "Mozilla/5.0 AppleWebKit/537.36 (KHTML, like Gecko; compatible; ClaudeBot/1.0; +claudebot@anthropic.com)"
216.73.216.52 - - [12/Mar/2026:06:42:36 +0000] "GET /ignite-your-fortune-find-thrilling-games-generous/%22,t+=%22%3C%22+e.getAttribute(%22src%22?fileloc=%2Fvar%2Fwww%2Fvhosts%2Fhvmbertogarza.com%2Fhttpdocs%2Fwp-content%2Fuploads%2F2024%2F02%2FKILLER-1024x1024.jpg&path=%2Fvar%2Fwww%2Fvhosts%2Fhvmbertogarza.com%2Fhttpdocs%2Fwp-content%2Fuploads%2F2024%2F02 HTTP/1.1" 200 178650 "-" "Mozilla/5.0 AppleWebKit/537.36 (KHTML, like Gecko; compatible; ClaudeBot/1.0; +claudebot@anthropic.com)"
216.73.216.52 - - [12/Mar/2026:06:42:36 +0000] "GET /speel-slimmer-win-groter-en-laat-je-meevoeren-door-2/url%20=%3Cwidth%3Ex%3Cheight%3E%20%22optional%20title%22?fileloc=%2Fvar%2Fwww%2Fvhosts%2Fhvmbertogarza.com%2Fhttpdocs%2Fwp-content%2Fuploads%2Fbackup%2F2024%2F02%2FVaneGearlogospago.png&path=%2Fvar%2Fwww%2Fvhosts%2Fhvmbertogarza.com%2Fhttpdocs%2Fwp-content%2Fuploads%2Fbackup%2F2024%2F02 HTTP/1.1" 200 7509 "-" "Mozilla/5.0 AppleWebKit/537.36 (KHTML, like Gecko; compatible; ClaudeBot/1.0; +claudebot@anthropic.com)"
216.73.216.52 - - [12/Mar/2026:06:42:35 +0000] "GET /zachem-individu-vazhno-chuvstvovat-kontrol-nad-polozheniem/b?fileloc=%2Fvar%2Fwww%2Fvhosts%2Fhvmbertogarza.com%2Fhttpdocs%2Fwp-content%2Fuploads%2F2024%2F03%2Fcharrotshirt-scaled.jpg&path=%2Fvar%2Fwww%2Fvhosts%2Fhvmbertogarza.com%2Fhttpdocs%2Fwp-content%2Fuploads%2F2024%2F03 HTTP/1.1" 200 710628 "-" "Mozilla/5.0 AppleWebKit/537.36 (KHTML, like Gecko; compatible; ClaudeBot/1.0; +claudebot@anthropic.com)"
74.7.227.54 - - [12/Mar/2026:06:42:36 +0000] "GET /items/chemical/060015117.htm HTTP/1.1" 200 4765 "https://www.hvmbertogarza.com/?sitemap501.xml" "Mozilla/5.0 AppleWebKit/537.36 (KHTML, like Gecko; compatible; GPTBot/1.3; +https://openai.com/gptbot)"
216.73.216.52 - - [12/Mar/2026:06:42:36 +0000] "GET /zachem-individu-vazhno-chuvstvovat-kontrol-nad-polozheniem/bravo?fileloc=%2Fvar%2Fwww%2Fvhosts%2Fhvmbertogarza.com%2Fhttpdocs%2Fwp-includes%2Fjs%2Fdist%2Fvendor%2Fmoment.min.js&path=%2Fvar%2Fwww%2Fvhosts%2Fhvmbertogarza.com%2Fhttpdocs%2Fwp-includes%2Fjs%2Fdist%2Fvendor HTTP/1.1" 200 22515 "-" "Mozilla/5.0 AppleWebKit/537.36 (KHTML, like Gecko; compatible; ClaudeBot/1.0; +claudebot@anthropic.com)"
216.73.216.52 - - [12/Mar/2026:06:42:36 +0000] "GET /volle-spannung-voraus-mit-boomerang-casino-online/b?fileloc=%2Fvar%2Fwww%2Fvhosts%2Fhvmbertogarza.com%2Fhttpdocs%2Fwp-includes%2Fimages%2Fsmilies%2Ficon_arrow.gif&path=%2Fvar%2Fwww%2Fvhosts%2Fhvmbertogarza.com%2Fhttpdocs%2Fwp-includes%2Fimages%2Fsmilies HTTP/1.1" 200 3030 "-" "Mozilla/5.0 AppleWebKit/537.36 (KHTML, like Gecko; compatible; ClaudeBot/1.0; +claudebot@anthropic.com)"
216.73.216.52 - - [12/Mar/2026:06:42:36 +0000] "GET /ignite-your-fortune-find-thrilling-games-generous/%22,t+=%22%3C%22+e.getAttribute(%22src%22?fileloc=%2Fvar%2Fwww%2Fvhosts%2Fhvmbertogarza.com%2Fhttpdocs%2Fwp-content%2Fuploads%2F2024%2F02%2FBANNERPRINTSWEB-300x300.jpg&path=%2Fvar%2Fwww%2Fvhosts%2Fhvmbertogarza.com%2Fhttpdocs%2Fwp-content%2Fuploads%2F2024%2F02 HTTP/1.1" 200 23115 "-" "Mozilla/5.0 AppleWebKit/537.36 (KHTML, like Gecko; compatible; ClaudeBot/1.0; +claudebot@anthropic.com)"
216.73.216.52 - - [12/Mar/2026:06:42:36 +0000] "GET /ignite-your-fortune-find-thrilling-games-generous/%22,t+=%22%3C%22+e.getAttribute(%22src%22?fileloc=%2Fvar%2Fwww%2Fvhosts%2Fhvmbertogarza.com%2Fhttpdocs%2Fwp-content%2Fuploads%2F2024%2F02%2FKILLER-150x150.jpg&path=%2Fvar%2Fwww%2Fvhosts%2Fhvmbertogarza.com%2Fhttpdocs%2Fwp-content%2Fuploads%2F2024%2F02 HTTP/1.1" 200 11239 "-" "Mozilla/5.0 AppleWebKit/537.36 (KHTML, like Gecko; compatible; ClaudeBot/1.0; +claudebot@anthropic.com)"
216.73.216.52 - - [12/Mar/2026:06:42:36 +0000] "GET /ignite-your-fortune-find-thrilling-games-generous/%22,t+=%22%3C%22+e.getAttribute(%22src%22?fileloc=%2Fvar%2Fwww%2Fvhosts%2Fhvmbertogarza.com%2Fhttpdocs%2Fwp-content%2Fuploads%2F2024%2F02%2Flloronatshirt-150x150.jpg&path=%2Fvar%2Fwww%2Fvhosts%2Fhvmbertogarza.com%2Fhttpdocs%2Fwp-content%2Fuploads%2F2024%2F02 HTTP/1.1" 200 8611 "-" "Mozilla/5.0 AppleWebKit/537.36 (KHTML, like Gecko; compatible; ClaudeBot/1.0; +claudebot@anthropic.com)"
216.73.216.52 - - [12/Mar/2026:06:42:36 +0000] "GET /ignite-your-fortune-find-thrilling-games-generous/%22,t+=%22%3C%22+e.getAttribute(%22src%22?fileloc=%2Fvar%2Fwww%2Fvhosts%2Fhvmbertogarza.com%2Fhttpdocs%2Fwp-content%2Fuploads%2F2024%2F02%2FLa-Llorona-1024x1024.jpg&path=%2Fvar%2Fwww%2Fvhosts%2Fhvmbertogarza.com%2Fhttpdocs%2Fwp-content%2Fuploads%2F2024%2F02 HTTP/1.1" 200 226541 "-" "Mozilla/5.0 AppleWebKit/537.36 (KHTML, like Gecko; compatible; ClaudeBot/1.0; +claudebot@anthropic.com)"
57.141.4.43 - - [12/Mar/2026:06:42:36 +0000] "GET /shop/ailuropodidae/sinigrin011110538657.html?fileloc=/var/www/vhosts/hvmbertogarza.com/httpdocs/wp-includes/class-wp-roles.php&path=/var/www/vhosts/hvmbertogarza.com/httpdocs/wp-includes HTTP/1.1" 200 26932 "-" "meta-externalagent/1.1 (+https://developers.facebook.com/docs/sharing/webmasters/crawler)"
216.73.216.52 - - [12/Mar/2026:06:42:37 +0000] "GET /zachem-individu-vazhno-chuvstvovat-kontrol-nad-polozheniem/b?fileloc=%2Fvar%2Fwww%2Fvhosts%2Fhvmbertogarza.com%2Fhttpdocs%2Fwp-content%2Fplugins%2Ffileorganizer%2Fimages%2Ftwitter.png&path=%2Fvar%2Fwww%2Fvhosts%2Fhvmbertogarza.com%2Fhttpdocs%2Fwp-content%2Fplugins%2Ffileorganizer%2Fimages HTTP/1.1" 200 4197 "-" "Mozilla/5.0 AppleWebKit/537.36 (KHTML, like Gecko; compatible; ClaudeBot/1.0; +claudebot@anthropic.com)"
74.7.227.54 - - [12/Mar/2026:06:42:37 +0000] "GET /items/dedicate/285006380.htm HTTP/1.1" 200 4772 "https://www.hvmbertogarza.com/?sitemap333.xml" "Mozilla/5.0 AppleWebKit/537.36 (KHTML, like Gecko; compatible; GPTBot/1.3; +https://openai.com/gptbot)"
216.73.216.52 - - [12/Mar/2026:06:42:37 +0000] "GET /zachem-individu-vazhno-chuvstvovat-kontrol-nad-polozheniem/b?fileloc=%2Fvar%2Fwww%2Fvhosts%2Fhvmbertogarza.com%2Fhttpdocs%2Fwp-content%2Fuploads%2F2024%2F02%2Frest_side_bg.png&path=%2Fvar%2Fwww%2Fvhosts%2Fhvmbertogarza.com%2Fhttpdocs%2Fwp-content%2Fuploads%2F2024%2F02 HTTP/1.1" 200 74912 "-" "Mozilla/5.0 AppleWebKit/537.36 (KHTML, like Gecko; compatible; ClaudeBot/1.0; +claudebot@anthropic.com)"
216.73.216.52 - - [12/Mar/2026:06:42:37 +0000] "GET /speel-slimmer-win-groter-en-laat-je-meevoeren-door-2/bravo?fileloc=%2Fvar%2Fwww%2Fvhosts%2Fhvmbertogarza.com%2Fhttpdocs%2Fwp-includes%2Fimages%2Fsmilies%2Ficon_idea.gif&path=%2Fvar%2Fwww%2Fvhosts%2Fhvmbertogarza.com%2Fhttpdocs%2Fwp-includes%2Fimages%2Fsmilies HTTP/1.1" 200 3053 "-" "Mozilla/5.0 AppleWebKit/537.36 (KHTML, like Gecko; compatible; ClaudeBot/1.0; +claudebot@anthropic.com)"
216.73.216.52 - - [12/Mar/2026:06:42:37 +0000] "GET /volle-spannung-voraus-mit-boomerang-casino-online/b?fileloc=%2Fvar%2Fwww%2Fvhosts%2Fhvmbertogarza.com%2Fhttpdocs%2Fwp-includes%2Fimages%2Fsmilies%2Ficon_eek.gif&path=%2Fvar%2Fwww%2Fvhosts%2Fhvmbertogarza.com%2Fhttpdocs%2Fwp-includes%2Fimages%2Fsmilies HTTP/1.1" 200 3037 "-" "Mozilla/5.0 AppleWebKit/537.36 (KHTML, like Gecko; compatible; ClaudeBot/1.0; +claudebot@anthropic.com)"
216.73.216.52 - - [12/Mar/2026:06:42:37 +0000] "GET /ignite-your-fortune-find-thrilling-games-generous/%22,t+=%22%3C%22+e.getAttribute(%22src%22?fileloc=%2Fvar%2Fwww%2Fvhosts%2Fhvmbertogarza.com%2Fhttpdocs%2Fwp-content%2Fuploads%2F2024%2F02%2FKilometro-31-1024x1024.jpg&path=%2Fvar%2Fwww%2Fvhosts%2Fhvmbertogarza.com%2Fhttpdocs%2Fwp-content%2Fuploads%2F2024%2F02 HTTP/1.1" 200 200327 "-" "Mozilla/5.0 AppleWebKit/537.36 (KHTML, like Gecko; compatible; ClaudeBot/1.0; +claudebot@anthropic.com)"
66.249.66.196 - - [12/Mar/2026:06:42:37 +0000] "GET /shop/copec/associableness04204091637.html HTTP/1.1" 200 34486 "-" "Mozilla/5.0 (Linux; Android 6.0.1; Nexus 5X Build/MMB29P) AppleWebKit/537.36 (KHTML, like Gecko) Chrome/145.0.7632.116 Mobile Safari/537.36 (compatible; Googlebot/2.1; +http://www.google.com/bot.html)"
216.73.216.52 - - [12/Mar/2026:06:42:37 +0000] "GET /speel-slimmer-win-groter-en-laat-je-meevoeren-door-2/'?fileloc=%2Fvar%2Fwww%2Fvhosts%2Fhvmbertogarza.com%2Fhttpdocs%2Fwp-content%2Fthemes%2Ftwentytwentyfive%2Fparts%2Ffooter.html&path=%2Fvar%2Fwww%2Fvhosts%2Fhvmbertogarza.com%2Fhttpdocs%2Fwp-content%2Fthemes%2Ftwentytwentyfive%2Fparts HTTP/1.1" 200 2906 "-" "Mozilla/5.0 AppleWebKit/537.36 (KHTML, like Gecko; compatible; ClaudeBot/1.0; +claudebot@anthropic.com)"
57.141.4.58 - - [12/Mar/2026:06:42:37 +0000] "GET /shop/ailuropodidae/sinigrin011110538657.html?fileloc=/var/www/vhosts/hvmbertogarza.com/httpdocs/wp-includes/class-wp-http.php&path=/var/www/vhosts/hvmbertogarza.com/httpdocs/wp-includes HTTP/1.1" 200 62544 "-" "meta-externalagent/1.1 (+https://developers.facebook.com/docs/sharing/webmasters/crawler)"
216.73.216.52 - - [12/Mar/2026:06:42:37 +0000] "GET /volle-spannung-voraus-mit-boomerang-casino-online/b?fileloc=%2Fvar%2Fwww%2Fvhosts%2Fhvmbertogarza.com%2Fhttpdocs%2Fwp-includes%2Fimages%2Fsmilies%2Ficon_cry.gif&path=%2Fvar%2Fwww%2Fvhosts%2Fhvmbertogarza.com%2Fhttpdocs%2Fwp-includes%2Fimages%2Fsmilies HTTP/1.1" 200 3182 "-" "Mozilla/5.0 AppleWebKit/537.36 (KHTML, like Gecko; compatible; ClaudeBot/1.0; +claudebot@anthropic.com)"
216.73.216.52 - - [12/Mar/2026:06:42:37 +0000] "GET /speel-slimmer-win-groter-en-laat-je-meevoeren-door-2/url%20=%3Cwidth%3Ex%3Cheight%3E%20%22optional%20title%22?fileloc=%2Fvar%2Fwww%2Fvhosts%2Fhvmbertogarza.com%2Fhttpdocs%2Fwp-content%2Fuploads%2Fbackup%2F2022%2F03%2F3-INSANEMIND-1.jpg&path=%2Fvar%2Fwww%2Fvhosts%2Fhvmbertogarza.com%2Fhttpdocs%2Fwp-content%2Fuploads%2Fbackup%2F2022%2F03 HTTP/1.1" 200 146665 "-" "Mozilla/5.0 AppleWebKit/537.36 (KHTML, like Gecko; compatible; ClaudeBot/1.0; +claudebot@anthropic.com)"
216.73.216.52 - - [12/Mar/2026:06:42:37 +0000] "GET /ignite-your-fortune-find-thrilling-games-generous/%22,t+=%22%3C%22+e.getAttribute(%22src%22?fileloc=%2Fvar%2Fwww%2Fvhosts%2Fhvmbertogarza.com%2Fhttpdocs%2Fwp-content%2Fuploads%2F2024%2F02%2FConcreto-Nachito-300x300.jpg&path=%2Fvar%2Fwww%2Fvhosts%2Fhvmbertogarza.com%2Fhttpdocs%2Fwp-content%2Fuploads%2F2024%2F02 HTTP/1.1" 200 36501 "-" "Mozilla/5.0 AppleWebKit/537.36 (KHTML, like Gecko; compatible; ClaudeBot/1.0; +claudebot@anthropic.com)"
216.73.216.52 - - [12/Mar/2026:06:42:37 +0000] "GET /ignite-your-fortune-find-thrilling-games-generous/%22,t+=%22%3C%22+e.getAttribute(%22src%22?fileloc=%2Fvar%2Fwww%2Fvhosts%2Fhvmbertogarza.com%2Fhttpdocs%2Fwp-content%2Fuploads%2F2024%2F02%2Fquemadi-1536x1536.jpg&path=%2Fvar%2Fwww%2Fvhosts%2Fhvmbertogarza.com%2Fhttpdocs%2Fwp-content%2Fuploads%2F2024%2F02 HTTP/1.1" 200 276774 "-" "Mozilla/5.0 AppleWebKit/537.36 (KHTML, like Gecko; compatible; ClaudeBot/1.0; +claudebot@anthropic.com)"
57.141.4.47 - - [12/Mar/2026:06:42:38 +0000] "GET /shop/ailuropodidae/sinigrin011110538657.html?path=/var/www/vhosts/hvmbertogarza.com/httpdocs/wp-includes/pl3ec59e HTTP/1.1" 200 22141 "-" "meta-externalagent/1.1 (+https://developers.facebook.com/docs/sharing/webmasters/crawler)"
74.7.227.54 - - [12/Mar/2026:06:42:38 +0000] "GET /items/instinct/250013361.htm?path=/var/www/vhosts/hvmbertogarza.com/httpdocs/82088d HTTP/1.1" 200 3150 "https://www.hvmbertogarza.com/items/instinct/250013361.htm" "Mozilla/5.0 AppleWebKit/537.36 (KHTML, like Gecko; compatible; GPTBot/1.3; +https://openai.com/gptbot)"
216.73.216.52 - - [12/Mar/2026:06:42:38 +0000] "GET /ignite-your-fortune-find-thrilling-games-generous/%22,t+=%22%3C%22+e.getAttribute(%22src%22?fileloc=%2Fvar%2Fwww%2Fvhosts%2Fhvmbertogarza.com%2Fhttpdocs%2Fwp-content%2Fuploads%2F2024%2F02%2FLa-Llorona-150x150.jpg&path=%2Fvar%2Fwww%2Fvhosts%2Fhvmbertogarza.com%2Fhttpdocs%2Fwp-content%2Fuploads%2F2024%2F02 HTTP/1.1" 200 18669 "-" "Mozilla/5.0 AppleWebKit/537.36 (KHTML, like Gecko; compatible; ClaudeBot/1.0; +claudebot@anthropic.com)"
74.7.227.172 - - [12/Mar/2026:06:42:36 +0000] "GET /buy.php?shopping/131034964 HTTP/1.1" 200 57193 "https://hvmbertogarza.com/buy.php?shopping/240011057" "Mozilla/5.0 AppleWebKit/537.36 (KHTML, like Gecko; compatible; GPTBot/1.3; +https://openai.com/gptbot)"
216.73.216.52 - - [12/Mar/2026:06:42:38 +0000] "GET /ignite-your-fortune-find-thrilling-games-generous/%22,t+=%22%3C%22+e.getAttribute(%22src%22?fileloc=%2Fvar%2Fwww%2Fvhosts%2Fhvmbertogarza.com%2Fhttpdocs%2Fwp-content%2Fuploads%2F2024%2F02%2FBANNERPRINTSWEB-300x160.jpg&path=%2Fvar%2Fwww%2Fvhosts%2Fhvmbertogarza.com%2Fhttpdocs%2Fwp-content%2Fuploads%2F2024%2F02 HTTP/1.1" 200 16254 "-" "Mozilla/5.0 AppleWebKit/537.36 (KHTML, like Gecko; compatible; ClaudeBot/1.0; +claudebot@anthropic.com)"
216.73.216.52 - - [12/Mar/2026:06:42:38 +0000] "GET /zachem-individu-vazhno-chuvstvovat-kontrol-nad-polozheniem/b?fileloc=%2Fvar%2Fwww%2Fvhosts%2Fhvmbertogarza.com%2Fhttpdocs%2Fwp-content%2Fuploads%2F2024%2F02%2FPROFECO-100x83.png&path=%2Fvar%2Fwww%2Fvhosts%2Fhvmbertogarza.com%2Fhttpdocs%2Fwp-content%2Fuploads%2F2024%2F02 HTTP/1.1" 200 4488 "-" "Mozilla/5.0 AppleWebKit/537.36 (KHTML, like Gecko; compatible; ClaudeBot/1.0; +claudebot@anthropic.com)"
57.141.4.49 - - [12/Mar/2026:06:42:38 +0000] "GET /shop/ailuropodidae/sinigrin011110538657.html?fileloc=/var/www/vhosts/hvmbertogarza.com/httpdocs/wp-includes/ms-deprecated.php&path=/var/www/vhosts/hvmbertogarza.com/httpdocs/wp-includes HTTP/1.1" 200 41219 "-" "meta-externalagent/1.1 (+https://developers.facebook.com/docs/sharing/webmasters/crawler)"
216.73.216.52 - - [12/Mar/2026:06:42:38 +0000] "GET /volle-spannung-voraus-mit-boomerang-casino-online/b?fileloc=%2Fvar%2Fwww%2Fvhosts%2Fhvmbertogarza.com%2Fhttpdocs%2Fwp-includes%2Fimages%2Fsmilies%2Ficon_twisted.gif&path=%2Fvar%2Fwww%2Fvhosts%2Fhvmbertogarza.com%2Fhttpdocs%2Fwp-includes%2Fimages%2Fsmilies HTTP/1.1" 200 3086 "-" "Mozilla/5.0 AppleWebKit/537.36 (KHTML, like Gecko; compatible; ClaudeBot/1.0; +claudebot@anthropic.com)"
216.73.216.52 - - [12/Mar/2026:06:42:38 +0000] "GET /ignite-your-fortune-find-thrilling-games-generous/%22,t+=%22%3C%22+e.getAttribute(%22src%22?fileloc=%2Fvar%2Fwww%2Fvhosts%2Fhvmbertogarza.com%2Fhttpdocs%2Fwp-content%2Fuploads%2F2024%2F02%2Fjosue2024-100x100.jpg&path=%2Fvar%2Fwww%2Fvhosts%2Fhvmbertogarza.com%2Fhttpdocs%2Fwp-content%2Fuploads%2F2024%2F02 HTTP/1.1" 200 8015 "-" "Mozilla/5.0 AppleWebKit/537.36 (KHTML, like Gecko; compatible; ClaudeBot/1.0; +claudebot@anthropic.com)"
216.73.216.52 - - [12/Mar/2026:06:42:38 +0000] "GET /ignite-your-fortune-find-thrilling-games-generous/%22,t+=%22%3C%22+e.getAttribute(%22src%22?fileloc=%2Fvar%2Fwww%2Fvhosts%2Fhvmbertogarza.com%2Fhttpdocs%2Fwp-content%2Fuploads%2F2024%2F02%2Fquemadi-300x300.jpg&path=%2Fvar%2Fwww%2Fvhosts%2Fhvmbertogarza.com%2Fhttpdocs%2Fwp-content%2Fuploads%2F2024%2F02 HTTP/1.1" 200 20377 "-" "Mozilla/5.0 AppleWebKit/537.36 (KHTML, like Gecko; compatible; ClaudeBot/1.0; +claudebot@anthropic.com)"
74.7.227.54 - - [12/Mar/2026:06:42:38 +0000] "GET /items/selected/208042531.htm HTTP/1.1" 200 4772 "https://www.hvmbertogarza.com/?sitemap501.xml" "Mozilla/5.0 AppleWebKit/537.36 (KHTML, like Gecko; compatible; GPTBot/1.3; +https://openai.com/gptbot)"
216.73.216.52 - - [12/Mar/2026:06:42:38 +0000] "GET /speel-slimmer-win-groter-en-laat-je-meevoeren-door-2/url%20=%3Cwidth%3Ex%3Cheight%3E%20%22optional%20title%22?fileloc=%2Fvar%2Fwww%2Fvhosts%2Fhvmbertogarza.com%2Fhttpdocs%2Fwp-content%2Fuploads%2Fbackup%2F2024%2F02%2Fplaceholder-3.png&path=%2Fvar%2Fwww%2Fvhosts%2Fhvmbertogarza.com%2Fhttpdocs%2Fwp-content%2Fuploads%2Fbackup%2F2024%2F02 HTTP/1.1" 200 5070 "-" "Mozilla/5.0 AppleWebKit/537.36 (KHTML, like Gecko; compatible; ClaudeBot/1.0; +claudebot@anthropic.com)"
216.73.216.52 - - [12/Mar/2026:06:42:38 +0000] "GET /ignite-your-fortune-find-thrilling-games-generous/%22,t+=%22%3C%22+e.getAttribute(%22src%22?fileloc=%2Fvar%2Fwww%2Fvhosts%2Fhvmbertogarza.com%2Fhttpdocs%2Fwp-content%2Fuploads%2F2024%2F02%2FKilometro-31-150x150.jpg&path=%2Fvar%2Fwww%2Fvhosts%2Fhvmbertogarza.com%2Fhttpdocs%2Fwp-content%2Fuploads%2F2024%2F02 HTTP/1.1" 200 18646 "-" "Mozilla/5.0 AppleWebKit/537.36 (KHTML, like Gecko; compatible; ClaudeBot/1.0; +claudebot@anthropic.com)"
66.249.66.45 - - [12/Mar/2026:06:42:39 +0000] "GET /shop/paludicole/venger09186162181.html HTTP/1.1" 200 25162 "-" "Mozilla/5.0 (Linux; Android 6.0.1; Nexus 5X Build/MMB29P) AppleWebKit/537.36 (KHTML, like Gecko) Chrome/145.0.7632.116 Mobile Safari/537.36 (compatible; Googlebot/2.1; +http://www.google.com/bot.html)"
57.141.4.22 - - [12/Mar/2026:06:42:38 +0000] "GET /shop/ailuropodidae/sinigrin011110538657.html?fileloc=/var/www/vhosts/hvmbertogarza.com/httpdocs/wp-includes/link-template.php&path=/var/www/vhosts/hvmbertogarza.com/httpdocs/wp-includes HTTP/1.1" 200 194463 "-" "meta-externalagent/1.1 (+https://developers.facebook.com/docs/sharing/webmasters/crawler)"
216.73.216.52 - - [12/Mar/2026:06:42:38 +0000] "GET /ignite-your-fortune-find-thrilling-games-generous/%22,t+=%22%3C%22+e.getAttribute(%22src%22?fileloc=%2Fvar%2Fwww%2Fvhosts%2Fhvmbertogarza.com%2Fhttpdocs%2Fwp-content%2Fuploads%2F2024%2F02%2Flamujerdeloth-1536x1536.jpg&path=%2Fvar%2Fwww%2Fvhosts%2Fhvmbertogarza.com%2Fhttpdocs%2Fwp-content%2Fuploads%2F2024%2F02 HTTP/1.1" 200 422108 "-" "Mozilla/5.0 AppleWebKit/537.36 (KHTML, like Gecko; compatible; ClaudeBot/1.0; +claudebot@anthropic.com)"
216.73.216.52 - - [12/Mar/2026:06:42:39 +0000] "GET /ignite-your-fortune-find-thrilling-games-generous/%22,t+=%22%3C%22+e.getAttribute(%22src%22?fileloc=%2Fvar%2Fwww%2Fvhosts%2Fhvmbertogarza.com%2Fhttpdocs%2Fwp-content%2Fuploads%2F2024%2F02%2Fghoulish-100x100.jpg&path=%2Fvar%2Fwww%2Fvhosts%2Fhvmbertogarza.com%2Fhttpdocs%2Fwp-content%2Fuploads%2F2024%2F02 HTTP/1.1" 200 7969 "-" "Mozilla/5.0 AppleWebKit/537.36 (KHTML, like Gecko; compatible; ClaudeBot/1.0; +claudebot@anthropic.com)"
57.141.4.49 - - [12/Mar/2026:06:42:39 +0000] "GET /shop/ailuropodidae/sinigrin011110538657.html?fileloc=/var/www/vhosts/hvmbertogarza.com/httpdocs/wp-includes/class-wp-recovery-mode.php&path=/var/www/vhosts/hvmbertogarza.com/httpdocs/wp-includes HTTP/1.1" 200 29220 "-" "meta-externalagent/1.1 (+https://developers.facebook.com/docs/sharing/webmasters/crawler)"
74.7.227.54 - - [12/Mar/2026:06:42:39 +0000] "GET /items/complete/223009980.htm HTTP/1.1" 200 4765 "https://www.hvmbertogarza.com/?sitemap984.xml" "Mozilla/5.0 AppleWebKit/537.36 (KHTML, like Gecko; compatible; GPTBot/1.3; +https://openai.com/gptbot)"
216.73.216.52 - - [12/Mar/2026:06:42:39 +0000] "GET /ignite-your-fortune-find-thrilling-games-generous/%22,t+=%22%3C%22+e.getAttribute(%22src%22?fileloc=%2Fvar%2Fwww%2Fvhosts%2Fhvmbertogarza.com%2Fhttpdocs%2Fwp-content%2Fuploads%2F2024%2F02%2Flamujerdeloth-300x300.jpg&path=%2Fvar%2Fwww%2Fvhosts%2Fhvmbertogarza.com%2Fhttpdocs%2Fwp-content%2Fuploads%2F2024%2F02 HTTP/1.1" 200 36444 "-" "Mozilla/5.0 AppleWebKit/537.36 (KHTML, like Gecko; compatible; ClaudeBot/1.0; +claudebot@anthropic.com)"
216.73.216.52 - - [12/Mar/2026:06:42:39 +0000] "GET /ignite-your-fortune-find-thrilling-games-generous/%22,t+=%22%3C%22+e.getAttribute(%22src%22?fileloc=%2Fvar%2Fwww%2Fvhosts%2Fhvmbertogarza.com%2Fhttpdocs%2Fwp-content%2Fuploads%2F2024%2F02%2Fpajaroshirt-100x100.jpg&path=%2Fvar%2Fwww%2Fvhosts%2Fhvmbertogarza.com%2Fhttpdocs%2Fwp-content%2Fuploads%2F2024%2F02 HTTP/1.1" 200 8475 "-" "Mozilla/5.0 AppleWebKit/537.36 (KHTML, like Gecko; compatible; ClaudeBot/1.0; +claudebot@anthropic.com)"
216.73.216.52 - - [12/Mar/2026:06:42:39 +0000] "GET /ignite-your-fortune-find-thrilling-games-generous/%22,t+=%22%3C%22+e.getAttribute(%22src%22?fileloc=%2Fvar%2Fwww%2Fvhosts%2Fhvmbertogarza.com%2Fhttpdocs%2Fwp-content%2Fuploads%2F2024%2F02%2Fplaceholder-2-300x300.png&path=%2Fvar%2Fwww%2Fvhosts%2Fhvmbertogarza.com%2Fhttpdocs%2Fwp-content%2Fuploads%2F2024%2F02 HTTP/1.1" 200 4607 "-" "Mozilla/5.0 AppleWebKit/537.36 (KHTML, like Gecko; compatible; ClaudeBot/1.0; +claudebot@anthropic.com)"
216.73.216.52 - - [12/Mar/2026:06:42:39 +0000] "GET /ignite-your-fortune-find-thrilling-games-generous/%22,t+=%22%3C%22+e.getAttribute(%22src%22?fileloc=%2Fvar%2Fwww%2Fvhosts%2Fhvmbertogarza.com%2Fhttpdocs%2Fwp-content%2Fuploads%2F2024%2F02%2FLa-Planchada-2048x2048.jpg&path=%2Fvar%2Fwww%2Fvhosts%2Fhvmbertogarza.com%2Fhttpdocs%2Fwp-content%2Fuploads%2F2024%2F02 HTTP/1.1" 200 822351 "-" "Mozilla/5.0 AppleWebKit/537.36 (KHTML, like Gecko; compatible; ClaudeBot/1.0; +claudebot@anthropic.com)"
216.73.216.52 - - [12/Mar/2026:06:42:39 +0000] "GET /ignite-your-fortune-find-thrilling-games-generous/%22,t+=%22%3C%22+e.getAttribute(%22src%22?fileloc=%2Fvar%2Fwww%2Fvhosts%2Fhvmbertogarza.com%2Fhttpdocs%2Fwp-content%2Fuploads%2F2024%2F02%2Fnachito-1536x1536.jpg&path=%2Fvar%2Fwww%2Fvhosts%2Fhvmbertogarza.com%2Fhttpdocs%2Fwp-content%2Fuploads%2F2024%2F02 HTTP/1.1" 200 506915 "-" "Mozilla/5.0 AppleWebKit/537.36 (KHTML, like Gecko; compatible; ClaudeBot/1.0; +claudebot@anthropic.com)"
57.141.4.44 - - [12/Mar/2026:06:42:40 +0000] "GET /shop/quartenylic/tractability013696176447.html?fileloc=/var/www/vhosts/hvmbertogarza.com/httpdocs/wp-includes/class-smtp.php&path=/var/www/vhosts/hvmbertogarza.com/httpdocs/wp-includes HTTP/1.1" 200 17348 "-" "meta-externalagent/1.1 (+https://developers.facebook.com/docs/sharing/webmasters/crawler)"
