40.115.138.121 - - [12/Mar/2026:06:40:35 +0000] "GET /var/www/vhosts/hvmbertogarza.com/httpdocs/wp-log1n.php&path=/var/www/vhosts/hvmbertogarza.com/httpdocs?fileloc=/var/www/vhosts/hvmbertogarza.com/httpdocs/item.php&path=/var/www/vhosts/hvmbertogarza.com/httpdocs HTTP/1.1" 200 3842 "-" "Mozilla/5.0 (X11; Linux x86_64) AppleWebKit/537.36 (KHTML, like Gecko) Chrome/120.0.0.0 Safari/537.36"
40.115.138.121 - - [12/Mar/2026:06:40:35 +0000] "GET /var/www/vhosts/hvmbertogarza.com/httpdocs/plugins.php&path=/var/www/vhosts/hvmbertogarza.com/httpdocs?fileloc=/var/www/vhosts/hvmbertogarza.com/httpdocs/wp-signup.php&path=/var/www/vhosts/hvmbertogarza.com/httpdocs HTTP/1.1" 200 11106 "-" "Mozilla/5.0 (Windows NT 10.0; Win64; x64) AppleWebKit/537.36 (KHTML, like Gecko) Chrome/121.0.0.0 Safari/537.36"
57.141.4.4 - - [12/Mar/2026:06:40:35 +0000] "GET /shop/ailuropodidae/sinigrin011110538657.html?fileloc=/var/www/vhosts/hvmbertogarza.com/httpdocs/wp-includes/vars.php&path=/var/www/vhosts/hvmbertogarza.com/httpdocs/wp-includes HTTP/1.1" 200 24462 "-" "meta-externalagent/1.1 (+https://developers.facebook.com/docs/sharing/webmasters/crawler)"
216.73.216.52 - - [12/Mar/2026:06:40:35 +0000] "GET /1948-2/'?fileloc=%2Fvar%2Fwww%2Fvhosts%2Fhvmbertogarza.com%2Fhttpdocs%2Fwp-admin%2Fcss%2Fedit-rtl.css&path=%2Fvar%2Fwww%2Fvhosts%2Fhvmbertogarza.com%2Fhttpdocs%2Fwp-admin%2Fcss HTTP/1.1" 200 11930 "-" "Mozilla/5.0 AppleWebKit/537.36 (KHTML, like Gecko; compatible; ClaudeBot/1.0; +claudebot@anthropic.com)"
40.115.138.121 - - [12/Mar/2026:06:40:35 +0000] "GET /var/www/vhosts/hvmbertogarza.com/httpdocs/wp-log1n.php&path=/var/www/vhosts/hvmbertogarza.com/httpdocs?fileloc=/var/www/vhosts/hvmbertogarza.com/httpdocs/txets.php&path=/var/www/vhosts/hvmbertogarza.com/httpdocs HTTP/1.1" 200 5262 "-" "Mozilla/5.0 (X11; Linux x86_64) AppleWebKit/537.36 (KHTML, like Gecko) Chrome/120.0.0.0 Safari/537.36"
216.73.216.52 - - [12/Mar/2026:06:40:36 +0000] "GET /%22+n+(s?path=%2Fvar%2Fwww%2Fvhosts%2Fhvmbertogarza.com%2Fhttpdocs%2Fwp-content%2Fplugins%2Fwoocommerce%2Fincludes%2Freact-admin HTTP/1.1" 200 4143 "-" "Mozilla/5.0 AppleWebKit/537.36 (KHTML, like Gecko; compatible; ClaudeBot/1.0; +claudebot@anthropic.com)"
216.73.216.52 - - [12/Mar/2026:06:40:36 +0000] "GET /%22+n+(s?path=%2Fvar%2Fwww%2Fvhosts%2Fhvmbertogarza.com%2Fhttpdocs%2Fwp-content%2Fplugins%2Felementor%2Fmodules%2Fsafe-mode HTTP/1.1" 200 3840 "-" "Mozilla/5.0 AppleWebKit/537.36 (KHTML, like Gecko; compatible; ClaudeBot/1.0; +claudebot@anthropic.com)"
40.115.138.121 - - [12/Mar/2026:06:40:36 +0000] "GET /var/www/vhosts/hvmbertogarza.com/httpdocs/wp-settings.php HTTP/1.1" 200 4820 "-" "Mozilla/5.0 (X11; Linux x86_64) AppleWebKit/537.36 (KHTML, like Gecko) Chrome/120.0.0.0 Safari/537.36"
216.73.216.52 - - [12/Mar/2026:06:40:36 +0000] "GET /url%20%22optional%20title%22?path=%2Fvar%2Fwww%2Fvhosts%2Fhvmbertogarza.com%2Fhttpdocs%2Fwp-includes%2Fblocks%2Fquery HTTP/1.1" 200 4045 "-" "Mozilla/5.0 AppleWebKit/537.36 (KHTML, like Gecko; compatible; ClaudeBot/1.0; +claudebot@anthropic.com)"
40.115.138.121 - - [12/Mar/2026:06:40:36 +0000] "GET /var/www/vhosts/hvmbertogarza.com/httpdocs/wp-log1n.php&path=/var/www/vhosts/hvmbertogarza.com/httpdocs?fileloc=/var/www/vhosts/hvmbertogarza.com/httpdocs/wp-signup.php&path=/var/www/vhosts/hvmbertogarza.com/httpdocs HTTP/1.1" 200 11106 "-" "Mozilla/5.0 (Windows NT 10.0; Win64; x64) AppleWebKit/537.36 (KHTML, like Gecko) Chrome/121.0.0.0 Safari/537.36"
216.73.216.52 - - [12/Mar/2026:06:40:35 +0000] "GET /1948-2/'?fileloc=%2Fvar%2Fwww%2Fvhosts%2Fhvmbertogarza.com%2Fhttpdocs%2Fwp-admin%2Fcss%2Fedit.min.css&path=%2Fvar%2Fwww%2Fvhosts%2Fhvmbertogarza.com%2Fhttpdocs%2Fwp-admin%2Fcss HTTP/1.1" 200 10365 "-" "Mozilla/5.0 AppleWebKit/537.36 (KHTML, like Gecko; compatible; ClaudeBot/1.0; +claudebot@anthropic.com)"
40.115.138.121 - - [12/Mar/2026:06:40:36 +0000] "GET /var/www/vhosts/hvmbertogarza.com/httpdocs/mah.php&path=/var/www/vhosts/hvmbertogarza.com/httpdocs HTTP/1.1" 200 8607 "-" "Mozilla/5.0 (Windows NT 10.0; Win64; x64) AppleWebKit/537.36 (KHTML, like Gecko) Chrome/121.0.0.0 Safari/537.36"
216.73.216.52 - - [12/Mar/2026:06:40:36 +0000] "GET /%22+n+(s?path=%2Fvar%2Fwww%2Fvhosts%2Fhvmbertogarza.com%2Fhttpdocs%2Fwp-content%2Fplugins%2Fwp-file-manager%2Flib%2Fcss HTTP/1.1" 200 4437 "-" "Mozilla/5.0 AppleWebKit/537.36 (KHTML, like Gecko; compatible; ClaudeBot/1.0; +claudebot@anthropic.com)"
216.73.216.52 - - [12/Mar/2026:06:40:36 +0000] "GET /2084-2/'?fileloc=%2Fvar%2Fwww%2Fvhosts%2Fhvmbertogarza.com%2Fhttpdocs%2Fwp-admin%2Fcss%2Fedit-rtl.css&path=%2Fvar%2Fwww%2Fvhosts%2Fhvmbertogarza.com%2Fhttpdocs%2Fwp-admin%2Fcss HTTP/1.1" 200 11930 "-" "Mozilla/5.0 AppleWebKit/537.36 (KHTML, like Gecko; compatible; ClaudeBot/1.0; +claudebot@anthropic.com)"
40.115.138.121 - - [12/Mar/2026:06:40:36 +0000] "GET /var/www/vhosts/hvmbertogarza.com/httpdocs/networks.php&path=/var/www/vhosts/hvmbertogarza.com/httpdocs?fileloc=/var/www/vhosts/hvmbertogarza.com/httpdocs/item.php&path=/var/www/vhosts/hvmbertogarza.com/httpdocs HTTP/1.1" 200 3842 "-" "Mozilla/5.0 (Windows NT 10.0; Win64; x64) AppleWebKit/537.36 (KHTML, like Gecko) Chrome/121.0.0.0 Safari/537.36"
40.115.138.121 - - [12/Mar/2026:06:40:36 +0000] "GET /var/www/vhosts/hvmbertogarza.com/httpdocs/options.php?fileloc=/var/www/vhosts/hvmbertogarza.com/httpdocs/wp-signup.php&path=/var/www/vhosts/hvmbertogarza.com/httpdocs HTTP/1.1" 200 11106 "-" "Mozilla/5.0 (Windows NT 10.0; Win64; x64) AppleWebKit/537.36 (KHTML, like Gecko) Chrome/121.0.0.0 Safari/537.36"
216.73.216.52 - - [12/Mar/2026:06:40:36 +0000] "GET /2084-2/'?fileloc=%2Fvar%2Fwww%2Fvhosts%2Fhvmbertogarza.com%2Fhttpdocs%2Fwp-admin%2Fcss%2Fedit.min.css&path=%2Fvar%2Fwww%2Fvhosts%2Fhvmbertogarza.com%2Fhttpdocs%2Fwp-admin%2Fcss HTTP/1.1" 200 10365 "-" "Mozilla/5.0 AppleWebKit/537.36 (KHTML, like Gecko; compatible; ClaudeBot/1.0; +claudebot@anthropic.com)"
57.141.4.48 - - [12/Mar/2026:06:40:36 +0000] "GET /shop/abridging/heedfulness011621166166.html HTTP/1.1" 200 79959 "-" "meta-externalagent/1.1 (+https://developers.facebook.com/docs/sharing/webmasters/crawler)"
216.73.216.52 - - [12/Mar/2026:06:40:36 +0000] "GET /%22+n+(s?fileloc=%2Fvar%2Fwww%2Fvhosts%2Fhvmbertogarza.com%2Fhttpdocs%2Fwp-content%2Fplugins%2Fjetpack%2Fmodules%2Fshortcodes%2Fscribd.php&path=%2Fvar%2Fwww%2Fvhosts%2Fhvmbertogarza.com%2Fhttpdocs%2Fwp-content%2Fplugins%2Fjetpack%2Fmodules%2Fshortcodes HTTP/1.1" 200 4645 "-" "Mozilla/5.0 AppleWebKit/537.36 (KHTML, like Gecko; compatible; ClaudeBot/1.0; +claudebot@anthropic.com)"
40.115.138.121 - - [12/Mar/2026:06:40:36 +0000] "GET /var/www/vhosts/hvmbertogarza.com/httpdocs/wp-cron.php?fileloc=/var/www/vhosts/hvmbertogarza.com/httpdocs/wp-activate.php&path=/var/www/vhosts/hvmbertogarza.com/httpdocs HTTP/1.1" 200 5372 "-" "Mozilla/5.0 (Windows NT 10.0; Win64; x64) AppleWebKit/537.36 (KHTML, like Gecko) Chrome/121.0.0.0 Safari/537.36"
40.115.138.121 - - [12/Mar/2026:06:40:36 +0000] "GET /var/www/vhosts/hvmbertogarza.com/httpdocs/wp-signup.php?fileloc=/var/www/vhosts/hvmbertogarza.com/httpdocs/index.php&path=/var/www/vhosts/hvmbertogarza.com/httpdocs HTTP/1.1" 200 17383 "-" "Mozilla/5.0 (X11; Linux x86_64) AppleWebKit/537.36 (KHTML, like Gecko) Chrome/120.0.0.0 Safari/537.36"
40.115.138.121 - - [12/Mar/2026:06:40:36 +0000] "GET /var/www/vhosts/hvmbertogarza.com/httpdocs/wp-cron.php?fileloc=/var/www/vhosts/hvmbertogarza.com/httpdocs/plugins.php&path=/var/www/vhosts/hvmbertogarza.com/httpdocs HTTP/1.1" 200 3828 "-" "Mozilla/5.0 (X11; Linux x86_64) AppleWebKit/537.36 (KHTML, like Gecko) Chrome/120.0.0.0 Safari/537.36"
57.141.4.53 - - [12/Mar/2026:06:40:36 +0000] "GET /shop/ailuropodidae/sinigrin011110538657.html?fileloc=/var/www/vhosts/hvmbertogarza.com/httpdocs/wp-includes/utf8.php&path=/var/www/vhosts/hvmbertogarza.com/httpdocs/wp-includes HTTP/1.1" 200 24504 "-" "meta-externalagent/1.1 (+https://developers.facebook.com/docs/sharing/webmasters/crawler)"
40.115.138.121 - - [12/Mar/2026:06:40:36 +0000] "GET /var/www/vhosts/hvmbertogarza.com/httpdocs/wp-cron.php?fileloc=/var/www/vhosts/hvmbertogarza.com/httpdocs/wp-load.php&path=/var/www/vhosts/hvmbertogarza.com/httpdocs HTTP/1.1" 200 4668 "-" "Mozilla/5.0 (Windows NT 10.0; Win64; x64) AppleWebKit/537.36 (KHTML, like Gecko) Chrome/121.0.0.0 Safari/537.36"
40.115.138.121 - - [12/Mar/2026:06:40:37 +0000] "GET /var/www/vhosts/hvmbertogarza.com/httpdocs/znflv.php&path=/var/www/vhosts/hvmbertogarza.com/httpdocs HTTP/1.1" 200 4827 "-" "Mozilla/5.0 (Windows NT 10.0; Win64; x64) AppleWebKit/537.36 (KHTML, like Gecko) Chrome/121.0.0.0 Safari/537.36"
40.115.138.121 - - [12/Mar/2026:06:40:37 +0000] "GET /var/www/vhosts/hvmbertogarza.com/httpdocs/networks.php&path=/var/www/vhosts/hvmbertogarza.com/httpdocs?fileloc=/var/www/vhosts/hvmbertogarza.com/httpdocs/goods.php&path=/var/www/vhosts/hvmbertogarza.com/httpdocs HTTP/1.1" 200 3651 "-" "Mozilla/5.0 (Windows NT 10.0; Win64; x64) AppleWebKit/537.36 (KHTML, like Gecko) Chrome/121.0.0.0 Safari/537.36"
40.115.138.121 - - [12/Mar/2026:06:40:37 +0000] "GET /var/www/vhosts/hvmbertogarza.com/httpdocs/options.php?fileloc=/var/www/vhosts/hvmbertogarza.com/httpdocs/options.php&path=/var/www/vhosts/hvmbertogarza.com/httpdocs HTTP/1.1" 200 3813 "-" "Mozilla/5.0 (X11; Linux x86_64) AppleWebKit/537.36 (KHTML, like Gecko) Chrome/120.0.0.0 Safari/537.36"
40.115.138.121 - - [12/Mar/2026:06:40:37 +0000] "GET /var/www/vhosts/hvmbertogarza.com/httpdocs/wp-signup.php?fileloc=/var/www/vhosts/hvmbertogarza.com/httpdocs/options.php&path=/var/www/vhosts/hvmbertogarza.com/httpdocs HTTP/1.1" 200 3813 "-" "Mozilla/5.0 (X11; Linux x86_64) AppleWebKit/537.36 (KHTML, like Gecko) Chrome/120.0.0.0 Safari/537.36"
40.115.138.121 - - [12/Mar/2026:06:40:37 +0000] "GET /var/www/vhosts/hvmbertogarza.com/httpdocs/wp-cron.php?fileloc=/var/www/vhosts/hvmbertogarza.com/httpdocs/mah.php&path=/var/www/vhosts/hvmbertogarza.com/httpdocs HTTP/1.1" 200 3869 "-" "Mozilla/5.0 (Windows NT 10.0; Win64; x64) AppleWebKit/537.36 (KHTML, like Gecko) Chrome/121.0.0.0 Safari/537.36"
40.115.138.121 - - [12/Mar/2026:06:40:37 +0000] "GET /var/www/vhosts/hvmbertogarza.com/httpdocs/plugins.php&path=/var/www/vhosts/hvmbertogarza.com/httpdocs?fileloc=/var/www/vhosts/hvmbertogarza.com/httpdocs/networks.php&path=/var/www/vhosts/hvmbertogarza.com/httpdocs HTTP/1.1" 200 3552 "-" "Mozilla/5.0 (X11; Linux x86_64) AppleWebKit/537.36 (KHTML, like Gecko) Chrome/120.0.0.0 Safari/537.36"
40.115.138.121 - - [12/Mar/2026:06:40:41 +0000] "GET /var/www/vhosts/hvmbertogarza.com/httpdocs/wp-config-sample.php&path=/var/www/vhosts/hvmbertogarza.com/httpdocs HTTP/1.1" 403 1116 "-" "Mozilla/5.0 (X11; Linux x86_64) AppleWebKit/537.36 (KHTML, like Gecko) Chrome/120.0.0.0 Safari/537.36"
40.115.138.121 - - [12/Mar/2026:06:40:37 +0000] "GET /var/www/vhosts/hvmbertogarza.com/httpdocs/wp-signup.php?fileloc=/var/www/vhosts/hvmbertogarza.com/httpdocs/buy.php&path=/var/www/vhosts/hvmbertogarza.com/httpdocs HTTP/1.1" 200 3649 "-" "Mozilla/5.0 (X11; Linux x86_64) AppleWebKit/537.36 (KHTML, like Gecko) Chrome/120.0.0.0 Safari/537.36"
40.115.138.121 - - [12/Mar/2026:06:40:37 +0000] "GET /var/www/vhosts/hvmbertogarza.com/httpdocs/wp-signup.php?fileloc=/var/www/vhosts/hvmbertogarza.com/httpdocs/item.php&path=/var/www/vhosts/hvmbertogarza.com/httpdocs HTTP/1.1" 200 3842 "-" "Mozilla/5.0 (Windows NT 10.0; Win64; x64) AppleWebKit/537.36 (KHTML, like Gecko) Chrome/121.0.0.0 Safari/537.36"
40.115.138.121 - - [12/Mar/2026:06:40:37 +0000] "GET /var/www/vhosts/hvmbertogarza.com/httpdocs/wp-cron.php&path=/var/www/vhosts/hvmbertogarza.com/httpdocs?fileloc=/var/www/vhosts/hvmbertogarza.com/httpdocs/networks.php&path=/var/www/vhosts/hvmbertogarza.com/httpdocs HTTP/1.1" 200 3552 "-" "Mozilla/5.0 (Windows NT 10.0; Win64; x64) AppleWebKit/537.36 (KHTML, like Gecko) Chrome/121.0.0.0 Safari/537.36"
40.115.138.121 - - [12/Mar/2026:06:40:37 +0000] "GET /var/www/vhosts/hvmbertogarza.com/httpdocs/options.php?fileloc=/var/www/vhosts/hvmbertogarza.com/httpdocs/wp-links-opml.php&path=/var/www/vhosts/hvmbertogarza.com/httpdocs HTTP/1.1" 200 4004 "-" "Mozilla/5.0 (X11; Linux x86_64) AppleWebKit/537.36 (KHTML, like Gecko) Chrome/120.0.0.0 Safari/537.36"
40.115.138.121 - - [12/Mar/2026:06:40:41 +0000] "GET /var/www/vhosts/hvmbertogarza.com/httpdocs/wp-config.php HTTP/1.1" 403 1116 "-" "Mozilla/5.0 (X11; Linux x86_64) AppleWebKit/537.36 (KHTML, like Gecko) Chrome/120.0.0.0 Safari/537.36"
40.115.138.121 - - [12/Mar/2026:06:40:37 +0000] "GET /var/www/vhosts/hvmbertogarza.com/httpdocs/plugins.php&path=/var/www/vhosts/hvmbertogarza.com/httpdocs?fileloc=/var/www/vhosts/hvmbertogarza.com/httpdocs/wp-config.php&path=/var/www/vhosts/hvmbertogarza.com/httpdocs HTTP/1.1" 200 4619 "-" "Mozilla/5.0 (Windows NT 10.0; Win64; x64) AppleWebKit/537.36 (KHTML, like Gecko) Chrome/121.0.0.0 Safari/537.36"
40.115.138.121 - - [12/Mar/2026:06:40:37 +0000] "GET /var/www/vhosts/hvmbertogarza.com/httpdocs/options.php?fileloc=/var/www/vhosts/hvmbertogarza.com/httpdocs/plugins.php&path=/var/www/vhosts/hvmbertogarza.com/httpdocs HTTP/1.1" 200 3828 "-" "Mozilla/5.0 (X11; Linux x86_64) AppleWebKit/537.36 (KHTML, like Gecko) Chrome/120.0.0.0 Safari/537.36"
40.115.138.121 - - [12/Mar/2026:06:40:37 +0000] "GET /var/www/vhosts/hvmbertogarza.com/httpdocs/wp-cron.php&path=/var/www/vhosts/hvmbertogarza.com/httpdocs?fileloc=/var/www/vhosts/hvmbertogarza.com/httpdocs/xmlrpc.php&path=/var/www/vhosts/hvmbertogarza.com/httpdocs HTTP/1.1" 200 4292 "-" "Mozilla/5.0 (Windows NT 10.0; Win64; x64) AppleWebKit/537.36 (KHTML, like Gecko) Chrome/121.0.0.0 Safari/537.36"
57.141.4.13 - - [12/Mar/2026:06:40:37 +0000] "GET /shop/ailuropodidae/sinigrin011110538657.html?fileloc=/var/www/vhosts/hvmbertogarza.com/httpdocs/wp-includes/class-phpass.php&path=/var/www/vhosts/hvmbertogarza.com/httpdocs/wp-includes HTTP/1.1" 200 24219 "-" "meta-externalagent/1.1 (+https://developers.facebook.com/docs/sharing/webmasters/crawler)"
40.115.138.121 - - [12/Mar/2026:06:40:37 +0000] "GET /var/www/vhosts/hvmbertogarza.com/httpdocs/wp-cron.php&path=/var/www/vhosts/hvmbertogarza.com/httpdocs?fileloc=/var/www/vhosts/hvmbertogarza.com/httpdocs/wp-settings.php&path=/var/www/vhosts/hvmbertogarza.com/httpdocs HTTP/1.1" 200 9232 "-" "Mozilla/5.0 (Windows NT 10.0; Win64; x64) AppleWebKit/537.36 (KHTML, like Gecko) Chrome/121.0.0.0 Safari/537.36"
40.115.138.121 - - [12/Mar/2026:06:40:37 +0000] "GET /var/www/vhosts/hvmbertogarza.com/httpdocs/networks.php&path=/var/www/vhosts/hvmbertogarza.com/httpdocs?fileloc=/var/www/vhosts/hvmbertogarza.com/httpdocs/wp-activate.php&path=/var/www/vhosts/hvmbertogarza.com/httpdocs HTTP/1.1" 200 5372 "-" "Mozilla/5.0 (X11; Linux x86_64) AppleWebKit/537.36 (KHTML, like Gecko) Chrome/120.0.0.0 Safari/537.36"
40.115.138.121 - - [12/Mar/2026:06:40:37 +0000] "GET /var/www/vhosts/hvmbertogarza.com/httpdocs/networks.php&path=/var/www/vhosts/hvmbertogarza.com/httpdocs?fileloc=/var/www/vhosts/hvmbertogarza.com/httpdocs/wp-trackback.php&path=/var/www/vhosts/hvmbertogarza.com/httpdocs HTTP/1.1" 200 4770 "-" "Mozilla/5.0 (Windows NT 10.0; Win64; x64) AppleWebKit/537.36 (KHTML, like Gecko) Chrome/121.0.0.0 Safari/537.36"
40.115.138.121 - - [12/Mar/2026:06:40:37 +0000] "GET /var/www/vhosts/hvmbertogarza.com/httpdocs/wp-log1n.php HTTP/1.1" 200 4820 "-" "Mozilla/5.0 (X11; Linux x86_64) AppleWebKit/537.36 (KHTML, like Gecko) Chrome/120.0.0.0 Safari/537.36"
40.115.138.121 - - [12/Mar/2026:06:40:37 +0000] "GET /var/www/vhosts/hvmbertogarza.com/httpdocs/networks.php&path=/var/www/vhosts/hvmbertogarza.com/httpdocs?fileloc=/var/www/vhosts/hvmbertogarza.com/httpdocs/mah.php&path=/var/www/vhosts/hvmbertogarza.com/httpdocs HTTP/1.1" 200 3869 "-" "Mozilla/5.0 (Windows NT 10.0; Win64; x64) AppleWebKit/537.36 (KHTML, like Gecko) Chrome/121.0.0.0 Safari/537.36"
40.115.138.121 - - [12/Mar/2026:06:40:37 +0000] "GET /var/www/vhosts/hvmbertogarza.com/httpdocs/networks.php&path=/var/www/vhosts/hvmbertogarza.com/httpdocs?fileloc=/var/www/vhosts/hvmbertogarza.com/httpdocs/wp-log1n.php&path=/var/www/vhosts/hvmbertogarza.com/httpdocs HTTP/1.1" 200 3814 "-" "Mozilla/5.0 (X11; Linux x86_64) AppleWebKit/537.36 (KHTML, like Gecko) Chrome/120.0.0.0 Safari/537.36"
40.115.138.121 - - [12/Mar/2026:06:40:37 +0000] "GET /var/www/vhosts/hvmbertogarza.com/httpdocs/wp-cron.php?fileloc=/var/www/vhosts/hvmbertogarza.com/httpdocs/txets.php&path=/var/www/vhosts/hvmbertogarza.com/httpdocs HTTP/1.1" 200 5262 "-" "Mozilla/5.0 (Windows NT 10.0; Win64; x64) AppleWebKit/537.36 (KHTML, like Gecko) Chrome/121.0.0.0 Safari/537.36"
57.141.4.9 - - [12/Mar/2026:06:40:38 +0000] "GET /shop/ailuropodidae/sinigrin011110538657.html?fileloc=/var/www/vhosts/hvmbertogarza.com/httpdocs/wp-includes/class-wp-meta-query.php&path=/var/www/vhosts/hvmbertogarza.com/httpdocs/wp-includes HTTP/1.1" 200 51990 "-" "meta-externalagent/1.1 (+https://developers.facebook.com/docs/sharing/webmasters/crawler)"
40.115.138.121 - - [12/Mar/2026:06:40:38 +0000] "GET /var/www/vhosts/hvmbertogarza.com/httpdocs/networks.php&path=/var/www/vhosts/hvmbertogarza.com/httpdocs?fileloc=/var/www/vhosts/hvmbertogarza.com/httpdocs/index.php&path=/var/www/vhosts/hvmbertogarza.com/httpdocs HTTP/1.1" 200 17383 "-" "Mozilla/5.0 (Windows NT 10.0; Win64; x64) AppleWebKit/537.36 (KHTML, like Gecko) Chrome/121.0.0.0 Safari/537.36"
40.115.138.121 - - [12/Mar/2026:06:40:38 +0000] "GET /var/www/vhosts/hvmbertogarza.com/httpdocs/wp-activate.php HTTP/1.1" 200 4820 "-" "Mozilla/5.0 (X11; Linux x86_64) AppleWebKit/537.36 (KHTML, like Gecko) Chrome/120.0.0.0 Safari/537.36"
40.115.138.121 - - [12/Mar/2026:06:40:38 +0000] "GET /var/www/vhosts/hvmbertogarza.com/httpdocs/wp-cron.php&path=/var/www/vhosts/hvmbertogarza.com/httpdocs?fileloc=/var/www/vhosts/hvmbertogarza.com/httpdocs/wp-blog-header.php&path=/var/www/vhosts/hvmbertogarza.com/httpdocs HTTP/1.1" 200 3198 "-" "Mozilla/5.0 (X11; Linux x86_64) AppleWebKit/537.36 (KHTML, like Gecko) Chrome/120.0.0.0 Safari/537.36"
40.115.138.121 - - [12/Mar/2026:06:40:38 +0000] "GET /var/www/vhosts/hvmbertogarza.com/httpdocs/wp-cron.php&path=/var/www/vhosts/hvmbertogarza.com/httpdocs?fileloc=/var/www/vhosts/hvmbertogarza.com/httpdocs/wp-mail.php&path=/var/www/vhosts/hvmbertogarza.com/httpdocs HTTP/1.1" 200 5953 "-" "Mozilla/5.0 (X11; Linux x86_64) AppleWebKit/537.36 (KHTML, like Gecko) Chrome/120.0.0.0 Safari/537.36"
40.115.138.121 - - [12/Mar/2026:06:40:38 +0000] "GET /var/www/vhosts/hvmbertogarza.com/httpdocs/wp-cron.php&path=/var/www/vhosts/hvmbertogarza.com/httpdocs?fileloc=/var/www/vhosts/hvmbertogarza.com/httpdocs/options.php&path=/var/www/vhosts/hvmbertogarza.com/httpdocs HTTP/1.1" 200 3813 "-" "Mozilla/5.0 (X11; Linux x86_64) AppleWebKit/537.36 (KHTML, like Gecko) Chrome/120.0.0.0 Safari/537.36"
74.7.227.172 - - [12/Mar/2026:06:40:36 +0000] "GET /buy.php?shop/products/cat017037915.html HTTP/1.1" 200 58520 "https://hvmbertogarza.com/buy.php?shopping/201009148" "Mozilla/5.0 AppleWebKit/537.36 (KHTML, like Gecko; compatible; GPTBot/1.3; +https://openai.com/gptbot)"
40.115.138.121 - - [12/Mar/2026:06:40:38 +0000] "GET /var/www/vhosts/hvmbertogarza.com/httpdocs/wp-cron.php&path=/var/www/vhosts/hvmbertogarza.com/httpdocs?fileloc=/var/www/vhosts/hvmbertogarza.com/httpdocs/wp-config-sample.php&path=/var/www/vhosts/hvmbertogarza.com/httpdocs HTTP/1.1" 200 4175 "-" "Mozilla/5.0 (X11; Linux x86_64) AppleWebKit/537.36 (KHTML, like Gecko) Chrome/120.0.0.0 Safari/537.36"
40.115.138.121 - - [12/Mar/2026:06:40:38 +0000] "GET /var/www/vhosts/hvmbertogarza.com/httpdocs/wp-cron.php&path=/var/www/vhosts/hvmbertogarza.com/httpdocs?fileloc=/var/www/vhosts/hvmbertogarza.com/httpdocs/wp-signup.php&path=/var/www/vhosts/hvmbertogarza.com/httpdocs HTTP/1.1" 200 11106 "-" "Mozilla/5.0 (X11; Linux x86_64) AppleWebKit/537.36 (KHTML, like Gecko) Chrome/120.0.0.0 Safari/537.36"
40.115.138.121 - - [12/Mar/2026:06:40:38 +0000] "GET /var/www/vhosts/hvmbertogarza.com/httpdocs/options.php?fileloc=/var/www/vhosts/hvmbertogarza.com/httpdocs/wp-trackback.php&path=/var/www/vhosts/hvmbertogarza.com/httpdocs HTTP/1.1" 200 4770 "-" "Mozilla/5.0 (Windows NT 10.0; Win64; x64) AppleWebKit/537.36 (KHTML, like Gecko) Chrome/121.0.0.0 Safari/537.36"
40.115.138.121 - - [12/Mar/2026:06:40:38 +0000] "GET /var/www/vhosts/hvmbertogarza.com/httpdocs/plugins.php&path=/var/www/vhosts/hvmbertogarza.com/httpdocs?fileloc=/var/www/vhosts/hvmbertogarza.com/httpdocs/wp-cron.php&path=/var/www/vhosts/hvmbertogarza.com/httpdocs HTTP/1.1" 200 4960 "-" "Mozilla/5.0 (Windows NT 10.0; Win64; x64) AppleWebKit/537.36 (KHTML, like Gecko) Chrome/121.0.0.0 Safari/537.36"
40.115.138.121 - - [12/Mar/2026:06:40:38 +0000] "GET /var/www/vhosts/hvmbertogarza.com/httpdocs/plugins.php&path=/var/www/vhosts/hvmbertogarza.com/httpdocs?fileloc=/var/www/vhosts/hvmbertogarza.com/httpdocs/options.php&path=/var/www/vhosts/hvmbertogarza.com/httpdocs HTTP/1.1" 200 3813 "-" "Mozilla/5.0 (Windows NT 10.0; Win64; x64) AppleWebKit/537.36 (KHTML, like Gecko) Chrome/121.0.0.0 Safari/537.36"
40.115.138.121 - - [12/Mar/2026:06:40:38 +0000] "GET /var/www/vhosts/hvmbertogarza.com/httpdocs/wp-cron.php?fileloc=/var/www/vhosts/hvmbertogarza.com/httpdocs/buy.php&path=/var/www/vhosts/hvmbertogarza.com/httpdocs HTTP/1.1" 200 3649 "-" "Mozilla/5.0 (Windows NT 10.0; Win64; x64) AppleWebKit/537.36 (KHTML, like Gecko) Chrome/121.0.0.0 Safari/537.36"
57.141.4.33 - - [12/Mar/2026:06:40:38 +0000] "GET /shop/ailuropodidae/sinigrin011110538657.html?path=/var/www/vhosts/hvmbertogarza.com/httpdocs/wp-includes/assets HTTP/1.1" 200 31193 "-" "meta-externalagent/1.1 (+https://developers.facebook.com/docs/sharing/webmasters/crawler)"
40.115.138.121 - - [12/Mar/2026:06:40:38 +0000] "GET /var/www/vhosts/hvmbertogarza.com/httpdocs/wp-load.php HTTP/1.1" 200 4820 "-" "Mozilla/5.0 (Windows NT 10.0; Win64; x64) AppleWebKit/537.36 (KHTML, like Gecko) Chrome/121.0.0.0 Safari/537.36"
40.115.138.121 - - [12/Mar/2026:06:40:38 +0000] "GET /var/www/vhosts/hvmbertogarza.com/httpdocs/networks.php&path=/var/www/vhosts/hvmbertogarza.com/httpdocs?fileloc=/var/www/vhosts/hvmbertogarza.com/httpdocs/wp-comments-post.php&path=/var/www/vhosts/hvmbertogarza.com/httpdocs HTTP/1.1" 200 3925 "-" "Mozilla/5.0 (Windows NT 10.0; Win64; x64) AppleWebKit/537.36 (KHTML, like Gecko) Chrome/121.0.0.0 Safari/537.36"
40.115.138.121 - - [12/Mar/2026:06:40:38 +0000] "GET /.trash7206/index.php?fileloc=/var/www/vhosts/hvmbertogarza.com/httpdocs/wp-config-sample.php&path=/var/www/vhosts/hvmbertogarza.com/httpdocs HTTP/1.1" 200 4175 "-" "Mozilla/5.0 (X11; Linux x86_64) AppleWebKit/537.36 (KHTML, like Gecko) Chrome/120.0.0.0 Safari/537.36"
40.115.138.121 - - [12/Mar/2026:06:40:38 +0000] "GET /var/www/vhosts/hvmbertogarza.com/httpdocs/plugins.php&path=/var/www/vhosts/hvmbertogarza.com/httpdocs?fileloc=/var/www/vhosts/hvmbertogarza.com/httpdocs/wp-mail.php&path=/var/www/vhosts/hvmbertogarza.com/httpdocs HTTP/1.1" 200 5953 "-" "Mozilla/5.0 (Windows NT 10.0; Win64; x64) AppleWebKit/537.36 (KHTML, like Gecko) Chrome/121.0.0.0 Safari/537.36"
40.115.138.121 - - [12/Mar/2026:06:40:38 +0000] "GET /var/www/vhosts/hvmbertogarza.com/httpdocs/options.php?fileloc=/var/www/vhosts/hvmbertogarza.com/httpdocs/wp-mail.php&path=/var/www/vhosts/hvmbertogarza.com/httpdocs HTTP/1.1" 200 5953 "-" "Mozilla/5.0 (X11; Linux x86_64) AppleWebKit/537.36 (KHTML, like Gecko) Chrome/120.0.0.0 Safari/537.36"
40.115.138.121 - - [12/Mar/2026:06:40:38 +0000] "GET /var/www/vhosts/hvmbertogarza.com/httpdocs/plugins.php&path=/var/www/vhosts/hvmbertogarza.com/httpdocs?fileloc=/var/www/vhosts/hvmbertogarza.com/httpdocs/mah.php&path=/var/www/vhosts/hvmbertogarza.com/httpdocs HTTP/1.1" 200 3869 "-" "Mozilla/5.0 (X11; Linux x86_64) AppleWebKit/537.36 (KHTML, like Gecko) Chrome/120.0.0.0 Safari/537.36"
40.115.138.121 - - [12/Mar/2026:06:40:39 +0000] "GET /var/www/vhosts/hvmbertogarza.com/httpdocs/wp-log1n.php&path=/var/www/vhosts/hvmbertogarza.com/httpdocs?fileloc=/var/www/vhosts/hvmbertogarza.com/httpdocs/wp-load.php&path=/var/www/vhosts/hvmbertogarza.com/httpdocs HTTP/1.1" 200 4668 "-" "Mozilla/5.0 (Windows NT 10.0; Win64; x64) AppleWebKit/537.36 (KHTML, like Gecko) Chrome/121.0.0.0 Safari/537.36"
40.115.138.121 - - [12/Mar/2026:06:40:43 +0000] "GET /var/www/vhosts/hvmbertogarza.com/httpdocs/wp-config-sample.php HTTP/1.1" 403 1116 "-" "Mozilla/5.0 (X11; Linux x86_64) AppleWebKit/537.36 (KHTML, like Gecko) Chrome/120.0.0.0 Safari/537.36"
57.141.4.2 - - [12/Mar/2026:06:40:38 +0000] "GET /shop/ailuropodidae/sinigrin011110538657.html?path=/var/www/vhosts/hvmbertogarza.com/httpdocs/wp-includes/sitemaps HTTP/1.1" 200 29080 "-" "meta-externalagent/1.1 (+https://developers.facebook.com/docs/sharing/webmasters/crawler)"
74.7.227.54 - - [12/Mar/2026:06:40:39 +0000] "GET /items/position/073036420.htm?path=/var/www/vhosts/hvmbertogarza.com HTTP/1.1" 200 3600 "https://www.hvmbertogarza.com/items/position/073036420.htm" "Mozilla/5.0 AppleWebKit/537.36 (KHTML, like Gecko; compatible; GPTBot/1.3; +https://openai.com/gptbot)"
40.115.138.121 - - [12/Mar/2026:06:40:39 +0000] "GET /var/www/vhosts/hvmbertogarza.com/httpdocs/wp-log1n.php&path=/var/www/vhosts/hvmbertogarza.com/httpdocs?fileloc=/var/www/vhosts/hvmbertogarza.com/httpdocs/goods.php&path=/var/www/vhosts/hvmbertogarza.com/httpdocs HTTP/1.1" 200 3651 "-" "Mozilla/5.0 (Windows NT 10.0; Win64; x64) AppleWebKit/537.36 (KHTML, like Gecko) Chrome/121.0.0.0 Safari/537.36"
40.115.138.121 - - [12/Mar/2026:06:40:39 +0000] "GET /var/www/vhosts/hvmbertogarza.com/httpdocs/wp-signup.php?fileloc=/var/www/vhosts/hvmbertogarza.com/httpdocs/wp-signup.php&path=/var/www/vhosts/hvmbertogarza.com/httpdocs HTTP/1.1" 200 11106 "-" "Mozilla/5.0 (Windows NT 10.0; Win64; x64) AppleWebKit/537.36 (KHTML, like Gecko) Chrome/121.0.0.0 Safari/537.36"
40.115.138.121 - - [12/Mar/2026:06:40:39 +0000] "GET /var/www/vhosts/hvmbertogarza.com/httpdocs/wp-signup.php?fileloc=/var/www/vhosts/hvmbertogarza.com/httpdocs/goods.php&path=/var/www/vhosts/hvmbertogarza.com/httpdocs HTTP/1.1" 200 3651 "-" "Mozilla/5.0 (X11; Linux x86_64) AppleWebKit/537.36 (KHTML, like Gecko) Chrome/120.0.0.0 Safari/537.36"
40.115.138.121 - - [12/Mar/2026:06:40:39 +0000] "GET /var/www/vhosts/hvmbertogarza.com/httpdocs/xmlrpc.php&path=/var/www/vhosts/hvmbertogarza.com/httpdocs HTTP/1.1" 200 4820 "-" "Mozilla/5.0 (Windows NT 10.0; Win64; x64) AppleWebKit/537.36 (KHTML, like Gecko) Chrome/121.0.0.0 Safari/537.36"
40.115.138.121 - - [12/Mar/2026:06:40:39 +0000] "GET /var/www/vhosts/hvmbertogarza.com/httpdocs/wp-log1n.php&path=/var/www/vhosts/hvmbertogarza.com/httpdocs?fileloc=/var/www/vhosts/hvmbertogarza.com/httpdocs/wp-mail.php&path=/var/www/vhosts/hvmbertogarza.com/httpdocs HTTP/1.1" 200 5953 "-" "Mozilla/5.0 (Windows NT 10.0; Win64; x64) AppleWebKit/537.36 (KHTML, like Gecko) Chrome/121.0.0.0 Safari/537.36"
57.141.4.19 - - [12/Mar/2026:06:40:39 +0000] "GET /shop/ailuropodidae/sinigrin011110538657.html?fileloc=/var/www/vhosts/hvmbertogarza.com/httpdocs/wp-includes/ms-default-constants.php&path=/var/www/vhosts/hvmbertogarza.com/httpdocs/wp-includes HTTP/1.1" 200 22502 "-" "meta-externalagent/1.1 (+https://developers.facebook.com/docs/sharing/webmasters/crawler)"
216.73.216.52 - - [12/Mar/2026:06:40:39 +0000] "GET /%22+n+(s?path=%2Fvar%2Fwww%2Fvhosts%2Fhvmbertogarza.com%2Fhttpdocs%2Fwp-content%2Fplugins%2Fsite-mailer%2Fmodules%2Fwebhooks HTTP/1.1" 200 3309 "-" "Mozilla/5.0 AppleWebKit/537.36 (KHTML, like Gecko; compatible; ClaudeBot/1.0; +claudebot@anthropic.com)"
40.115.138.121 - - [12/Mar/2026:06:40:39 +0000] "GET /var/www/vhosts/hvmbertogarza.com/httpdocs/wp-log1n.php&path=/var/www/vhosts/hvmbertogarza.com/httpdocs?fileloc=/var/www/vhosts/hvmbertogarza.com/httpdocs/wp-log1n.php&path=/var/www/vhosts/hvmbertogarza.com/httpdocs HTTP/1.1" 200 3814 "-" "Mozilla/5.0 (X11; Linux x86_64) AppleWebKit/537.36 (KHTML, like Gecko) Chrome/120.0.0.0 Safari/537.36"
40.115.138.121 - - [12/Mar/2026:06:40:39 +0000] "GET /var/www/vhosts/hvmbertogarza.com/httpdocs/xmlrpc.php HTTP/1.1" 200 4820 "-" "Mozilla/5.0 (Windows NT 10.0; Win64; x64) AppleWebKit/537.36 (KHTML, like Gecko) Chrome/121.0.0.0 Safari/537.36"
216.73.216.52 - - [12/Mar/2026:06:40:39 +0000] "GET /%22+n+(s?path=%2Fvar%2Fwww%2Fvhosts%2Fhvmbertogarza.com%2Fhttpdocs%2Fwp-content%2Fplugins%2Fwoocommerce%2Fsrc%2FEnums HTTP/1.1" 200 3573 "-" "Mozilla/5.0 AppleWebKit/537.36 (KHTML, like Gecko; compatible; ClaudeBot/1.0; +claudebot@anthropic.com)"
40.115.138.121 - - [12/Mar/2026:06:40:39 +0000] "GET /var/www/vhosts/hvmbertogarza.com/httpdocs/wp-log1n.php&path=/var/www/vhosts/hvmbertogarza.com/httpdocs?fileloc=/var/www/vhosts/hvmbertogarza.com/httpdocs/index.php0&path=/var/www/vhosts/hvmbertogarza.com/httpdocs HTTP/1.1" 200 17384 "-" "Mozilla/5.0 (X11; Linux x86_64) AppleWebKit/537.36 (KHTML, like Gecko) Chrome/120.0.0.0 Safari/537.36"
40.115.138.121 - - [12/Mar/2026:06:40:39 +0000] "GET /var/www/vhosts/hvmbertogarza.com/httpdocs/plugins.php&path=/var/www/vhosts/hvmbertogarza.com/httpdocs?fileloc=/var/www/vhosts/hvmbertogarza.com/httpdocs/product.php&path=/var/www/vhosts/hvmbertogarza.com/httpdocs HTTP/1.1" 200 3828 "-" "Mozilla/5.0 (Windows NT 10.0; Win64; x64) AppleWebKit/537.36 (KHTML, like Gecko) Chrome/121.0.0.0 Safari/537.36"
40.115.138.121 - - [12/Mar/2026:06:40:39 +0000] "GET /var/www/vhosts/hvmbertogarza.com/httpdocs/wp-log1n.php&path=/var/www/vhosts/hvmbertogarza.com/httpdocs?fileloc=/var/www/vhosts/hvmbertogarza.com/httpdocs/options.php&path=/var/www/vhosts/hvmbertogarza.com/httpdocs HTTP/1.1" 200 3813 "-" "Mozilla/5.0 (X11; Linux x86_64) AppleWebKit/537.36 (KHTML, like Gecko) Chrome/120.0.0.0 Safari/537.36"
216.73.216.52 - - [12/Mar/2026:06:40:39 +0000] "GET /bravo?path=%2Fvar%2Fwww%2Fvhosts%2Fhvmbertogarza.com%2Fhttpdocs%2Fwp-content%2Fthemes%2Fhello-elementor%2Fincludes%2Fcustomizer HTTP/1.1" 200 3264 "-" "Mozilla/5.0 AppleWebKit/537.36 (KHTML, like Gecko; compatible; ClaudeBot/1.0; +claudebot@anthropic.com)"
216.73.216.52 - - [12/Mar/2026:06:40:39 +0000] "GET /%22+n+(s?path=%2Fvar%2Fwww%2Fvhosts%2Fhvmbertogarza.com%2Fhttpdocs%2Fwp-content%2Fplugins%2Fjetpack%2Fmodules%2Ftheme-tools%2Fsite-logo HTTP/1.1" 200 3321 "-" "Mozilla/5.0 AppleWebKit/537.36 (KHTML, like Gecko; compatible; ClaudeBot/1.0; +claudebot@anthropic.com)"
216.73.216.52 - - [12/Mar/2026:06:40:39 +0000] "GET /%22+n+(s?path=%2Fvar%2Fwww%2Fvhosts%2Fhvmbertogarza.com%2Fhttpdocs%2Fwp-content%2Fplugins%2Fjetpack%2F_inc%2Fblocks%2Fsharing-button HTTP/1.1" 200 3440 "-" "Mozilla/5.0 AppleWebKit/537.36 (KHTML, like Gecko; compatible; ClaudeBot/1.0; +claudebot@anthropic.com)"
40.115.138.121 - - [12/Mar/2026:06:40:39 +0000] "GET /var/www/vhosts/hvmbertogarza.com/httpdocs/wp-signup.php?fileloc=/var/www/vhosts/hvmbertogarza.com/httpdocs/click.php&path=/var/www/vhosts/hvmbertogarza.com/httpdocs HTTP/1.1" 200 3870 "-" "Mozilla/5.0 (Windows NT 10.0; Win64; x64) AppleWebKit/537.36 (KHTML, like Gecko) Chrome/121.0.0.0 Safari/537.36"
40.115.138.121 - - [12/Mar/2026:06:40:40 +0000] "GET /var/www/vhosts/hvmbertogarza.com/httpdocs/wp-log1n.php&path=/var/www/vhosts/hvmbertogarza.com/httpdocs?fileloc=/var/www/vhosts/hvmbertogarza.com/httpdocs/wp-cron.php&path=/var/www/vhosts/hvmbertogarza.com/httpdocs HTTP/1.1" 200 4960 "-" "Mozilla/5.0 (X11; Linux x86_64) AppleWebKit/537.36 (KHTML, like Gecko) Chrome/120.0.0.0 Safari/537.36"
40.115.138.121 - - [12/Mar/2026:06:40:40 +0000] "GET /var/www/vhosts/hvmbertogarza.com/httpdocs/znflv.php HTTP/1.1" 200 4820 "-" "Mozilla/5.0 (X11; Linux x86_64) AppleWebKit/537.36 (KHTML, like Gecko) Chrome/120.0.0.0 Safari/537.36"
57.141.4.46 - - [12/Mar/2026:06:40:40 +0000] "GET /shop/ailuropodidae/sinigrin011110538657.html?fileloc=/var/www/vhosts/hvmbertogarza.com/httpdocs/wp-admin/themes.php&path=/var/www/vhosts/hvmbertogarza.com/httpdocs/wp-admin HTTP/1.1" 200 80796 "-" "meta-externalagent/1.1 (+https://developers.facebook.com/docs/sharing/webmasters/crawler)"
216.73.216.52 - - [12/Mar/2026:06:40:40 +0000] "GET /b?fileloc=%2Fvar%2Fwww%2Fvhosts%2Fhvmbertogarza.com%2Fhttpdocs%2Fwp-content%2Fplugins%2Fimagify%2Fclasses%2FPicture%2FDisplay.php&path=%2Fvar%2Fwww%2Fvhosts%2Fhvmbertogarza.com%2Fhttpdocs%2Fwp-content%2Fplugins%2Fimagify%2Fclasses%2FPicture HTTP/1.1" 200 7890 "-" "Mozilla/5.0 AppleWebKit/537.36 (KHTML, like Gecko; compatible; ClaudeBot/1.0; +claudebot@anthropic.com)"
216.73.216.52 - - [12/Mar/2026:06:40:40 +0000] "GET /2025/12/b?path=%2Fvar%2Fwww%2Fvhosts%2Fhvmbertogarza.com%2Fhttpdocs%2Fwp-content%2Fuploads%2Felementor%2Fcss HTTP/1.1" 200 3360 "-" "Mozilla/5.0 AppleWebKit/537.36 (KHTML, like Gecko; compatible; ClaudeBot/1.0; +claudebot@anthropic.com)"
216.73.216.52 - - [12/Mar/2026:06:40:40 +0000] "GET /2026/01/bravo?path=%2Fvar%2Fwww%2Fvhosts%2Fhvmbertogarza.com%2Fhttpdocs%2Fwp-content%2Fplugins%2Fjetpack%2Fmodules%2Fcomment-likes HTTP/1.1" 200 3261 "-" "Mozilla/5.0 AppleWebKit/537.36 (KHTML, like Gecko; compatible; ClaudeBot/1.0; +claudebot@anthropic.com)"
40.115.138.121 - - [12/Mar/2026:06:40:40 +0000] "GET /var/www/vhosts/hvmbertogarza.com/httpdocs/networks.php&path=/var/www/vhosts/hvmbertogarza.com/httpdocs?fileloc=/var/www/vhosts/hvmbertogarza.com/httpdocs/wp-config.php&path=/var/www/vhosts/hvmbertogarza.com/httpdocs HTTP/1.1" 200 4619 "-" "Mozilla/5.0 (X11; Linux x86_64) AppleWebKit/537.36 (KHTML, like Gecko) Chrome/120.0.0.0 Safari/537.36"
57.141.4.63 - - [12/Mar/2026:06:40:40 +0000] "GET /shop/quartenylic/tractability013696176447.html?fileloc=/var/www/vhosts/hvmbertogarza.com/httpdocs/wp-admin/index.php&path=/var/www/vhosts/hvmbertogarza.com/httpdocs/wp-admin HTTP/1.1" 200 26784 "-" "meta-externalagent/1.1 (+https://developers.facebook.com/docs/sharing/webmasters/crawler)"
40.115.138.121 - - [12/Mar/2026:06:40:40 +0000] "GET /var/www/vhosts/hvmbertogarza.com/httpdocs/options.php?fileloc=/var/www/vhosts/hvmbertogarza.com/httpdocs/wp-log1n.php&path=/var/www/vhosts/hvmbertogarza.com/httpdocs HTTP/1.1" 200 3814 "-" "Mozilla/5.0 (X11; Linux x86_64) AppleWebKit/537.36 (KHTML, like Gecko) Chrome/120.0.0.0 Safari/537.36"
40.115.138.121 - - [12/Mar/2026:06:40:40 +0000] "GET /var/www/vhosts/hvmbertogarza.com/httpdocs/wp-cron.php?fileloc=/var/www/vhosts/hvmbertogarza.com/httpdocs/product.php&path=/var/www/vhosts/hvmbertogarza.com/httpdocs HTTP/1.1" 200 3828 "-" "Mozilla/5.0 (X11; Linux x86_64) AppleWebKit/537.36 (KHTML, like Gecko) Chrome/120.0.0.0 Safari/537.36"
216.73.216.52 - - [12/Mar/2026:06:40:40 +0000] "GET /url%20%22optional%20title%22?path=%2Fvar%2Fwww%2Fvhosts%2Fhvmbertogarza.com%2Fhttpdocs%2Fwp-includes%2Frest-api%2Fendpoints HTTP/1.1" 200 4848 "-" "Mozilla/5.0 AppleWebKit/537.36 (KHTML, like Gecko; compatible; ClaudeBot/1.0; +claudebot@anthropic.com)"
40.115.138.121 - - [12/Mar/2026:06:40:40 +0000] "GET /var/www/vhosts/hvmbertogarza.com/httpdocs/wp-activate.php&path=/var/www/vhosts/hvmbertogarza.com/httpdocs HTTP/1.1" 200 4820 "-" "Mozilla/5.0 (X11; Linux x86_64) AppleWebKit/537.36 (KHTML, like Gecko) Chrome/120.0.0.0 Safari/537.36"
40.115.138.121 - - [12/Mar/2026:06:40:40 +0000] "GET /var/www/vhosts/hvmbertogarza.com/httpdocs/wp-cron.php?fileloc=/var/www/vhosts/hvmbertogarza.com/httpdocs/xmlrpc.php&path=/var/www/vhosts/hvmbertogarza.com/httpdocs HTTP/1.1" 200 4292 "-" "Mozilla/5.0 (Windows NT 10.0; Win64; x64) AppleWebKit/537.36 (KHTML, like Gecko) Chrome/121.0.0.0 Safari/537.36"
40.115.138.121 - - [12/Mar/2026:06:40:40 +0000] "GET /var/www/vhosts/hvmbertogarza.com/httpdocs/wp-signup.php?fileloc=/var/www/vhosts/hvmbertogarza.com/httpdocs/wp-mail.php&path=/var/www/vhosts/hvmbertogarza.com/httpdocs HTTP/1.1" 200 5953 "-" "Mozilla/5.0 (X11; Linux x86_64) AppleWebKit/537.36 (KHTML, like Gecko) Chrome/120.0.0.0 Safari/537.36"
57.141.4.47 - - [12/Mar/2026:06:40:40 +0000] "GET /shop/quartenylic/tractability013696176447.html?fileloc=/var/www/vhosts/hvmbertogarza.com/httpdocs/wp-admin/widgets.php&path=/var/www/vhosts/hvmbertogarza.com/httpdocs/wp-admin HTTP/1.1" 200 18137 "-" "meta-externalagent/1.1 (+https://developers.facebook.com/docs/sharing/webmasters/crawler)"
40.115.138.121 - - [12/Mar/2026:06:40:40 +0000] "GET /var/www/vhosts/hvmbertogarza.com/httpdocs/options.php&path=/var/www/vhosts/hvmbertogarza.com/httpdocs HTTP/1.1" 200 4820 "-" "Mozilla/5.0 (Windows NT 10.0; Win64; x64) AppleWebKit/537.36 (KHTML, like Gecko) Chrome/121.0.0.0 Safari/537.36"
40.115.138.121 - - [12/Mar/2026:06:40:40 +0000] "GET /var/www/vhosts/hvmbertogarza.com/httpdocs/networks.php&path=/var/www/vhosts/hvmbertogarza.com/httpdocs?fileloc=/var/www/vhosts/hvmbertogarza.com/httpdocs/wp-load.php&path=/var/www/vhosts/hvmbertogarza.com/httpdocs HTTP/1.1" 200 4668 "-" "Mozilla/5.0 (X11; Linux x86_64) AppleWebKit/537.36 (KHTML, like Gecko) Chrome/120.0.0.0 Safari/537.36"
40.115.138.121 - - [12/Mar/2026:06:40:40 +0000] "GET /var/www/vhosts/hvmbertogarza.com/httpdocs/options.php?fileloc=/var/www/vhosts/hvmbertogarza.com/httpdocs/index.php0&path=/var/www/vhosts/hvmbertogarza.com/httpdocs HTTP/1.1" 200 17384 "-" "Mozilla/5.0 (Windows NT 10.0; Win64; x64) AppleWebKit/537.36 (KHTML, like Gecko) Chrome/121.0.0.0 Safari/537.36"
40.115.138.121 - - [12/Mar/2026:06:40:41 +0000] "GET /var/www/vhosts/hvmbertogarza.com/httpdocs/product.php HTTP/1.1" 200 4820 "-" "Mozilla/5.0 (Windows NT 10.0; Win64; x64) AppleWebKit/537.36 (KHTML, like Gecko) Chrome/121.0.0.0 Safari/537.36"
40.115.138.121 - - [12/Mar/2026:06:40:41 +0000] "GET /var/www/vhosts/hvmbertogarza.com/httpdocs/plugins.php&path=/var/www/vhosts/hvmbertogarza.com/httpdocs?fileloc=/var/www/vhosts/hvmbertogarza.com/httpdocs/index.php0&path=/var/www/vhosts/hvmbertogarza.com/httpdocs HTTP/1.1" 200 17384 "-" "Mozilla/5.0 (Windows NT 10.0; Win64; x64) AppleWebKit/537.36 (KHTML, like Gecko) Chrome/121.0.0.0 Safari/537.36"
40.115.138.121 - - [12/Mar/2026:06:40:41 +0000] "GET /var/www/vhosts/hvmbertogarza.com/httpdocs/wp-signup.php?fileloc=/var/www/vhosts/hvmbertogarza.com/httpdocs/txets.php&path=/var/www/vhosts/hvmbertogarza.com/httpdocs HTTP/1.1" 200 5262 "-" "Mozilla/5.0 (Windows NT 10.0; Win64; x64) AppleWebKit/537.36 (KHTML, like Gecko) Chrome/121.0.0.0 Safari/537.36"
40.115.138.121 - - [12/Mar/2026:06:40:41 +0000] "GET /var/www/vhosts/hvmbertogarza.com/httpdocs/wp-signup.php?fileloc=/var/www/vhosts/hvmbertogarza.com/httpdocs/wp-links-opml.php&path=/var/www/vhosts/hvmbertogarza.com/httpdocs HTTP/1.1" 200 4004 "-" "Mozilla/5.0 (Windows NT 10.0; Win64; x64) AppleWebKit/537.36 (KHTML, like Gecko) Chrome/121.0.0.0 Safari/537.36"
40.115.138.121 - - [12/Mar/2026:06:40:41 +0000] "GET /var/www/vhosts/hvmbertogarza.com/httpdocs/wp-cron.php&path=/var/www/vhosts/hvmbertogarza.com/httpdocs?fileloc=/var/www/vhosts/hvmbertogarza.com/httpdocs/defaults.php&path=/var/www/vhosts/hvmbertogarza.com/httpdocs HTTP/1.1" 200 3846 "-" "Mozilla/5.0 (Windows NT 10.0; Win64; x64) AppleWebKit/537.36 (KHTML, like Gecko) Chrome/121.0.0.0 Safari/537.36"
40.115.138.121 - - [12/Mar/2026:06:40:41 +0000] "GET /var/www/vhosts/hvmbertogarza.com/httpdocs/mah.php HTTP/1.1" 200 4820 "-" "Mozilla/5.0 (Windows NT 10.0; Win64; x64) AppleWebKit/537.36 (KHTML, like Gecko) Chrome/121.0.0.0 Safari/537.36"
57.141.4.62 - - [12/Mar/2026:06:40:41 +0000] "GET /shop/ailuropodidae/sinigrin011110538657.html?fileloc=/var/www/vhosts/hvmbertogarza.com/httpdocs/wp-includes/speculative-loading.php&path=/var/www/vhosts/hvmbertogarza.com/httpdocs/wp-includes HTTP/1.1" 200 26669 "-" "meta-externalagent/1.1 (+https://developers.facebook.com/docs/sharing/webmasters/crawler)"
40.115.138.121 - - [12/Mar/2026:06:40:41 +0000] "GET /var/www/vhosts/hvmbertogarza.com/httpdocs/plugins.php&path=/var/www/vhosts/hvmbertogarza.com/httpdocs?fileloc=/var/www/vhosts/hvmbertogarza.com/httpdocs/wp-comments-post.php&path=/var/www/vhosts/hvmbertogarza.com/httpdocs HTTP/1.1" 200 3925 "-" "Mozilla/5.0 (Windows NT 10.0; Win64; x64) AppleWebKit/537.36 (KHTML, like Gecko) Chrome/121.0.0.0 Safari/537.36"
40.115.138.121 - - [12/Mar/2026:06:40:41 +0000] "GET /var/www/vhosts/hvmbertogarza.com/httpdocs/buy.php&path=/var/www/vhosts/hvmbertogarza.com/httpdocs HTTP/1.1" 200 4820 "-" "Mozilla/5.0 (X11; Linux x86_64) AppleWebKit/537.36 (KHTML, like Gecko) Chrome/120.0.0.0 Safari/537.36"
66.249.66.195 - - [12/Mar/2026:06:40:41 +0000] "GET /asty-shop-k0-5rs4tm7m1e-e433?path=/var/www/vhosts/hvmbertogarza.com/httpdocs/wp-admin HTTP/1.1" 200 25703 "-" "Mozilla/5.0 (Linux; Android 6.0.1; Nexus 5X Build/MMB29P) AppleWebKit/537.36 (KHTML, like Gecko) Chrome/145.0.7632.116 Mobile Safari/537.36 (compatible; Googlebot/2.1; +http://www.google.com/bot.html)"
40.115.138.121 - - [12/Mar/2026:06:40:41 +0000] "GET /var/www/vhosts/hvmbertogarza.com/httpdocs/wp-cron.php?fileloc=/var/www/vhosts/hvmbertogarza.com/httpdocs/item.php&path=/var/www/vhosts/hvmbertogarza.com/httpdocs HTTP/1.1" 200 3842 "-" "Mozilla/5.0 (Windows NT 10.0; Win64; x64) AppleWebKit/537.36 (KHTML, like Gecko) Chrome/121.0.0.0 Safari/537.36"
40.115.138.121 - - [12/Mar/2026:06:40:41 +0000] "GET /var/www/vhosts/hvmbertogarza.com/httpdocs/wp-cron.php&path=/var/www/vhosts/hvmbertogarza.com/httpdocs?fileloc=/var/www/vhosts/hvmbertogarza.com/httpdocs/buy.php&path=/var/www/vhosts/hvmbertogarza.com/httpdocs HTTP/1.1" 200 3649 "-" "Mozilla/5.0 (X11; Linux x86_64) AppleWebKit/537.36 (KHTML, like Gecko) Chrome/120.0.0.0 Safari/537.36"
40.115.138.121 - - [12/Mar/2026:06:40:41 +0000] "GET /var/www/vhosts/hvmbertogarza.com/httpdocs/wp-cron.php&path=/var/www/vhosts/hvmbertogarza.com/httpdocs?fileloc=/var/www/vhosts/hvmbertogarza.com/httpdocs/product.php&path=/var/www/vhosts/hvmbertogarza.com/httpdocs HTTP/1.1" 200 3828 "-" "Mozilla/5.0 (Windows NT 10.0; Win64; x64) AppleWebKit/537.36 (KHTML, like Gecko) Chrome/121.0.0.0 Safari/537.36"
40.115.138.121 - - [12/Mar/2026:06:40:41 +0000] "GET /var/www/vhosts/hvmbertogarza.com/httpdocs/networks.php&path=/var/www/vhosts/hvmbertogarza.com/httpdocs?fileloc=/var/www/vhosts/hvmbertogarza.com/httpdocs/wp-signup.php&path=/var/www/vhosts/hvmbertogarza.com/httpdocs HTTP/1.1" 200 11106 "-" "Mozilla/5.0 (Windows NT 10.0; Win64; x64) AppleWebKit/537.36 (KHTML, like Gecko) Chrome/121.0.0.0 Safari/537.36"
40.115.138.121 - - [12/Mar/2026:06:40:41 +0000] "GET /var/www/vhosts/hvmbertogarza.com/httpdocs/networks.php&path=/var/www/vhosts/hvmbertogarza.com/httpdocs?fileloc=/var/www/vhosts/hvmbertogarza.com/httpdocs/txets.php&path=/var/www/vhosts/hvmbertogarza.com/httpdocs HTTP/1.1" 200 5262 "-" "Mozilla/5.0 (Windows NT 10.0; Win64; x64) AppleWebKit/537.36 (KHTML, like Gecko) Chrome/121.0.0.0 Safari/537.36"
57.141.4.43 - - [12/Mar/2026:06:40:41 +0000] "GET /shop/ailuropodidae/sinigrin011110538657.html?fileloc=/var/www/vhosts/hvmbertogarza.com/httpdocs/wp-includes/pluggable.php&path=/var/www/vhosts/hvmbertogarza.com/httpdocs/wp-includes HTTP/1.1" 200 157404 "-" "meta-externalagent/1.1 (+https://developers.facebook.com/docs/sharing/webmasters/crawler)"
40.115.138.121 - - [12/Mar/2026:06:40:41 +0000] "GET /var/www/vhosts/hvmbertogarza.com/httpdocs/wp-links-opml.php HTTP/1.1" 200 4820 "-" "Mozilla/5.0 (Windows NT 10.0; Win64; x64) AppleWebKit/537.36 (KHTML, like Gecko) Chrome/121.0.0.0 Safari/537.36"
40.115.138.121 - - [12/Mar/2026:06:40:41 +0000] "GET /var/www/vhosts/hvmbertogarza.com/httpdocs/wp-cron.php?fileloc=/var/www/vhosts/hvmbertogarza.com/httpdocs/wp-settings.php&path=/var/www/vhosts/hvmbertogarza.com/httpdocs HTTP/1.1" 200 9232 "-" "Mozilla/5.0 (X11; Linux x86_64) AppleWebKit/537.36 (KHTML, like Gecko) Chrome/120.0.0.0 Safari/537.36"
40.115.138.121 - - [12/Mar/2026:06:40:42 +0000] "GET /var/www/vhosts/hvmbertogarza.com/httpdocs/wp-cron.php?fileloc=/var/www/vhosts/hvmbertogarza.com/httpdocs/wp-signup.php&path=/var/www/vhosts/hvmbertogarza.com/httpdocs HTTP/1.1" 200 11106 "-" "Mozilla/5.0 (Windows NT 10.0; Win64; x64) AppleWebKit/537.36 (KHTML, like Gecko) Chrome/121.0.0.0 Safari/537.36"
40.115.138.121 - - [12/Mar/2026:06:40:41 +0000] "GET /var/www/vhosts/hvmbertogarza.com/httpdocs/networks.php&path=/var/www/vhosts/hvmbertogarza.com/httpdocs?fileloc=/var/www/vhosts/hvmbertogarza.com/httpdocs/wp-settings.php&path=/var/www/vhosts/hvmbertogarza.com/httpdocs HTTP/1.1" 200 9232 "-" "Mozilla/5.0 (Windows NT 10.0; Win64; x64) AppleWebKit/537.36 (KHTML, like Gecko) Chrome/121.0.0.0 Safari/537.36"
40.115.138.121 - - [12/Mar/2026:06:40:42 +0000] "GET /var/www/vhosts/hvmbertogarza.com/httpdocs/wp-cron.php&path=/var/www/vhosts/hvmbertogarza.com/httpdocs?fileloc=/var/www/vhosts/hvmbertogarza.com/httpdocs/wp-config.php&path=/var/www/vhosts/hvmbertogarza.com/httpdocs HTTP/1.1" 200 4619 "-" "Mozilla/5.0 (Windows NT 10.0; Win64; x64) AppleWebKit/537.36 (KHTML, like Gecko) Chrome/121.0.0.0 Safari/537.36"
40.115.138.121 - - [12/Mar/2026:06:40:42 +0000] "GET /var/www/vhosts/hvmbertogarza.com/httpdocs/wp-cron.php&path=/var/www/vhosts/hvmbertogarza.com/httpdocs?fileloc=/var/www/vhosts/hvmbertogarza.com/httpdocs/wp-trackback.php&path=/var/www/vhosts/hvmbertogarza.com/httpdocs HTTP/1.1" 200 4770 "-" "Mozilla/5.0 (X11; Linux x86_64) AppleWebKit/537.36 (KHTML, like Gecko) Chrome/120.0.0.0 Safari/537.36"
40.115.138.121 - - [12/Mar/2026:06:40:41 +0000] "GET /var/www/vhosts/hvmbertogarza.com/httpdocs/networks.php&path=/var/www/vhosts/hvmbertogarza.com/httpdocs?fileloc=/var/www/vhosts/hvmbertogarza.com/httpdocs/networks.php&path=/var/www/vhosts/hvmbertogarza.com/httpdocs HTTP/1.1" 200 3552 "-" "Mozilla/5.0 (Windows NT 10.0; Win64; x64) AppleWebKit/537.36 (KHTML, like Gecko) Chrome/121.0.0.0 Safari/537.36"
40.115.138.121 - - [12/Mar/2026:06:40:42 +0000] "GET /var/www/vhosts/hvmbertogarza.com/httpdocs/wp-cron.php&path=/var/www/vhosts/hvmbertogarza.com/httpdocs?fileloc=/var/www/vhosts/hvmbertogarza.com/httpdocs/index.php&path=/var/www/vhosts/hvmbertogarza.com/httpdocs HTTP/1.1" 200 12126 "-" "Mozilla/5.0 (X11; Linux x86_64) AppleWebKit/537.36 (KHTML, like Gecko) Chrome/120.0.0.0 Safari/537.36"
40.115.138.121 - - [12/Mar/2026:06:40:42 +0000] "GET /var/www/vhosts/hvmbertogarza.com/httpdocs/networks.php&path=/var/www/vhosts/hvmbertogarza.com/httpdocs?fileloc=/var/www/vhosts/hvmbertogarza.com/httpdocs/options.php&path=/var/www/vhosts/hvmbertogarza.com/httpdocs HTTP/1.1" 200 3813 "-" "Mozilla/5.0 (Windows NT 10.0; Win64; x64) AppleWebKit/537.36 (KHTML, like Gecko) Chrome/121.0.0.0 Safari/537.36"
40.115.138.121 - - [12/Mar/2026:06:40:42 +0000] "GET /var/www/vhosts/hvmbertogarza.com/httpdocs/wp-cron.php&path=/var/www/vhosts/hvmbertogarza.com/httpdocs?fileloc=/var/www/vhosts/hvmbertogarza.com/httpdocs/txets.php&path=/var/www/vhosts/hvmbertogarza.com/httpdocs HTTP/1.1" 200 5262 "-" "Mozilla/5.0 (Windows NT 10.0; Win64; x64) AppleWebKit/537.36 (KHTML, like Gecko) Chrome/121.0.0.0 Safari/537.36"
40.115.138.121 - - [12/Mar/2026:06:40:42 +0000] "GET /var/www/vhosts/hvmbertogarza.com/httpdocs/wp-cron.php&path=/var/www/vhosts/hvmbertogarza.com/httpdocs?fileloc=/var/www/vhosts/hvmbertogarza.com/httpdocs/item.php&path=/var/www/vhosts/hvmbertogarza.com/httpdocs HTTP/1.1" 200 3842 "-" "Mozilla/5.0 (Windows NT 10.0; Win64; x64) AppleWebKit/537.36 (KHTML, like Gecko) Chrome/121.0.0.0 Safari/537.36"
57.141.4.39 - - [12/Mar/2026:06:40:42 +0000] "GET /shop/ailuropodidae/sinigrin011110538657.html?fileloc=/var/www/vhosts/hvmbertogarza.com/httpdocs/82088d/index.php&path=/var/www/vhosts/hvmbertogarza.com/httpdocs/82088d HTTP/1.1" 200 17925 "-" "meta-externalagent/1.1 (+https://developers.facebook.com/docs/sharing/webmasters/crawler)"
40.115.138.121 - - [12/Mar/2026:06:40:42 +0000] "GET /var/www/vhosts/hvmbertogarza.com/httpdocs/wp-comments-post.php&path=/var/www/vhosts/hvmbertogarza.com/httpdocs HTTP/1.1" 200 4820 "-" "Mozilla/5.0 (X11; Linux x86_64) AppleWebKit/537.36 (KHTML, like Gecko) Chrome/120.0.0.0 Safari/537.36"
40.115.138.121 - - [12/Mar/2026:06:40:42 +0000] "GET /var/www/vhosts/hvmbertogarza.com/httpdocs/plugins.php&path=/var/www/vhosts/hvmbertogarza.com/httpdocs?fileloc=/var/www/vhosts/hvmbertogarza.com/httpdocs/wp-load.php&path=/var/www/vhosts/hvmbertogarza.com/httpdocs HTTP/1.1" 200 4668 "-" "Mozilla/5.0 (X11; Linux x86_64) AppleWebKit/537.36 (KHTML, like Gecko) Chrome/120.0.0.0 Safari/537.36"
40.115.138.121 - - [12/Mar/2026:06:40:42 +0000] "GET /var/www/vhosts/hvmbertogarza.com/httpdocs/wp-cron.php?fileloc=/var/www/vhosts/hvmbertogarza.com/httpdocs/click.php&path=/var/www/vhosts/hvmbertogarza.com/httpdocs HTTP/1.1" 200 3870 "-" "Mozilla/5.0 (Windows NT 10.0; Win64; x64) AppleWebKit/537.36 (KHTML, like Gecko) Chrome/121.0.0.0 Safari/537.36"
40.115.138.121 - - [12/Mar/2026:06:40:42 +0000] "GET /var/www/vhosts/hvmbertogarza.com/httpdocs/plugins.php&path=/var/www/vhosts/hvmbertogarza.com/httpdocs?fileloc=/var/www/vhosts/hvmbertogarza.com/httpdocs/znflv.php&path=/var/www/vhosts/hvmbertogarza.com/httpdocs HTTP/1.1" 200 6257 "-" "Mozilla/5.0 (X11; Linux x86_64) AppleWebKit/537.36 (KHTML, like Gecko) Chrome/120.0.0.0 Safari/537.36"
57.141.4.31 - - [12/Mar/2026:06:40:42 +0000] "GET /shop/quartenylic/tractability013696176447.html?fileloc=/var/www/vhosts/hvmbertogarza.com/httpdocs/wp-admin/network.php&path=/var/www/vhosts/hvmbertogarza.com/httpdocs/wp-admin HTTP/1.1" 200 23600 "-" "meta-externalagent/1.1 (+https://developers.facebook.com/docs/sharing/webmasters/crawler)"
40.115.138.121 - - [12/Mar/2026:06:40:42 +0000] "GET /var/www/vhosts/hvmbertogarza.com/httpdocs/options.php?fileloc=/var/www/vhosts/hvmbertogarza.com/httpdocs/wp-config-sample.php&path=/var/www/vhosts/hvmbertogarza.com/httpdocs HTTP/1.1" 200 4175 "-" "Mozilla/5.0 (X11; Linux x86_64) AppleWebKit/537.36 (KHTML, like Gecko) Chrome/120.0.0.0 Safari/537.36"
40.115.138.121 - - [12/Mar/2026:06:40:42 +0000] "GET /var/www/vhosts/hvmbertogarza.com/httpdocs/networks.php&path=/var/www/vhosts/hvmbertogarza.com/httpdocs?fileloc=/var/www/vhosts/hvmbertogarza.com/httpdocs/wp-mail.php&path=/var/www/vhosts/hvmbertogarza.com/httpdocs HTTP/1.1" 200 5953 "-" "Mozilla/5.0 (X11; Linux x86_64) AppleWebKit/537.36 (KHTML, like Gecko) Chrome/120.0.0.0 Safari/537.36"
