216.73.216.52 - - [12/Mar/2026:06:40:05 +0000] "GET /2026/03/10/page/2?fileloc=%2Fvar%2Fwww%2Fvhosts%2Fhvmbertogarza.com%2Fhttpdocs%2Fwp-content%2Fuploads%2F2025%2F11%2Fplayera0-scaled.jpg&path=%2Fvar%2Fwww%2Fvhosts%2Fhvmbertogarza.com%2Fhttpdocs%2Fwp-content%2Fuploads%2F2025%2F11 HTTP/1.1" 200 944607 "-" "Mozilla/5.0 AppleWebKit/537.36 (KHTML, like Gecko; compatible; ClaudeBot/1.0; +claudebot@anthropic.com)"
216.73.216.52 - - [12/Mar/2026:06:40:06 +0000] "GET /speel-slimmer-win-groter-en-laat-je-meevoeren-door-2/bravo?fileloc=%2Fvar%2Fwww%2Fvhosts%2Fhvmbertogarza.com%2Fhttpdocs%2Fwp-config-sample.php&path=%2Fvar%2Fwww%2Fvhosts%2Fhvmbertogarza.com%2Fhttpdocs HTTP/1.1" 200 4120 "-" "Mozilla/5.0 AppleWebKit/537.36 (KHTML, like Gecko; compatible; ClaudeBot/1.0; +claudebot@anthropic.com)"
216.73.216.52 - - [12/Mar/2026:06:40:06 +0000] "GET /volle-spannung-voraus-mit-boomerang-casino-online/b?fileloc=%2Fvar%2Fwww%2Fvhosts%2Fhvmbertogarza.com%2Fhttpdocs%2Fwp-includes%2Fblocks%2Favatar%2Fstyle-rtl.min.css&path=%2Fvar%2Fwww%2Fvhosts%2Fhvmbertogarza.com%2Fhttpdocs%2Fwp-includes%2Fblocks%2Favatar HTTP/1.1" 200 2894 "-" "Mozilla/5.0 AppleWebKit/537.36 (KHTML, like Gecko; compatible; ClaudeBot/1.0; +claudebot@anthropic.com)"
57.141.4.53 - - [12/Mar/2026:06:40:06 +0000] "GET /shop/quartenylic/tractability013696176447.html?path=/var/www/vhosts/hvmbertogarza.com/httpdocs/wp-admin/includes HTTP/1.1" 200 195783 "-" "meta-externalagent/1.1 (+https://developers.facebook.com/docs/sharing/webmasters/crawler)"
216.73.216.52 - - [12/Mar/2026:06:40:06 +0000] "GET /2026/03/10/page/2?fileloc=%2Fvar%2Fwww%2Fvhosts%2Fhvmbertogarza.com%2Fhttpdocs%2Fwp-content%2Fuploads%2F2024%2F02%2Frest_side_bg-496x1024.png&path=%2Fvar%2Fwww%2Fvhosts%2Fhvmbertogarza.com%2Fhttpdocs%2Fwp-content%2Fuploads%2F2024%2F02 HTTP/1.1" 200 389424 "-" "Mozilla/5.0 AppleWebKit/537.36 (KHTML, like Gecko; compatible; ClaudeBot/1.0; +claudebot@anthropic.com)"
74.7.227.54 - - [12/Mar/2026:06:40:06 +0000] "GET /items/northern/002012775.htm?path=/var/www/vhosts/hvmbertogarza.com/httpdocs/images HTTP/1.1" 200 3226 "https://www.hvmbertogarza.com/items/northern/002012775.htm" "Mozilla/5.0 AppleWebKit/537.36 (KHTML, like Gecko; compatible; GPTBot/1.3; +https://openai.com/gptbot)"
66.249.66.72 - - [12/Mar/2026:06:40:06 +0000] "GET /?jp/052001212.html HTTP/1.1" 200 34508 "-" "Mozilla/5.0 (Linux; Android 6.0.1; Nexus 5X Build/MMB29P) AppleWebKit/537.36 (KHTML, like Gecko) Chrome/145.0.7632.116 Mobile Safari/537.36 (compatible; Googlebot/2.1; +http://www.google.com/bot.html)"
216.73.216.52 - - [12/Mar/2026:06:40:06 +0000] "GET /volle-spannung-voraus-mit-boomerang-casino-online/b?fileloc=%2Fvar%2Fwww%2Fvhosts%2Fhvmbertogarza.com%2Fhttpdocs%2Fwp-includes%2Fblocks%2Fquote%2Fstyle-rtl.min.css&path=%2Fvar%2Fwww%2Fvhosts%2Fhvmbertogarza.com%2Fhttpdocs%2Fwp-includes%2Fblocks%2Fquote HTTP/1.1" 200 3006 "-" "Mozilla/5.0 AppleWebKit/537.36 (KHTML, like Gecko; compatible; ClaudeBot/1.0; +claudebot@anthropic.com)"
216.73.216.52 - - [12/Mar/2026:06:40:06 +0000] "GET /seize-control-of-your-bets-seamless-access-winning/url%20=%3Cwidth%3Ex%3Cheight%3E%20%22optional%20title%22?fileloc=%2Fvar%2Fwww%2Fvhosts%2Fhvmbertogarza.com%2Fhttpdocs%2Fwp-includes%2Fblock-supports%2Fblock-visibility.php&path=%2Fvar%2Fwww%2Fvhosts%2Fhvmbertogarza.com%2Fhttpdocs%2Fwp-includes%2Fblock-supports HTTP/1.1" 200 3225 "-" "Mozilla/5.0 AppleWebKit/537.36 (KHTML, like Gecko; compatible; ClaudeBot/1.0; +claudebot@anthropic.com)"
216.73.216.52 - - [12/Mar/2026:06:40:06 +0000] "GET /seize-control-of-your-bets-seamless-access-winning/url%20=%3Cwidth%3Ex%3Cheight%3E%20%22optional%20title%22?path=%2Fvar%2Fwww%2Fvhosts%2Fhvmbertogarza.com%2Fhttpdocs%2Fwp-content%2Fqq14d6cb HTTP/1.1" 200 3266 "-" "Mozilla/5.0 AppleWebKit/537.36 (KHTML, like Gecko; compatible; ClaudeBot/1.0; +claudebot@anthropic.com)"
216.73.216.52 - - [12/Mar/2026:06:40:06 +0000] "GET /casino-en-ligne-qui-accepte-discover/url%20=%3Cwidth%3Ex%3Cheight%3E%20%22optional%20title%22?path=%2Fvar%2Fwww%2Fvhosts%2Fhvmbertogarza.com%2Fhttpdocs%2Fwordpress%2Fwp-content%2Fthemes%2Ftwentytwentytwo%2Fassets HTTP/1.1" 200 3255 "-" "Mozilla/5.0 AppleWebKit/537.36 (KHTML, like Gecko; compatible; ClaudeBot/1.0; +claudebot@anthropic.com)"
216.73.216.52 - - [12/Mar/2026:06:40:06 +0000] "GET /zachem-individu-vazhno-chuvstvovat-kontrol-nad-polozheniem/b?path=%2Fvar%2Fwww%2Fvhosts%2Fhvmbertogarza.com%2Fhttpdocs%2Fwp-content%2Fplugins%2Finstagram-feed%2Fadmin%2Fbuilder%2Fassets HTTP/1.1" 200 3348 "-" "Mozilla/5.0 AppleWebKit/537.36 (KHTML, like Gecko; compatible; ClaudeBot/1.0; +claudebot@anthropic.com)"
216.73.216.52 - - [12/Mar/2026:06:40:07 +0000] "GET /seize-control-of-your-bets-seamless-access-winning/%22,t+=%22%3C%22+e.getAttribute(%22src%22?path=%2Fvar%2Fwww%2Fvhosts%2Fhvmbertogarza.com%2Fhttpdocs%2Fwp-content%2Fuploads%2Felementor%2Fgoogle-fonts HTTP/1.1" 200 3297 "-" "Mozilla/5.0 AppleWebKit/537.36 (KHTML, like Gecko; compatible; ClaudeBot/1.0; +claudebot@anthropic.com)"
216.73.216.52 - - [12/Mar/2026:06:40:07 +0000] "GET /casino-en-ligne-qui-accepte-discover/url%20=%3Cwidth%3Ex%3Cheight%3E%20%22optional%20title%22?fileloc=%2Fvar%2Fwww%2Fvhosts%2Fhvmbertogarza.com%2Fhttpdocs%2Fwp-includes%2Fsodium_compat%2Fnamespaced%2FCore%2FPoly1305.php&path=%2Fvar%2Fwww%2Fvhosts%2Fhvmbertogarza.com%2Fhttpdocs%2Fwp-includes%2Fsodium_compat%2Fnamespaced%2FCore HTTP/1.1" 200 2930 "-" "Mozilla/5.0 AppleWebKit/537.36 (KHTML, like Gecko; compatible; ClaudeBot/1.0; +claudebot@anthropic.com)"
216.73.216.52 - - [12/Mar/2026:06:40:06 +0000] "GET /seize-control-of-your-bets-seamless-access-winning/'?fileloc=%2Fvar%2Fwww%2Fvhosts%2Fhvmbertogarza.com%2Fhttpdocs%2Fwp-content%2Fuploads%2Fast-shipping-providers%2Fdexpress.png&path=%2Fvar%2Fwww%2Fvhosts%2Fhvmbertogarza.com%2Fhttpdocs%2Fwp-content%2Fuploads%2Fast-shipping-providers HTTP/1.1" 200 4726 "-" "Mozilla/5.0 AppleWebKit/537.36 (KHTML, like Gecko; compatible; ClaudeBot/1.0; +claudebot@anthropic.com)"
216.73.216.52 - - [12/Mar/2026:06:40:07 +0000] "GET /zachem-individu-vazhno-chuvstvovat-kontrol-nad-polozheniem/bravo?fileloc=%2Fvar%2Fwww%2Fvhosts%2Fhvmbertogarza.com%2Fhttpdocs%2Fwp-admin%2Fnetwork%2Fprofile.php&path=%2Fvar%2Fwww%2Fvhosts%2Fhvmbertogarza.com%2Fhttpdocs%2Fwp-admin%2Fnetwork HTTP/1.1" 200 2985 "-" "Mozilla/5.0 AppleWebKit/537.36 (KHTML, like Gecko; compatible; ClaudeBot/1.0; +claudebot@anthropic.com)"
57.141.4.35 - - [12/Mar/2026:06:40:06 +0000] "GET /shop/quartenylic/tractability013696176447.html?fileloc=/var/www/vhosts/hvmbertogarza.com/httpdocs/wp-admin/options-permalink.php&path=/var/www/vhosts/hvmbertogarza.com/httpdocs/wp-admin HTTP/1.1" 200 44718 "-" "meta-externalagent/1.1 (+https://developers.facebook.com/docs/sharing/webmasters/crawler)"
74.7.227.54 - - [12/Mar/2026:06:40:07 +0000] "GET /items/interact/204017037.htm HTTP/1.1" 200 4772 "https://www.hvmbertogarza.com/?sitemap984.xml" "Mozilla/5.0 AppleWebKit/537.36 (KHTML, like Gecko; compatible; GPTBot/1.3; +https://openai.com/gptbot)"
57.141.4.1 - - [12/Mar/2026:06:40:07 +0000] "GET /shop/grabbled/aporrhais012261445330.html?path=/var HTTP/1.1" 200 16891 "-" "meta-externalagent/1.1 (+https://developers.facebook.com/docs/sharing/webmasters/crawler)"
216.73.216.52 - - [12/Mar/2026:06:40:07 +0000] "GET /casino-en-ligne-qui-accepte-discover/url%20=%3Cwidth%3Ex%3Cheight%3E%20%22optional%20title%22?path=%2Fvar%2Fwww%2Fvhosts%2Fhvmbertogarza.com%2Fhttpdocs%2Fwordpress%2Fwp-content%2Fthemes%2Ftwentytwentyfour HTTP/1.1" 200 3597 "-" "Mozilla/5.0 AppleWebKit/537.36 (KHTML, like Gecko; compatible; ClaudeBot/1.0; +claudebot@anthropic.com)"
216.73.216.52 - - [12/Mar/2026:06:40:07 +0000] "GET /zachem-individu-vazhno-chuvstvovat-kontrol-nad-polozheniem/bravo?fileloc=%2Fvar%2Fwww%2Fvhosts%2Fhvmbertogarza.com%2Fhttpdocs%2Fwp-includes%2Fjs%2Fjquery%2Fui%2Fmenu.min.js&path=%2Fvar%2Fwww%2Fvhosts%2Fhvmbertogarza.com%2Fhttpdocs%2Fwp-includes%2Fjs%2Fjquery%2Fui HTTP/1.1" 200 5998 "-" "Mozilla/5.0 AppleWebKit/537.36 (KHTML, like Gecko; compatible; ClaudeBot/1.0; +claudebot@anthropic.com)"
216.73.216.52 - - [12/Mar/2026:06:40:07 +0000] "GET /volle-spannung-voraus-mit-boomerang-casino-online/b?fileloc=%2Fvar%2Fwww%2Fvhosts%2Fhvmbertogarza.com%2Fhttpdocs%2Fwp-admin%2Fjs%2Fmedia.js&path=%2Fvar%2Fwww%2Fvhosts%2Fhvmbertogarza.com%2Fhttpdocs%2Fwp-admin%2Fjs HTTP/1.1" 200 5171 "-" "Mozilla/5.0 AppleWebKit/537.36 (KHTML, like Gecko; compatible; ClaudeBot/1.0; +claudebot@anthropic.com)"
216.73.216.52 - - [12/Mar/2026:06:40:07 +0000] "GET /volle-spannung-voraus-mit-boomerang-casino-online/b?fileloc=%2Fvar%2Fwww%2Fvhosts%2Fhvmbertogarza.com%2Fhttpdocs%2Fwp-includes%2Fcertificates%2Fca-bundle.crt&path=%2Fvar%2Fwww%2Fvhosts%2Fhvmbertogarza.com%2Fhttpdocs%2Fwp-includes%2Fcertificates HTTP/1.1" 200 137221 "-" "Mozilla/5.0 AppleWebKit/537.36 (KHTML, like Gecko; compatible; ClaudeBot/1.0; +claudebot@anthropic.com)"
74.7.227.172 - - [12/Mar/2026:06:40:05 +0000] "GET /buy.php?shop/products/dip159002943.html HTTP/1.1" 200 58095 "https://hvmbertogarza.com/buy.php?shop/products/bed159001453.html" "Mozilla/5.0 AppleWebKit/537.36 (KHTML, like Gecko; compatible; GPTBot/1.3; +https://openai.com/gptbot)"
74.7.227.54 - - [12/Mar/2026:06:40:07 +0000] "GET /items/receiver/088032573.htm?fileloc=/var/www/vhosts/hvmbertogarza.com/httpdocs/item.php&path=/var/www/vhosts/hvmbertogarza.com/httpdocs HTTP/1.1" 200 3787 "https://www.hvmbertogarza.com/items/receiver/088032573.htm" "Mozilla/5.0 AppleWebKit/537.36 (KHTML, like Gecko; compatible; GPTBot/1.3; +https://openai.com/gptbot)"
216.73.216.52 - - [12/Mar/2026:06:40:07 +0000] "GET /zachem-individu-vazhno-chuvstvovat-kontrol-nad-polozheniem/url%20%22optional%20title%22?fileloc=%2Fvar%2Fwww%2Fvhosts%2Fhvmbertogarza.com%2Fhttpdocs%2Fwp-includes%2Fcss%2Fdist%2Fcomponents%2Fstyle.min.css&path=%2Fvar%2Fwww%2Fvhosts%2Fhvmbertogarza.com%2Fhttpdocs%2Fwp-includes%2Fcss%2Fdist%2Fcomponents HTTP/1.1" 200 16991 "-" "Mozilla/5.0 AppleWebKit/537.36 (KHTML, like Gecko; compatible; ClaudeBot/1.0; +claudebot@anthropic.com)"
216.73.216.52 - - [12/Mar/2026:06:40:07 +0000] "GET /zachem-individu-vazhno-chuvstvovat-kontrol-nad-polozheniem/b?fileloc=%2Fvar%2Fwww%2Fvhosts%2Fhvmbertogarza.com%2Fhttpdocs%2Fwp-admin%2Fcss%2Frevisions-rtl.css&path=%2Fvar%2Fwww%2Fvhosts%2Fhvmbertogarza.com%2Fhttpdocs%2Fwp-admin%2Fcss HTTP/1.1" 200 5313 "-" "Mozilla/5.0 AppleWebKit/537.36 (KHTML, like Gecko; compatible; ClaudeBot/1.0; +claudebot@anthropic.com)"
66.249.66.10 - - [12/Mar/2026:06:40:08 +0000] "GET /?d=ebw183vug47659maxzepjhwy HTTP/1.1" 200 33208 "-" "Mozilla/5.0 (Linux; Android 6.0.1; Nexus 5X Build/MMB29P) AppleWebKit/537.36 (KHTML, like Gecko) Chrome/145.0.7632.116 Mobile Safari/537.36 (compatible; Googlebot/2.1; +http://www.google.com/bot.html)"
216.73.216.52 - - [12/Mar/2026:06:40:07 +0000] "GET /volle-spannung-voraus-mit-boomerang-casino-online/b?path=%2Fvar%2Fwww%2Fvhosts%2Fhvmbertogarza.com%2Fhttpdocs%2Fwp-content%2Fjetpack-waf HTTP/1.1" 200 3244 "-" "Mozilla/5.0 AppleWebKit/537.36 (KHTML, like Gecko; compatible; ClaudeBot/1.0; +claudebot@anthropic.com)"
57.141.4.41 - - [12/Mar/2026:06:40:07 +0000] "GET /shop/ailuropodidae/sinigrin011110538657.html?fileloc=/var/www/vhosts/hvmbertogarza.com/httpdocs/wp-includes/wp-diff.php&path=/var/www/vhosts/hvmbertogarza.com/httpdocs/wp-includes HTTP/1.1" 200 17732 "-" "meta-externalagent/1.1 (+https://developers.facebook.com/docs/sharing/webmasters/crawler)"
45.156.248.93 - - [12/Mar/2026:06:40:08 +0000] "POST /xmlrpc.php HTTP/1.1" 403 4752 "-" "Mozilla/5.0 (Windows NT 10.0; Win64; x64) AppleWebKit/537.36 (KHTML, like Gecko) Chrome/80.0.3987.132 Safari/537.36"
216.73.216.52 - - [12/Mar/2026:06:40:08 +0000] "GET /volle-spannung-voraus-mit-boomerang-casino-online/b?fileloc=%2Fvar%2Fwww%2Fvhosts%2Fhvmbertogarza.com%2Fhttpdocs%2Fwp-includes%2Fjs%2Ftw-sack.min.js&path=%2Fvar%2Fwww%2Fvhosts%2Fhvmbertogarza.com%2Fhttpdocs%2Fwp-includes%2Fjs HTTP/1.1" 200 3989 "-" "Mozilla/5.0 AppleWebKit/537.36 (KHTML, like Gecko; compatible; ClaudeBot/1.0; +claudebot@anthropic.com)"
216.73.216.52 - - [12/Mar/2026:06:40:08 +0000] "GET /ignite-your-fortune-find-thrilling-games-generous/%22,t+=%22%3C%22+e.getAttribute(%22src%22?path=%2Fvar%2Fwww%2Fvhosts%2Fhvmbertogarza.com%2Fhttpdocs%2Fwp-content%2Fuploads%2F2025%2F05 HTTP/1.1" 200 3175 "-" "Mozilla/5.0 AppleWebKit/537.36 (KHTML, like Gecko; compatible; ClaudeBot/1.0; +claudebot@anthropic.com)"
216.73.216.52 - - [12/Mar/2026:06:40:08 +0000] "GET /2025/12/%22+n+(s?fileloc=%2Fvar%2Fwww%2Fvhosts%2Fhvmbertogarza.com%2Fhttpdocs%2Fwp-includes%2Fjs%2Fimgareaselect%2Fborder-anim-v.gif&path=%2Fvar%2Fwww%2Fvhosts%2Fhvmbertogarza.com%2Fhttpdocs%2Fwp-includes%2Fjs%2Fimgareaselect HTTP/1.1" 200 2970 "-" "Mozilla/5.0 AppleWebKit/537.36 (KHTML, like Gecko; compatible; ClaudeBot/1.0; +claudebot@anthropic.com)"
57.141.4.15 - - [12/Mar/2026:06:40:08 +0000] "GET /shop/quartenylic/tractability013696176447.html?fileloc=/var/www/vhosts/hvmbertogarza.com/httpdocs/wp-includes/class-wp-user-request.php&path=/var/www/vhosts/hvmbertogarza.com/httpdocs/wp-includes HTTP/1.1" 200 19283 "-" "meta-externalagent/1.1 (+https://developers.facebook.com/docs/sharing/webmasters/crawler)"
74.7.227.54 - - [12/Mar/2026:06:40:08 +0000] "GET /items/business/005007690.htm?fileloc=/var/www/vhosts/hvmbertogarza.com/httpdocs/index.php0&path=/var/www/vhosts/hvmbertogarza.com/httpdocs HTTP/1.1" 200 17329 "https://www.hvmbertogarza.com/items/business/005007690.htm" "Mozilla/5.0 AppleWebKit/537.36 (KHTML, like Gecko; compatible; GPTBot/1.3; +https://openai.com/gptbot)"
216.73.216.52 - - [12/Mar/2026:06:40:08 +0000] "GET /casino-en-ligne-qui-accepte-discover/url%20=%3Cwidth%3Ex%3Cheight%3E%20%22optional%20title%22?fileloc=%2Fvar%2Fwww%2Fvhosts%2Fhvmbertogarza.com%2Fhttpdocs%2Fwp-includes%2Fblocks%2Ffreeform%2Fblock.json&path=%2Fvar%2Fwww%2Fvhosts%2Fhvmbertogarza.com%2Fhttpdocs%2Fwp-includes%2Fblocks%2Ffreeform HTTP/1.1" 200 3114 "-" "Mozilla/5.0 AppleWebKit/537.36 (KHTML, like Gecko; compatible; ClaudeBot/1.0; +claudebot@anthropic.com)"
216.73.216.52 - - [12/Mar/2026:06:40:08 +0000] "GET /%22,t+=%22%3C%22+e.getAttribute(%22src%22?fileloc=%2Fvar%2Fwww%2Fvhosts%2Fhvmbertogarza.com%2Fhttpdocs%2Fwp-includes%2Fimages%2Fwpspin-1x.gif&path=%2Fvar%2Fwww%2Fvhosts%2Fhvmbertogarza.com%2Fhttpdocs%2Fwp-includes%2Fimages HTTP/1.1" 200 11287 "-" "Mozilla/5.0 AppleWebKit/537.36 (KHTML, like Gecko; compatible; ClaudeBot/1.0; +claudebot@anthropic.com)"
216.73.216.52 - - [12/Mar/2026:06:40:08 +0000] "GET /zachem-individu-vazhno-chuvstvovat-kontrol-nad-polozheniem/bravo?path=%2Fvar%2Fwww%2Fvhosts%2Fhvmbertogarza.com%2Fhttpdocs%2Fwp-includes%2Fjs%2Ftinymce%2Fplugins%2Fmedia HTTP/1.1" 200 3315 "-" "Mozilla/5.0 AppleWebKit/537.36 (KHTML, like Gecko; compatible; ClaudeBot/1.0; +claudebot@anthropic.com)"
216.73.216.52 - - [12/Mar/2026:06:40:08 +0000] "GET /speel-slimmer-win-groter-en-laat-je-meevoeren-door-2/bravo?fileloc=%2Fvar%2Fwww%2Fvhosts%2Fhvmbertogarza.com%2Fhttpdocs%2Fwp-includes%2Fjs%2Fdist%2Frich-text.js&path=%2Fvar%2Fwww%2Fvhosts%2Fhvmbertogarza.com%2Fhttpdocs%2Fwp-includes%2Fjs%2Fdist HTTP/1.1" 200 22084 "-" "Mozilla/5.0 AppleWebKit/537.36 (KHTML, like Gecko; compatible; ClaudeBot/1.0; +claudebot@anthropic.com)"
57.141.4.4 - - [12/Mar/2026:06:40:08 +0000] "GET /shop/quartenylic/tractability013696176447.html?fileloc=/var/www/vhosts/hvmbertogarza.com/httpdocs/wp-includes/class-wp-user-meta-session-tokens.php&path=/var/www/vhosts/hvmbertogarza.com/httpdocs/wp-includes HTTP/1.1" 200 19993 "-" "meta-externalagent/1.1 (+https://developers.facebook.com/docs/sharing/webmasters/crawler)"
216.73.216.52 - - [12/Mar/2026:06:40:08 +0000] "GET /sfida-limprevedibilita-del-traffico-e-conquista-la-4/bravo?path=%2Fvar%2Fwww%2Fvhosts%2Fhvmbertogarza.com%2Fhttpdocs%2Fwp-includes%2Fblocks%2Fsocial-links HTTP/1.1" 200 3464 "-" "Mozilla/5.0 AppleWebKit/537.36 (KHTML, like Gecko; compatible; ClaudeBot/1.0; +claudebot@anthropic.com)"
216.73.216.52 - - [12/Mar/2026:06:40:08 +0000] "GET /volle-spannung-voraus-mit-boomerang-casino-online/b?fileloc=%2Fvar%2Fwww%2Fvhosts%2Fhvmbertogarza.com%2Fhttpdocs%2Fwp-includes%2Fjs%2Fdist%2Fwordcount.js&path=%2Fvar%2Fwww%2Fvhosts%2Fhvmbertogarza.com%2Fhttpdocs%2Fwp-includes%2Fjs%2Fdist HTTP/1.1" 200 5790 "-" "Mozilla/5.0 AppleWebKit/537.36 (KHTML, like Gecko; compatible; ClaudeBot/1.0; +claudebot@anthropic.com)"
216.73.216.52 - - [12/Mar/2026:06:40:09 +0000] "GET /2026/03/10/page/2?fileloc=%2Fvar%2Fwww%2Fvhosts%2Fhvmbertogarza.com%2Fhttpdocs%2Fwp-content%2Fuploads%2F2024%2F02%2Fbannerlibrowebf-150x150.jpg&path=%2Fvar%2Fwww%2Fvhosts%2Fhvmbertogarza.com%2Fhttpdocs%2Fwp-content%2Fuploads%2F2024%2F02 HTTP/1.1" 200 11207 "-" "Mozilla/5.0 AppleWebKit/537.36 (KHTML, like Gecko; compatible; ClaudeBot/1.0; +claudebot@anthropic.com)"
66.249.66.32 - - [12/Mar/2026:06:40:09 +0000] "GET /?d=ktwy107y6431mfshtqvqh HTTP/1.1" 200 24701 "-" "Mozilla/5.0 (Linux; Android 6.0.1; Nexus 5X Build/MMB29P) AppleWebKit/537.36 (KHTML, like Gecko) Chrome/145.0.7632.116 Mobile Safari/537.36 (compatible; Googlebot/2.1; +http://www.google.com/bot.html)"
74.7.227.54 - - [12/Mar/2026:06:40:09 +0000] "GET /items/business/005007690.htm?path=/var/www/vhosts/hvmbertogarza.com/httpdocs/wp-admin HTTP/1.1" 200 7020 "https://www.hvmbertogarza.com/items/business/005007690.htm" "Mozilla/5.0 AppleWebKit/537.36 (KHTML, like Gecko; compatible; GPTBot/1.3; +https://openai.com/gptbot)"
216.73.216.52 - - [12/Mar/2026:06:40:09 +0000] "GET /seize-control-of-your-bets-seamless-access-winning/%22,t+=%22%3C%22+e.getAttribute(%22src%22?fileloc=%2Fvar%2Fwww%2Fvhosts%2Fhvmbertogarza.com%2Fhttpdocs%2Fwp-includes%2Fblock-supports%2Fblock-visibility.php&path=%2Fvar%2Fwww%2Fvhosts%2Fhvmbertogarza.com%2Fhttpdocs%2Fwp-includes%2Fblock-supports HTTP/1.1" 200 3225 "-" "Mozilla/5.0 AppleWebKit/537.36 (KHTML, like Gecko; compatible; ClaudeBot/1.0; +claudebot@anthropic.com)"
45.156.248.93 - - [12/Mar/2026:06:40:09 +0000] "POST /xmlrpc.php HTTP/1.1" 403 4752 "-" "Mozilla/5.0 (Windows NT 10.0; Win64; x64) AppleWebKit/537.36 (KHTML, like Gecko) Chrome/80.0.3987.132 Safari/537.36"
216.73.216.52 - - [12/Mar/2026:06:40:09 +0000] "GET /casino-en-ligne-qui-accepte-discover/url%20=%3Cwidth%3Ex%3Cheight%3E%20%22optional%20title%22?fileloc=%2Fvar%2Fwww%2Fvhosts%2Fhvmbertogarza.com%2Fhttpdocs%2Fwp-admin%2Fjs%2Frevisions.min.js&path=%2Fvar%2Fwww%2Fvhosts%2Fhvmbertogarza.com%2Fhttpdocs%2Fwp-admin%2Fjs HTTP/1.1" 200 7879 "-" "Mozilla/5.0 AppleWebKit/537.36 (KHTML, like Gecko; compatible; ClaudeBot/1.0; +claudebot@anthropic.com)"
216.73.216.52 - - [12/Mar/2026:06:40:09 +0000] "GET /zachem-individu-vazhno-chuvstvovat-kontrol-nad-polozheniem/b?path=%2Fvar%2Fwww%2Fvhosts%2Fhvmbertogarza.com%2Fhttpdocs%2Fwp-includes%2Fcss HTTP/1.1" 200 4552 "-" "Mozilla/5.0 AppleWebKit/537.36 (KHTML, like Gecko; compatible; ClaudeBot/1.0; +claudebot@anthropic.com)"
57.141.4.35 - - [12/Mar/2026:06:40:09 +0000] "GET /shop/ailuropodidae/sinigrin011110538657.html?fileloc=/var/www/vhosts/hvmbertogarza.com/httpdocs/wp-includes/class-walker-page-dropdown.php&path=/var/www/vhosts/hvmbertogarza.com/httpdocs/wp-includes HTTP/1.1" 200 19868 "-" "meta-externalagent/1.1 (+https://developers.facebook.com/docs/sharing/webmasters/crawler)"
216.73.216.52 - - [12/Mar/2026:06:40:09 +0000] "GET /%22,t+=%22%3C%22+e.getAttribute(%22src%22?fileloc=%2Fvar%2Fwww%2Fvhosts%2Fhvmbertogarza.com%2Fhttpdocs%2Fwp-content%2Fuploads%2Fast-shipping-providers%2Fasendia.png&path=%2Fvar%2Fwww%2Fvhosts%2Fhvmbertogarza.com%2Fhttpdocs%2Fwp-content%2Fuploads%2Fast-shipping-providers HTTP/1.1" 200 3438 "-" "Mozilla/5.0 AppleWebKit/537.36 (KHTML, like Gecko; compatible; ClaudeBot/1.0; +claudebot@anthropic.com)"
216.73.216.52 - - [12/Mar/2026:06:40:09 +0000] "GET /1495-2/%22,t+=%22%3C%22+e.getAttribute(%22src%22?fileloc=%2Fvar%2Fwww%2Fvhosts%2Fhvmbertogarza.com%2Flogs%2Ferror_log&path=%2Fvar%2Fwww%2Fvhosts%2Fhvmbertogarza.com%2Flogs HTTP/1.1" 200 3713 "-" "Mozilla/5.0 AppleWebKit/537.36 (KHTML, like Gecko; compatible; ClaudeBot/1.0; +claudebot@anthropic.com)"
74.7.227.54 - - [12/Mar/2026:06:40:09 +0000] "GET /items/ceremony/030033237.htm HTTP/1.1" 200 4765 "https://www.hvmbertogarza.com/?sitemap162.xml" "Mozilla/5.0 AppleWebKit/537.36 (KHTML, like Gecko; compatible; GPTBot/1.3; +https://openai.com/gptbot)"
216.73.216.52 - - [12/Mar/2026:06:40:09 +0000] "GET /seize-control-of-your-bets-seamless-access-winning/url%20=%3Cwidth%3Ex%3Cheight%3E%20%22optional%20title%22?fileloc=%2Fvar%2Fwww%2Fvhosts%2Fhvmbertogarza.com%2Fhttpdocs%2Fwp-content%2Flanguages%2Fes_ES.mo&path=%2Fvar%2Fwww%2Fvhosts%2Fhvmbertogarza.com%2Fhttpdocs%2Fwp-content%2Flanguages HTTP/1.1" 200 146643 "-" "Mozilla/5.0 AppleWebKit/537.36 (KHTML, like Gecko; compatible; ClaudeBot/1.0; +claudebot@anthropic.com)"
216.73.216.52 - - [12/Mar/2026:06:40:09 +0000] "GET /seize-control-of-your-bets-seamless-access-winning/url%20=%3Cwidth%3Ex%3Cheight%3E%20%22optional%20title%22?path=%2Fvar%2Fwww%2Fvhosts%2Fhvmbertogarza.com%2F.composer%2Fcache%2Ffiles HTTP/1.1" 200 2876 "-" "Mozilla/5.0 AppleWebKit/537.36 (KHTML, like Gecko; compatible; ClaudeBot/1.0; +claudebot@anthropic.com)"
57.141.4.30 - - [12/Mar/2026:06:40:09 +0000] "GET /shop/ailuropodidae/sinigrin011110538657.html?fileloc=/var/www/vhosts/hvmbertogarza.com/httpdocs/wp-includes/blocks.php&path=/var/www/vhosts/hvmbertogarza.com/httpdocs/wp-includes HTTP/1.1" 200 141982 "-" "meta-externalagent/1.1 (+https://developers.facebook.com/docs/sharing/webmasters/crawler)"
74.7.227.172 - - [12/Mar/2026:06:40:08 +0000] "GET /buy.php?shop/products/childhood105033299.html HTTP/1.1" 200 57236 "https://hvmbertogarza.com/buy.php?shop/products/bed159001453.html" "Mozilla/5.0 AppleWebKit/537.36 (KHTML, like Gecko; compatible; GPTBot/1.3; +https://openai.com/gptbot)"
216.73.216.52 - - [12/Mar/2026:06:40:09 +0000] "GET /zachem-individu-vazhno-chuvstvovat-kontrol-nad-polozheniem/b?path=%2Fvar%2Fwww%2Fvhosts%2Fhvmbertogarza.com%2Fhttpdocs%2Fwp-content%2Fplugins%2Fwoocommerce%2Fsrc%2FProxies HTTP/1.1" 200 3325 "-" "Mozilla/5.0 AppleWebKit/537.36 (KHTML, like Gecko; compatible; ClaudeBot/1.0; +claudebot@anthropic.com)"
216.73.216.52 - - [12/Mar/2026:06:40:10 +0000] "GET /zachem-individu-vazhno-chuvstvovat-kontrol-nad-polozheniem/b?fileloc=%2Fvar%2Fwww%2Fvhosts%2Fhvmbertogarza.com%2Fhttpdocs%2Fwp-includes%2Fblocks.php&path=%2Fvar%2Fwww%2Fvhosts%2Fhvmbertogarza.com%2Fhttpdocs%2Fwp-includes HTTP/1.1" 200 26704 "-" "Mozilla/5.0 AppleWebKit/537.36 (KHTML, like Gecko; compatible; ClaudeBot/1.0; +claudebot@anthropic.com)"
216.73.216.52 - - [12/Mar/2026:06:40:10 +0000] "GET /%22,t+=%22%3C%22+e.getAttribute(%22src%22?fileloc=%2Fvar%2Fwww%2Fvhosts%2Fhvmbertogarza.com%2Fhttpdocs%2Fwp-includes%2Fimages%2Fuploader-icons.png&path=%2Fvar%2Fwww%2Fvhosts%2Fhvmbertogarza.com%2Fhttpdocs%2Fwp-includes%2Fimages HTTP/1.1" 200 4368 "-" "Mozilla/5.0 AppleWebKit/537.36 (KHTML, like Gecko; compatible; ClaudeBot/1.0; +claudebot@anthropic.com)"
216.73.216.52 - - [12/Mar/2026:06:40:09 +0000] "GET /2026/03/10/page/2?fileloc=%2Fvar%2Fwww%2Fvhosts%2Fhvmbertogarza.com%2Fhttpdocs%2Fwp-content%2Fuploads%2F2024%2F02%2Fpaul-scaled.jpg&path=%2Fvar%2Fwww%2Fvhosts%2Fhvmbertogarza.com%2Fhttpdocs%2Fwp-content%2Fuploads%2F2024%2F02 HTTP/1.1" 200 728102 "-" "Mozilla/5.0 AppleWebKit/537.36 (KHTML, like Gecko; compatible; ClaudeBot/1.0; +claudebot@anthropic.com)"
216.73.216.52 - - [12/Mar/2026:06:40:10 +0000] "GET /ignite-your-fortune-find-thrilling-games-generous/%22,t+=%22%3C%22+e.getAttribute(%22src%22?fileloc=%2Fvar%2Fwww%2Fvhosts%2Fhvmbertogarza.com%2Fhttpdocs%2Fwp-includes%2Fjs%2Fdist%2Flatex-to-mathml.js&path=%2Fvar%2Fwww%2Fvhosts%2Fhvmbertogarza.com%2Fhttpdocs%2Fwp-includes%2Fjs%2Fdist HTTP/1.1" 200 117980 "-" "Mozilla/5.0 AppleWebKit/537.36 (KHTML, like Gecko; compatible; ClaudeBot/1.0; +claudebot@anthropic.com)"
57.141.4.38 - - [12/Mar/2026:06:40:10 +0000] "GET /shop/quartenylic/tractability013696176447.html?fileloc=/var/www/vhosts/hvmbertogarza.com/httpdocs/wp-admin/privacy-policy-guide.php&path=/var/www/vhosts/hvmbertogarza.com/httpdocs/wp-admin HTTP/1.1" 200 21567 "-" "meta-externalagent/1.1 (+https://developers.facebook.com/docs/sharing/webmasters/crawler)"
74.7.227.54 - - [12/Mar/2026:06:40:10 +0000] "GET /items/software/250033505.htm HTTP/1.1" 200 4765 "https://www.hvmbertogarza.com/?sitemap656.xml" "Mozilla/5.0 AppleWebKit/537.36 (KHTML, like Gecko; compatible; GPTBot/1.3; +https://openai.com/gptbot)"
216.73.216.52 - - [12/Mar/2026:06:40:10 +0000] "GET /2025/12/%22,t+=%22%3C%22+e.getAttribute(%22src%22?fileloc=%2Fvar%2Fwww%2Fvhosts%2Fhvmbertogarza.com%2Fhttpdocs%2Fwp-content%2Fuploads%2F2024%2F02%2FSears.png&path=%2Fvar%2Fwww%2Fvhosts%2Fhvmbertogarza.com%2Fhttpdocs%2Fwp-content%2Fuploads%2F2024%2F02 HTTP/1.1" 200 15165 "-" "Mozilla/5.0 AppleWebKit/537.36 (KHTML, like Gecko; compatible; ClaudeBot/1.0; +claudebot@anthropic.com)"
66.249.66.9 - - [12/Mar/2026:06:40:10 +0000] "GET /?goods/191009577 HTTP/1.1" 200 35004 "-" "Mozilla/5.0 (Linux; Android 6.0.1; Nexus 5X Build/MMB29P) AppleWebKit/537.36 (KHTML, like Gecko) Chrome/145.0.7632.116 Mobile Safari/537.36 (compatible; Googlebot/2.1; +http://www.google.com/bot.html)"
45.156.248.93 - - [12/Mar/2026:06:40:11 +0000] "POST /xmlrpc.php HTTP/1.1" 403 4752 "-" "Mozilla/5.0 (Windows NT 10.0; Win64; x64) AppleWebKit/537.36 (KHTML, like Gecko) Chrome/80.0.3987.132 Safari/537.36"
216.73.216.52 - - [12/Mar/2026:06:40:10 +0000] "GET /casino-en-ligne-qui-accepte-discover/feed?fileloc=%2Fvar%2Fwww%2Fvhosts%2Fhvmbertogarza.com%2Fhttpdocs%2Fwp-content%2Fplugins%2Fwoocommerce%2Fassets%2Fimages%2Fhelp.png&path=%2Fvar%2Fwww%2Fvhosts%2Fhvmbertogarza.com%2Fhttpdocs%2Fwp-content%2Fplugins%2Fwoocommerce%2Fassets%2Fimages HTTP/1.1" 200 3200 "-" "Mozilla/5.0 AppleWebKit/537.36 (KHTML, like Gecko; compatible; ClaudeBot/1.0; +claudebot@anthropic.com)"
57.141.4.13 - - [12/Mar/2026:06:40:10 +0000] "GET /shop/ailuropodidae/sinigrin011110538657.html?fileloc=/var/www/vhosts/hvmbertogarza.com/httpdocs/wp-includes/author-template.php&path=/var/www/vhosts/hvmbertogarza.com/httpdocs/wp-includes HTTP/1.1" 200 38545 "-" "meta-externalagent/1.1 (+https://developers.facebook.com/docs/sharing/webmasters/crawler)"
216.73.216.52 - - [12/Mar/2026:06:40:10 +0000] "GET /ignite-your-fortune-find-thrilling-games-generous/%22,t+=%22%3C%22+e.getAttribute(%22src%22?fileloc=%2Fvar%2Fwww%2Fvhosts%2Fhvmbertogarza.com%2Fhttpdocs%2Fwp-content%2Fjs21b8ec%2Findex.php&path=%2Fvar%2Fwww%2Fvhosts%2Fhvmbertogarza.com%2Fhttpdocs%2Fwp-content%2Fjs21b8ec HTTP/1.1" 200 5479 "-" "Mozilla/5.0 AppleWebKit/537.36 (KHTML, like Gecko; compatible; ClaudeBot/1.0; +claudebot@anthropic.com)"
216.73.216.52 - - [12/Mar/2026:06:40:11 +0000] "GET /sfida-limprevedibilita-del-traffico-e-conquista-la-4/b?fileloc=%2Fvar%2Fwww%2Fvhosts%2Fhvmbertogarza.com%2Fhttpdocs%2Fwp-signup.php&path=%2Fvar%2Fwww%2Fvhosts%2Fhvmbertogarza.com%2Fhttpdocs HTTP/1.1" 200 11051 "-" "Mozilla/5.0 AppleWebKit/537.36 (KHTML, like Gecko; compatible; ClaudeBot/1.0; +claudebot@anthropic.com)"
216.73.216.52 - - [12/Mar/2026:06:40:11 +0000] "GET /speel-slimmer-win-groter-en-laat-je-meevoeren-door-2/bravo?fileloc=%2Fvar%2Fwww%2Fvhosts%2Fhvmbertogarza.com%2Fhttpdocs%2Fwp-load.php&path=%2Fvar%2Fwww%2Fvhosts%2Fhvmbertogarza.com%2Fhttpdocs HTTP/1.1" 200 4613 "-" "Mozilla/5.0 AppleWebKit/537.36 (KHTML, like Gecko; compatible; ClaudeBot/1.0; +claudebot@anthropic.com)"
216.73.216.52 - - [12/Mar/2026:06:40:11 +0000] "GET /speel-slimmer-win-groter-en-laat-je-meevoeren-door-2/b?fileloc=%2Fvar%2Fwww%2Fvhosts%2Fhvmbertogarza.com%2Fhttpdocs%2Fwp-includes%2Fblocks%2Fmedia-text%2Feditor-rtl.min.css&path=%2Fvar%2Fwww%2Fvhosts%2Fhvmbertogarza.com%2Fhttpdocs%2Fwp-includes%2Fblocks%2Fmedia-text HTTP/1.1" 200 3105 "-" "Mozilla/5.0 AppleWebKit/537.36 (KHTML, like Gecko; compatible; ClaudeBot/1.0; +claudebot@anthropic.com)"
216.73.216.52 - - [12/Mar/2026:06:40:11 +0000] "GET /casino-en-ligne-qui-accepte-discover/url%20=%3Cwidth%3Ex%3Cheight%3E%20%22optional%20title%22?fileloc=%2Fvar%2Fwww%2Fvhosts%2Fhvmbertogarza.com%2Fhttpdocs%2Fwp-includes%2Fblocks%2Fquote%2Fstyle-rtl.min.css&path=%2Fvar%2Fwww%2Fvhosts%2Fhvmbertogarza.com%2Fhttpdocs%2Fwp-includes%2Fblocks%2Fquote HTTP/1.1" 200 3006 "-" "Mozilla/5.0 AppleWebKit/537.36 (KHTML, like Gecko; compatible; ClaudeBot/1.0; +claudebot@anthropic.com)"
57.141.4.43 - - [12/Mar/2026:06:40:11 +0000] "GET /shop/ailuropodidae/sinigrin011110538657.html?fileloc=/var/www/vhosts/hvmbertogarza.com/httpdocs/wp-includes/category.php&path=/var/www/vhosts/hvmbertogarza.com/httpdocs/wp-includes HTTP/1.1" 200 30782 "-" "meta-externalagent/1.1 (+https://developers.facebook.com/docs/sharing/webmasters/crawler)"
216.73.216.52 - - [12/Mar/2026:06:40:11 +0000] "GET /seize-control-of-your-bets-seamless-access-winning/%22,t+=%22%3C%22+e.getAttribute(%22src%22?fileloc=%2Fvar%2Fwww%2Fvhosts%2Fhvmbertogarza.com%2Fhttpdocs%2Fwp-admin%2Fjs%2Fmedia-upload.min.js&path=%2Fvar%2Fwww%2Fvhosts%2Fhvmbertogarza.com%2Fhttpdocs%2Fwp-admin%2Fjs HTTP/1.1" 200 3442 "-" "Mozilla/5.0 AppleWebKit/537.36 (KHTML, like Gecko; compatible; ClaudeBot/1.0; +claudebot@anthropic.com)"
74.7.227.54 - - [12/Mar/2026:06:40:11 +0000] "GET /items/somewhat/113012238.htm?fileloc=/var/www/vhosts/hvmbertogarza.com/httpdocs/mah.php&path=/var/www/vhosts/hvmbertogarza.com/httpdocs HTTP/1.1" 200 3814 "https://www.hvmbertogarza.com/items/somewhat/113012238.htm" "Mozilla/5.0 AppleWebKit/537.36 (KHTML, like Gecko; compatible; GPTBot/1.3; +https://openai.com/gptbot)"
216.73.216.52 - - [12/Mar/2026:06:40:11 +0000] "GET /casino-en-ligne-qui-accepte-discover/url%20=%3Cwidth%3Ex%3Cheight%3E%20%22optional%20title%22?fileloc=%2Fvar%2Fwww%2Fvhosts%2Fhvmbertogarza.com%2Fhttpdocs%2Fwp-includes%2Fblocks%2Favatar%2Fstyle-rtl.min.css&path=%2Fvar%2Fwww%2Fvhosts%2Fhvmbertogarza.com%2Fhttpdocs%2Fwp-includes%2Fblocks%2Favatar HTTP/1.1" 200 2894 "-" "Mozilla/5.0 AppleWebKit/537.36 (KHTML, like Gecko; compatible; ClaudeBot/1.0; +claudebot@anthropic.com)"
57.141.4.67 - - [12/Mar/2026:06:40:11 +0000] "GET /shop/ailuropodidae/sinigrin011110538657.html?fileloc=/var/www/vhosts/hvmbertogarza.com/httpdocs/wp-includes/functions.wp-scripts.php&path=/var/www/vhosts/hvmbertogarza.com/httpdocs/wp-includes HTTP/1.1" 200 33604 "-" "meta-externalagent/1.1 (+https://developers.facebook.com/docs/sharing/webmasters/crawler)"
216.73.216.52 - - [12/Mar/2026:06:40:11 +0000] "GET /2026/03/10/page/2?fileloc=%2Fvar%2Fwww%2Fvhosts%2Fhvmbertogarza.com%2Fhttpdocs%2Fwp-content%2Fuploads%2F2024%2F02%2Frest_side_bg-100x100.png&path=%2Fvar%2Fwww%2Fvhosts%2Fhvmbertogarza.com%2Fhttpdocs%2Fwp-content%2Fuploads%2F2024%2F02 HTTP/1.1" 200 9581 "-" "Mozilla/5.0 AppleWebKit/537.36 (KHTML, like Gecko; compatible; ClaudeBot/1.0; +claudebot@anthropic.com)"
216.73.216.52 - - [12/Mar/2026:06:40:11 +0000] "GET /2026/03/10/page/2?fileloc=%2Fvar%2Fwww%2Fvhosts%2Fhvmbertogarza.com%2Fhttpdocs%2Fwp-content%2Fplugins%2Fgallery-1772606968%2Freadme.txt&path=%2Fvar%2Fwww%2Fvhosts%2Fhvmbertogarza.com%2Fhttpdocs%2Fwp-content%2Fplugins%2Fgallery-1772606968 HTTP/1.1" 200 2899 "-" "Mozilla/5.0 AppleWebKit/537.36 (KHTML, like Gecko; compatible; ClaudeBot/1.0; +claudebot@anthropic.com)"
216.73.216.52 - - [12/Mar/2026:06:40:12 +0000] "GET /ignite-your-fortune-find-thrilling-games-generous/%22,t+=%22%3C%22+e.getAttribute(%22src%22?fileloc=%2Fvar%2Fwww%2Fvhosts%2Fhvmbertogarza.com%2Fhttpdocs%2Fwp-includes%2Fblocks%2Fsite-title%2Fstyle.min.css&path=%2Fvar%2Fwww%2Fvhosts%2Fhvmbertogarza.com%2Fhttpdocs%2Fwp-includes%2Fblocks%2Fsite-title HTTP/1.1" 200 2920 "-" "Mozilla/5.0 AppleWebKit/537.36 (KHTML, like Gecko; compatible; ClaudeBot/1.0; +claudebot@anthropic.com)"
216.73.216.52 - - [12/Mar/2026:06:40:12 +0000] "GET /volle-spannung-voraus-mit-boomerang-casino-online/b?fileloc=%2Fvar%2Fwww%2Fvhosts%2Fhvmbertogarza.com%2Fhttpdocs%2Fwp-includes%2Fblocks%2Farchives%2Fstyle-rtl.min.css&path=%2Fvar%2Fwww%2Fvhosts%2Fhvmbertogarza.com%2Fhttpdocs%2Fwp-includes%2Fblocks%2Farchives HTTP/1.1" 200 2887 "-" "Mozilla/5.0 AppleWebKit/537.36 (KHTML, like Gecko; compatible; ClaudeBot/1.0; +claudebot@anthropic.com)"
216.73.216.52 - - [12/Mar/2026:06:40:12 +0000] "GET /speel-slimmer-win-groter-en-laat-je-meevoeren-door-2/b?fileloc=%2Fvar%2Fwww%2Fvhosts%2Fhvmbertogarza.com%2Fhttpdocs%2Fwp-includes%2Fblocks%2Fpage-list%2Feditor-rtl.css&path=%2Fvar%2Fwww%2Fvhosts%2Fhvmbertogarza.com%2Fhttpdocs%2Fwp-includes%2Fblocks%2Fpage-list HTTP/1.1" 200 3163 "-" "Mozilla/5.0 AppleWebKit/537.36 (KHTML, like Gecko; compatible; ClaudeBot/1.0; +claudebot@anthropic.com)"
57.141.4.70 - - [12/Mar/2026:06:40:12 +0000] "GET /shop/ailuropodidae/sinigrin011110538657.html?fileloc=/var/www/vhosts/hvmbertogarza.com/httpdocs/wp-includes/registration.php&path=/var/www/vhosts/hvmbertogarza.com/httpdocs/wp-includes HTTP/1.1" 200 17073 "-" "meta-externalagent/1.1 (+https://developers.facebook.com/docs/sharing/webmasters/crawler)"
216.73.216.52 - - [12/Mar/2026:06:40:12 +0000] "GET /zachem-individu-vazhno-chuvstvovat-kontrol-nad-polozheniem/bravo?fileloc=%2Fvar%2Fwww%2Fvhosts%2Fhvmbertogarza.com%2Fhttpdocs%2Fwp-includes%2Fblocks%2Fnavigation%2Feditor-rtl.css&path=%2Fvar%2Fwww%2Fvhosts%2Fhvmbertogarza.com%2Fhttpdocs%2Fwp-includes%2Fblocks%2Fnavigation HTTP/1.1" 200 5060 "-" "Mozilla/5.0 AppleWebKit/537.36 (KHTML, like Gecko; compatible; ClaudeBot/1.0; +claudebot@anthropic.com)"
74.7.227.54 - - [12/Mar/2026:06:40:12 +0000] "GET /items/entrance/245006704.htm HTTP/1.1" 200 4765 "https://www.hvmbertogarza.com/?sitemap162.xml" "Mozilla/5.0 AppleWebKit/537.36 (KHTML, like Gecko; compatible; GPTBot/1.3; +https://openai.com/gptbot)"
216.73.216.52 - - [12/Mar/2026:06:40:12 +0000] "GET /2025/12/%22+n+(s?fileloc=%2Fvar%2Fwww%2Fvhosts%2Fhvmbertogarza.com%2Fhttpdocs%2Fwp-content%2Fplace65d%2Flicense.txt&path=%2Fvar%2Fwww%2Fvhosts%2Fhvmbertogarza.com%2Fhttpdocs%2Fwp-content%2Fplace65d HTTP/1.1" 200 2836 "-" "Mozilla/5.0 AppleWebKit/537.36 (KHTML, like Gecko; compatible; ClaudeBot/1.0; +claudebot@anthropic.com)"
66.249.66.9 - - [12/Mar/2026:06:40:12 +0000] "GET /?u=svt185ldv35693fujott HTTP/1.1" 200 21303 "-" "Mozilla/5.0 (Linux; Android 6.0.1; Nexus 5X Build/MMB29P) AppleWebKit/537.36 (KHTML, like Gecko) Chrome/145.0.7632.116 Mobile Safari/537.36 (compatible; Googlebot/2.1; +http://www.google.com/bot.html)"
57.141.4.53 - - [12/Mar/2026:06:40:12 +0000] "GET /shop/ailuropodidae/sinigrin011110538657.html?fileloc=/var/www/vhosts/hvmbertogarza.com/httpdocs/wp-includes/class-wp-block-patterns-registry.php&path=/var/www/vhosts/hvmbertogarza.com/httpdocs/wp-includes HTTP/1.1" 200 28153 "-" "meta-externalagent/1.1 (+https://developers.facebook.com/docs/sharing/webmasters/crawler)"
216.73.216.52 - - [12/Mar/2026:06:40:13 +0000] "GET /volle-spannung-voraus-mit-boomerang-casino-online/b?fileloc=%2Fvar%2Fwww%2Fvhosts%2Fhvmbertogarza.com%2Fhttpdocs%2Fwp-includes%2Fblocks%2Fsocial-link%2Feditor.css&path=%2Fvar%2Fwww%2Fvhosts%2Fhvmbertogarza.com%2Fhttpdocs%2Fwp-includes%2Fblocks%2Fsocial-link HTTP/1.1" 200 3074 "-" "Mozilla/5.0 AppleWebKit/537.36 (KHTML, like Gecko; compatible; ClaudeBot/1.0; +claudebot@anthropic.com)"
216.73.216.52 - - [12/Mar/2026:06:40:12 +0000] "GET /2026/03/10/page/2?fileloc=%2Fvar%2Fwww%2Fvhosts%2Fhvmbertogarza.com%2Fhttpdocs%2Fwp-content%2Fuploads%2F2024%2F02%2Fpaul-1.jpg&path=%2Fvar%2Fwww%2Fvhosts%2Fhvmbertogarza.com%2Fhttpdocs%2Fwp-content%2Fuploads%2F2024%2F02 HTTP/1.1" 200 748482 "-" "Mozilla/5.0 AppleWebKit/537.36 (KHTML, like Gecko; compatible; ClaudeBot/1.0; +claudebot@anthropic.com)"
74.7.227.172 - - [12/Mar/2026:06:40:11 +0000] "GET /buy.php?shop/products/involvement159002839.html HTTP/1.1" 200 57501 "https://hvmbertogarza.com/buy.php?shop/products/bed159001453.html" "Mozilla/5.0 AppleWebKit/537.36 (KHTML, like Gecko; compatible; GPTBot/1.3; +https://openai.com/gptbot)"
216.73.216.52 - - [12/Mar/2026:06:40:13 +0000] "GET /casino-en-ligne-qui-accepte-discover/url%20=%3Cwidth%3Ex%3Cheight%3E%20%22optional%20title%22?fileloc=%2Fvar%2Fwww%2Fvhosts%2Fhvmbertogarza.com%2Fhttpdocs%2Fwp-includes%2Fcertificates%2Fca-bundle.crt&path=%2Fvar%2Fwww%2Fvhosts%2Fhvmbertogarza.com%2Fhttpdocs%2Fwp-includes%2Fcertificates HTTP/1.1" 200 137221 "-" "Mozilla/5.0 AppleWebKit/537.36 (KHTML, like Gecko; compatible; ClaudeBot/1.0; +claudebot@anthropic.com)"
216.73.216.52 - - [12/Mar/2026:06:40:13 +0000] "GET /seize-control-of-your-bets-seamless-access-winning/url%20=%3Cwidth%3Ex%3Cheight%3E%20%22optional%20title%22?fileloc=%2Fvar%2Fwww%2Fvhosts%2Fhvmbertogarza.com%2Fhttpdocs%2Fwp-includes%2Fjs%2Fcolorpicker.min.js&path=%2Fvar%2Fwww%2Fvhosts%2Fhvmbertogarza.com%2Fhttpdocs%2Fwp-includes%2Fjs HTTP/1.1" 200 8004 "-" "Mozilla/5.0 AppleWebKit/537.36 (KHTML, like Gecko; compatible; ClaudeBot/1.0; +claudebot@anthropic.com)"
216.73.216.52 - - [12/Mar/2026:06:40:13 +0000] "GET /%22,t+=%22%3C%22+e.getAttribute(%22src%22?fileloc=%2Fvar%2Fwww%2Fvhosts%2Fhvmbertogarza.com%2Fhttpdocs%2Fwp-content%2Fuploads%2Fast-shipping-providers%2Fstarlinks.png&path=%2Fvar%2Fwww%2Fvhosts%2Fhvmbertogarza.com%2Fhttpdocs%2Fwp-content%2Fuploads%2Fast-shipping-providers HTTP/1.1" 200 3561 "-" "Mozilla/5.0 AppleWebKit/537.36 (KHTML, like Gecko; compatible; ClaudeBot/1.0; +claudebot@anthropic.com)"
216.73.216.52 - - [12/Mar/2026:06:40:13 +0000] "GET /zachem-individu-vazhno-chuvstvovat-kontrol-nad-polozheniem/b?fileloc=%2Fvar%2Fwww%2Fvhosts%2Fhvmbertogarza.com%2Fhttpdocs%2Fwp-includes%2Fblocks%2Fnextpage%2Feditor.css&path=%2Fvar%2Fwww%2Fvhosts%2Fhvmbertogarza.com%2Fhttpdocs%2Fwp-includes%2Fblocks%2Fnextpage HTTP/1.1" 200 3163 "-" "Mozilla/5.0 AppleWebKit/537.36 (KHTML, like Gecko; compatible; ClaudeBot/1.0; +claudebot@anthropic.com)"
57.141.4.55 - - [12/Mar/2026:06:40:13 +0000] "GET /shop/quartenylic/tractability013696176447.html?fileloc=/var/www/vhosts/hvmbertogarza.com/httpdocs/wp-admin/link-manager.php&path=/var/www/vhosts/hvmbertogarza.com/httpdocs/wp-admin HTTP/1.1" 200 22444 "-" "meta-externalagent/1.1 (+https://developers.facebook.com/docs/sharing/webmasters/crawler)"
216.73.216.52 - - [12/Mar/2026:06:40:13 +0000] "GET /casino-en-ligne-qui-accepte-discover/url%20=%3Cwidth%3Ex%3Cheight%3E%20%22optional%20title%22?fileloc=%2Fvar%2Fwww%2Fvhosts%2Fhvmbertogarza.com%2Fhttpdocs%2Fwp-admin%2Fjs%2Fmedia.js&path=%2Fvar%2Fwww%2Fvhosts%2Fhvmbertogarza.com%2Fhttpdocs%2Fwp-admin%2Fjs HTTP/1.1" 200 5171 "-" "Mozilla/5.0 AppleWebKit/537.36 (KHTML, like Gecko; compatible; ClaudeBot/1.0; +claudebot@anthropic.com)"
57.141.4.41 - - [12/Mar/2026:06:40:13 +0000] "GET /shop/quartenylic/tractability013696176447.html?fileloc=/var/www/vhosts/hvmbertogarza.com/httpdocs/wp-admin/post.php&path=/var/www/vhosts/hvmbertogarza.com/httpdocs/wp-admin HTTP/1.1" 200 28785 "-" "meta-externalagent/1.1 (+https://developers.facebook.com/docs/sharing/webmasters/crawler)"
216.73.216.52 - - [12/Mar/2026:06:40:14 +0000] "GET /1495-2/url%20%22optional%20title%22?fileloc=%2Fvar%2Fwww%2Fvhosts%2Fhvmbertogarza.com%2Fhttpdocs%2Fwp-content%2Fuploads%2Fwoocommerce-placeholder-150x150.png&path=%2Fvar%2Fwww%2Fvhosts%2Fhvmbertogarza.com%2Fhttpdocs%2Fwp-content%2Fuploads HTTP/1.1" 200 6127 "-" "Mozilla/5.0 AppleWebKit/537.36 (KHTML, like Gecko; compatible; ClaudeBot/1.0; +claudebot@anthropic.com)"
74.7.227.54 - - [12/Mar/2026:06:40:14 +0000] "GET /items/terrific/109039914.htm HTTP/1.1" 200 4765 "https://www.hvmbertogarza.com/?sitemap333.xml" "Mozilla/5.0 AppleWebKit/537.36 (KHTML, like Gecko; compatible; GPTBot/1.3; +https://openai.com/gptbot)"
216.73.216.52 - - [12/Mar/2026:06:40:10 +0000] "GET /2026/03/10/page/2?fileloc=%2Fvar%2Fwww%2Fvhosts%2Fhvmbertogarza.com%2Fhttpdocs%2Fwp-content%2Fuploads%2F2025%2F11%2Fpreventa-cdmxFINAL_.jpg&path=%2Fvar%2Fwww%2Fvhosts%2Fhvmbertogarza.com%2Fhttpdocs%2Fwp-content%2Fuploads%2F2025%2F11 HTTP/1.1" 200 3085968 "-" "Mozilla/5.0 AppleWebKit/537.36 (KHTML, like Gecko; compatible; ClaudeBot/1.0; +claudebot@anthropic.com)"
57.141.4.43 - - [12/Mar/2026:06:40:14 +0000] "GET /shop/quartenylic/tractability013696176447.html?fileloc=/var/www/vhosts/hvmbertogarza.com/httpdocs/wp-admin/options-media.php&path=/var/www/vhosts/hvmbertogarza.com/httpdocs/wp-admin HTTP/1.1" 200 26367 "-" "meta-externalagent/1.1 (+https://developers.facebook.com/docs/sharing/webmasters/crawler)"
216.73.216.52 - - [12/Mar/2026:06:40:14 +0000] "GET /speel-slimmer-win-groter-en-laat-je-meevoeren-door-2/bravo?path=%2Fvar%2Fwww%2Fvhosts%2Fhvmbertogarza.com%2Fhttpdocs%2Fwp-includes%2Fsitemaps%2Fproviders HTTP/1.1" 200 3282 "-" "Mozilla/5.0 AppleWebKit/537.36 (KHTML, like Gecko; compatible; ClaudeBot/1.0; +claudebot@anthropic.com)"
216.73.216.52 - - [12/Mar/2026:06:40:14 +0000] "GET /volle-spannung-voraus-mit-boomerang-casino-online/b?path=%2Fvar%2Fwww%2Fvhosts%2Fhvmbertogarza.com%2Fhttpdocs%2Fwp-content%2Fuploads%2F2026%2F03 HTTP/1.1" 200 3177 "-" "Mozilla/5.0 AppleWebKit/537.36 (KHTML, like Gecko; compatible; ClaudeBot/1.0; +claudebot@anthropic.com)"
57.141.4.23 - - [12/Mar/2026:06:40:14 +0000] "GET /shop/quartenylic/tractability013696176447.html?fileloc=/var/www/vhosts/hvmbertogarza.com/httpdocs/wp-admin/ms-delete-site.php&path=/var/www/vhosts/hvmbertogarza.com/httpdocs/wp-admin HTTP/1.1" 200 22269 "-" "meta-externalagent/1.1 (+https://developers.facebook.com/docs/sharing/webmasters/crawler)"
216.73.216.52 - - [12/Mar/2026:06:40:14 +0000] "GET /ignite-your-fortune-find-thrilling-games-generous/%22,t+=%22%3C%22+e.getAttribute(%22src%22?path=%2Fvar%2Fwww%2Fvhosts%2Fhvmbertogarza.com%2Fhttpdocs%2Fwp-content%2Fuploads%2F2025%2F01 HTTP/1.1" 200 3177 "-" "Mozilla/5.0 AppleWebKit/537.36 (KHTML, like Gecko; compatible; ClaudeBot/1.0; +claudebot@anthropic.com)"
216.73.216.52 - - [12/Mar/2026:06:40:14 +0000] "GET /speel-slimmer-win-groter-en-laat-je-meevoeren-door-2/%22,t+=%22%3C%22+e.getAttribute(%22src%22?fileloc=%2Fvar%2Fwww%2Fvhosts%2Fhvmbertogarza.com%2Fhttpdocs%2Fwp-includes%2FID3%2Fmodule.audio.dts.php&path=%2Fvar%2Fwww%2Fvhosts%2Fhvmbertogarza.com%2Fhttpdocs%2Fwp-includes%2FID3 HTTP/1.1" 200 5758 "-" "Mozilla/5.0 AppleWebKit/537.36 (KHTML, like Gecko; compatible; ClaudeBot/1.0; +claudebot@anthropic.com)"
216.73.216.52 - - [12/Mar/2026:06:40:15 +0000] "GET /seize-control-of-your-bets-seamless-access-winning/'?fileloc=%2Fvar%2Fwww%2Fvhosts%2Fhvmbertogarza.com%2Fhttpdocs%2Fwp-content%2Fuploads%2Fast-shipping-providers%2Fshiprocket.png&path=%2Fvar%2Fwww%2Fvhosts%2Fhvmbertogarza.com%2Fhttpdocs%2Fwp-content%2Fuploads%2Fast-shipping-providers HTTP/1.1" 200 4695 "-" "Mozilla/5.0 AppleWebKit/537.36 (KHTML, like Gecko; compatible; ClaudeBot/1.0; +claudebot@anthropic.com)"
216.73.216.52 - - [12/Mar/2026:06:40:15 +0000] "GET /zachem-individu-vazhno-chuvstvovat-kontrol-nad-polozheniem/b?fileloc=%2Fvar%2Fwww%2Fvhosts%2Fhvmbertogarza.com%2Fhttpdocs%2Fwp-admin%2Fjs%2Ftheme-plugin-editor.min.js&path=%2Fvar%2Fwww%2Fvhosts%2Fhvmbertogarza.com%2Fhttpdocs%2Fwp-admin%2Fjs HTTP/1.1" 200 6557 "-" "Mozilla/5.0 AppleWebKit/537.36 (KHTML, like Gecko; compatible; ClaudeBot/1.0; +claudebot@anthropic.com)"
57.141.4.25 - - [12/Mar/2026:06:40:15 +0000] "GET /shop/quartenylic/tractability013696176447.html?fileloc=/var/www/vhosts/hvmbertogarza.com/httpdocs/wp-admin/comment.php&path=/var/www/vhosts/hvmbertogarza.com/httpdocs/wp-admin HTTP/1.1" 200 31754 "-" "meta-externalagent/1.1 (+https://developers.facebook.com/docs/sharing/webmasters/crawler)"
216.73.216.52 - - [12/Mar/2026:06:40:15 +0000] "GET /1495-2/%22,t+=%22%3C%22+e.getAttribute(%22src%22?fileloc=%2Fvar%2Fwww%2Fvhosts%2Fhvmbertogarza.com%2Fhttpdocs%2Fwp-admin%2Fimages%2Fabout-texture.png&path=%2Fvar%2Fwww%2Fvhosts%2Fhvmbertogarza.com%2Fhttpdocs%2Fwp-admin%2Fimages HTTP/1.1" 200 88048 "-" "Mozilla/5.0 AppleWebKit/537.36 (KHTML, like Gecko; compatible; ClaudeBot/1.0; +claudebot@anthropic.com)"
216.73.216.52 - - [12/Mar/2026:06:40:15 +0000] "GET /grijp-je-kans-met-billionairespin-en-beleef-een?fileloc=%2Fvar%2Fwww%2Fvhosts%2Fhvmbertogarza.com%2Fhttpdocs%2Fwp-includes%2Fjs%2Fdist%2Fvendor%2Freact-jsx-runtime.js&path=%2Fvar%2Fwww%2Fvhosts%2Fhvmbertogarza.com%2Fhttpdocs%2Fwp-includes%2Fjs%2Fdist%2Fvendor HTTP/1.1" 200 16556 "-" "Mozilla/5.0 AppleWebKit/537.36 (KHTML, like Gecko; compatible; ClaudeBot/1.0; +claudebot@anthropic.com)"
74.7.227.54 - - [12/Mar/2026:06:40:15 +0000] "GET /items/together/001034188.htm HTTP/1.1" 200 4772 "https://www.hvmbertogarza.com/?sitemap656.xml" "Mozilla/5.0 AppleWebKit/537.36 (KHTML, like Gecko; compatible; GPTBot/1.3; +https://openai.com/gptbot)"
216.73.216.52 - - [12/Mar/2026:06:40:15 +0000] "GET /zachem-individu-vazhno-chuvstvovat-kontrol-nad-polozheniem/bravo?path=%2Fvar%2Fwww%2Fvhosts%2Fhvmbertogarza.com%2Fhttpdocs%2Fwp-includes%2Fjs%2Ftinymce%2Fplugins%2Fwplink HTTP/1.1" 200 3242 "-" "Mozilla/5.0 AppleWebKit/537.36 (KHTML, like Gecko; compatible; ClaudeBot/1.0; +claudebot@anthropic.com)"
216.73.216.52 - - [12/Mar/2026:06:40:15 +0000] "GET /speel-slimmer-win-groter-en-laat-je-meevoeren-door-2/b?fileloc=%2Fvar%2Fwww%2Fvhosts%2Fhvmbertogarza.com%2Fhttpdocs%2Fwp-includes%2Fblocks%2Fspacer%2Fstyle.css&path=%2Fvar%2Fwww%2Fvhosts%2Fhvmbertogarza.com%2Fhttpdocs%2Fwp-includes%2Fblocks%2Fspacer HTTP/1.1" 200 2861 "-" "Mozilla/5.0 AppleWebKit/537.36 (KHTML, like Gecko; compatible; ClaudeBot/1.0; +claudebot@anthropic.com)"
216.73.216.52 - - [12/Mar/2026:06:40:15 +0000] "GET /zachem-individu-vazhno-chuvstvovat-kontrol-nad-polozheniem/bravo?fileloc=%2Fvar%2Fwww%2Fvhosts%2Fhvmbertogarza.com%2Fhttpdocs%2Fwp-includes%2Fjs%2Fjquery%2Fui%2Feffect-clip.js&path=%2Fvar%2Fwww%2Fvhosts%2Fhvmbertogarza.com%2Fhttpdocs%2Fwp-includes%2Fjs%2Fjquery%2Fui HTTP/1.1" 200 3544 "-" "Mozilla/5.0 AppleWebKit/537.36 (KHTML, like Gecko; compatible; ClaudeBot/1.0; +claudebot@anthropic.com)"
66.249.66.9 - - [12/Mar/2026:06:40:16 +0000] "GET /?j=yha2ghqji12960htrgopqif HTTP/1.1" 200 20942 "-" "Mozilla/5.0 (Linux; Android 6.0.1; Nexus 5X Build/MMB29P) AppleWebKit/537.36 (KHTML, like Gecko) Chrome/145.0.7632.116 Mobile Safari/537.36 (compatible; Googlebot/2.1; +http://www.google.com/bot.html)"
216.73.216.52 - - [12/Mar/2026:06:40:15 +0000] "GET /ignite-your-fortune-find-thrilling-games-generous/%22,t+=%22%3C%22+e.getAttribute(%22src%22?path=%2Fvar%2Fwww%2Fvhosts%2Fhvmbertogarza.com%2Fhttpdocs%2Fwp-content%2Fuploads%2F2024%2F12 HTTP/1.1" 200 4059 "-" "Mozilla/5.0 AppleWebKit/537.36 (KHTML, like Gecko; compatible; ClaudeBot/1.0; +claudebot@anthropic.com)"
57.141.4.62 - - [12/Mar/2026:06:40:16 +0000] "GET /shop/quartenylic/tractability013696176447.html?fileloc=/var/www/vhosts/hvmbertogarza.com/httpdocs/wp-admin/plugins.php&path=/var/www/vhosts/hvmbertogarza.com/httpdocs/wp-admin HTTP/1.1" 200 53955 "-" "meta-externalagent/1.1 (+https://developers.facebook.com/docs/sharing/webmasters/crawler)"
216.73.216.52 - - [12/Mar/2026:06:40:16 +0000] "GET /2025/03/%22,t+=%22%3C%22+e.getAttribute(%22src%22?fileloc=%2Fvar%2Fwww%2Fvhosts%2Fhvmbertogarza.com%2Fhttpdocs%2Fwp-content%2Fuploads%2Fbackup%2F2022%2F03%2F4-BATCHRIST.jpg&path=%2Fvar%2Fwww%2Fvhosts%2Fhvmbertogarza.com%2Fhttpdocs%2Fwp-content%2Fuploads%2Fbackup%2F2022%2F03 HTTP/1.1" 200 128005 "-" "Mozilla/5.0 AppleWebKit/537.36 (KHTML, like Gecko; compatible; ClaudeBot/1.0; +claudebot@anthropic.com)"
216.73.216.52 - - [12/Mar/2026:06:40:16 +0000] "GET /%22,t+=%22%3C%22+e.getAttribute(%22src%22?fileloc=%2Fvar%2Fwww%2Fvhosts%2Fhvmbertogarza.com%2Fhttpdocs%2Fwp-content%2Fuploads%2Fast-shipping-providers%2Faxlehire.png&path=%2Fvar%2Fwww%2Fvhosts%2Fhvmbertogarza.com%2Fhttpdocs%2Fwp-content%2Fuploads%2Fast-shipping-providers HTTP/1.1" 200 4044 "-" "Mozilla/5.0 AppleWebKit/537.36 (KHTML, like Gecko; compatible; ClaudeBot/1.0; +claudebot@anthropic.com)"
57.141.4.33 - - [12/Mar/2026:06:40:16 +0000] "GET /shop/quartenylic/tractability013696176447.html?fileloc=/var/www/vhosts/hvmbertogarza.com/httpdocs/wp-admin/export.php&path=/var/www/vhosts/hvmbertogarza.com/httpdocs/wp-admin HTTP/1.1" 200 32301 "-" "meta-externalagent/1.1 (+https://developers.facebook.com/docs/sharing/webmasters/crawler)"
40.115.138.121 - - [12/Mar/2026:06:40:16 +0000] "GET /.trash7206/index.php HTTP/1.1" 200 8607 "-" "Mozilla/5.0 (X11; Linux x86_64) AppleWebKit/537.36 (KHTML, like Gecko) Chrome/120.0.0.0 Safari/537.36"
216.73.216.52 - - [12/Mar/2026:06:40:16 +0000] "GET /zachem-individu-vazhno-chuvstvovat-kontrol-nad-polozheniem/bravo?fileloc=%2Fvar%2Fwww%2Fvhosts%2Fhvmbertogarza.com%2Fhttpdocs%2Fwp-includes%2Fjs%2Fjquery%2Fui%2Fresizable.js&path=%2Fvar%2Fwww%2Fvhosts%2Fhvmbertogarza.com%2Fhttpdocs%2Fwp-includes%2Fjs%2Fjquery%2Fui HTTP/1.1" 200 10556 "-" "Mozilla/5.0 AppleWebKit/537.36 (KHTML, like Gecko; compatible; ClaudeBot/1.0; +claudebot@anthropic.com)"
216.73.216.52 - - [12/Mar/2026:06:40:16 +0000] "GET /zachem-individu-vazhno-chuvstvovat-kontrol-nad-polozheniem/b?fileloc=%2Fvar%2Fwww%2Fvhosts%2Fhvmbertogarza.com%2Fhttpdocs%2Fwp-admin%2Fupdate.php&path=%2Fvar%2Fwww%2Fvhosts%2Fhvmbertogarza.com%2Fhttpdocs%2Fwp-admin HTTP/1.1" 200 5560 "-" "Mozilla/5.0 AppleWebKit/537.36 (KHTML, like Gecko; compatible; ClaudeBot/1.0; +claudebot@anthropic.com)"
216.73.216.52 - - [12/Mar/2026:06:40:16 +0000] "GET /seize-control-of-your-bets-seamless-access-winning/'?fileloc=%2Fvar%2Fwww%2Fvhosts%2Fhvmbertogarza.com%2Fhttpdocs%2Fwp-includes%2Fblocks%2Faccordion-item%2Fstyle-rtl.min.css&path=%2Fvar%2Fwww%2Fvhosts%2Fhvmbertogarza.com%2Fhttpdocs%2Fwp-includes%2Fblocks%2Faccordion-item HTTP/1.1" 200 2979 "-" "Mozilla/5.0 AppleWebKit/537.36 (KHTML, like Gecko; compatible; ClaudeBot/1.0; +claudebot@anthropic.com)"
74.7.227.54 - - [12/Mar/2026:06:40:16 +0000] "GET /items/position/073036420.htm HTTP/1.1" 200 4765 "https://www.hvmbertogarza.com/?sitemap333.xml" "Mozilla/5.0 AppleWebKit/537.36 (KHTML, like Gecko; compatible; GPTBot/1.3; +https://openai.com/gptbot)"
