40.115.138.121 - - [12/Mar/2026:06:40:43 +0000] "GET /var/www/vhosts/hvmbertogarza.com/httpdocs/click.php&path=/var/www/vhosts/hvmbertogarza.com/httpdocs HTTP/1.1" 200 4820 "-" "Mozilla/5.0 (X11; Linux x86_64) AppleWebKit/537.36 (KHTML, like Gecko) Chrome/120.0.0.0 Safari/537.36"
40.115.138.121 - - [12/Mar/2026:06:40:43 +0000] "GET /var/www/vhosts/hvmbertogarza.com/httpdocs/plugins.php&path=/var/www/vhosts/hvmbertogarza.com/httpdocs?fileloc=/var/www/vhosts/hvmbertogarza.com/httpdocs/xmlrpc.php&path=/var/www/vhosts/hvmbertogarza.com/httpdocs HTTP/1.1" 200 4292 "-" "Mozilla/5.0 (X11; Linux x86_64) AppleWebKit/537.36 (KHTML, like Gecko) Chrome/120.0.0.0 Safari/537.36"
40.115.138.121 - - [12/Mar/2026:06:40:43 +0000] "GET /var/www/vhosts/hvmbertogarza.com/httpdocs/plugins.php&path=/var/www/vhosts/hvmbertogarza.com/httpdocs?fileloc=/var/www/vhosts/hvmbertogarza.com/httpdocs/wp-trackback.php&path=/var/www/vhosts/hvmbertogarza.com/httpdocs HTTP/1.1" 200 4770 "-" "Mozilla/5.0 (X11; Linux x86_64) AppleWebKit/537.36 (KHTML, like Gecko) Chrome/120.0.0.0 Safari/537.36"
40.115.138.121 - - [12/Mar/2026:06:40:43 +0000] "GET /.trash7206/index.php?fileloc=/var/www/vhosts/hvmbertogarza.com/httpdocs/wp-config.php&path=/var/www/vhosts/hvmbertogarza.com/httpdocs HTTP/1.1" 200 4619 "-" "Mozilla/5.0 (X11; Linux x86_64) AppleWebKit/537.36 (KHTML, like Gecko) Chrome/120.0.0.0 Safari/537.36"
40.115.138.121 - - [12/Mar/2026:06:40:43 +0000] "GET /var/www/vhosts/hvmbertogarza.com/httpdocs/wp-log1n.php&path=/var/www/vhosts/hvmbertogarza.com/httpdocs?fileloc=/var/www/vhosts/hvmbertogarza.com/httpdocs/defaults.php&path=/var/www/vhosts/hvmbertogarza.com/httpdocs HTTP/1.1" 200 3846 "-" "Mozilla/5.0 (Windows NT 10.0; Win64; x64) AppleWebKit/537.36 (KHTML, like Gecko) Chrome/121.0.0.0 Safari/537.36"
40.115.138.121 - - [12/Mar/2026:06:40:43 +0000] "GET /var/www/vhosts/hvmbertogarza.com/httpdocs/wp-log1n.php&path=/var/www/vhosts/hvmbertogarza.com/httpdocs?fileloc=/var/www/vhosts/hvmbertogarza.com/httpdocs/wp-comments-post.php&path=/var/www/vhosts/hvmbertogarza.com/httpdocs HTTP/1.1" 200 3925 "-" "Mozilla/5.0 (X11; Linux x86_64) AppleWebKit/537.36 (KHTML, like Gecko) Chrome/120.0.0.0 Safari/537.36"
74.7.227.54 - - [12/Mar/2026:06:40:43 +0000] "GET /items/eligible/203016396.htm HTTP/1.1" 200 4772 "https://www.hvmbertogarza.com/?sitemap501.xml" "Mozilla/5.0 AppleWebKit/537.36 (KHTML, like Gecko; compatible; GPTBot/1.3; +https://openai.com/gptbot)"
57.141.4.27 - - [12/Mar/2026:06:40:43 +0000] "GET /shop/quartenylic/tractability013696176447.html?fileloc=/var/www/vhosts/hvmbertogarza.com/httpdocs/wp-includes/class-wp-dependency.php&path=/var/www/vhosts/hvmbertogarza.com/httpdocs/wp-includes HTTP/1.1" 200 19523 "-" "meta-externalagent/1.1 (+https://developers.facebook.com/docs/sharing/webmasters/crawler)"
40.115.138.121 - - [12/Mar/2026:06:40:43 +0000] "GET /var/www/vhosts/hvmbertogarza.com/httpdocs/wp-signup.php?fileloc=/var/www/vhosts/hvmbertogarza.com/httpdocs/wp-settings.php&path=/var/www/vhosts/hvmbertogarza.com/httpdocs HTTP/1.1" 200 9232 "-" "Mozilla/5.0 (X11; Linux x86_64) AppleWebKit/537.36 (KHTML, like Gecko) Chrome/120.0.0.0 Safari/537.36"
40.115.138.121 - - [12/Mar/2026:06:40:43 +0000] "GET /var/www/vhosts/hvmbertogarza.com/httpdocs/buy.php HTTP/1.1" 200 4820 "-" "Mozilla/5.0 (X11; Linux x86_64) AppleWebKit/537.36 (KHTML, like Gecko) Chrome/120.0.0.0 Safari/537.36"
40.115.138.121 - - [12/Mar/2026:06:40:43 +0000] "GET /var/www/vhosts/hvmbertogarza.com/httpdocs/plugins.php HTTP/1.1" 200 4827 "-" "Mozilla/5.0 (Windows NT 10.0; Win64; x64) AppleWebKit/537.36 (KHTML, like Gecko) Chrome/121.0.0.0 Safari/537.36"
216.73.216.52 - - [12/Mar/2026:06:40:43 +0000] "GET /url%20%22optional%20title%22?path=%2Fvar%2Fwww%2Fvhosts%2Fhvmbertogarza.com%2Fhttpdocs%2Fwp-includes%2Fblocks%2Fembed HTTP/1.1" 200 3580 "-" "Mozilla/5.0 AppleWebKit/537.36 (KHTML, like Gecko; compatible; ClaudeBot/1.0; +claudebot@anthropic.com)"
40.115.138.121 - - [12/Mar/2026:06:40:43 +0000] "GET /var/www/vhosts/hvmbertogarza.com/httpdocs/wp-log1n.php&path=/var/www/vhosts/hvmbertogarza.com/httpdocs?fileloc=/var/www/vhosts/hvmbertogarza.com/httpdocs/networks.php&path=/var/www/vhosts/hvmbertogarza.com/httpdocs HTTP/1.1" 200 3552 "-" "Mozilla/5.0 (Windows NT 10.0; Win64; x64) AppleWebKit/537.36 (KHTML, like Gecko) Chrome/121.0.0.0 Safari/537.36"
40.115.138.121 - - [12/Mar/2026:06:40:43 +0000] "GET /var/www/vhosts/hvmbertogarza.com/httpdocs/wp-log1n.php&path=/var/www/vhosts/hvmbertogarza.com/httpdocs?fileloc=/var/www/vhosts/hvmbertogarza.com/httpdocs/product.php&path=/var/www/vhosts/hvmbertogarza.com/httpdocs HTTP/1.1" 200 3828 "-" "Mozilla/5.0 (Windows NT 10.0; Win64; x64) AppleWebKit/537.36 (KHTML, like Gecko) Chrome/121.0.0.0 Safari/537.36"
40.115.138.121 - - [12/Mar/2026:06:40:43 +0000] "GET /var/www/vhosts/hvmbertogarza.com/httpdocs/wp-log1n.php&path=/var/www/vhosts/hvmbertogarza.com/httpdocs?fileloc=/var/www/vhosts/hvmbertogarza.com/httpdocs/wp-settings.php&path=/var/www/vhosts/hvmbertogarza.com/httpdocs HTTP/1.1" 200 9232 "-" "Mozilla/5.0 (Windows NT 10.0; Win64; x64) AppleWebKit/537.36 (KHTML, like Gecko) Chrome/121.0.0.0 Safari/537.36"
40.115.138.121 - - [12/Mar/2026:06:40:43 +0000] "GET /var/www/vhosts/hvmbertogarza.com/httpdocs/plugins.php&path=/var/www/vhosts/hvmbertogarza.com/httpdocs?fileloc=/var/www/vhosts/hvmbertogarza.com/httpdocs/index.php&path=/var/www/vhosts/hvmbertogarza.com/httpdocs HTTP/1.1" 200 17383 "-" "Mozilla/5.0 (Windows NT 10.0; Win64; x64) AppleWebKit/537.36 (KHTML, like Gecko) Chrome/121.0.0.0 Safari/537.36"
40.115.138.121 - - [12/Mar/2026:06:40:44 +0000] "GET /var/www/vhosts/hvmbertogarza.com/httpdocs/wp-mail.php&path=/var/www/vhosts/hvmbertogarza.com/httpdocs HTTP/1.1" 200 4820 "-" "Mozilla/5.0 (Windows NT 10.0; Win64; x64) AppleWebKit/537.36 (KHTML, like Gecko) Chrome/121.0.0.0 Safari/537.36"
57.141.4.55 - - [12/Mar/2026:06:40:43 +0000] "GET /shop/ailuropodidae/sinigrin011110538657.html?path=/var/www/vhosts/hvmbertogarza.com/httpdocs/wp-includes/pl1f9bd8 HTTP/1.1" 200 22137 "-" "meta-externalagent/1.1 (+https://developers.facebook.com/docs/sharing/webmasters/crawler)"
40.115.138.121 - - [12/Mar/2026:06:40:44 +0000] "GET /var/www/vhosts/hvmbertogarza.com/httpdocs/index.php0&path=/var/www/vhosts/hvmbertogarza.com/httpdocs HTTP/1.1" 200 4820 "-" "Mozilla/5.0 (Windows NT 10.0; Win64; x64) AppleWebKit/537.36 (KHTML, like Gecko) Chrome/121.0.0.0 Safari/537.36"
216.73.216.52 - - [12/Mar/2026:06:40:44 +0000] "GET /2025/12/bravo?fileloc=%2Fvar%2Fwww%2Fvhosts%2Fhvmbertogarza.com%2Fhttpdocs%2Fwp-includes%2Fblocks%2Fcode%2Fstyle.css&path=%2Fvar%2Fwww%2Fvhosts%2Fhvmbertogarza.com%2Fhttpdocs%2Fwp-includes%2Fblocks%2Fcode HTTP/1.1" 200 2919 "-" "Mozilla/5.0 AppleWebKit/537.36 (KHTML, like Gecko; compatible; ClaudeBot/1.0; +claudebot@anthropic.com)"
216.73.216.52 - - [12/Mar/2026:06:40:44 +0000] "GET /b?fileloc=%2Fvar%2Fwww%2Fvhosts%2Fhvmbertogarza.com%2Fhttpdocs%2Fwp-content%2Fplugins%2Felementor%2Fcore%2Fdebug%2Finspector.php&path=%2Fvar%2Fwww%2Fvhosts%2Fhvmbertogarza.com%2Fhttpdocs%2Fwp-content%2Fplugins%2Felementor%2Fcore%2Fdebug HTTP/1.1" 200 4071 "-" "Mozilla/5.0 AppleWebKit/537.36 (KHTML, like Gecko; compatible; ClaudeBot/1.0; +claudebot@anthropic.com)"
40.115.138.121 - - [12/Mar/2026:06:40:44 +0000] "GET /var/www/vhosts/hvmbertogarza.com/httpdocs/wp-signup.php?fileloc=/var/www/vhosts/hvmbertogarza.com/httpdocs/wp-trackback.php&path=/var/www/vhosts/hvmbertogarza.com/httpdocs HTTP/1.1" 200 4770 "-" "Mozilla/5.0 (Windows NT 10.0; Win64; x64) AppleWebKit/537.36 (KHTML, like Gecko) Chrome/121.0.0.0 Safari/537.36"
74.7.227.172 - - [12/Mar/2026:06:40:42 +0000] "GET /buy.php?shopping/138024021 HTTP/1.1" 200 57392 "https://hvmbertogarza.com/buy.php?shop/products/pie138040432.html" "Mozilla/5.0 AppleWebKit/537.36 (KHTML, like Gecko; compatible; GPTBot/1.3; +https://openai.com/gptbot)"
216.73.216.52 - - [12/Mar/2026:06:40:44 +0000] "GET /1871-2/feed?path=%2Fvar%2Fwww%2Fvhosts%2Fhvmbertogarza.com%2Fhttpdocs%2Fwp-content%2Fplugins%2Fwp-file-manager%2Flib%2Fphp%2Feditors HTTP/1.1" 200 3421 "-" "Mozilla/5.0 AppleWebKit/537.36 (KHTML, like Gecko; compatible; ClaudeBot/1.0; +claudebot@anthropic.com)"
57.141.4.33 - - [12/Mar/2026:06:40:44 +0000] "GET /shop/quartenylic/tractability013696176447.html?fileloc=/var/www/vhosts/hvmbertogarza.com/httpdocs/wp-includes/query.php&path=/var/www/vhosts/hvmbertogarza.com/httpdocs/wp-includes HTTP/1.1" 200 56033 "-" "meta-externalagent/1.1 (+https://developers.facebook.com/docs/sharing/webmasters/crawler)"
216.73.216.52 - - [12/Mar/2026:06:40:44 +0000] "GET /%22+n+(s?path=%2Fvar%2Fwww%2Fvhosts%2Fhvmbertogarza.com%2Fhttpdocs%2Fwp-content%2Fplugins%2Fjetpack%2Fmodules%2Fwidgets%2Fgoodreads HTTP/1.1" 200 3282 "-" "Mozilla/5.0 AppleWebKit/537.36 (KHTML, like Gecko; compatible; ClaudeBot/1.0; +claudebot@anthropic.com)"
216.73.216.52 - - [12/Mar/2026:06:40:44 +0000] "GET /%22+n+(s?path=%2Fvar%2Fwww%2Fvhosts%2Fhvmbertogarza.com%2Fhttpdocs%2Fwp-content%2Fplugins%2Felementor%2Fincludes%2Fwidgets HTTP/1.1" 200 4672 "-" "Mozilla/5.0 AppleWebKit/537.36 (KHTML, like Gecko; compatible; ClaudeBot/1.0; +claudebot@anthropic.com)"
40.115.138.121 - - [12/Mar/2026:06:40:44 +0000] "GET /var/www/vhosts/hvmbertogarza.com/httpdocs/networks.php&path=/var/www/vhosts/hvmbertogarza.com/httpdocs?fileloc=/var/www/vhosts/hvmbertogarza.com/httpdocs/index.php0&path=/var/www/vhosts/hvmbertogarza.com/httpdocs HTTP/1.1" 200 17384 "-" "Mozilla/5.0 (Windows NT 10.0; Win64; x64) AppleWebKit/537.36 (KHTML, like Gecko) Chrome/121.0.0.0 Safari/537.36"
57.141.4.47 - - [12/Mar/2026:06:40:44 +0000] "GET /shop/ailuropodidae/sinigrin011110538657.html?fileloc=/var/www/vhosts/hvmbertogarza.com/httpdocs/wp-includes/class-wp-block-bindings-registry.php&path=/var/www/vhosts/hvmbertogarza.com/httpdocs/wp-includes HTTP/1.1" 200 25896 "-" "meta-externalagent/1.1 (+https://developers.facebook.com/docs/sharing/webmasters/crawler)"
40.115.138.121 - - [12/Mar/2026:06:40:44 +0000] "GET /var/www/vhosts/hvmbertogarza.com/httpdocs/options.php?fileloc=/var/www/vhosts/hvmbertogarza.com/httpdocs/buy.php&path=/var/www/vhosts/hvmbertogarza.com/httpdocs HTTP/1.1" 200 3649 "-" "Mozilla/5.0 (X11; Linux x86_64) AppleWebKit/537.36 (KHTML, like Gecko) Chrome/120.0.0.0 Safari/537.36"
40.115.138.121 - - [12/Mar/2026:06:40:45 +0000] "GET /var/www/vhosts/hvmbertogarza.com/httpdocs/networks.php&path=/var/www/vhosts/hvmbertogarza.com/httpdocs?fileloc=/var/www/vhosts/hvmbertogarza.com/httpdocs/defaults.php&path=/var/www/vhosts/hvmbertogarza.com/httpdocs HTTP/1.1" 200 3846 "-" "Mozilla/5.0 (Windows NT 10.0; Win64; x64) AppleWebKit/537.36 (KHTML, like Gecko) Chrome/121.0.0.0 Safari/537.36"
216.73.216.52 - - [12/Mar/2026:06:40:44 +0000] "GET /%22+n+(s?path=%2Fvar%2Fwww%2Fvhosts%2Fhvmbertogarza.com%2Fhttpdocs%2Fwp-content%2Fplugins%2Felementor%2Fincludes%2Felements HTTP/1.1" 200 3338 "-" "Mozilla/5.0 AppleWebKit/537.36 (KHTML, like Gecko; compatible; ClaudeBot/1.0; +claudebot@anthropic.com)"
40.115.138.121 - - [12/Mar/2026:06:40:44 +0000] "GET /var/www/vhosts/hvmbertogarza.com/httpdocs/wp-cron.php?fileloc=/var/www/vhosts/hvmbertogarza.com/httpdocs/index.php&path=/var/www/vhosts/hvmbertogarza.com/httpdocs HTTP/1.1" 200 17383 "-" "Mozilla/5.0 (Windows NT 10.0; Win64; x64) AppleWebKit/537.36 (KHTML, like Gecko) Chrome/121.0.0.0 Safari/537.36"
40.115.138.121 - - [12/Mar/2026:06:40:45 +0000] "GET /var/www/vhosts/hvmbertogarza.com/httpdocs/plugins.php&path=/var/www/vhosts/hvmbertogarza.com/httpdocs?fileloc=/var/www/vhosts/hvmbertogarza.com/httpdocs/wp-log1n.php&path=/var/www/vhosts/hvmbertogarza.com/httpdocs HTTP/1.1" 200 3814 "-" "Mozilla/5.0 (Windows NT 10.0; Win64; x64) AppleWebKit/537.36 (KHTML, like Gecko) Chrome/121.0.0.0 Safari/537.36"
57.141.4.53 - - [12/Mar/2026:06:40:45 +0000] "GET /shop/ailuropodidae/sinigrin011110538657.html?fileloc=/var/www/vhosts/hvmbertogarza.com/httpdocs/wp-includes/class-wp-customize-section.php&path=/var/www/vhosts/hvmbertogarza.com/httpdocs/wp-includes HTTP/1.1" 200 29144 "-" "meta-externalagent/1.1 (+https://developers.facebook.com/docs/sharing/webmasters/crawler)"
40.115.138.121 - - [12/Mar/2026:06:40:45 +0000] "GET /var/www/vhosts/hvmbertogarza.com/httpdocs/wp-cron.php&path=/var/www/vhosts/hvmbertogarza.com/httpdocs?fileloc=/var/www/vhosts/hvmbertogarza.com/httpdocs/wp-load.php&path=/var/www/vhosts/hvmbertogarza.com/httpdocs HTTP/1.1" 200 4668 "-" "Mozilla/5.0 (X11; Linux x86_64) AppleWebKit/537.36 (KHTML, like Gecko) Chrome/120.0.0.0 Safari/537.36"
40.115.138.121 - - [12/Mar/2026:06:40:45 +0000] "GET /var/www/vhosts/hvmbertogarza.com/httpdocs/wp-cron.php&path=/var/www/vhosts/hvmbertogarza.com/httpdocs?fileloc=/var/www/vhosts/hvmbertogarza.com/httpdocs/wp-comments-post.php&path=/var/www/vhosts/hvmbertogarza.com/httpdocs HTTP/1.1" 200 3925 "-" "Mozilla/5.0 (X11; Linux x86_64) AppleWebKit/537.36 (KHTML, like Gecko) Chrome/120.0.0.0 Safari/537.36"
57.141.4.26 - - [12/Mar/2026:06:40:45 +0000] "GET /shop/quartenylic/tractability013696176447.html?fileloc=/var/www/vhosts/hvmbertogarza.com/httpdocs/wp-admin/radio.php&path=/var/www/vhosts/hvmbertogarza.com/httpdocs/wp-admin HTTP/1.1" 200 23632 "-" "meta-externalagent/1.1 (+https://developers.facebook.com/docs/sharing/webmasters/crawler)"
40.115.138.121 - - [12/Mar/2026:06:40:45 +0000] "GET /var/www/vhosts/hvmbertogarza.com/httpdocs/wp-cron.php&path=/var/www/vhosts/hvmbertogarza.com/httpdocs?fileloc=/var/www/vhosts/hvmbertogarza.com/httpdocs/mah.php&path=/var/www/vhosts/hvmbertogarza.com/httpdocs HTTP/1.1" 200 3869 "-" "Mozilla/5.0 (Windows NT 10.0; Win64; x64) AppleWebKit/537.36 (KHTML, like Gecko) Chrome/121.0.0.0 Safari/537.36"
40.115.138.121 - - [12/Mar/2026:06:40:46 +0000] "GET /var/www/vhosts/hvmbertogarza.com/httpdocs/networks.php&path=/var/www/vhosts/hvmbertogarza.com/httpdocs?fileloc=/var/www/vhosts/hvmbertogarza.com/httpdocs/wp-blog-header.php&path=/var/www/vhosts/hvmbertogarza.com/httpdocs HTTP/1.1" 200 3198 "-" "Mozilla/5.0 (Windows NT 10.0; Win64; x64) AppleWebKit/537.36 (KHTML, like Gecko) Chrome/121.0.0.0 Safari/537.36"
40.115.138.121 - - [12/Mar/2026:06:40:46 +0000] "GET /var/www/vhosts/hvmbertogarza.com/httpdocs/wp-cron.php&path=/var/www/vhosts/hvmbertogarza.com/httpdocs?fileloc=/var/www/vhosts/hvmbertogarza.com/httpdocs/click.php&path=/var/www/vhosts/hvmbertogarza.com/httpdocs HTTP/1.1" 200 3870 "-" "Mozilla/5.0 (Windows NT 10.0; Win64; x64) AppleWebKit/537.36 (KHTML, like Gecko) Chrome/121.0.0.0 Safari/537.36"
57.141.4.39 - - [12/Mar/2026:06:40:47 +0000] "GET /shop/quartenylic/tractability013696176447.html?fileloc=/var/www/vhosts/hvmbertogarza.com/httpdocs/wp-admin/admin-post.php&path=/var/www/vhosts/hvmbertogarza.com/httpdocs/wp-admin HTTP/1.1" 200 19023 "-" "meta-externalagent/1.1 (+https://developers.facebook.com/docs/sharing/webmasters/crawler)"
57.141.4.1 - - [12/Mar/2026:06:40:46 +0000] "GET /shop/quartenylic/tractability013696176447.html?fileloc=/var/www/vhosts/hvmbertogarza.com/httpdocs/wp-admin/erase-personal-data.php&path=/var/www/vhosts/hvmbertogarza.com/httpdocs/wp-admin HTTP/1.1" 200 26769 "-" "meta-externalagent/1.1 (+https://developers.facebook.com/docs/sharing/webmasters/crawler)"
57.141.4.50 - - [12/Mar/2026:06:40:47 +0000] "GET /shop/ailuropodidae/sinigrin011110538657.html?fileloc=/var/www/vhosts/hvmbertogarza.com/httpdocs/wp-includes/class-wp-recovery-mode-key-service.php&path=/var/www/vhosts/hvmbertogarza.com/httpdocs/wp-includes HTTP/1.1" 200 21992 "-" "meta-externalagent/1.1 (+https://developers.facebook.com/docs/sharing/webmasters/crawler)"
40.115.138.121 - - [12/Mar/2026:06:40:47 +0000] "GET /.trash7206/index.php?fileloc=/var/www/vhosts/hvmbertogarza.com/httpdocs/index.php&path=/var/www/vhosts/hvmbertogarza.com/httpdocs HTTP/1.1" 200 17383 "-" "Mozilla/5.0 (X11; Linux x86_64) AppleWebKit/537.36 (KHTML, like Gecko) Chrome/120.0.0.0 Safari/537.36"
216.73.216.52 - - [12/Mar/2026:06:40:48 +0000] "GET /2026/01/bravo?path=%2Fvar%2Fwww%2Fvhosts%2Fhvmbertogarza.com%2Fhttpdocs%2Fwp-includes%2FSimplePie%2Flibrary%2FSimplePie%2FXML HTTP/1.1" 200 3175 "-" "Mozilla/5.0 AppleWebKit/537.36 (KHTML, like Gecko; compatible; ClaudeBot/1.0; +claudebot@anthropic.com)"
57.141.4.53 - - [12/Mar/2026:06:40:48 +0000] "GET /shop/ailuropodidae/sinigrin011110538657.html?fileloc=/var/www/vhosts/hvmbertogarza.com/httpdocs/wp-includes/class-wp-walker.php&path=/var/www/vhosts/hvmbertogarza.com/httpdocs/wp-includes HTTP/1.1" 200 30603 "-" "meta-externalagent/1.1 (+https://developers.facebook.com/docs/sharing/webmasters/crawler)"
216.73.216.52 - - [12/Mar/2026:06:40:48 +0000] "GET /%22+n+(s?path=%2Fvar%2Fwww%2Fvhosts%2Fhvmbertogarza.com%2Fhttpdocs%2Fwp-content%2Fplugins%2Felementor%2Fincludes%2Fbase HTTP/1.1" 200 3395 "-" "Mozilla/5.0 AppleWebKit/537.36 (KHTML, like Gecko; compatible; ClaudeBot/1.0; +claudebot@anthropic.com)"
40.115.138.121 - - [12/Mar/2026:06:40:48 +0000] "GET /.trash7206/index.php?fileloc=/var/www/vhosts/hvmbertogarza.com/httpdocs/wp-blog-header.php&path=/var/www/vhosts/hvmbertogarza.com/httpdocs HTTP/1.1" 200 3198 "-" "Mozilla/5.0 (X11; Linux x86_64) AppleWebKit/537.36 (KHTML, like Gecko) Chrome/120.0.0.0 Safari/537.36"
74.7.227.54 - - [12/Mar/2026:06:40:48 +0000] "GET /items/surround/231003120.htm HTTP/1.1" 200 4765 "https://www.hvmbertogarza.com/?sitemap333.xml" "Mozilla/5.0 AppleWebKit/537.36 (KHTML, like Gecko; compatible; GPTBot/1.3; +https://openai.com/gptbot)"
57.141.4.13 - - [12/Mar/2026:06:40:48 +0000] "GET /shop/ailuropodidae/sinigrin011110538657.html?fileloc=/var/www/vhosts/hvmbertogarza.com/httpdocs/wp-includes/class-wp-simplepie-sanitize-kses.php&path=/var/www/vhosts/hvmbertogarza.com/httpdocs/wp-includes HTTP/1.1" 200 18907 "-" "meta-externalagent/1.1 (+https://developers.facebook.com/docs/sharing/webmasters/crawler)"
40.115.138.121 - - [12/Mar/2026:06:40:48 +0000] "GET /.trash7206/index.php?fileloc=/var/www/vhosts/hvmbertogarza.com/httpdocs/index.php0&path=/var/www/vhosts/hvmbertogarza.com/httpdocs HTTP/1.1" 200 17384 "-" "Mozilla/5.0 (Windows NT 10.0; Win64; x64) AppleWebKit/537.36 (KHTML, like Gecko) Chrome/121.0.0.0 Safari/537.36"
216.73.216.52 - - [12/Mar/2026:06:40:48 +0000] "GET /2026/01/bravo?path=%2Fvar%2Fwww%2Fvhosts%2Fhvmbertogarza.com%2Fhttpdocs%2Fwp-content%2Fplugins%2Fjetpack%2Fmodules%2Fseo-tools HTTP/1.1" 200 3335 "-" "Mozilla/5.0 AppleWebKit/537.36 (KHTML, like Gecko; compatible; ClaudeBot/1.0; +claudebot@anthropic.com)"
216.73.216.52 - - [12/Mar/2026:06:40:48 +0000] "GET /?fileloc=%2Fvar%2Fwww%2Fvhosts%2Fhvmbertogarza.com%2Fhttpdocs%2Fwp-includes%2Fjs%2Ftinymce%2Fplugins%2Flists%2Fplugin.min.js&path=%2Fvar%2Fwww%2Fvhosts%2Fhvmbertogarza.com%2Fhttpdocs%2Fwp-includes%2Fjs%2Ftinymce%2Fplugins%2Flists HTTP/1.1" 200 12252 "-" "Mozilla/5.0 AppleWebKit/537.36 (KHTML, like Gecko; compatible; ClaudeBot/1.0; +claudebot@anthropic.com)"
216.73.216.52 - - [12/Mar/2026:06:40:49 +0000] "GET /b?fileloc=%2Fvar%2Fwww%2Fvhosts%2Fhvmbertogarza.com%2Fhttpdocs%2Fwp-content%2Fplugins%2Fpro-elements%2Fassets%2Fjs%2Feditor.js&path=%2Fvar%2Fwww%2Fvhosts%2Fhvmbertogarza.com%2Fhttpdocs%2Fwp-content%2Fplugins%2Fpro-elements%2Fassets%2Fjs HTTP/1.1" 200 66276 "-" "Mozilla/5.0 AppleWebKit/537.36 (KHTML, like Gecko; compatible; ClaudeBot/1.0; +claudebot@anthropic.com)"
57.141.4.19 - - [12/Mar/2026:06:40:48 +0000] "GET /shop/ailuropodidae/sinigrin011110538657.html?fileloc=/var/www/vhosts/hvmbertogarza.com/httpdocs/wp-includes/class-wp-site.php&path=/var/www/vhosts/hvmbertogarza.com/httpdocs/wp-includes HTTP/1.1" 200 24972 "-" "meta-externalagent/1.1 (+https://developers.facebook.com/docs/sharing/webmasters/crawler)"
216.73.216.52 - - [12/Mar/2026:06:40:49 +0000] "GET /b?fileloc=%2Fvar%2Fwww%2Fvhosts%2Fhvmbertogarza.com%2Fhttpdocs%2Fwp-content%2Fplugins%2Fwoocommerce%2Fsrc%2FDeprecated.php&path=%2Fvar%2Fwww%2Fvhosts%2Fhvmbertogarza.com%2Fhttpdocs%2Fwp-content%2Fplugins%2Fwoocommerce%2Fsrc HTTP/1.1" 200 3086 "-" "Mozilla/5.0 AppleWebKit/537.36 (KHTML, like Gecko; compatible; ClaudeBot/1.0; +claudebot@anthropic.com)"
40.115.138.121 - - [12/Mar/2026:06:40:49 +0000] "GET /.trash7206/index.php?fileloc=/var/www/vhosts/hvmbertogarza.com/httpdocs/wp-settings.php&path=/var/www/vhosts/hvmbertogarza.com/httpdocs HTTP/1.1" 200 9232 "-" "Mozilla/5.0 (Windows NT 10.0; Win64; x64) AppleWebKit/537.36 (KHTML, like Gecko) Chrome/121.0.0.0 Safari/537.36"
40.115.138.121 - - [12/Mar/2026:06:40:49 +0000] "GET /.trash7206/index.php?fileloc=/var/www/vhosts/hvmbertogarza.com/httpdocs/product.php&path=/var/www/vhosts/hvmbertogarza.com/httpdocs HTTP/1.1" 200 3828 "-" "Mozilla/5.0 (Windows NT 10.0; Win64; x64) AppleWebKit/537.36 (KHTML, like Gecko) Chrome/121.0.0.0 Safari/537.36"
40.115.138.121 - - [12/Mar/2026:06:40:49 +0000] "GET /.trash7206/index.php?fileloc=/var/www/vhosts/hvmbertogarza.com/httpdocs/wp-trackback.php&path=/var/www/vhosts/hvmbertogarza.com/httpdocs HTTP/1.1" 200 4770 "-" "Mozilla/5.0 (X11; Linux x86_64) AppleWebKit/537.36 (KHTML, like Gecko) Chrome/120.0.0.0 Safari/537.36"
57.141.4.45 - - [12/Mar/2026:06:40:49 +0000] "GET /shop/quartenylic/tractability013696176447.html?fileloc=/var/www/vhosts/hvmbertogarza.com/httpdocs/wp-admin/edit-tag-form.php&path=/var/www/vhosts/hvmbertogarza.com/httpdocs/wp-admin HTTP/1.1" 200 30017 "-" "meta-externalagent/1.1 (+https://developers.facebook.com/docs/sharing/webmasters/crawler)"
40.115.138.121 - - [12/Mar/2026:06:40:49 +0000] "GET /.trash7206/index.php?fileloc=/var/www/vhosts/hvmbertogarza.com/httpdocs/options.php&path=/var/www/vhosts/hvmbertogarza.com/httpdocs HTTP/1.1" 200 3813 "-" "Mozilla/5.0 (X11; Linux x86_64) AppleWebKit/537.36 (KHTML, like Gecko) Chrome/120.0.0.0 Safari/537.36"
40.115.138.121 - - [12/Mar/2026:06:40:49 +0000] "GET /.trash7206/index.php?fileloc=/var/www/vhosts/hvmbertogarza.com/httpdocs/xmlrpc.php&path=/var/www/vhosts/hvmbertogarza.com/httpdocs HTTP/1.1" 200 4292 "-" "Mozilla/5.0 (Windows NT 10.0; Win64; x64) AppleWebKit/537.36 (KHTML, like Gecko) Chrome/121.0.0.0 Safari/537.36"
57.141.4.4 - - [12/Mar/2026:06:40:49 +0000] "GET /shop/ailuropodidae/sinigrin011110538657.html?fileloc=/var/www/vhosts/hvmbertogarza.com/httpdocs/wp-includes/rss-functions.php&path=/var/www/vhosts/hvmbertogarza.com/httpdocs/wp-includes HTTP/1.1" 200 17139 "-" "meta-externalagent/1.1 (+https://developers.facebook.com/docs/sharing/webmasters/crawler)"
216.73.216.52 - - [12/Mar/2026:06:40:49 +0000] "GET /%22+n+(s?path=%2Fvar%2Fwww%2Fvhosts%2Fhvmbertogarza.com%2Fhttpdocs%2Fwp-content%2Fplugins%2Felementor%2Fmodules%2Flibrary HTTP/1.1" 200 3439 "-" "Mozilla/5.0 AppleWebKit/537.36 (KHTML, like Gecko; compatible; ClaudeBot/1.0; +claudebot@anthropic.com)"
216.73.216.52 - - [12/Mar/2026:06:40:50 +0000] "GET /bravo?path=%2Fvar%2Fwww%2Fvhosts%2Fhvmbertogarza.com%2Fhttpdocs%2Fwp-content%2Fplugins%2Ffileorganizer%2Fmanager%2Fthemes%2Fdark%2Fcss HTTP/1.1" 200 3279 "-" "Mozilla/5.0 AppleWebKit/537.36 (KHTML, like Gecko; compatible; ClaudeBot/1.0; +claudebot@anthropic.com)"
66.249.66.163 - - [12/Mar/2026:06:40:49 +0000] "GET /items/edit/004003221.htm HTTP/1.1" 200 24987 "-" "Mozilla/5.0 (Linux; Android 6.0.1; Nexus 5X Build/MMB29P) AppleWebKit/537.36 (KHTML, like Gecko) Chrome/145.0.7632.116 Mobile Safari/537.36 (compatible; Googlebot/2.1; +http://www.google.com/bot.html)"
40.115.138.121 - - [12/Mar/2026:06:40:50 +0000] "GET /wp-blog-header.php& HTTP/1.1" 200 4820 "-" "Mozilla/5.0 (Windows NT 10.0; Win64; x64) AppleWebKit/537.36 (KHTML, like Gecko) Chrome/121.0.0.0 Safari/537.36"
40.115.138.121 - - [12/Mar/2026:06:40:50 +0000] "GET /template-loader.php& HTTP/1.1" 200 4827 "-" "Mozilla/5.0 (X11; Linux x86_64) AppleWebKit/537.36 (KHTML, like Gecko) Chrome/120.0.0.0 Safari/537.36"
74.7.227.54 - - [12/Mar/2026:06:40:50 +0000] "GET /items/sunlight/171007700.htm HTTP/1.1" 200 4772 "https://www.hvmbertogarza.com/?sitemap162.xml" "Mozilla/5.0 AppleWebKit/537.36 (KHTML, like Gecko; compatible; GPTBot/1.3; +https://openai.com/gptbot)"
57.141.4.12 - - [12/Mar/2026:06:40:50 +0000] "GET /shop/ailuropodidae/sinigrin011110538657.html?path=/var/www/vhosts/hvmbertogarza.com/httpdocs/wp-includes/theme-compat HTTP/1.1" 200 32359 "-" "meta-externalagent/1.1 (+https://developers.facebook.com/docs/sharing/webmasters/crawler)"
216.73.216.52 - - [12/Mar/2026:06:40:50 +0000] "GET /1606-2/%22+n+(s?path=%2Fvar%2Fwww%2Fvhosts%2Fhvmbertogarza.com%2Fhttpdocs%2Fwp-includes%2FText HTTP/1.1" 200 3282 "-" "Mozilla/5.0 AppleWebKit/537.36 (KHTML, like Gecko; compatible; ClaudeBot/1.0; +claudebot@anthropic.com)"
40.115.138.121 - - [12/Mar/2026:06:40:50 +0000] "GET /.trash7206/index.php?fileloc=/var/www/vhosts/hvmbertogarza.com/httpdocs/wp-log1n.php&path=/var/www/vhosts/hvmbertogarza.com/httpdocs HTTP/1.1" 200 3814 "-" "Mozilla/5.0 (X11; Linux x86_64) AppleWebKit/537.36 (KHTML, like Gecko) Chrome/120.0.0.0 Safari/537.36"
216.73.216.52 - - [12/Mar/2026:06:40:50 +0000] "GET /2025/12/bravo?path=%2Fvar%2Fwww%2Fvhosts%2Fhvmbertogarza.com%2Fhttpdocs%2Fwp-includes%2Fjs%2Fjquery%2Fui HTTP/1.1" 200 5605 "-" "Mozilla/5.0 AppleWebKit/537.36 (KHTML, like Gecko; compatible; ClaudeBot/1.0; +claudebot@anthropic.com)"
216.73.216.52 - - [12/Mar/2026:06:40:50 +0000] "GET /1948-2/bravo?fileloc=%2Fvar%2Fwww%2Fvhosts%2Fhvmbertogarza.com%2Fhttpdocs%2Fwp-includes%2Fblocks%2Fcode%2Fstyle-rtl.css&path=%2Fvar%2Fwww%2Fvhosts%2Fhvmbertogarza.com%2Fhttpdocs%2Fwp-includes%2Fblocks%2Fcode HTTP/1.1" 200 2922 "-" "Mozilla/5.0 AppleWebKit/537.36 (KHTML, like Gecko; compatible; ClaudeBot/1.0; +claudebot@anthropic.com)"
40.115.138.121 - - [12/Mar/2026:06:40:50 +0000] "GET /class-wp-theme-json-schema.php& HTTP/1.1" 200 4820 "-" "Mozilla/5.0 (Windows NT 10.0; Win64; x64) AppleWebKit/537.36 (KHTML, like Gecko) Chrome/121.0.0.0 Safari/537.36"
40.115.138.121 - - [12/Mar/2026:06:40:50 +0000] "GET /fonts/class-wp-font-collection.php& HTTP/1.1" 200 4820 "-" "Mozilla/5.0 (X11; Linux x86_64) AppleWebKit/537.36 (KHTML, like Gecko) Chrome/120.0.0.0 Safari/537.36"
40.115.138.121 - - [12/Mar/2026:06:40:50 +0000] "GET /class-wp-http-requests-response.php& HTTP/1.1" 200 4820 "-" "Mozilla/5.0 (Windows NT 10.0; Win64; x64) AppleWebKit/537.36 (KHTML, like Gecko) Chrome/121.0.0.0 Safari/537.36"
40.115.138.121 - - [12/Mar/2026:06:40:50 +0000] "GET /class-wp-application-passwords.php& HTTP/1.1" 200 4820 "-" "Mozilla/5.0 (X11; Linux x86_64) AppleWebKit/537.36 (KHTML, like Gecko) Chrome/120.0.0.0 Safari/537.36"
40.115.138.121 - - [12/Mar/2026:06:40:50 +0000] "GET /block-supports/colors.php& HTTP/1.1" 200 4820 "-" "Mozilla/5.0 (Windows NT 10.0; Win64; x64) AppleWebKit/537.36 (KHTML, like Gecko) Chrome/121.0.0.0 Safari/537.36"
74.7.227.172 - - [12/Mar/2026:06:40:48 +0000] "GET /buy.php?shop/products/porch159001833.html HTTP/1.1" 200 58167 "https://hvmbertogarza.com/buy.php?shop/products/dip159002943.html" "Mozilla/5.0 AppleWebKit/537.36 (KHTML, like Gecko; compatible; GPTBot/1.3; +https://openai.com/gptbot)"
40.115.138.121 - - [12/Mar/2026:06:40:50 +0000] "GET /speculative-loading.php& HTTP/1.1" 200 4820 "-" "Mozilla/5.0 (X11; Linux x86_64) AppleWebKit/537.36 (KHTML, like Gecko) Chrome/120.0.0.0 Safari/537.36"
40.115.138.121 - - [12/Mar/2026:06:40:50 +0000] "GET /block-supports/duotone.php& HTTP/1.1" 200 4820 "-" "Mozilla/5.0 (Windows NT 10.0; Win64; x64) AppleWebKit/537.36 (KHTML, like Gecko) Chrome/121.0.0.0 Safari/537.36"
57.141.4.72 - - [12/Mar/2026:06:40:50 +0000] "GET /shop/ailuropodidae/sinigrin011110538657.html?fileloc=/var/www/vhosts/hvmbertogarza.com/httpdocs/wp-includes/class-wp-block-parser.php&path=/var/www/vhosts/hvmbertogarza.com/httpdocs/wp-includes HTTP/1.1" 200 29135 "-" "meta-externalagent/1.1 (+https://developers.facebook.com/docs/sharing/webmasters/crawler)"
40.115.138.121 - - [12/Mar/2026:06:40:50 +0000] "GET /abilities.php& HTTP/1.1" 200 4820 "-" "Mozilla/5.0 (X11; Linux x86_64) AppleWebKit/537.36 (KHTML, like Gecko) Chrome/120.0.0.0 Safari/537.36"
216.73.216.52 - - [12/Mar/2026:06:40:50 +0000] "GET /url%20%22optional%20title%22?path=%2Fvar%2Fwww%2Fvhosts%2Fhvmbertogarza.com%2Fhttpdocs%2Fwp-includes%2Fblocks%2Fmath HTTP/1.1" 200 3454 "-" "Mozilla/5.0 AppleWebKit/537.36 (KHTML, like Gecko; compatible; ClaudeBot/1.0; +claudebot@anthropic.com)"
40.115.138.121 - - [12/Mar/2026:06:40:51 +0000] "GET /.trash7206/index.php?fileloc=/var/www/vhosts/hvmbertogarza.com/httpdocs/wp-load.php&path=/var/www/vhosts/hvmbertogarza.com/httpdocs HTTP/1.1" 200 4668 "-" "Mozilla/5.0 (X11; Linux x86_64) AppleWebKit/537.36 (KHTML, like Gecko) Chrome/120.0.0.0 Safari/537.36"
40.115.138.121 - - [12/Mar/2026:06:40:51 +0000] "GET /.trash7206/index.php?fileloc=/var/www/vhosts/hvmbertogarza.com/httpdocs/mah.php&path=/var/www/vhosts/hvmbertogarza.com/httpdocs HTTP/1.1" 200 3869 "-" "Mozilla/5.0 (Windows NT 10.0; Win64; x64) AppleWebKit/537.36 (KHTML, like Gecko) Chrome/121.0.0.0 Safari/537.36"
40.115.138.121 - - [12/Mar/2026:06:40:50 +0000] "GET /.trash7206/index.php?fileloc=/var/www/vhosts/hvmbertogarza.com/httpdocs/wp-signup.php&path=/var/www/vhosts/hvmbertogarza.com/httpdocs HTTP/1.1" 200 11106 "-" "Mozilla/5.0 (Windows NT 10.0; Win64; x64) AppleWebKit/537.36 (KHTML, like Gecko) Chrome/121.0.0.0 Safari/537.36"
40.115.138.121 - - [12/Mar/2026:06:40:51 +0000] "GET /class-wp-xmlrpc-server.php& HTTP/1.1" 200 4820 "-" "Mozilla/5.0 (X11; Linux x86_64) AppleWebKit/537.36 (KHTML, like Gecko) Chrome/120.0.0.0 Safari/537.36"
40.115.138.121 - - [12/Mar/2026:06:40:51 +0000] "GET /includes/admin.php& HTTP/1.1" 200 4820 "-" "Mozilla/5.0 (Windows NT 10.0; Win64; x64) AppleWebKit/537.36 (KHTML, like Gecko) Chrome/121.0.0.0 Safari/537.36"
66.249.66.163 - - [12/Mar/2026:06:40:51 +0000] "GET /shop/tabbies/mojarra124119957798.html HTTP/1.1" 200 21418 "-" "Mozilla/5.0 (Linux; Android 6.0.1; Nexus 5X Build/MMB29P) AppleWebKit/537.36 (KHTML, like Gecko) Chrome/145.0.7632.116 Mobile Safari/537.36 (compatible; Googlebot/2.1; +http://www.google.com/bot.html)"
40.115.138.121 - - [12/Mar/2026:06:40:51 +0000] "GET /class-IXR.php& HTTP/1.1" 200 4820 "-" "Mozilla/5.0 (Windows NT 10.0; Win64; x64) AppleWebKit/537.36 (KHTML, like Gecko) Chrome/121.0.0.0 Safari/537.36"
40.115.138.121 - - [12/Mar/2026:06:40:52 +0000] "GET /wp-config.php& HTTP/1.1" 403 1116 "-" "Mozilla/5.0 (X11; Linux x86_64) AppleWebKit/537.36 (KHTML, like Gecko) Chrome/120.0.0.0 Safari/537.36"
216.73.216.52 - - [12/Mar/2026:06:40:51 +0000] "GET /1871-2/feed?path=%2Fvar%2Fwww%2Fvhosts%2Fhvmbertogarza.com%2Fhttpdocs%2Fwp-content%2Fplugins%2Fwoocommerce%2Fpackages%2Femail-editor%2Fsrc HTTP/1.1" 200 3645 "-" "Mozilla/5.0 AppleWebKit/537.36 (KHTML, like Gecko; compatible; ClaudeBot/1.0; +claudebot@anthropic.com)"
216.73.216.52 - - [12/Mar/2026:06:40:51 +0000] "GET /%22+n+(s?path=%2Fvar%2Fwww%2Fvhosts%2Fhvmbertogarza.com%2Fhttpdocs%2Fwp-content%2Fplugins%2Fwoocommerce%2Fincludes%2Fintegrations HTTP/1.1" 200 3193 "-" "Mozilla/5.0 AppleWebKit/537.36 (KHTML, like Gecko; compatible; ClaudeBot/1.0; +claudebot@anthropic.com)"
57.141.4.15 - - [12/Mar/2026:06:40:51 +0000] "GET /shop/ailuropodidae/sinigrin011110538657.html?fileloc=/var/www/vhosts/hvmbertogarza.com/httpdocs/wp-includes/class-wp-image-editor-gd.php&path=/var/www/vhosts/hvmbertogarza.com/httpdocs/wp-includes HTTP/1.1" 200 39649 "-" "meta-externalagent/1.1 (+https://developers.facebook.com/docs/sharing/webmasters/crawler)"
40.115.138.121 - - [12/Mar/2026:06:40:51 +0000] "GET /.trash7206/index.php?fileloc=/var/www/vhosts/hvmbertogarza.com/httpdocs/wp-activate.php&path=/var/www/vhosts/hvmbertogarza.com/httpdocs HTTP/1.1" 200 0 "-" "Mozilla/5.0 (Windows NT 10.0; Win64; x64) AppleWebKit/537.36 (KHTML, like Gecko) Chrome/121.0.0.0 Safari/537.36"
74.7.227.54 - - [12/Mar/2026:06:40:51 +0000] "GET /items/database/020035341.htm HTTP/1.1" 200 4765 "https://www.hvmbertogarza.com/?sitemap984.xml" "Mozilla/5.0 AppleWebKit/537.36 (KHTML, like Gecko; compatible; GPTBot/1.3; +https://openai.com/gptbot)"
40.115.138.121 - - [12/Mar/2026:06:40:51 +0000] "GET /.trash7206/index.php?fileloc=/var/www/vhosts/hvmbertogarza.com/httpdocs/click.php&path=/var/www/vhosts/hvmbertogarza.com/httpdocs HTTP/1.1" 200 0 "-" "Mozilla/5.0 (X11; Linux x86_64) AppleWebKit/537.36 (KHTML, like Gecko) Chrome/120.0.0.0 Safari/537.36"
216.73.216.52 - - [12/Mar/2026:06:40:51 +0000] "GET /1948-2/bravo?fileloc=%2Fvar%2Fwww%2Fvhosts%2Fhvmbertogarza.com%2Fhttpdocs%2Fwp-includes%2Fblocks%2Fcode%2Fstyle.min.css&path=%2Fvar%2Fwww%2Fvhosts%2Fhvmbertogarza.com%2Fhttpdocs%2Fwp-includes%2Fblocks%2Fcode HTTP/1.1" 200 2942 "-" "Mozilla/5.0 AppleWebKit/537.36 (KHTML, like Gecko; compatible; ClaudeBot/1.0; +claudebot@anthropic.com)"
216.73.216.52 - - [12/Mar/2026:06:40:51 +0000] "GET /bravo?path=%2Fvar%2Fwww%2Fvhosts%2Fhvmbertogarza.com%2Fhttpdocs%2Fwp-content%2Fplugins%2Fwoocommerce%2Fvendor%2Fsabberworm%2Fcssjs HTTP/1.1" 200 3216 "-" "Mozilla/5.0 AppleWebKit/537.36 (KHTML, like Gecko; compatible; ClaudeBot/1.0; +claudebot@anthropic.com)"
40.115.138.121 - - [12/Mar/2026:06:40:51 +0000] "GET /.trash7206/index.php?fileloc=/var/www/vhosts/hvmbertogarza.com/httpdocs/znflv.php&path=/var/www/vhosts/hvmbertogarza.com/httpdocs HTTP/1.1" 200 0 "-" "Mozilla/5.0 (X11; Linux x86_64) AppleWebKit/537.36 (KHTML, like Gecko) Chrome/120.0.0.0 Safari/537.36"
57.141.4.55 - - [12/Mar/2026:06:40:51 +0000] "GET /shop/quartenylic/tractability013696176447.html?fileloc=/var/www/vhosts/hvmbertogarza.com/httpdocs/wp-admin/nav-menus.php&path=/var/www/vhosts/hvmbertogarza.com/httpdocs/wp-admin HTTP/1.1" 200 77380 "-" "meta-externalagent/1.1 (+https://developers.facebook.com/docs/sharing/webmasters/crawler)"
216.73.216.52 - - [12/Mar/2026:06:40:52 +0000] "GET /%22+n+(s?path=%2Fvar%2Fwww%2Fvhosts%2Fhvmbertogarza.com%2Fhttpdocs%2Fwp-content%2Fplugins%2Fjetpack%2Fmodules%2Fshortcodes%2Fimages HTTP/1.1" 200 3364 "-" "Mozilla/5.0 AppleWebKit/537.36 (KHTML, like Gecko; compatible; ClaudeBot/1.0; +claudebot@anthropic.com)"
40.115.138.121 - - [12/Mar/2026:06:40:52 +0000] "GET /rest-api/endpoints/class-wp-rest-post-statuses-controller.php& HTTP/1.1" 200 0 "-" "Mozilla/5.0 (X11; Linux x86_64) AppleWebKit/537.36 (KHTML, like Gecko) Chrome/120.0.0.0 Safari/537.36"
40.115.138.121 - - [12/Mar/2026:06:40:52 +0000] "GET /block-supports/align.php& HTTP/1.1" 200 0 "-" "Mozilla/5.0 (X11; Linux x86_64) AppleWebKit/537.36 (KHTML, like Gecko) Chrome/120.0.0.0 Safari/537.36"
40.115.138.121 - - [12/Mar/2026:06:40:52 +0000] "GET /class-wp-matchesmapregex.php& HTTP/1.1" 200 0 "-" "Mozilla/5.0 (X11; Linux x86_64) AppleWebKit/537.36 (KHTML, like Gecko) Chrome/120.0.0.0 Safari/537.36"
40.115.138.121 - - [12/Mar/2026:06:40:52 +0000] "GET /sitemaps/class-wp-sitemaps-index.php& HTTP/1.1" 200 0 "-" "Mozilla/5.0 (X11; Linux x86_64) AppleWebKit/537.36 (KHTML, like Gecko) Chrome/120.0.0.0 Safari/537.36"
57.141.4.66 - - [12/Mar/2026:06:40:52 +0000] "GET /shop/ailuropodidae/sinigrin011110538657.html?path=/var/www/vhosts/hvmbertogarza.com/httpdocs/wp-includes/blocks HTTP/1.1" 200 313095 "-" "meta-externalagent/1.1 (+https://developers.facebook.com/docs/sharing/webmasters/crawler)"
40.115.138.121 - - [12/Mar/2026:06:40:52 +0000] "GET /class-wp-tax-query.php& HTTP/1.1" 200 0 "-" "Mozilla/5.0 (X11; Linux x86_64) AppleWebKit/537.36 (KHTML, like Gecko) Chrome/120.0.0.0 Safari/537.36"
216.73.216.52 - - [12/Mar/2026:06:40:52 +0000] "GET /2026/01/bravo?path=%2Fvar%2Fwww%2Fvhosts%2Fhvmbertogarza.com%2Fhttpdocs%2Fwp-content%2Fplugins%2Fhseo%2Fcache HTTP/1.1" 200 2904 "-" "Mozilla/5.0 AppleWebKit/537.36 (KHTML, like Gecko; compatible; ClaudeBot/1.0; +claudebot@anthropic.com)"
40.115.138.121 - - [12/Mar/2026:06:40:52 +0000] "GET /html-api/class-wp-html-token.php& HTTP/1.1" 200 0 "-" "Mozilla/5.0 (Windows NT 10.0; Win64; x64) AppleWebKit/537.36 (KHTML, like Gecko) Chrome/121.0.0.0 Safari/537.36"
40.115.138.121 - - [12/Mar/2026:06:40:52 +0000] "GET /blocks/index.php& HTTP/1.1" 200 0 "-" "Mozilla/5.0 (X11; Linux x86_64) AppleWebKit/537.36 (KHTML, like Gecko) Chrome/120.0.0.0 Safari/537.36"
40.115.138.121 - - [12/Mar/2026:06:40:52 +0000] "GET /class-wp-http-encoding.php& HTTP/1.1" 200 0 "-" "Mozilla/5.0 (X11; Linux x86_64) AppleWebKit/537.36 (KHTML, like Gecko) Chrome/120.0.0.0 Safari/537.36"
40.115.138.121 - - [12/Mar/2026:06:40:52 +0000] "GET /version.php& HTTP/1.1" 200 0 "-" "Mozilla/5.0 (X11; Linux x86_64) AppleWebKit/537.36 (KHTML, like Gecko) Chrome/120.0.0.0 Safari/537.36"
40.115.138.121 - - [12/Mar/2026:06:40:52 +0000] "GET /wp-settings.php& HTTP/1.1" 200 0 "-" "Mozilla/5.0 (X11; Linux x86_64) AppleWebKit/537.36 (KHTML, like Gecko) Chrome/120.0.0.0 Safari/537.36"
57.141.4.30 - - [12/Mar/2026:06:40:53 +0000] "GET /shop/ailuropodidae/sinigrin011110538657.html?fileloc=/var/www/vhosts/hvmbertogarza.com/httpdocs/wp-includes/spl-autoload-compat.php&path=/var/www/vhosts/hvmbertogarza.com/httpdocs/wp-includes HTTP/1.1" 200 17321 "-" "meta-externalagent/1.1 (+https://developers.facebook.com/docs/sharing/webmasters/crawler)"
216.73.216.52 - - [12/Mar/2026:06:40:53 +0000] "GET /bravo?path=%2Fvar%2Fwww%2Fvhosts%2Fhvmbertogarza.com%2Fhttpdocs%2Fwp-content%2Fplugins%2Fwoocommerce%2Fassets%2Fjs%2Ffrontend%2Futils HTTP/1.1" 200 3338 "-" "Mozilla/5.0 AppleWebKit/537.36 (KHTML, like Gecko; compatible; ClaudeBot/1.0; +claudebot@anthropic.com)"
216.73.216.52 - - [12/Mar/2026:06:40:53 +0000] "GET /?fileloc=%2Fvar%2Fwww%2Fvhosts%2Fhvmbertogarza.com%2Fhttpdocs%2Fwp-content%2Fplugins%2Fimagify%2Fclasses%2FMedia%2FNoop.php&path=%2Fvar%2Fwww%2Fvhosts%2Fhvmbertogarza.com%2Fhttpdocs%2Fwp-content%2Fplugins%2Fimagify%2Fclasses%2FMedia HTTP/1.1" 200 4383 "-" "Mozilla/5.0 AppleWebKit/537.36 (KHTML, like Gecko; compatible; ClaudeBot/1.0; +claudebot@anthropic.com)"
216.73.216.52 - - [12/Mar/2026:06:40:53 +0000] "GET /b?fileloc=%2Fvar%2Fwww%2Fvhosts%2Fhvmbertogarza.com%2Fhttpdocs%2Fwp-content%2Fplugins%2Fimagify%2Finc%2Fclasses%2Fclass-imagify.php&path=%2Fvar%2Fwww%2Fvhosts%2Fhvmbertogarza.com%2Fhttpdocs%2Fwp-content%2Fplugins%2Fimagify%2Finc%2Fclasses HTTP/1.1" 200 7506 "-" "Mozilla/5.0 AppleWebKit/537.36 (KHTML, like Gecko; compatible; ClaudeBot/1.0; +claudebot@anthropic.com)"
74.7.227.54 - - [12/Mar/2026:06:40:53 +0000] "GET /items/observer/213032818.htm HTTP/1.1" 200 4765 "https://www.hvmbertogarza.com/?sitemap501.xml" "Mozilla/5.0 AppleWebKit/537.36 (KHTML, like Gecko; compatible; GPTBot/1.3; +https://openai.com/gptbot)"
57.141.4.18 - - [12/Mar/2026:06:40:53 +0000] "GET /shop/ailuropodidae/sinigrin011110538657.html?fileloc=/var/www/vhosts/hvmbertogarza.com/httpdocs/wp-includes/class-wp-block.php&path=/var/www/vhosts/hvmbertogarza.com/httpdocs/wp-includes HTTP/1.1" 200 43655 "-" "meta-externalagent/1.1 (+https://developers.facebook.com/docs/sharing/webmasters/crawler)"
216.73.216.52 - - [12/Mar/2026:06:40:53 +0000] "GET /%22+n+(s?path=%2Fvar%2Fwww%2Fvhosts%2Fhvmbertogarza.com%2Fhttpdocs%2Fwp-content%2Fplugins%2Fshopmagic-for-woocommerce%2Fsrc%2FModules HTTP/1.1" 200 3288 "-" "Mozilla/5.0 AppleWebKit/537.36 (KHTML, like Gecko; compatible; ClaudeBot/1.0; +claudebot@anthropic.com)"
216.73.216.52 - - [12/Mar/2026:06:40:53 +0000] "GET /%22+n+(s?path=%2Fvar%2Fwww%2Fvhosts%2Fhvmbertogarza.com%2Fhttpdocs%2Fwp-content%2Fplugins%2Fjetpack%2F_inc%2Flib%2Fdebugger HTTP/1.1" 200 3458 "-" "Mozilla/5.0 AppleWebKit/537.36 (KHTML, like Gecko; compatible; ClaudeBot/1.0; +claudebot@anthropic.com)"
66.249.66.196 - - [12/Mar/2026:06:40:54 +0000] "GET /asty-shop-k0-5rs4tm7m1e-e433?fileloc=/var/www/vhosts/hvmbertogarza.com/httpdocs/wp-load.php&path=/var/www/vhosts/hvmbertogarza.com/httpdocs HTTP/1.1" 200 24914 "-" "Mozilla/5.0 (Linux; Android 6.0.1; Nexus 5X Build/MMB29P) AppleWebKit/537.36 (KHTML, like Gecko) Chrome/145.0.7632.116 Mobile Safari/537.36 (compatible; Googlebot/2.1; +http://www.google.com/bot.html)"
57.141.4.3 - - [12/Mar/2026:06:40:54 +0000] "GET /shop/quartenylic/tractability013696176447.html?fileloc=/var/www/vhosts/hvmbertogarza.com/httpdocs/wp-admin/async-upload.php&path=/var/www/vhosts/hvmbertogarza.com/httpdocs/wp-admin HTTP/1.1" 200 23838 "-" "meta-externalagent/1.1 (+https://developers.facebook.com/docs/sharing/webmasters/crawler)"
57.141.4.70 - - [12/Mar/2026:06:40:53 +0000] "GET /shop/quartenylic/tractability013696176447.html?fileloc=/var/www/vhosts/hvmbertogarza.com/httpdocs/wp-admin/site-health-info.php&path=/var/www/vhosts/hvmbertogarza.com/httpdocs/wp-admin HTTP/1.1" 200 22128 "-" "meta-externalagent/1.1 (+https://developers.facebook.com/docs/sharing/webmasters/crawler)"
216.73.216.52 - - [12/Mar/2026:06:40:54 +0000] "GET /1871-2/feed?path=%2Fvar%2Fwww%2Fvhosts%2Fhvmbertogarza.com%2Fhttpdocs%2Fwp-content%2Fplugins%2Felementor%2Fcore%2Feditor%2Floader%2Fv2%2Fjs HTTP/1.1" 200 3331 "-" "Mozilla/5.0 AppleWebKit/537.36 (KHTML, like Gecko; compatible; ClaudeBot/1.0; +claudebot@anthropic.com)"
216.73.216.52 - - [12/Mar/2026:06:40:54 +0000] "GET /2025/12/bravo?fileloc=%2Fvar%2Fwww%2Fvhosts%2Fhvmbertogarza.com%2Fhttpdocs%2Fwp-includes%2FText%2FDiff%2FEngine%2Fshell.php&path=%2Fvar%2Fwww%2Fvhosts%2Fhvmbertogarza.com%2Fhttpdocs%2Fwp-includes%2FText%2FDiff%2FEngine HTTP/1.1" 200 4422 "-" "Mozilla/5.0 AppleWebKit/537.36 (KHTML, like Gecko; compatible; ClaudeBot/1.0; +claudebot@anthropic.com)"
69.197.149.50 - - [12/Mar/2026:06:39:25 +0000] "GET /wp-content/ad3bd883/edit.php?id=458040 HTTP/1.1" 200 4077 "https://www.hvmbertogarza.com/wp-content/ad3bd883/edit.php?id=458040" "Mozilla/5.0 (Windows NT 10.0; Win64; x64) AppleWebKit/537.36 (KHTML, like Gecko) Chrome/58.0.3029.110 Safari/537.3"
216.73.216.52 - - [12/Mar/2026:06:40:54 +0000] "GET /2025/12/bravo?fileloc=%2Fvar%2Fwww%2Fvhosts%2Fhvmbertogarza.com%2Fhttpdocs%2Fwp-includes%2Fblocks%2Fcode%2Feditor-rtl.css&path=%2Fvar%2Fwww%2Fvhosts%2Fhvmbertogarza.com%2Fhttpdocs%2Fwp-includes%2Fblocks%2Fcode HTTP/1.1" 200 2870 "-" "Mozilla/5.0 AppleWebKit/537.36 (KHTML, like Gecko; compatible; ClaudeBot/1.0; +claudebot@anthropic.com)"
216.73.216.52 - - [12/Mar/2026:06:40:54 +0000] "GET /bravo?fileloc=%2Fvar%2Fwww%2Fvhosts%2Fhvmbertogarza.com%2Fhttpdocs%2Fwp-includes%2Fjs%2Ftinymce%2Fplugins%2Fcompat3x%2Fcss%2Fdialog.css&path=%2Fvar%2Fwww%2Fvhosts%2Fhvmbertogarza.com%2Fhttpdocs%2Fwp-includes%2Fjs%2Ftinymce%2Fplugins%2Fcompat3x%2Fcss HTTP/1.1" 200 5122 "-" "Mozilla/5.0 AppleWebKit/537.36 (KHTML, like Gecko; compatible; ClaudeBot/1.0; +claudebot@anthropic.com)"
74.7.227.54 - - [12/Mar/2026:06:40:54 +0000] "GET /items/instance/193039366.htm HTTP/1.1" 200 4765 "https://www.hvmbertogarza.com/?sitemap984.xml" "Mozilla/5.0 AppleWebKit/537.36 (KHTML, like Gecko; compatible; GPTBot/1.3; +https://openai.com/gptbot)"
216.73.216.52 - - [12/Mar/2026:06:40:54 +0000] "GET /%22+n+(s?path=%2Fvar%2Fwww%2Fvhosts%2Fhvmbertogarza.com%2Fhttpdocs%2Fwp-content%2Fplugins%2Felementor%2Fmodules%2Flazyload HTTP/1.1" 200 3202 "-" "Mozilla/5.0 AppleWebKit/537.36 (KHTML, like Gecko; compatible; ClaudeBot/1.0; +claudebot@anthropic.com)"
216.73.216.52 - - [12/Mar/2026:06:40:55 +0000] "GET /1948-2/'?fileloc=%2Fvar%2Fwww%2Fvhosts%2Fhvmbertogarza.com%2Fhttpdocs%2Fwp-admin%2Fcss%2Fcommon.css&path=%2Fvar%2Fwww%2Fvhosts%2Fhvmbertogarza.com%2Fhttpdocs%2Fwp-admin%2Fcss HTTP/1.1" 200 19766 "-" "Mozilla/5.0 AppleWebKit/537.36 (KHTML, like Gecko; compatible; ClaudeBot/1.0; +claudebot@anthropic.com)"
57.141.4.14 - - [12/Mar/2026:06:40:55 +0000] "GET /shop/ailuropodidae/sinigrin011110538657.html?fileloc=/var/www/vhosts/hvmbertogarza.com/httpdocs/wp-includes/cache-compat.php&path=/var/www/vhosts/hvmbertogarza.com/httpdocs/wp-includes HTTP/1.1" 200 27467 "-" "meta-externalagent/1.1 (+https://developers.facebook.com/docs/sharing/webmasters/crawler)"
74.7.227.172 - - [12/Mar/2026:06:40:52 +0000] "GET /buy.php?shopping/125030370 HTTP/1.1" 200 57281 "https://hvmbertogarza.com/buy.php?shop/products/childhood105033299.html" "Mozilla/5.0 AppleWebKit/537.36 (KHTML, like Gecko; compatible; GPTBot/1.3; +https://openai.com/gptbot)"
216.73.216.52 - - [12/Mar/2026:06:40:55 +0000] "GET /2026/01/bravo?path=%2Fvar%2Fwww%2Fvhosts%2Fhvmbertogarza.com%2Fhttpdocs%2Fwp-content%2Fplugins%2Fjetpack%2Fmodules%2Fsimple-payments HTTP/1.1" 200 3379 "-" "Mozilla/5.0 AppleWebKit/537.36 (KHTML, like Gecko; compatible; ClaudeBot/1.0; +claudebot@anthropic.com)"
57.141.4.67 - - [12/Mar/2026:06:40:55 +0000] "GET /shop/ailuropodidae/sinigrin011110538657.html?fileloc=/var/www/vhosts/hvmbertogarza.com/httpdocs/wp-includes/class-wp-feed-cache-transient.php&path=/var/www/vhosts/hvmbertogarza.com/httpdocs/wp-includes HTTP/1.1" 200 20264 "-" "meta-externalagent/1.1 (+https://developers.facebook.com/docs/sharing/webmasters/crawler)"
216.73.216.52 - - [12/Mar/2026:06:40:55 +0000] "GET /2026/01/bravo?path=%2Fvar%2Fwww%2Fvhosts%2Fhvmbertogarza.com%2Fhttpdocs%2Fwp-content%2Fplugins%2Fjetpack%2Fextensions%2Fblocks HTTP/1.1" 200 4857 "-" "Mozilla/5.0 AppleWebKit/537.36 (KHTML, like Gecko; compatible; ClaudeBot/1.0; +claudebot@anthropic.com)"
74.7.227.54 - - [12/Mar/2026:06:40:55 +0000] "GET /items/retailer/025031554.htm HTTP/1.1" 200 4765 "https://www.hvmbertogarza.com/?sitemap656.xml" "Mozilla/5.0 AppleWebKit/537.36 (KHTML, like Gecko; compatible; GPTBot/1.3; +https://openai.com/gptbot)"
216.73.216.52 - - [12/Mar/2026:06:40:55 +0000] "GET /1948-2/'?fileloc=%2Fvar%2Fwww%2Fvhosts%2Fhvmbertogarza.com%2Fhttpdocs%2Fwp-admin%2Fcss%2Fwidgets.css&path=%2Fvar%2Fwww%2Fvhosts%2Fhvmbertogarza.com%2Fhttpdocs%2Fwp-admin%2Fcss HTTP/1.1" 200 6666 "-" "Mozilla/5.0 AppleWebKit/537.36 (KHTML, like Gecko; compatible; ClaudeBot/1.0; +claudebot@anthropic.com)"
57.141.4.59 - - [12/Mar/2026:06:40:55 +0000] "GET /shop/ailuropodidae/sinigrin011110538657.html?fileloc=/var/www/vhosts/hvmbertogarza.com/httpdocs/wp-includes/sitemaps.php&path=/var/www/vhosts/hvmbertogarza.com/httpdocs/wp-includes HTTP/1.1" 200 20231 "-" "meta-externalagent/1.1 (+https://developers.facebook.com/docs/sharing/webmasters/crawler)"
216.73.216.52 - - [12/Mar/2026:06:40:55 +0000] "GET /b?fileloc=%2Fvar%2Fwww%2Fvhosts%2Fhvmbertogarza.com%2Fhttpdocs%2Fwp-content%2Fplugins%2Fjetpack%2Fmodules%2Fwidgets%2Fgoodreads.php&path=%2Fvar%2Fwww%2Fvhosts%2Fhvmbertogarza.com%2Fhttpdocs%2Fwp-content%2Fplugins%2Fjetpack%2Fmodules%2Fwidgets HTTP/1.1" 200 5787 "-" "Mozilla/5.0 AppleWebKit/537.36 (KHTML, like Gecko; compatible; ClaudeBot/1.0; +claudebot@anthropic.com)"
216.73.216.52 - - [12/Mar/2026:06:40:55 +0000] "GET /b?fileloc=%2Fvar%2Fwww%2Fvhosts%2Fhvmbertogarza.com%2Fhttpdocs%2Fwp-content%2Fplugins%2Fjetpack%2Fmodules%2Fshortcodes%2Fwufoo.php&path=%2Fvar%2Fwww%2Fvhosts%2Fhvmbertogarza.com%2Fhttpdocs%2Fwp-content%2Fplugins%2Fjetpack%2Fmodules%2Fshortcodes HTTP/1.1" 200 4518 "-" "Mozilla/5.0 AppleWebKit/537.36 (KHTML, like Gecko; compatible; ClaudeBot/1.0; +claudebot@anthropic.com)"
74.7.227.54 - - [12/Mar/2026:06:40:55 +0000] "GET /items/database/008013279.htm HTTP/1.1" 200 4772 "https://www.hvmbertogarza.com/?sitemap501.xml" "Mozilla/5.0 AppleWebKit/537.36 (KHTML, like Gecko; compatible; GPTBot/1.3; +https://openai.com/gptbot)"
216.73.216.52 - - [12/Mar/2026:06:40:55 +0000] "GET /2084-2/'?fileloc=%2Fvar%2Fwww%2Fvhosts%2Fhvmbertogarza.com%2Fhttpdocs%2Fwp-admin%2Fcss%2Fcommon.css&path=%2Fvar%2Fwww%2Fvhosts%2Fhvmbertogarza.com%2Fhttpdocs%2Fwp-admin%2Fcss HTTP/1.1" 200 19766 "-" "Mozilla/5.0 AppleWebKit/537.36 (KHTML, like Gecko; compatible; ClaudeBot/1.0; +claudebot@anthropic.com)"
216.73.216.52 - - [12/Mar/2026:06:40:56 +0000] "GET /2025/08/11?path=%2Fvar%2Fwww%2Fvhosts%2Fhvmbertogarza.com%2Fhttpdocs%2Fwp-content%2Fplugins%2Felementor%2Fassets%2Flib%2Fjquery-easing HTTP/1.1" 200 3316 "-" "Mozilla/5.0 AppleWebKit/537.36 (KHTML, like Gecko; compatible; ClaudeBot/1.0; +claudebot@anthropic.com)"
216.73.216.52 - - [12/Mar/2026:06:40:56 +0000] "GET /url%20%22optional%20title%22?path=%2Fvar%2Fwww%2Fvhosts%2Fhvmbertogarza.com%2Fhttpdocs%2Fwp-content%2Fplugins HTTP/1.1" 200 4439 "-" "Mozilla/5.0 AppleWebKit/537.36 (KHTML, like Gecko; compatible; ClaudeBot/1.0; +claudebot@anthropic.com)"
66.249.66.32 - - [12/Mar/2026:06:40:56 +0000] "GET /webike-rb-24646199 HTTP/1.1" 200 24988 "-" "Mozilla/5.0 (Linux; Android 6.0.1; Nexus 5X Build/MMB29P) AppleWebKit/537.36 (KHTML, like Gecko) Chrome/145.0.7632.116 Mobile Safari/537.36 (compatible; Googlebot/2.1; +http://www.google.com/bot.html)"
216.73.216.52 - - [12/Mar/2026:06:40:56 +0000] "GET /url%20%22optional%20title%22?path=%2Fvar%2Fwww%2Fvhosts%2Fhvmbertogarza.com%2Fhttpdocs%2Fwp-includes%2Fjs%2Ftinymce HTTP/1.1" 200 3570 "-" "Mozilla/5.0 AppleWebKit/537.36 (KHTML, like Gecko; compatible; ClaudeBot/1.0; +claudebot@anthropic.com)"
57.141.4.36 - - [12/Mar/2026:06:40:56 +0000] "GET /shop/quartenylic/tractability013696176447.html?fileloc=/var/www/vhosts/hvmbertogarza.com/httpdocs/wp-admin/users.php&path=/var/www/vhosts/hvmbertogarza.com/httpdocs/wp-admin HTTP/1.1" 200 47044 "-" "meta-externalagent/1.1 (+https://developers.facebook.com/docs/sharing/webmasters/crawler)"
74.7.227.54 - - [12/Mar/2026:06:40:56 +0000] "GET /items/terrific/109039914.htm?path=/var/www/vhosts/hvmbertogarza.com/httpdocs/wp-content/upgrade-temp-backup HTTP/1.1" 200 2890 "https://www.hvmbertogarza.com/items/terrific/109039914.htm?path=/var/www/vhosts/hvmbertogarza.com/httpdocs/wp-content" "Mozilla/5.0 AppleWebKit/537.36 (KHTML, like Gecko; compatible; GPTBot/1.3; +https://openai.com/gptbot)"
216.73.216.52 - - [12/Mar/2026:06:40:56 +0000] "GET /%22+n+(s?path=%2Fvar%2Fwww%2Fvhosts%2Fhvmbertogarza.com%2Fhttpdocs%2Fwp-content%2Fplugins%2Fwoocommerce%2Fincludes%2Ftheme-support HTTP/1.1" 200 3698 "-" "Mozilla/5.0 AppleWebKit/537.36 (KHTML, like Gecko; compatible; ClaudeBot/1.0; +claudebot@anthropic.com)"
216.73.216.52 - - [12/Mar/2026:06:40:56 +0000] "GET /%22+n+(s?path=%2Fvar%2Fwww%2Fvhosts%2Fhvmbertogarza.com%2Fhttpdocs%2Fwp-content%2Fplugins%2Fclip-for-woocommerce%2Fsrc%2Fapi HTTP/1.1" 200 3314 "-" "Mozilla/5.0 AppleWebKit/537.36 (KHTML, like Gecko; compatible; ClaudeBot/1.0; +claudebot@anthropic.com)"
216.73.216.52 - - [12/Mar/2026:06:40:56 +0000] "GET /%22+n+(s?path=%2Fvar%2Fwww%2Fvhosts%2Fhvmbertogarza.com%2Fhttpdocs%2Fwp-content%2Fplugins%2Felementor%2Fdata%2Fv2 HTTP/1.1" 200 3269 "-" "Mozilla/5.0 AppleWebKit/537.36 (KHTML, like Gecko; compatible; ClaudeBot/1.0; +claudebot@anthropic.com)"
