66.249.92.9 - - [09/Mar/2026:13:38:41 +0000] "GET /wp-content/plugins/ajax-search-pro/js/min/plugin/optimized/asp-load.js HTTP/1.1" 200 4173 "https://hvmbertogarza.com/producto/artprint-herbonium/" "Mozilla/5.0 (X11; Linux x86_64) AppleWebKit/537.36 (KHTML, like Gecko) Chrome/145.0.7632.116 Safari/537.36"
66.249.92.137 - - [09/Mar/2026:13:38:41 +0000] "GET /wp-content/plugins/woocommerce/assets/css/woocommerce-smallscreen.css?ver=10.3.7 HTTP/1.1" 200 1646 "https://hvmbertogarza.com/producto/artprint-herbonium/" "Mozilla/5.0 (X11; Linux x86_64) AppleWebKit/537.36 (KHTML, like Gecko) Chrome/145.0.7632.116 Safari/537.36"
66.249.92.10 - - [09/Mar/2026:13:38:41 +0000] "GET /wp-includes/js/dist/hooks.min.js?ver=dd5603f07f9220ed27f1 HTTP/1.1" 200 2366 "https://hvmbertogarza.com/producto/artprint-herbonium/" "Mozilla/5.0 (X11; Linux x86_64) AppleWebKit/537.36 (KHTML, like Gecko) Chrome/145.0.7632.116 Safari/537.36"
66.249.92.163 - - [09/Mar/2026:13:38:41 +0000] "GET /wp-content/plugins/woocommerce/assets/js/js-cookie/js.cookie.min.js?ver=2.1.4-wc.10.3.7 HTTP/1.1" 200 1212 "https://hvmbertogarza.com/producto/artprint-herbonium/" "Mozilla/5.0 (X11; Linux x86_64) AppleWebKit/537.36 (KHTML, like Gecko) Chrome/145.0.7632.116 Safari/537.36"
66.249.92.10 - - [09/Mar/2026:13:38:42 +0000] "GET /wp-content/plugins/woocommerce/assets/js/frontend/cart-fragments.min.js?ver=10.3.7 HTTP/1.1" 200 1425 "https://hvmbertogarza.com/producto/artprint-herbonium/" "Mozilla/5.0 (X11; Linux x86_64) AppleWebKit/537.36 (KHTML, like Gecko) Chrome/145.0.7632.116 Safari/537.36"
66.249.92.32 - - [09/Mar/2026:13:38:42 +0000] "GET /wp-includes/js/dist/i18n.min.js?ver=c26c3dc7bed366793375 HTTP/1.1" 200 6378 "https://hvmbertogarza.com/producto/artprint-herbonium/" "Mozilla/5.0 (X11; Linux x86_64) AppleWebKit/537.36 (KHTML, like Gecko) Chrome/145.0.7632.116 Safari/537.36"
66.249.92.136 - - [09/Mar/2026:13:38:42 +0000] "GET /wp-content/plugins/ajax-search-pro/js/min/plugin/optimized/asp-addons-elementor.js HTTP/1.1" 200 2068 "https://hvmbertogarza.com/producto/artprint-herbonium/" "Mozilla/5.0 (X11; Linux x86_64) AppleWebKit/537.36 (KHTML, like Gecko) Chrome/145.0.7632.116 Safari/537.36"
176.65.132.19 - - [09/Mar/2026:13:38:41 +0000] "GET /wp-login.php?redirect_to=https%3A%2F%2Fhvmbertogarza.com%2Fwp-admin%2Findex.php&reauth=1 HTTP/1.1" 200 5797 "https://HVMBERTOGARZA.COM/wp-login.php" "Mozilla/5.0 (Macintosh; Intel Mac OS X 13_6_1) AppleWebKit/537.36 (KHTML, like Gecko) Chrome/118.0.0.0 Safari/537.36"
66.249.92.163 - - [09/Mar/2026:13:38:43 +0000] "GET /wp-content/plugins/woocommerce/assets/js/frontend/woocommerce.min.js?ver=10.3.7 HTTP/1.1" 200 1854 "https://hvmbertogarza.com/producto/artprint-herbonium/" "Mozilla/5.0 (X11; Linux x86_64) AppleWebKit/537.36 (KHTML, like Gecko) Chrome/145.0.7632.116 Safari/537.36"
198.244.183.10 - - [09/Mar/2026:13:38:43 +0000] "GET /wp-content/plugins/shopengine/modules/swatches/loop-product-support/assets/swatches.css?ver=1773062788 HTTP/1.1" 200 4040 "-" "Mozilla/5.0 (compatible; AhrefsBot/7.0; +http://ahrefs.com/robot/)"
176.65.132.19 - - [09/Mar/2026:13:38:43 +0000] "POST /wp-login.php HTTP/1.1" 200 3879 "https://HVMBERTOGARZA.COM/wp-login.php" "Mozilla/5.0 (Macintosh; Intel Mac OS X 13_6_1; rv:120.0) Gecko/20100101 Firefox/120.0"
66.249.92.10 - - [09/Mar/2026:13:38:45 +0000] "GET /wp-content/uploads/elementor/google-fonts/fonts/roboto-kfo7cnqeu92fr1me7ksn66agldtyluama3yuba.woff2 HTTP/1.1" 200 40512 "https://hvmbertogarza.com/wp-content/uploads/elementor/google-fonts/css/roboto.css?ver=1749497619" "Mozilla/5.0 (X11; Linux x86_64) AppleWebKit/537.36 (KHTML, like Gecko) Chrome/145.0.7632.116 Safari/537.36"
66.249.92.9 - - [09/Mar/2026:13:38:46 +0000] "GET /wp-content/uploads/elementor/google-fonts/fonts/roboto-kfo7cnqeu92fr1me7ksn66agldtyluamaxkubgee.woff2 HTTP/1.1" 200 24494 "https://hvmbertogarza.com/wp-content/uploads/elementor/google-fonts/css/roboto.css?ver=1749497619" "Mozilla/5.0 (X11; Linux x86_64) AppleWebKit/537.36 (KHTML, like Gecko) Chrome/145.0.7632.116 Safari/537.36"
66.249.92.9 - - [09/Mar/2026:13:38:46 +0000] "GET /wp-content/uploads/elementor/google-fonts/fonts/roboto-kfo5cnqeu92fr1mu53zec9_vu3r1gihoszmkbnka.woff2 HTTP/1.1" 200 44576 "https://hvmbertogarza.com/wp-content/uploads/elementor/google-fonts/css/roboto.css?ver=1749497619" "Mozilla/5.0 (X11; Linux x86_64) AppleWebKit/537.36 (KHTML, like Gecko) Chrome/145.0.7632.116 Safari/537.36"
66.249.92.9 - - [09/Mar/2026:13:38:46 +0000] "GET /wp-content/plugins/shopengine/assets/fonts/shopengine.woff HTTP/1.1" 200 26449 "https://hvmbertogarza.com/wp-content/plugins/shopengine/assets/css/shopengine-public.css?ver=4.8.7" "Mozilla/5.0 (X11; Linux x86_64) AppleWebKit/537.36 (KHTML, like Gecko) Chrome/145.0.7632.116 Safari/537.36"
66.249.92.137 - - [09/Mar/2026:13:38:47 +0000] "GET /wp-content/uploads/elementor/google-fonts/fonts/roboto-kfo7cnqeu92fr1me7ksn66agldtyluama3oubgee.woff2 HTTP/1.1" 200 17068 "https://hvmbertogarza.com/wp-content/uploads/elementor/google-fonts/css/roboto.css?ver=1749497619" "Mozilla/5.0 (X11; Linux x86_64) AppleWebKit/537.36 (KHTML, like Gecko) Chrome/145.0.7632.116 Safari/537.36"
66.249.92.136 - - [09/Mar/2026:13:38:47 +0000] "GET /wp-content/uploads/2024/02/Kueski-Pay-scaled-1-1024x219.jpg HTTP/1.1" 200 27746 "https://hvmbertogarza.com/producto/artprint-herbonium/" "Mozilla/5.0 (X11; Linux x86_64) AppleWebKit/537.36 (KHTML, like Gecko) Chrome/145.0.7632.116 Safari/537.36"
176.65.132.19 - - [09/Mar/2026:13:38:46 +0000] "GET /wp-admin/index.php HTTP/1.1" 302 525 "https://HVMBERTOGARZA.COM/wp-login.php" "Mozilla/5.0 (Macintosh; Intel Mac OS X 10_15_7; rv:120.0) Gecko/20100101 Firefox/120.0"
66.249.92.32 - - [09/Mar/2026:13:38:48 +0000] "GET /wp-content/uploads/2024/02/BANNERPAGOSSEGUROSnegro-1024x236.png HTTP/1.1" 200 72571 "https://hvmbertogarza.com/producto/artprint-herbonium/" "Mozilla/5.0 (X11; Linux x86_64) AppleWebKit/537.36 (KHTML, like Gecko) Chrome/145.0.7632.116 Safari/537.36"
66.249.92.10 - - [09/Mar/2026:13:38:48 +0000] "GET /wp-content/uploads/elementor/thumbs/condusef-qjvmqpvk6gsjuovwlx49t20rsyopwxl1c1tctaxwcg.png HTTP/1.1" 200 6347 "https://hvmbertogarza.com/producto/artprint-herbonium/" "Mozilla/5.0 (X11; Linux x86_64) AppleWebKit/537.36 (KHTML, like Gecko) Chrome/145.0.7632.116 Safari/537.36"
66.249.92.32 - - [09/Mar/2026:13:38:48 +0000] "GET /wp-content/uploads/elementor/thumbs/PROFECO-qjvmsuybqvq2apry3ufohikkik4tg430ynb65zrm68.png HTTP/1.1" 200 6096 "https://hvmbertogarza.com/producto/artprint-herbonium/" "Mozilla/5.0 (X11; Linux x86_64) AppleWebKit/537.36 (KHTML, like Gecko) Chrome/145.0.7632.116 Safari/537.36"
66.249.92.136 - - [09/Mar/2026:13:38:49 +0000] "GET /wp-content/uploads/2024/02/Mortem-2022-Web-Recursos-Metodos-de-Pago.png HTTP/1.1" 200 2938 "https://hvmbertogarza.com/producto/artprint-herbonium/" "Mozilla/5.0 (X11; Linux x86_64) AppleWebKit/537.36 (KHTML, like Gecko) Chrome/145.0.7632.116 Safari/537.36"
176.65.132.19 - - [09/Mar/2026:13:38:48 +0000] "GET /wp-login.php?redirect_to=https%3A%2F%2Fhvmbertogarza.com%2Fwp-admin%2Findex.php&reauth=1 HTTP/1.1" 200 5797 "https://HVMBERTOGARZA.COM/wp-login.php" "Mozilla/5.0 (Macintosh; Intel Mac OS X 10_15_7; rv:120.0) Gecko/20100101 Firefox/120.0"
66.249.92.45 - - [09/Mar/2026:13:38:50 +0000] "GET /wp-content/plugins/elementor/assets/lib/dialog/dialog.min.js?ver=4.9.3 HTTP/1.1" 200 7931 "https://hvmbertogarza.com/producto/artprint-herbonium/" "Mozilla/5.0 (X11; Linux x86_64) AppleWebKit/537.36 (KHTML, like Gecko) Chrome/145.0.7632.116 Safari/537.36"
66.249.92.197 - - [09/Mar/2026:13:38:50 +0000] "GET /wp-content/plugins/elementor/assets/js/lightbox.d1799e507b570f6b0496.bundle.min.js HTTP/1.1" 200 13648 "https://hvmbertogarza.com/producto/artprint-herbonium/" "Mozilla/5.0 (X11; Linux x86_64) AppleWebKit/537.36 (KHTML, like Gecko) Chrome/145.0.7632.116 Safari/537.36"
66.249.92.45 - - [09/Mar/2026:13:38:50 +0000] "GET /wp-content/plugins/elementor/assets/css/conditionals/lightbox.min.css?ver=3.34.0 HTTP/1.1" 200 2374 "https://hvmbertogarza.com/producto/artprint-herbonium/" "Mozilla/5.0 (X11; Linux x86_64) AppleWebKit/537.36 (KHTML, like Gecko) Chrome/145.0.7632.116 Safari/537.36"
66.249.92.10 - - [09/Mar/2026:13:38:51 +0000] "GET /wp-content/plugins/elementor/assets/css/conditionals/dialog.min.css?ver=3.34.0 HTTP/1.1" 200 1945 "https://hvmbertogarza.com/producto/artprint-herbonium/" "Mozilla/5.0 (X11; Linux x86_64) AppleWebKit/537.36 (KHTML, like Gecko) Chrome/145.0.7632.116 Safari/537.36"
66.249.92.9 - - [09/Mar/2026:13:38:51 +0000] "GET /wp-content/plugins/elementor/assets/lib/swiper/v8/css/swiper.min.css?ver=8.4.5 HTTP/1.1" 200 8718 "https://hvmbertogarza.com/producto/artprint-herbonium/" "Mozilla/5.0 (X11; Linux x86_64) AppleWebKit/537.36 (KHTML, like Gecko) Chrome/145.0.7632.116 Safari/537.36"
66.249.92.197 - - [09/Mar/2026:13:38:51 +0000] "GET /wp-content/plugins/elementor/assets/lib/share-link/share-link.min.js?ver=3.34.0 HTTP/1.1" 200 1549 "https://hvmbertogarza.com/producto/artprint-herbonium/" "Mozilla/5.0 (X11; Linux x86_64) AppleWebKit/537.36 (KHTML, like Gecko) Chrome/145.0.7632.116 Safari/537.36"
74.208.176.140 - - [09/Mar/2026:13:38:51 +0000] "POST /wp-cron.php?doing_wp_cron=1773063531.8824589252471923828125 HTTP/1.1" 200 4101 "-" "WordPress/6.9.1; https://hvmbertogarza.com"
176.65.132.19 - - [09/Mar/2026:13:38:50 +0000] "POST /wp-login.php HTTP/1.1" 200 3879 "https://HVMBERTOGARZA.COM/wp-login.php" "Mozilla/5.0 (Macintosh; Intel Mac OS X 13_6_1) AppleWebKit/605.1.15 (KHTML, like Gecko) Version/16.6 Safari/605.1.15"
66.249.92.164 - - [09/Mar/2026:13:38:52 +0000] "GET /wp-content/uploads/2025/11/cuadro-3-scaled.jpg HTTP/1.1" 200 985303 "https://hvmbertogarza.com/producto/artprint-herbonium/" "Mozilla/5.0 (X11; Linux x86_64) AppleWebKit/537.36 (KHTML, like Gecko) Chrome/145.0.7632.116 Safari/537.36"
176.65.132.19 - - [09/Mar/2026:13:38:52 +0000] "GET /wp-admin/index.php HTTP/1.1" 302 525 "https://HVMBERTOGARZA.COM/wp-login.php" "Mozilla/5.0 (Macintosh; Intel Mac OS X 10_15_7) AppleWebKit/605.1.15 (KHTML, like Gecko) Version/17.0 Safari/605.1.15"
66.249.92.10 - - [09/Mar/2026:13:38:53 +0000] "POST /?wc-ajax=get_refreshed_fragments HTTP/1.1" 200 1711 "https://hvmbertogarza.com/producto/artprint-herbonium/" "Mozilla/5.0 (X11; Linux x86_64) AppleWebKit/537.36 (KHTML, like Gecko) Chrome/145.0.7632.116 Safari/537.36"
176.65.132.19 - - [09/Mar/2026:13:38:54 +0000] "GET /wp-login.php?redirect_to=https%3A%2F%2Fhvmbertogarza.com%2Fwp-admin%2Findex.php&reauth=1 HTTP/1.1" 200 5797 "https://HVMBERTOGARZA.COM/wp-login.php" "Mozilla/5.0 (Macintosh; Intel Mac OS X 10_15_7) AppleWebKit/605.1.15 (KHTML, like Gecko) Version/17.0 Safari/605.1.15"
198.244.242.9 - - [09/Mar/2026:13:38:58 +0000] "GET /wp-content/plugins/shopengine/modules/swatches/loop-product-support/assets/swatches.css?ver=1773063017 HTTP/1.1" 200 4040 "-" "Mozilla/5.0 (compatible; AhrefsBot/7.0; +http://ahrefs.com/robot/)"
74.208.176.140 - - [09/Mar/2026:13:38:59 +0000] "POST /wp-cron.php?doing_wp_cron=1773063539.0795819759368896484375 HTTP/1.1" 200 4101 "-" "WordPress/6.9.1; https://hvmbertogarza.com"
176.65.132.19 - - [09/Mar/2026:13:38:56 +0000] "POST /wp-login.php HTTP/1.1" 200 3886 "https://HVMBERTOGARZA.COM/wp-login.php" "Mozilla/5.0 (Macintosh; Intel Mac OS X 10_15_7) AppleWebKit/537.36 (KHTML, like Gecko) Chrome/119.0.0.0 Safari/537.36"
198.244.240.107 - - [09/Mar/2026:13:38:59 +0000] "GET /wp-content/uploads/elementor/css/post-491.css?ver=1773046648 HTTP/1.1" 200 8292 "-" "Mozilla/5.0 (compatible; AhrefsBot/7.0; +http://ahrefs.com/robot/)"
66.249.92.10 - - [09/Mar/2026:13:39:00 +0000] "GET /wp-content/plugins/elementor/assets/js/shared-frontend-handlers.03caa53373b56d3bab67.bundle.min.js HTTP/1.1" 200 6793 "https://hvmbertogarza.com/producto/artprint-herbonium/" "Mozilla/5.0 (X11; Linux x86_64) AppleWebKit/537.36 (KHTML, like Gecko) Chrome/145.0.7632.116 Safari/537.36"
66.249.92.164 - - [09/Mar/2026:13:39:01 +0000] "GET /wp-content/plugins/elementor/assets/js/section-frontend-handlers.d85ab872da118940910d.bundle.min.js HTTP/1.1" 200 4372 "https://hvmbertogarza.com/producto/artprint-herbonium/" "Mozilla/5.0 (X11; Linux x86_64) AppleWebKit/537.36 (KHTML, like Gecko) Chrome/145.0.7632.116 Safari/537.36"
66.249.92.33 - - [09/Mar/2026:13:39:01 +0000] "GET /wp-content/plugins/pro-elements/assets/js/nav-menu.8521a0597c50611efdc6.bundle.min.js HTTP/1.1" 200 6021 "https://hvmbertogarza.com/producto/artprint-herbonium/" "Mozilla/5.0 (X11; Linux x86_64) AppleWebKit/537.36 (KHTML, like Gecko) Chrome/145.0.7632.116 Safari/537.36"
176.65.132.19 - - [09/Mar/2026:13:38:59 +0000] "GET /wp-admin/index.php HTTP/1.1" 302 525 "https://HVMBERTOGARZA.COM/wp-login.php" "Mozilla/5.0 (Windows NT 10.0; Win64; x64) AppleWebKit/537.36 (KHTML, like Gecko) Chrome/119.0.0.0 Safari/537.36"
66.249.92.137 - - [09/Mar/2026:13:39:01 +0000] "GET /wp-content/plugins/pro-elements/assets/js/woocommerce-menu-cart.54f2e75f6769dce707e2.bundle.min.js HTTP/1.1" 200 5661 "https://hvmbertogarza.com/producto/artprint-herbonium/" "Mozilla/5.0 (X11; Linux x86_64) AppleWebKit/537.36 (KHTML, like Gecko) Chrome/145.0.7632.116 Safari/537.36"
66.249.92.136 - - [09/Mar/2026:13:39:02 +0000] "GET /wp-content/plugins/pro-elements/assets/js/popup.f7b15b2ca565b152bf98.bundle.min.js HTTP/1.1" 200 4550 "https://hvmbertogarza.com/producto/artprint-herbonium/" "Mozilla/5.0 (X11; Linux x86_64) AppleWebKit/537.36 (KHTML, like Gecko) Chrome/145.0.7632.116 Safari/537.36"
66.249.92.33 - - [09/Mar/2026:13:39:02 +0000] "GET /wp-content/plugins/pro-elements/assets/js/form.71055747203b48a65a24.bundle.min.js HTTP/1.1" 200 5616 "https://hvmbertogarza.com/producto/artprint-herbonium/" "Mozilla/5.0 (X11; Linux x86_64) AppleWebKit/537.36 (KHTML, like Gecko) Chrome/145.0.7632.116 Safari/537.36"
216.73.216.173 - - [09/Mar/2026:13:39:03 +0000] "GET /robots.txt HTTP/1.1" 200 4194 "-" "Mozilla/5.0 AppleWebKit/537.36 (KHTML, like Gecko; compatible; ClaudeBot/1.0; +claudebot@anthropic.com)"
176.65.132.19 - - [09/Mar/2026:13:39:02 +0000] "GET /wp-login.php?redirect_to=https%3A%2F%2Fhvmbertogarza.com%2Fwp-admin%2Findex.php&reauth=1 HTTP/1.1" 200 5797 "https://HVMBERTOGARZA.COM/wp-login.php" "Mozilla/5.0 (Windows NT 10.0; Win64; x64) AppleWebKit/537.36 (KHTML, like Gecko) Chrome/119.0.0.0 Safari/537.36"
216.73.216.173 - - [09/Mar/2026:13:39:03 +0000] "GET /?p=2041 HTTP/1.1" 301 381 "-" "Mozilla/5.0 AppleWebKit/537.36 (KHTML, like Gecko; compatible; ClaudeBot/1.0; +claudebot@anthropic.com)"
176.65.132.19 - - [09/Mar/2026:13:39:05 +0000] "POST /wp-login.php HTTP/1.1" 200 3885 "https://HVMBERTOGARZA.COM/wp-login.php" "Mozilla/5.0 (Macintosh; Intel Mac OS X 10_15_7; rv:118.0) Gecko/20100101 Firefox/118.0"
216.73.216.173 - - [09/Mar/2026:13:39:06 +0000] "GET /pochemu-cheloveku-vazhno-oschuschat-ljubopytstvo/ HTTP/1.1" 200 46461 "https://hvmbertogarza.com/?p=2041" "Mozilla/5.0 AppleWebKit/537.36 (KHTML, like Gecko; compatible; ClaudeBot/1.0; +claudebot@anthropic.com)"
176.65.132.19 - - [09/Mar/2026:13:39:07 +0000] "GET /wp-admin/index.php HTTP/1.1" 302 525 "https://HVMBERTOGARZA.COM/wp-login.php" "Mozilla/5.0 (Windows NT 11.0; Win64; x64) AppleWebKit/537.36 (KHTML, like Gecko) Chrome/121.0.0.0 Safari/537.36"
176.65.132.19 - - [09/Mar/2026:13:39:11 +0000] "GET /wp-login.php?redirect_to=https%3A%2F%2Fhvmbertogarza.com%2Fwp-admin%2Findex.php&reauth=1 HTTP/1.1" 200 5797 "https://HVMBERTOGARZA.COM/wp-login.php" "Mozilla/5.0 (Windows NT 11.0; Win64; x64) AppleWebKit/537.36 (KHTML, like Gecko) Chrome/121.0.0.0 Safari/537.36"
176.65.132.19 - - [09/Mar/2026:13:39:14 +0000] "POST /wp-login.php HTTP/1.1" 200 3882 "https://HVMBERTOGARZA.COM/wp-login.php" "Mozilla/5.0 (Macintosh; Intel Mac OS X 10_15_7) AppleWebKit/605.1.15 (KHTML, like Gecko) Version/16.6 Safari/605.1.15"
176.65.132.19 - - [09/Mar/2026:13:39:16 +0000] "GET /wp-admin/index.php HTTP/1.1" 302 525 "https://HVMBERTOGARZA.COM/wp-login.php" "Mozilla/5.0 (Macintosh; Intel Mac OS X 10_15_7) AppleWebKit/537.36 (KHTML, like Gecko) Chrome/118.0.0.0 Safari/537.36"
74.208.176.140 - - [09/Mar/2026:13:39:23 +0000] "POST /wp-cron.php?doing_wp_cron=1773063563.8693099021911621093750 HTTP/1.1" 200 4101 "-" "WordPress/6.9.1; https://hvmbertogarza.com"
176.65.132.19 - - [09/Mar/2026:13:39:20 +0000] "GET /wp-login.php?redirect_to=https%3A%2F%2Fhvmbertogarza.com%2Fwp-admin%2Findex.php&reauth=1 HTTP/1.1" 200 5797 "https://HVMBERTOGARZA.COM/wp-login.php" "Mozilla/5.0 (Macintosh; Intel Mac OS X 10_15_7) AppleWebKit/537.36 (KHTML, like Gecko) Chrome/118.0.0.0 Safari/537.36"
176.65.132.19 - - [09/Mar/2026:13:39:24 +0000] "POST /wp-login.php HTTP/1.1" 200 3888 "https://HVMBERTOGARZA.COM/wp-login.php" "Mozilla/5.0 (Macintosh; Intel Mac OS X 13_6_1) AppleWebKit/605.1.15 (KHTML, like Gecko) Version/17.1 Safari/605.1.15"
176.65.132.19 - - [09/Mar/2026:13:39:28 +0000] "GET /wp-admin/index.php HTTP/1.1" 302 525 "https://HVMBERTOGARZA.COM/wp-login.php" "Mozilla/5.0 (X11; Linux x86_64) AppleWebKit/537.36 (KHTML, like Gecko) Chrome/121.0.0.0 Safari/537.36"
74.208.176.140 - - [09/Mar/2026:13:39:10 +0000] "POST /wp-admin/admin-ajax.php?action=as_async_request_queue_runner&nonce=71834224b9 HTTP/1.1" 200 4305 "-" "WordPress/6.9.1; https://hvmbertogarza.com"
176.65.132.19 - - [09/Mar/2026:13:39:31 +0000] "GET /wp-login.php?redirect_to=https%3A%2F%2Fhvmbertogarza.com%2Fwp-admin%2Findex.php&reauth=1 HTTP/1.1" 200 5797 "https://HVMBERTOGARZA.COM/wp-login.php" "Mozilla/5.0 (X11; Linux x86_64) AppleWebKit/537.36 (KHTML, like Gecko) Chrome/121.0.0.0 Safari/537.36"
176.65.132.19 - - [09/Mar/2026:13:39:33 +0000] "POST /wp-login.php HTTP/1.1" 200 3886 "https://HVMBERTOGARZA.COM/wp-login.php" "Mozilla/5.0 (Macintosh; Intel Mac OS X 13_6_1; rv:121.0) Gecko/20100101 Firefox/121.0"
176.65.132.19 - - [09/Mar/2026:13:39:35 +0000] "GET /wp-admin/index.php HTTP/1.1" 302 525 "https://HVMBERTOGARZA.COM/wp-login.php" "Mozilla/5.0 (X11; Linux x86_64) AppleWebKit/537.36 (KHTML, like Gecko) Chrome/121.0.0.0 Safari/537.36"
176.65.132.19 - - [09/Mar/2026:13:39:38 +0000] "GET /wp-login.php?redirect_to=https%3A%2F%2Fhvmbertogarza.com%2Fwp-admin%2Findex.php&reauth=1 HTTP/1.1" 200 5797 "https://HVMBERTOGARZA.COM/wp-login.php" "Mozilla/5.0 (X11; Linux x86_64) AppleWebKit/537.36 (KHTML, like Gecko) Chrome/121.0.0.0 Safari/537.36"
176.65.132.19 - - [09/Mar/2026:13:39:40 +0000] "POST /wp-login.php HTTP/1.1" 200 3879 "https://HVMBERTOGARZA.COM/wp-login.php" "Mozilla/5.0 (X11; Linux x86_64) AppleWebKit/537.36 (KHTML, like Gecko) Chrome/121.0.0.0 Safari/537.36"
176.65.132.19 - - [09/Mar/2026:13:39:42 +0000] "GET /wp-admin/index.php HTTP/1.1" 302 525 "https://HVMBERTOGARZA.COM/wp-login.php" "Mozilla/5.0 (Macintosh; Intel Mac OS X 10_15_7) AppleWebKit/605.1.15 (KHTML, like Gecko) Version/17.0 Safari/605.1.15"
176.65.132.19 - - [09/Mar/2026:13:39:44 +0000] "GET /wp-login.php?redirect_to=https%3A%2F%2Fhvmbertogarza.com%2Fwp-admin%2Findex.php&reauth=1 HTTP/1.1" 200 5797 "https://HVMBERTOGARZA.COM/wp-login.php" "Mozilla/5.0 (Macintosh; Intel Mac OS X 10_15_7) AppleWebKit/605.1.15 (KHTML, like Gecko) Version/17.0 Safari/605.1.15"
176.65.132.19 - - [09/Mar/2026:13:39:46 +0000] "POST /wp-login.php HTTP/1.1" 200 3886 "https://HVMBERTOGARZA.COM/wp-login.php" "Mozilla/5.0 (Macintosh; Intel Mac OS X 13_6_1) AppleWebKit/605.1.15 (KHTML, like Gecko) Version/17.2 Safari/605.1.15"
74.208.176.140 - - [09/Mar/2026:13:39:52 +0000] "POST /wp-cron.php?doing_wp_cron=1773063592.1821770668029785156250 HTTP/1.1" 200 4101 "-" "WordPress/6.9.1; https://hvmbertogarza.com"
176.65.132.19 - - [09/Mar/2026:13:39:50 +0000] "GET /wp-admin/index.php HTTP/1.1" 302 525 "https://HVMBERTOGARZA.COM/wp-login.php" "Mozilla/5.0 (Windows NT 11.0; Win64; x64; rv:120.0) Gecko/20100101 Firefox/120.0"
176.65.132.19 - - [09/Mar/2026:13:39:52 +0000] "GET /wp-login.php?redirect_to=https%3A%2F%2Fhvmbertogarza.com%2Fwp-admin%2Findex.php&reauth=1 HTTP/1.1" 200 5797 "https://HVMBERTOGARZA.COM/wp-login.php" "Mozilla/5.0 (Windows NT 11.0; Win64; x64; rv:120.0) Gecko/20100101 Firefox/120.0"
176.65.132.19 - - [09/Mar/2026:13:39:54 +0000] "POST /wp-login.php HTTP/1.1" 200 3883 "https://HVMBERTOGARZA.COM/wp-login.php" "Mozilla/5.0 (Macintosh; Intel Mac OS X 10_15_7) AppleWebKit/605.1.15 (KHTML, like Gecko) Version/17.1 Safari/605.1.15"
176.65.132.19 - - [09/Mar/2026:13:39:56 +0000] "GET /wp-admin/index.php HTTP/1.1" 302 525 "https://HVMBERTOGARZA.COM/wp-login.php" "Mozilla/5.0 (Macintosh; Intel Mac OS X 13_6_1) AppleWebKit/537.36 (KHTML, like Gecko) Chrome/120.0.0.0 Safari/537.36"
176.65.132.19 - - [09/Mar/2026:13:39:59 +0000] "GET /wp-login.php?redirect_to=https%3A%2F%2Fhvmbertogarza.com%2Fwp-admin%2Findex.php&reauth=1 HTTP/1.1" 200 5797 "https://HVMBERTOGARZA.COM/wp-login.php" "Mozilla/5.0 (Macintosh; Intel Mac OS X 13_6_1) AppleWebKit/537.36 (KHTML, like Gecko) Chrome/120.0.0.0 Safari/537.36"
176.65.132.19 - - [09/Mar/2026:13:40:01 +0000] "POST /wp-login.php HTTP/1.1" 200 3879 "https://HVMBERTOGARZA.COM/wp-login.php" "Mozilla/5.0 (Macintosh; Intel Mac OS X 10_15_7; rv:121.0) Gecko/20100101 Firefox/121.0"
176.65.132.19 - - [09/Mar/2026:13:40:05 +0000] "GET /wp-admin/index.php HTTP/1.1" 302 525 "https://HVMBERTOGARZA.COM/wp-login.php" "Mozilla/5.0 (Macintosh; Intel Mac OS X 10_15_7) AppleWebKit/537.36 (KHTML, like Gecko) Chrome/121.0.0.0 Safari/537.36"
176.65.132.19 - - [09/Mar/2026:13:40:08 +0000] "GET /wp-login.php?redirect_to=https%3A%2F%2Fhvmbertogarza.com%2Fwp-admin%2Findex.php&reauth=1 HTTP/1.1" 200 5797 "https://HVMBERTOGARZA.COM/wp-login.php" "Mozilla/5.0 (Macintosh; Intel Mac OS X 10_15_7) AppleWebKit/537.36 (KHTML, like Gecko) Chrome/121.0.0.0 Safari/537.36"
176.65.132.19 - - [09/Mar/2026:13:40:11 +0000] "POST /wp-login.php HTTP/1.1" 200 3879 "https://HVMBERTOGARZA.COM/wp-login.php" "Mozilla/5.0 (Macintosh; Intel Mac OS X 10_15_7; rv:121.0) Gecko/20100101 Firefox/121.0"
176.65.132.19 - - [09/Mar/2026:13:40:14 +0000] "GET /wp-admin/index.php HTTP/1.1" 302 525 "https://HVMBERTOGARZA.COM/wp-login.php" "Mozilla/5.0 (Macintosh; Intel Mac OS X 10_15_7) AppleWebKit/605.1.15 (KHTML, like Gecko) Version/17.0 Safari/605.1.15"
195.178.110.33 - - [09/Mar/2026:13:40:14 +0000] "GET / HTTP/1.1" 200 99291 "-" "-"
176.65.132.19 - - [09/Mar/2026:13:40:17 +0000] "GET /wp-login.php?redirect_to=https%3A%2F%2Fhvmbertogarza.com%2Fwp-admin%2Findex.php&reauth=1 HTTP/1.1" 200 5797 "https://HVMBERTOGARZA.COM/wp-login.php" "Mozilla/5.0 (Macintosh; Intel Mac OS X 10_15_7) AppleWebKit/605.1.15 (KHTML, like Gecko) Version/17.0 Safari/605.1.15"
74.208.176.140 - - [09/Mar/2026:13:40:23 +0000] "POST /wp-cron.php?doing_wp_cron=1773063623.0866329669952392578125 HTTP/1.1" 200 4101 "-" "WordPress/6.9.1; https://hvmbertogarza.com"
176.65.132.19 - - [09/Mar/2026:13:40:20 +0000] "POST /wp-login.php HTTP/1.1" 200 3889 "https://HVMBERTOGARZA.COM/wp-login.php" "Mozilla/5.0 (Macintosh; Intel Mac OS X 13_6_1; rv:118.0) Gecko/20100101 Firefox/118.0"
176.65.132.19 - - [09/Mar/2026:13:40:23 +0000] "GET /wp-admin/index.php HTTP/1.1" 302 525 "https://HVMBERTOGARZA.COM/wp-login.php" "Mozilla/5.0 (Macintosh; Intel Mac OS X 10_15_7) AppleWebKit/605.1.15 (KHTML, like Gecko) Version/16.6 Safari/605.1.15"
176.65.132.19 - - [09/Mar/2026:13:40:26 +0000] "GET /wp-login.php?redirect_to=https%3A%2F%2Fhvmbertogarza.com%2Fwp-admin%2Findex.php&reauth=1 HTTP/1.1" 200 5797 "https://HVMBERTOGARZA.COM/wp-login.php" "Mozilla/5.0 (Macintosh; Intel Mac OS X 10_15_7) AppleWebKit/605.1.15 (KHTML, like Gecko) Version/16.6 Safari/605.1.15"
50.6.224.234 - - [09/Mar/2026:13:40:27 +0000] "GET /wp-login.php HTTP/1.1" 200 7389 "-" "Mozilla/5.0 (Macintosh; Intel Mac OS X 10_12_6) AppleWebKit/537.36 (KHTML, like Gecko) Chrome/66.0.3359.181 Safari/537.36"
176.65.132.19 - - [09/Mar/2026:13:40:29 +0000] "POST /wp-login.php HTTP/1.1" 200 3878 "https://HVMBERTOGARZA.COM/wp-login.php" "Mozilla/5.0 (Macintosh; Intel Mac OS X 13_6_1; rv:120.0) Gecko/20100101 Firefox/120.0"
50.6.224.234 - - [09/Mar/2026:13:40:30 +0000] "POST /wp-login.php HTTP/1.1" 200 3816 "https://hvmbertogarza.com/wp-login.php" "Mozilla/5.0 (Macintosh; Intel Mac OS X 10_12_6) AppleWebKit/537.36 (KHTML, like Gecko) Chrome/66.0.3359.181 Safari/537.36"
176.65.132.19 - - [09/Mar/2026:13:40:32 +0000] "GET /wp-admin/index.php HTTP/1.1" 302 524 "https://HVMBERTOGARZA.COM/wp-login.php" "Mozilla/5.0 (Windows NT 10.0; Win64; x64) AppleWebKit/537.36 (KHTML, like Gecko) Chrome/118.0.0.0 Safari/537.36"
176.65.132.19 - - [09/Mar/2026:13:40:34 +0000] "GET /wp-login.php?redirect_to=https%3A%2F%2Fhvmbertogarza.com%2Fwp-admin%2Findex.php&reauth=1 HTTP/1.1" 200 5796 "https://HVMBERTOGARZA.COM/wp-login.php" "Mozilla/5.0 (Windows NT 10.0; Win64; x64) AppleWebKit/537.36 (KHTML, like Gecko) Chrome/118.0.0.0 Safari/537.36"
176.65.132.19 - - [09/Mar/2026:13:40:37 +0000] "POST /wp-login.php HTTP/1.1" 200 3890 "https://HVMBERTOGARZA.COM/wp-login.php" "Mozilla/5.0 (Macintosh; Intel Mac OS X 10_15_7) AppleWebKit/605.1.15 (KHTML, like Gecko) Version/17.1 Safari/605.1.15"
176.65.132.19 - - [09/Mar/2026:13:40:40 +0000] "GET /wp-admin/index.php HTTP/1.1" 302 524 "https://HVMBERTOGARZA.COM/wp-login.php" "Mozilla/5.0 (Macintosh; Intel Mac OS X 10_15_7) AppleWebKit/605.1.15 (KHTML, like Gecko) Version/17.2 Safari/605.1.15"
74.208.176.140 - - [09/Mar/2026:13:40:44 +0000] "POST /wp-cron.php?doing_wp_cron=1773063644.9259209632873535156250 HTTP/1.1" 200 4101 "-" "WordPress/6.9.1; https://hvmbertogarza.com"
176.65.132.19 - - [09/Mar/2026:13:40:43 +0000] "GET /wp-login.php?redirect_to=https%3A%2F%2Fhvmbertogarza.com%2Fwp-admin%2Findex.php&reauth=1 HTTP/1.1" 200 5796 "https://HVMBERTOGARZA.COM/wp-login.php" "Mozilla/5.0 (Macintosh; Intel Mac OS X 10_15_7) AppleWebKit/605.1.15 (KHTML, like Gecko) Version/17.2 Safari/605.1.15"
176.65.132.19 - - [09/Mar/2026:13:40:45 +0000] "POST /wp-login.php HTTP/1.1" 200 3878 "https://HVMBERTOGARZA.COM/wp-login.php" "Mozilla/5.0 (Macintosh; Intel Mac OS X 10_15_7; rv:119.0) Gecko/20100101 Firefox/119.0"
176.65.132.19 - - [09/Mar/2026:13:40:47 +0000] "GET /wp-admin/index.php HTTP/1.1" 302 524 "https://HVMBERTOGARZA.COM/wp-login.php" "Mozilla/5.0 (Macintosh; Intel Mac OS X 13_6_1) AppleWebKit/605.1.15 (KHTML, like Gecko) Version/16.6 Safari/605.1.15"
74.208.176.140 - - [09/Mar/2026:13:40:52 +0000] "POST /wp-cron.php?doing_wp_cron=1773063651.9819049835205078125000 HTTP/1.1" 200 4101 "-" "WordPress/6.9.1; https://hvmbertogarza.com"
176.65.132.19 - - [09/Mar/2026:13:40:50 +0000] "GET /wp-login.php?redirect_to=https%3A%2F%2Fhvmbertogarza.com%2Fwp-admin%2Findex.php&reauth=1 HTTP/1.1" 200 5796 "https://HVMBERTOGARZA.COM/wp-login.php" "Mozilla/5.0 (Macintosh; Intel Mac OS X 13_6_1) AppleWebKit/605.1.15 (KHTML, like Gecko) Version/16.6 Safari/605.1.15"
176.65.132.19 - - [09/Mar/2026:13:40:52 +0000] "POST /wp-login.php HTTP/1.1" 200 3814 "https://HVMBERTOGARZA.COM/wp-login.php" "Mozilla/5.0 (Windows NT 10.0; Win64; x64; rv:119.0) Gecko/20100101 Firefox/119.0"
176.65.132.19 - - [09/Mar/2026:13:40:55 +0000] "GET /wp-admin/index.php HTTP/1.1" 302 4312 "https://HVMBERTOGARZA.COM/wp-login.php" "Mozilla/5.0 (Windows NT 10.0; Win64; x64) AppleWebKit/537.36 (KHTML, like Gecko) Chrome/121.0.0.0 Safari/537.36"
74.208.176.140 - - [09/Mar/2026:13:41:00 +0000] "POST /wp-cron.php?doing_wp_cron=1773063660.4667060375213623046875 HTTP/1.1" 200 4101 "-" "WordPress/6.9.1; https://hvmbertogarza.com"
176.65.132.19 - - [09/Mar/2026:13:40:58 +0000] "GET /wp-login.php?redirect_to=https%3A%2F%2Fhvmbertogarza.com%2Fwp-admin%2Findex.php&reauth=1 HTTP/1.1" 200 5797 "https://HVMBERTOGARZA.COM/wp-login.php" "Mozilla/5.0 (Windows NT 10.0; Win64; x64) AppleWebKit/537.36 (KHTML, like Gecko) Chrome/121.0.0.0 Safari/537.36"
176.65.132.19 - - [09/Mar/2026:13:41:00 +0000] "POST /wp-login.php HTTP/1.1" 200 3885 "https://HVMBERTOGARZA.COM/wp-login.php" "Mozilla/5.0 (Windows NT 11.0; Win64; x64; rv:120.0) Gecko/20100101 Firefox/120.0"
176.65.132.19 - - [09/Mar/2026:13:41:03 +0000] "GET /wp-admin/index.php HTTP/1.1" 302 525 "https://HVMBERTOGARZA.COM/wp-login.php" "Mozilla/5.0 (Macintosh; Intel Mac OS X 13_6_1; rv:120.0) Gecko/20100101 Firefox/120.0"
176.65.132.19 - - [09/Mar/2026:13:41:06 +0000] "GET /wp-login.php?redirect_to=https%3A%2F%2Fhvmbertogarza.com%2Fwp-admin%2Findex.php&reauth=1 HTTP/1.1" 200 5797 "https://HVMBERTOGARZA.COM/wp-login.php" "Mozilla/5.0 (Macintosh; Intel Mac OS X 13_6_1; rv:120.0) Gecko/20100101 Firefox/120.0"
176.65.132.19 - - [09/Mar/2026:13:41:09 +0000] "POST /wp-login.php HTTP/1.1" 200 3885 "https://HVMBERTOGARZA.COM/wp-login.php" "Mozilla/5.0 (X11; Ubuntu; Linux x86_64) AppleWebKit/537.36 (KHTML, like Gecko) Chrome/118.0.0.0 Safari/537.36"
176.65.132.19 - - [09/Mar/2026:13:41:11 +0000] "GET /wp-admin/index.php HTTP/1.1" 302 525 "https://HVMBERTOGARZA.COM/wp-login.php" "Mozilla/5.0 (Windows NT 11.0; Win64; x64) AppleWebKit/537.36 (KHTML, like Gecko) Chrome/120.0.0.0 Safari/537.36"
141.98.11.117 - - [09/Mar/2026:13:41:14 +0000] "GET /wp-login.php HTTP/1.1" 200 7389 "-" "Mozilla/5.0 (Windows NT 10.0; Win64; x64) AppleWebKit/537.36 (KHTML, like Gecko) Chrome/65.0.3325.146 Safari/537.36"
176.65.132.19 - - [09/Mar/2026:13:41:14 +0000] "GET /wp-login.php?redirect_to=https%3A%2F%2Fhvmbertogarza.com%2Fwp-admin%2Findex.php&reauth=1 HTTP/1.1" 200 5797 "https://HVMBERTOGARZA.COM/wp-login.php" "Mozilla/5.0 (Windows NT 11.0; Win64; x64) AppleWebKit/537.36 (KHTML, like Gecko) Chrome/120.0.0.0 Safari/537.36"
141.98.11.117 - - [09/Mar/2026:13:41:16 +0000] "POST /wp-login.php HTTP/1.1" 200 3782 "https://hvmbertogarza.com/wp-login.php" "Mozilla/5.0 (Windows NT 10.0; Win64; x64) AppleWebKit/537.36 (KHTML, like Gecko) Chrome/65.0.3325.146 Safari/537.36"
176.65.132.19 - - [09/Mar/2026:13:41:17 +0000] "POST /wp-login.php HTTP/1.1" 200 3885 "https://HVMBERTOGARZA.COM/wp-login.php" "Mozilla/5.0 (Macintosh; Intel Mac OS X 13_6_1) AppleWebKit/537.36 (KHTML, like Gecko) Chrome/118.0.0.0 Safari/537.36"
74.208.176.140 - - [09/Mar/2026:13:41:22 +0000] "POST /wp-cron.php?doing_wp_cron=1773063682.3166139125823974609375 HTTP/1.1" 200 4101 "-" "WordPress/6.9.1; https://hvmbertogarza.com"
176.65.132.19 - - [09/Mar/2026:13:41:19 +0000] "GET /wp-admin/index.php HTTP/1.1" 302 525 "https://HVMBERTOGARZA.COM/wp-login.php" "Mozilla/5.0 (Macintosh; Intel Mac OS X 13_6_1; rv:118.0) Gecko/20100101 Firefox/118.0"
176.65.132.19 - - [09/Mar/2026:13:41:22 +0000] "GET /wp-login.php?redirect_to=https%3A%2F%2Fhvmbertogarza.com%2Fwp-admin%2Findex.php&reauth=1 HTTP/1.1" 200 5797 "https://HVMBERTOGARZA.COM/wp-login.php" "Mozilla/5.0 (Macintosh; Intel Mac OS X 13_6_1; rv:118.0) Gecko/20100101 Firefox/118.0"
176.65.132.19 - - [09/Mar/2026:13:41:25 +0000] "POST /wp-login.php HTTP/1.1" 200 3880 "https://HVMBERTOGARZA.COM/wp-login.php" "Mozilla/5.0 (Windows NT 10.0; Win64; x64) AppleWebKit/537.36 (KHTML, like Gecko) Chrome/119.0.0.0 Safari/537.36"
176.65.132.19 - - [09/Mar/2026:13:41:28 +0000] "GET /wp-admin/index.php HTTP/1.1" 302 525 "https://HVMBERTOGARZA.COM/wp-login.php" "Mozilla/5.0 (Macintosh; Intel Mac OS X 13_6_1; rv:120.0) Gecko/20100101 Firefox/120.0"
176.65.132.19 - - [09/Mar/2026:13:41:31 +0000] "GET /wp-login.php?redirect_to=https%3A%2F%2Fhvmbertogarza.com%2Fwp-admin%2Findex.php&reauth=1 HTTP/1.1" 200 5797 "https://HVMBERTOGARZA.COM/wp-login.php" "Mozilla/5.0 (Macintosh; Intel Mac OS X 13_6_1; rv:120.0) Gecko/20100101 Firefox/120.0"
176.65.132.19 - - [09/Mar/2026:13:41:33 +0000] "POST /wp-login.php HTTP/1.1" 200 3881 "https://HVMBERTOGARZA.COM/wp-login.php" "Mozilla/5.0 (Macintosh; Intel Mac OS X 13_6_1) AppleWebKit/605.1.15 (KHTML, like Gecko) Version/16.6 Safari/605.1.15"
176.65.132.19 - - [09/Mar/2026:13:41:36 +0000] "GET /wp-admin/index.php HTTP/1.1" 302 525 "https://HVMBERTOGARZA.COM/wp-login.php" "Mozilla/5.0 (Macintosh; Intel Mac OS X 13_6_1) AppleWebKit/605.1.15 (KHTML, like Gecko) Version/17.2 Safari/605.1.15"
176.65.132.19 - - [09/Mar/2026:13:41:38 +0000] "GET /wp-login.php?redirect_to=https%3A%2F%2Fhvmbertogarza.com%2Fwp-admin%2Findex.php&reauth=1 HTTP/1.1" 200 5797 "https://HVMBERTOGARZA.COM/wp-login.php" "Mozilla/5.0 (Macintosh; Intel Mac OS X 13_6_1) AppleWebKit/605.1.15 (KHTML, like Gecko) Version/17.2 Safari/605.1.15"
176.65.132.19 - - [09/Mar/2026:13:41:41 +0000] "POST /wp-login.php HTTP/1.1" 200 3886 "https://HVMBERTOGARZA.COM/wp-login.php" "Mozilla/5.0 (Windows NT 10.0; Win64; x64; rv:120.0) Gecko/20100101 Firefox/120.0"
176.65.132.19 - - [09/Mar/2026:13:41:43 +0000] "GET /wp-admin/index.php HTTP/1.1" 302 525 "https://HVMBERTOGARZA.COM/wp-login.php" "Mozilla/5.0 (Macintosh; Intel Mac OS X 10_15_7) AppleWebKit/537.36 (KHTML, like Gecko) Chrome/120.0.0.0 Safari/537.36"
176.65.132.19 - - [09/Mar/2026:13:41:45 +0000] "GET /wp-login.php?redirect_to=https%3A%2F%2Fhvmbertogarza.com%2Fwp-admin%2Findex.php&reauth=1 HTTP/1.1" 200 5797 "https://HVMBERTOGARZA.COM/wp-login.php" "Mozilla/5.0 (Macintosh; Intel Mac OS X 10_15_7) AppleWebKit/537.36 (KHTML, like Gecko) Chrome/120.0.0.0 Safari/537.36"
176.65.132.19 - - [09/Mar/2026:13:41:47 +0000] "POST /wp-login.php HTTP/1.1" 200 3879 "https://HVMBERTOGARZA.COM/wp-login.php" "Mozilla/5.0 (Windows NT 11.0; Win64; x64; rv:121.0) Gecko/20100101 Firefox/121.0"
74.208.176.140 - - [09/Mar/2026:13:41:52 +0000] "POST /wp-cron.php?doing_wp_cron=1773063712.1182119846343994140625 HTTP/1.1" 200 4101 "-" "WordPress/6.9.1; https://hvmbertogarza.com"
176.65.132.19 - - [09/Mar/2026:13:41:50 +0000] "GET /wp-admin/index.php HTTP/1.1" 302 525 "https://HVMBERTOGARZA.COM/wp-login.php" "Mozilla/5.0 (Windows NT 11.0; Win64; x64; rv:119.0) Gecko/20100101 Firefox/119.0"
176.65.132.19 - - [09/Mar/2026:13:41:52 +0000] "GET /wp-login.php?redirect_to=https%3A%2F%2Fhvmbertogarza.com%2Fwp-admin%2Findex.php&reauth=1 HTTP/1.1" 200 5797 "https://HVMBERTOGARZA.COM/wp-login.php" "Mozilla/5.0 (Windows NT 11.0; Win64; x64; rv:119.0) Gecko/20100101 Firefox/119.0"
176.65.132.19 - - [09/Mar/2026:13:41:55 +0000] "POST /wp-login.php HTTP/1.1" 200 3879 "https://HVMBERTOGARZA.COM/wp-login.php" "Mozilla/5.0 (Macintosh; Intel Mac OS X 10_15_7) AppleWebKit/537.36 (KHTML, like Gecko) Chrome/120.0.0.0 Safari/537.36"
176.65.132.19 - - [09/Mar/2026:13:41:57 +0000] "GET /wp-admin/index.php HTTP/1.1" 302 525 "https://HVMBERTOGARZA.COM/wp-login.php" "Mozilla/5.0 (Macintosh; Intel Mac OS X 10_15_7; rv:121.0) Gecko/20100101 Firefox/121.0"
176.65.132.19 - - [09/Mar/2026:13:41:59 +0000] "GET /wp-login.php?redirect_to=https%3A%2F%2Fhvmbertogarza.com%2Fwp-admin%2Findex.php&reauth=1 HTTP/1.1" 200 5797 "https://HVMBERTOGARZA.COM/wp-login.php" "Mozilla/5.0 (Macintosh; Intel Mac OS X 10_15_7; rv:121.0) Gecko/20100101 Firefox/121.0"
176.65.132.19 - - [09/Mar/2026:13:42:03 +0000] "POST /wp-login.php HTTP/1.1" 200 3882 "https://HVMBERTOGARZA.COM/wp-login.php" "Mozilla/5.0 (Macintosh; Intel Mac OS X 13_6_1; rv:119.0) Gecko/20100101 Firefox/119.0"
176.65.132.19 - - [09/Mar/2026:13:42:06 +0000] "GET /wp-admin/index.php HTTP/1.1" 302 525 "https://HVMBERTOGARZA.COM/wp-login.php" "Mozilla/5.0 (Windows NT 11.0; Win64; x64; rv:118.0) Gecko/20100101 Firefox/118.0"
198.244.226.135 - - [09/Mar/2026:13:42:10 +0000] "GET /wp-sitemap.xml HTTP/1.1" 200 43856 "-" "Mozilla/5.0 (compatible; AhrefsBot/7.0; +http://ahrefs.com/robot/)"
176.65.132.19 - - [09/Mar/2026:13:42:08 +0000] "GET /wp-login.php?redirect_to=https%3A%2F%2Fhvmbertogarza.com%2Fwp-admin%2Findex.php&reauth=1 HTTP/1.1" 200 5797 "https://HVMBERTOGARZA.COM/wp-login.php" "Mozilla/5.0 (Windows NT 11.0; Win64; x64; rv:118.0) Gecko/20100101 Firefox/118.0"
176.65.132.19 - - [09/Mar/2026:13:42:11 +0000] "POST /wp-login.php HTTP/1.1" 200 3891 "https://HVMBERTOGARZA.COM/wp-login.php" "Mozilla/5.0 (Windows NT 10.0; Win64; x64; rv:121.0) Gecko/20100101 Firefox/121.0"
103.176.23.119 - - [09/Mar/2026:13:42:12 +0000] "GET /1505-2/ HTTP/1.1" 200 45357 "https://hvmbertogarza.com/" "Mozilla/5.0 (Macintosh; Intel Mac OS X 12_5) AppleWebKit/537.36 (KHTML, like Gecko) Chrome/114.0.0.0 Safari/537.36 Vivaldi/5.3.2679.68"
176.65.132.19 - - [09/Mar/2026:13:42:15 +0000] "GET /wp-admin/index.php HTTP/1.1" 302 525 "https://HVMBERTOGARZA.COM/wp-login.php" "Mozilla/5.0 (Macintosh; Intel Mac OS X 13_6_1) AppleWebKit/537.36 (KHTML, like Gecko) Chrome/121.0.0.0 Safari/537.36"
216.73.216.173 - - [09/Mar/2026:13:42:17 +0000] "GET /pochemu-kazhdomu-suschestvenno-oschuschat-uchastie-v-aktivnost HTTP/1.1" 301 4181 "-" "Mozilla/5.0 AppleWebKit/537.36 (KHTML, like Gecko; compatible; ClaudeBot/1.0; +claudebot@anthropic.com)"
74.208.176.140 - - [09/Mar/2026:13:42:21 +0000] "POST /wp-cron.php?doing_wp_cron=1773063741.0565669536590576171875 HTTP/1.1" 200 4101 "-" "WordPress/6.9.1; https://hvmbertogarza.com"
176.65.132.19 - - [09/Mar/2026:13:42:18 +0000] "GET /wp-login.php?redirect_to=https%3A%2F%2Fhvmbertogarza.com%2Fwp-admin%2Findex.php&reauth=1 HTTP/1.1" 200 5797 "https://HVMBERTOGARZA.COM/wp-login.php" "Mozilla/5.0 (Macintosh; Intel Mac OS X 13_6_1) AppleWebKit/537.36 (KHTML, like Gecko) Chrome/121.0.0.0 Safari/537.36"
216.73.216.173 - - [09/Mar/2026:13:42:19 +0000] "GET /pochemu-kazhdomu-suschestvenno-oschuschat-uchastie-v-aktivnost/ HTTP/1.1" 200 45962 "https://hvmbertogarza.com/pochemu-kazhdomu-suschestvenno-oschuschat-uchastie-v-aktivnost" "Mozilla/5.0 AppleWebKit/537.36 (KHTML, like Gecko; compatible; ClaudeBot/1.0; +claudebot@anthropic.com)"
176.65.132.19 - - [09/Mar/2026:13:42:21 +0000] "POST /wp-login.php HTTP/1.1" 200 3882 "https://HVMBERTOGARZA.COM/wp-login.php" "Mozilla/5.0 (Macintosh; Intel Mac OS X 13_6_1; rv:118.0) Gecko/20100101 Firefox/118.0"
103.176.23.119 - - [09/Mar/2026:13:42:21 +0000] "GET /?p=795 HTTP/1.1" 404 179702 "https://hvmbertogarza.com/1505-2/" "Mozilla/5.0 (Macintosh; Intel Mac OS X 12_5) AppleWebKit/537.36 (KHTML, like Gecko) Chrome/114.0.0.0 Safari/537.36 Vivaldi/5.3.2679.68"
176.65.132.19 - - [09/Mar/2026:13:42:24 +0000] "GET /wp-admin/index.php HTTP/1.1" 302 525 "https://HVMBERTOGARZA.COM/wp-login.php" "Mozilla/5.0 (Windows NT 11.0; Win64; x64) AppleWebKit/537.36 (KHTML, like Gecko) Chrome/118.0.0.0 Safari/537.36"
176.65.132.19 - - [09/Mar/2026:13:42:27 +0000] "GET /wp-login.php?redirect_to=https%3A%2F%2Fhvmbertogarza.com%2Fwp-admin%2Findex.php&reauth=1 HTTP/1.1" 200 5797 "https://HVMBERTOGARZA.COM/wp-login.php" "Mozilla/5.0 (Windows NT 11.0; Win64; x64) AppleWebKit/537.36 (KHTML, like Gecko) Chrome/118.0.0.0 Safari/537.36"
103.176.23.119 - - [09/Mar/2026:13:42:27 +0000] "GET / HTTP/1.1" 200 54389 "https://hvmbertogarza.com/1505-2/" "Mozilla/5.0 (Macintosh; Intel Mac OS X 12_5) AppleWebKit/537.36 (KHTML, like Gecko) Chrome/114.0.0.0 Safari/537.36 Vivaldi/5.3.2679.68"
176.65.132.19 - - [09/Mar/2026:13:42:30 +0000] "POST /wp-login.php HTTP/1.1" 200 3886 "https://HVMBERTOGARZA.COM/wp-login.php" "Mozilla/5.0 (Macintosh; Intel Mac OS X 10_15_7) AppleWebKit/537.36 (KHTML, like Gecko) Chrome/118.0.0.0 Safari/537.36"
176.65.132.19 - - [09/Mar/2026:13:42:32 +0000] "GET /wp-admin/index.php HTTP/1.1" 302 525 "https://HVMBERTOGARZA.COM/wp-login.php" "Mozilla/5.0 (Macintosh; Intel Mac OS X 13_6_1) AppleWebKit/605.1.15 (KHTML, like Gecko) Version/16.6 Safari/605.1.15"
176.65.132.19 - - [09/Mar/2026:13:42:35 +0000] "GET /wp-login.php?redirect_to=https%3A%2F%2Fhvmbertogarza.com%2Fwp-admin%2Findex.php&reauth=1 HTTP/1.1" 200 5797 "https://HVMBERTOGARZA.COM/wp-login.php" "Mozilla/5.0 (Macintosh; Intel Mac OS X 13_6_1) AppleWebKit/605.1.15 (KHTML, like Gecko) Version/16.6 Safari/605.1.15"
176.65.132.19 - - [09/Mar/2026:13:42:37 +0000] "POST /wp-login.php HTTP/1.1" 200 3833 "https://HVMBERTOGARZA.COM/wp-login.php" "Mozilla/5.0 (Macintosh; Intel Mac OS X 10_15_7) AppleWebKit/605.1.15 (KHTML, like Gecko) Version/16.6 Safari/605.1.15"
74.208.176.140 - - [09/Mar/2026:13:42:42 +0000] "POST /wp-cron.php?doing_wp_cron=1773063762.9540159702301025390625 HTTP/1.1" 200 4101 "-" "WordPress/6.9.1; https://hvmbertogarza.com"
176.65.132.19 - - [09/Mar/2026:13:42:40 +0000] "GET /wp-admin/index.php HTTP/1.1" 302 525 "https://HVMBERTOGARZA.COM/wp-login.php" "Mozilla/5.0 (Macintosh; Intel Mac OS X 13_6_1) AppleWebKit/605.1.15 (KHTML, like Gecko) Version/17.1 Safari/605.1.15"
176.65.132.19 - - [09/Mar/2026:13:42:43 +0000] "GET /wp-login.php?redirect_to=https%3A%2F%2Fhvmbertogarza.com%2Fwp-admin%2Findex.php&reauth=1 HTTP/1.1" 200 5797 "https://HVMBERTOGARZA.COM/wp-login.php" "Mozilla/5.0 (Macintosh; Intel Mac OS X 13_6_1) AppleWebKit/605.1.15 (KHTML, like Gecko) Version/17.1 Safari/605.1.15"
176.65.132.19 - - [09/Mar/2026:13:42:46 +0000] "POST /wp-login.php HTTP/1.1" 200 3882 "https://HVMBERTOGARZA.COM/wp-login.php" "Mozilla/5.0 (Macintosh; Intel Mac OS X 13_6_1) AppleWebKit/605.1.15 (KHTML, like Gecko) Version/17.2 Safari/605.1.15"
176.65.132.19 - - [09/Mar/2026:13:42:48 +0000] "GET /wp-admin/index.php HTTP/1.1" 302 525 "https://HVMBERTOGARZA.COM/wp-login.php" "Mozilla/5.0 (Windows NT 11.0; Win64; x64; rv:118.0) Gecko/20100101 Firefox/118.0"
216.73.216.173 - - [09/Mar/2026:13:42:48 +0000] "GET /pochemu-cheloveku-vazhno-oschuschat-ljubopytstvo/feed HTTP/1.1" 301 4270 "-" "Mozilla/5.0 AppleWebKit/537.36 (KHTML, like Gecko; compatible; ClaudeBot/1.0; +claudebot@anthropic.com)"
74.208.176.140 - - [09/Mar/2026:13:42:52 +0000] "POST /wp-cron.php?doing_wp_cron=1773063772.8342959880828857421875 HTTP/1.1" 200 4101 "-" "WordPress/6.9.1; https://hvmbertogarza.com"
176.65.132.19 - - [09/Mar/2026:13:42:50 +0000] "GET /wp-login.php?redirect_to=https%3A%2F%2Fhvmbertogarza.com%2Fwp-admin%2Findex.php&reauth=1 HTTP/1.1" 200 5797 "https://HVMBERTOGARZA.COM/wp-login.php" "Mozilla/5.0 (Windows NT 11.0; Win64; x64; rv:118.0) Gecko/20100101 Firefox/118.0"
216.73.216.173 - - [09/Mar/2026:13:42:50 +0000] "GET /pochemu-cheloveku-vazhno-oschuschat-ljubopytstvo/feed/ HTTP/1.1" 200 1169 "https://hvmbertogarza.com/pochemu-cheloveku-vazhno-oschuschat-ljubopytstvo/feed" "Mozilla/5.0 AppleWebKit/537.36 (KHTML, like Gecko; compatible; ClaudeBot/1.0; +claudebot@anthropic.com)"
176.65.132.19 - - [09/Mar/2026:13:42:53 +0000] "POST /wp-login.php HTTP/1.1" 200 3883 "https://HVMBERTOGARZA.COM/wp-login.php" "Mozilla/5.0 (Windows NT 11.0; Win64; x64) AppleWebKit/537.36 (KHTML, like Gecko) Chrome/121.0.0.0 Safari/537.36"
176.65.132.19 - - [09/Mar/2026:13:42:55 +0000] "GET /wp-admin/index.php HTTP/1.1" 302 525 "https://HVMBERTOGARZA.COM/wp-login.php" "Mozilla/5.0 (Windows NT 11.0; Win64; x64) AppleWebKit/537.36 (KHTML, like Gecko) Chrome/118.0.0.0 Safari/537.36"
74.208.176.140 - - [09/Mar/2026:13:43:00 +0000] "POST /wp-cron.php?doing_wp_cron=1773063780.2494230270385742187500 HTTP/1.1" 200 4101 "-" "WordPress/6.9.1; https://hvmbertogarza.com"
176.65.132.19 - - [09/Mar/2026:13:42:58 +0000] "GET /wp-login.php?redirect_to=https%3A%2F%2Fhvmbertogarza.com%2Fwp-admin%2Findex.php&reauth=1 HTTP/1.1" 200 5797 "https://HVMBERTOGARZA.COM/wp-login.php" "Mozilla/5.0 (Windows NT 11.0; Win64; x64) AppleWebKit/537.36 (KHTML, like Gecko) Chrome/118.0.0.0 Safari/537.36"
176.65.132.19 - - [09/Mar/2026:13:43:00 +0000] "POST /wp-login.php HTTP/1.1" 200 3887 "https://HVMBERTOGARZA.COM/wp-login.php" "Mozilla/5.0 (Macintosh; Intel Mac OS X 13_6_1) AppleWebKit/605.1.15 (KHTML, like Gecko) Version/17.2 Safari/605.1.15"
176.65.132.19 - - [09/Mar/2026:13:43:02 +0000] "GET /wp-admin/index.php HTTP/1.1" 302 525 "https://HVMBERTOGARZA.COM/wp-login.php" "Mozilla/5.0 (Windows NT 11.0; Win64; x64; rv:119.0) Gecko/20100101 Firefox/119.0"
176.65.132.19 - - [09/Mar/2026:13:43:05 +0000] "GET /wp-login.php?redirect_to=https%3A%2F%2Fhvmbertogarza.com%2Fwp-admin%2Findex.php&reauth=1 HTTP/1.1" 200 5797 "https://HVMBERTOGARZA.COM/wp-login.php" "Mozilla/5.0 (Windows NT 11.0; Win64; x64; rv:119.0) Gecko/20100101 Firefox/119.0"
176.65.132.19 - - [09/Mar/2026:13:43:08 +0000] "POST /wp-login.php HTTP/1.1" 200 3883 "https://HVMBERTOGARZA.COM/wp-login.php" "Mozilla/5.0 (Macintosh; Intel Mac OS X 10_15_7) AppleWebKit/605.1.15 (KHTML, like Gecko) Version/17.1 Safari/605.1.15"
176.65.132.19 - - [09/Mar/2026:13:43:10 +0000] "GET /wp-admin/index.php HTTP/1.1" 302 525 "https://HVMBERTOGARZA.COM/wp-login.php" "Mozilla/5.0 (Macintosh; Intel Mac OS X 13_6_1) AppleWebKit/605.1.15 (KHTML, like Gecko) Version/17.1 Safari/605.1.15"
176.65.132.19 - - [09/Mar/2026:13:43:13 +0000] "GET /wp-login.php?redirect_to=https%3A%2F%2Fhvmbertogarza.com%2Fwp-admin%2Findex.php&reauth=1 HTTP/1.1" 200 5797 "https://HVMBERTOGARZA.COM/wp-login.php" "Mozilla/5.0 (Macintosh; Intel Mac OS X 13_6_1) AppleWebKit/605.1.15 (KHTML, like Gecko) Version/17.1 Safari/605.1.15"
176.65.132.19 - - [09/Mar/2026:13:43:15 +0000] "POST /wp-login.php HTTP/1.1" 200 3833 "https://HVMBERTOGARZA.COM/wp-login.php" "Mozilla/5.0 (Macintosh; Intel Mac OS X 10_15_7) AppleWebKit/605.1.15 (KHTML, like Gecko) Version/17.1 Safari/605.1.15"
176.65.132.19 - - [09/Mar/2026:13:43:18 +0000] "GET /wp-admin/index.php HTTP/1.1" 302 525 "https://HVMBERTOGARZA.COM/wp-login.php" "Mozilla/5.0 (X11; Linux x86_64) AppleWebKit/537.36 (KHTML, like Gecko) Chrome/119.0.0.0 Safari/537.36"
74.208.176.140 - - [09/Mar/2026:13:43:23 +0000] "POST /wp-cron.php?doing_wp_cron=1773063803.2893528938293457031250 HTTP/1.1" 200 4101 "-" "WordPress/6.9.1; https://hvmbertogarza.com"
176.65.132.19 - - [09/Mar/2026:13:43:20 +0000] "GET /wp-login.php?redirect_to=https%3A%2F%2Fhvmbertogarza.com%2Fwp-admin%2Findex.php&reauth=1 HTTP/1.1" 200 5797 "https://HVMBERTOGARZA.COM/wp-login.php" "Mozilla/5.0 (X11; Linux x86_64) AppleWebKit/537.36 (KHTML, like Gecko) Chrome/119.0.0.0 Safari/537.36"
176.65.132.19 - - [09/Mar/2026:13:43:24 +0000] "POST /wp-login.php HTTP/1.1" 200 3883 "https://HVMBERTOGARZA.COM/wp-login.php" "Mozilla/5.0 (Macintosh; Intel Mac OS X 10_15_7) AppleWebKit/537.36 (KHTML, like Gecko) Chrome/119.0.0.0 Safari/537.36"
74.208.176.140 - - [09/Mar/2026:13:43:29 +0000] "POST /wp-cron.php?doing_wp_cron=1773063809.2727220058441162109375 HTTP/1.1" 200 4101 "-" "WordPress/6.9.1; https://hvmbertogarza.com"
176.65.132.19 - - [09/Mar/2026:13:43:27 +0000] "GET /wp-admin/index.php HTTP/1.1" 302 525 "https://HVMBERTOGARZA.COM/wp-login.php" "Mozilla/5.0 (Macintosh; Intel Mac OS X 10_15_7) AppleWebKit/605.1.15 (KHTML, like Gecko) Version/17.1 Safari/605.1.15"
176.65.132.19 - - [09/Mar/2026:13:43:29 +0000] "GET /wp-login.php?redirect_to=https%3A%2F%2Fhvmbertogarza.com%2Fwp-admin%2Findex.php&reauth=1 HTTP/1.1" 200 5797 "https://HVMBERTOGARZA.COM/wp-login.php" "Mozilla/5.0 (Macintosh; Intel Mac OS X 10_15_7) AppleWebKit/605.1.15 (KHTML, like Gecko) Version/17.1 Safari/605.1.15"
74.208.176.140 - - [09/Mar/2026:13:43:34 +0000] "POST /wp-cron.php?doing_wp_cron=1773063814.1345319747924804687500 HTTP/1.1" 200 4101 "-" "WordPress/6.9.1; https://hvmbertogarza.com"
176.65.132.19 - - [09/Mar/2026:13:43:32 +0000] "POST /wp-login.php HTTP/1.1" 200 3881 "https://HVMBERTOGARZA.COM/wp-login.php" "Mozilla/5.0 (Macintosh; Intel Mac OS X 10_15_7) AppleWebKit/537.36 (KHTML, like Gecko) Chrome/119.0.0.0 Safari/537.36"
176.65.132.19 - - [09/Mar/2026:13:43:34 +0000] "GET /wp-admin/index.php HTTP/1.1" 302 525 "https://HVMBERTOGARZA.COM/wp-login.php" "Mozilla/5.0 (Macintosh; Intel Mac OS X 13_6_1) AppleWebKit/537.36 (KHTML, like Gecko) Chrome/118.0.0.0 Safari/537.36"
176.65.132.19 - - [09/Mar/2026:13:43:37 +0000] "GET /wp-login.php?redirect_to=https%3A%2F%2Fhvmbertogarza.com%2Fwp-admin%2Findex.php&reauth=1 HTTP/1.1" 200 5797 "https://HVMBERTOGARZA.COM/wp-login.php" "Mozilla/5.0 (Macintosh; Intel Mac OS X 13_6_1) AppleWebKit/537.36 (KHTML, like Gecko) Chrome/118.0.0.0 Safari/537.36"
176.65.132.19 - - [09/Mar/2026:13:43:39 +0000] "POST /wp-login.php HTTP/1.1" 200 3885 "https://HVMBERTOGARZA.COM/wp-login.php" "Mozilla/5.0 (Macintosh; Intel Mac OS X 13_6_1) AppleWebKit/605.1.15 (KHTML, like Gecko) Version/16.6 Safari/605.1.15"
176.65.132.19 - - [09/Mar/2026:13:43:41 +0000] "GET /wp-admin/index.php HTTP/1.1" 302 525 "https://HVMBERTOGARZA.COM/wp-login.php" "Mozilla/5.0 (Macintosh; Intel Mac OS X 10_15_7) AppleWebKit/537.36 (KHTML, like Gecko) Chrome/120.0.0.0 Safari/537.36"
176.65.132.19 - - [09/Mar/2026:13:43:43 +0000] "GET /wp-login.php?redirect_to=https%3A%2F%2Fhvmbertogarza.com%2Fwp-admin%2Findex.php&reauth=1 HTTP/1.1" 200 5797 "https://HVMBERTOGARZA.COM/wp-login.php" "Mozilla/5.0 (Macintosh; Intel Mac OS X 10_15_7) AppleWebKit/537.36 (KHTML, like Gecko) Chrome/120.0.0.0 Safari/537.36"
176.65.132.19 - - [09/Mar/2026:13:43:45 +0000] "POST /wp-login.php HTTP/1.1" 200 3881 "https://HVMBERTOGARZA.COM/wp-login.php" "Mozilla/5.0 (Macintosh; Intel Mac OS X 13_6_1; rv:119.0) Gecko/20100101 Firefox/119.0"
176.65.132.19 - - [09/Mar/2026:13:43:48 +0000] "GET /wp-admin/index.php HTTP/1.1" 302 525 "https://HVMBERTOGARZA.COM/wp-login.php" "Mozilla/5.0 (X11; Linux x86_64) AppleWebKit/537.36 (KHTML, like Gecko) Chrome/118.0.0.0 Safari/537.36"
74.208.176.140 - - [09/Mar/2026:13:43:53 +0000] "POST /wp-cron.php?doing_wp_cron=1773063833.2545640468597412109375 HTTP/1.1" 200 4101 "-" "WordPress/6.9.1; https://hvmbertogarza.com"
176.65.132.19 - - [09/Mar/2026:13:43:50 +0000] "GET /wp-login.php?redirect_to=https%3A%2F%2Fhvmbertogarza.com%2Fwp-admin%2Findex.php&reauth=1 HTTP/1.1" 200 5797 "https://HVMBERTOGARZA.COM/wp-login.php" "Mozilla/5.0 (X11; Linux x86_64) AppleWebKit/537.36 (KHTML, like Gecko) Chrome/118.0.0.0 Safari/537.36"
176.65.132.19 - - [09/Mar/2026:13:43:53 +0000] "POST /wp-login.php HTTP/1.1" 200 3879 "https://HVMBERTOGARZA.COM/wp-login.php" "Mozilla/5.0 (Windows NT 10.0; Win64; x64; rv:118.0) Gecko/20100101 Firefox/118.0"
176.65.132.19 - - [09/Mar/2026:13:43:56 +0000] "GET /wp-admin/index.php HTTP/1.1" 302 525 "https://HVMBERTOGARZA.COM/wp-login.php" "Mozilla/5.0 (Macintosh; Intel Mac OS X 10_15_7; rv:118.0) Gecko/20100101 Firefox/118.0"
176.65.132.19 - - [09/Mar/2026:13:43:58 +0000] "GET /wp-login.php?redirect_to=https%3A%2F%2Fhvmbertogarza.com%2Fwp-admin%2Findex.php&reauth=1 HTTP/1.1" 200 5797 "https://HVMBERTOGARZA.COM/wp-login.php" "Mozilla/5.0 (Macintosh; Intel Mac OS X 10_15_7; rv:118.0) Gecko/20100101 Firefox/118.0"
