74.7.242.14 - - [09/Mar/2026:06:37:29 +0000] "GET /wp-json/wp/v2/posts/1644 HTTP/1.1" 200 8844 "https://hvmbertogarza.com/free-united-kingdom-eagle-slots/" "Mozilla/5.0 AppleWebKit/537.36 (KHTML, like Gecko; compatible; GPTBot/1.3; +https://openai.com/gptbot)"
74.7.242.14 - - [09/Mar/2026:06:37:32 +0000] "GET /?p=1644 HTTP/1.1" 301 364 "https://hvmbertogarza.com/free-united-kingdom-eagle-slots/" "Mozilla/5.0 AppleWebKit/537.36 (KHTML, like Gecko; compatible; GPTBot/1.3; +https://openai.com/gptbot)"
74.7.242.14 - - [09/Mar/2026:06:37:34 +0000] "GET /free-united-kingdom-eagle-slots/ HTTP/1.1" 200 41986 "https://hvmbertogarza.com/?p=1644" "Mozilla/5.0 AppleWebKit/537.36 (KHTML, like Gecko; compatible; GPTBot/1.3; +https://openai.com/gptbot)"
74.7.242.14 - - [09/Mar/2026:06:37:37 +0000] "GET /wp-json/oembed/1.0/embed?url=https%3A%2F%2Fhvmbertogarza.com%2Ffree-united-kingdom-eagle-slots%2F HTTP/1.1" 200 2887 "https://hvmbertogarza.com/free-united-kingdom-eagle-slots/" "Mozilla/5.0 AppleWebKit/537.36 (KHTML, like Gecko; compatible; GPTBot/1.3; +https://openai.com/gptbot)"
45.3.39.64 - - [09/Mar/2026:06:37:40 +0000] "POST /wp-content/plugins/gallery-1772606968/comment-section-1772606968.php HTTP/1.1" 200 449 "https://hvmbertogarza.com" "Mozilla/5.0 (Windows NT 6.1; WOW64; rv:63.0) Gecko/20100101 Firefox/63.0"
74.7.242.14 - - [09/Mar/2026:06:37:39 +0000] "GET /free-united-kingdom-eagle-slots/feed/ HTTP/1.1" 200 1088 "https://hvmbertogarza.com/free-united-kingdom-eagle-slots/" "Mozilla/5.0 AppleWebKit/537.36 (KHTML, like Gecko; compatible; GPTBot/1.3; +https://openai.com/gptbot)"
65.111.9.108 - - [09/Mar/2026:06:37:43 +0000] "POST /wp-content/plugins/backup-1772322415/home-1772322415.php HTTP/1.1" 200 449 "https://hvmbertogarza.com" "Mozilla/5.0 (Windows NT 6.1; WOW64) AppleWebKit/537.36 (KHTML, like Gecko) Chrome/63.0.3423.160 Safari/537.36"
74.7.242.14 - - [09/Mar/2026:06:37:42 +0000] "GET /wp-json/oembed/1.0/embed?format=xml&url=https%3A%2F%2Fhvmbertogarza.com%2Ffree-united-kingdom-eagle-slots%2F HTTP/1.1" 200 2189 "https://hvmbertogarza.com/free-united-kingdom-eagle-slots/" "Mozilla/5.0 AppleWebKit/537.36 (KHTML, like Gecko; compatible; GPTBot/1.3; +https://openai.com/gptbot)"
103.42.198.211 - - [09/Mar/2026:06:37:44 +0000] "POST /xmlrpc.php HTTP/1.1" 200 4454 "-" "Mozilla/5.0 (Windows NT 10.0; Win64; x64) AppleWebKit/537.36 (KHTML, like Gecko) Chrome/91.0.4472.124 Safari/537.36"
45.3.34.28 - - [09/Mar/2026:06:37:47 +0000] "POST /wp-content/plugins/custom-1772763685/custom_functions_1772763685.php HTTP/1.1" 200 449 "https://hvmbertogarza.com" "Mozilla/5.0 (Windows NT 6.1; Win64; x64; rv:62.0) Gecko/20100101 Firefox/62.0"
74.7.242.14 - - [09/Mar/2026:06:37:44 +0000] "GET /free-united-kingdom-eagle-slots/%3C![CDATA[https:/yorkshiremesh.org/tec_calendar_embed-sitemap.xml]]%3E HTTP/1.1" 404 73034 "https://hvmbertogarza.com/free-united-kingdom-eagle-slots/" "Mozilla/5.0 AppleWebKit/537.36 (KHTML, like Gecko; compatible; GPTBot/1.3; +https://openai.com/gptbot)"
74.7.242.14 - - [09/Mar/2026:06:37:47 +0000] "GET /sazka-casino-50-free-spins/ HTTP/1.1" 200 45557 "https://hvmbertogarza.com/author/israel-arriaga/page/20/" "Mozilla/5.0 AppleWebKit/537.36 (KHTML, like Gecko; compatible; GPTBot/1.3; +https://openai.com/gptbot)"
74.208.176.140 - - [09/Mar/2026:06:37:52 +0000] "POST /wp-cron.php?doing_wp_cron=1773038272.4581820964813232421875 HTTP/1.1" 200 4101 "-" "WordPress/6.9.1; https://hvmbertogarza.com"
74.7.242.14 - - [09/Mar/2026:06:37:50 +0000] "GET /kas-casino-ch-2026-review/feed/ HTTP/1.1" 200 1079 "https://hvmbertogarza.com/kas-casino-ch-2026-review/" "Mozilla/5.0 AppleWebKit/537.36 (KHTML, like Gecko; compatible; GPTBot/1.3; +https://openai.com/gptbot)"
74.7.242.14 - - [09/Mar/2026:06:37:52 +0000] "GET /la-roulette-du-casino/feed/ HTTP/1.1" 200 1074 "https://hvmbertogarza.com/la-roulette-du-casino/" "Mozilla/5.0 AppleWebKit/537.36 (KHTML, like Gecko; compatible; GPTBot/1.3; +https://openai.com/gptbot)"
74.7.242.14 - - [09/Mar/2026:06:37:54 +0000] "GET /%22https:/hvmbertogarza.com/kostenlos-spielen-wicked-witch-freispiele-ohne-einzahlung/embed/ HTTP/1.1" 404 78546 "https://hvmbertogarza.com/wp-json/oembed/1.0/embed?format=xml&url=https%3A%2F%2Fhvmbertogarza.com%2Fkostenlos-spielen-wicked-witch-freispiele-ohne-einzahlung%2F" "Mozilla/5.0 AppleWebKit/537.36 (KHTML, like Gecko; compatible; GPTBot/1.3; +https://openai.com/gptbot)"
74.7.242.14 - - [09/Mar/2026:06:37:57 +0000] "GET /%22https:/hvmbertogarza.com/kostenlos-spielen-wicked-witch-freispiele-ohne-einzahlung/%22 HTTP/1.1" 301 4266 "https://hvmbertogarza.com/wp-json/oembed/1.0/embed?format=xml&url=https%3A%2F%2Fhvmbertogarza.com%2Fkostenlos-spielen-wicked-witch-freispiele-ohne-einzahlung%2F" "Mozilla/5.0 AppleWebKit/537.36 (KHTML, like Gecko; compatible; GPTBot/1.3; +https://openai.com/gptbot)"
74.7.242.14 - - [09/Mar/2026:06:37:59 +0000] "GET /%22https:/hvmbertogarza.com/kostenlos-spielen-wicked-witch-freispiele-ohne-einzahlung/ HTTP/1.1" 404 56498 "https://hvmbertogarza.com/%22https:/hvmbertogarza.com/kostenlos-spielen-wicked-witch-freispiele-ohne-einzahlung/%22" "Mozilla/5.0 AppleWebKit/537.36 (KHTML, like Gecko; compatible; GPTBot/1.3; +https://openai.com/gptbot)"
216.26.248.114 - - [09/Mar/2026:06:38:03 +0000] "POST /wp-content/plugins/gallery-1772606968/comment-section-1772606968.php HTTP/1.1" 200 449 "https://hvmbertogarza.com" "Mozilla/5.0 (Windows NT 10.0; rv:62.0) Gecko/20100101 Firefox/62.0"
74.7.242.14 - - [09/Mar/2026:06:38:02 +0000] "GET /wp-json/oembed/1.0/embed?format=xml&url=https%3A%2F%2Fhvmbertogarza.com%2Fladda-ner-gratis-kasinomaskin%2F HTTP/1.1" 200 5967 "https://hvmbertogarza.com/ladda-ner-gratis-kasinomaskin/" "Mozilla/5.0 AppleWebKit/537.36 (KHTML, like Gecko; compatible; GPTBot/1.3; +https://openai.com/gptbot)"
74.7.242.14 - - [09/Mar/2026:06:38:05 +0000] "GET /wp-content/plugins/shopengine/modules/swatches/loop-product-support/assets/swatches.css?ver=1773038256 HTTP/1.1" 200 254 "https://hvmbertogarza.com/?p=1644" "Mozilla/5.0 AppleWebKit/537.36 (KHTML, like Gecko; compatible; GPTBot/1.3; +https://openai.com/gptbot)"
209.50.185.242 - - [09/Mar/2026:06:38:06 +0000] "POST /wp-content/plugins/backup-1772322415/home-1772322415.php HTTP/1.1" 200 449 "https://hvmbertogarza.com" "Mozilla/5.0 (Windows NT 6.1; WOW64) AppleWebKit/537.36 (KHTML, like Gecko) Chrome/65.0.2305.72 Safari/537.36"
74.7.242.14 - - [09/Mar/2026:06:38:06 +0000] "GET /wp-json/oembed/1.0/embed?format=xml&url=https%3A%2F%2Fhvmbertogarza.com%2Fonline-glucksspiel-mit-paypal%2F HTTP/1.1" 200 2197 "https://hvmbertogarza.com/online-glucksspiel-mit-paypal/" "Mozilla/5.0 AppleWebKit/537.36 (KHTML, like Gecko; compatible; GPTBot/1.3; +https://openai.com/gptbot)"
74.7.242.14 - - [09/Mar/2026:06:38:08 +0000] "GET /wp-json/oembed/1.0/embed?format=xml&url=https%3A%2F%2Fhvmbertogarza.com%2Fcasino-games-with-bonuses%2F HTTP/1.1" 200 2176 "https://hvmbertogarza.com/casino-games-with-bonuses/" "Mozilla/5.0 AppleWebKit/537.36 (KHTML, like Gecko; compatible; GPTBot/1.3; +https://openai.com/gptbot)"
104.207.34.253 - - [09/Mar/2026:06:38:10 +0000] "POST /wp-content/plugins/custom-1772763685/custom_functions_1772763685.php HTTP/1.1" 200 449 "https://hvmbertogarza.com" "Mozilla/5.0 (Windows NT 6.2; Win64; x64) AppleWebKit/537.36 (KHTML, like Gecko) Chrome/64.0.3048.128 Safari/537.36"
74.7.242.14 - - [09/Mar/2026:06:38:10 +0000] "GET /%22https:/hvmbertogarza.com/free-united-kingdom-eagle-slots/%22 HTTP/1.1" 301 454 "https://hvmbertogarza.com/wp-json/oembed/1.0/embed?format=xml&url=https%3A%2F%2Fhvmbertogarza.com%2Ffree-united-kingdom-eagle-slots%2F" "Mozilla/5.0 AppleWebKit/537.36 (KHTML, like Gecko; compatible; GPTBot/1.3; +https://openai.com/gptbot)"
74.7.242.14 - - [09/Mar/2026:06:38:13 +0000] "GET /%22https:/hvmbertogarza.com/free-united-kingdom-eagle-slots/ HTTP/1.1" 404 64766 "https://hvmbertogarza.com/%22https:/hvmbertogarza.com/free-united-kingdom-eagle-slots/%22" "Mozilla/5.0 AppleWebKit/537.36 (KHTML, like Gecko; compatible; GPTBot/1.3; +https://openai.com/gptbot)"
74.7.242.14 - - [09/Mar/2026:06:38:16 +0000] "GET /wp-json/oembed/1.0/embed?format=xml&url=https%3A%2F%2Fhvmbertogarza.com%2Fgokkast-online-simply-wild%2F HTTP/1.1" 200 5966 "https://hvmbertogarza.com/gokkast-online-simply-wild/" "Mozilla/5.0 AppleWebKit/537.36 (KHTML, like Gecko; compatible; GPTBot/1.3; +https://openai.com/gptbot)"
74.208.176.140 - - [09/Mar/2026:06:38:22 +0000] "POST /wp-cron.php?doing_wp_cron=1773038302.4521069526672363281250 HTTP/1.1" 200 4101 "-" "WordPress/6.9.1; https://hvmbertogarza.com"
74.7.242.14 - - [09/Mar/2026:06:38:19 +0000] "GET /wp-json/oembed/1.0/embed?format=xml&url=https%3A%2F%2Fhvmbertogarza.com%2Fsazka-casino-50-free-spins%2F HTTP/1.1" 200 2184 "https://hvmbertogarza.com/sazka-casino-50-free-spins/" "Mozilla/5.0 AppleWebKit/537.36 (KHTML, like Gecko; compatible; GPTBot/1.3; +https://openai.com/gptbot)"
74.7.242.14 - - [09/Mar/2026:06:38:22 +0000] "GET /wp-json/wp/v2/posts/2026 HTTP/1.1" 200 5059 "https://hvmbertogarza.com/sazka-casino-50-free-spins/" "Mozilla/5.0 AppleWebKit/537.36 (KHTML, like Gecko; compatible; GPTBot/1.3; +https://openai.com/gptbot)"
65.111.6.40 - - [09/Mar/2026:06:38:26 +0000] "POST /wp-content/plugins/gallery-1772606968/comment-section-1772606968.php HTTP/1.1" 200 449 "https://hvmbertogarza.com" "Mozilla/5.0 (Windows NT 6.3; Win64; x64) AppleWebKit/537.36 (KHTML, like Gecko) Chrome/66.0.3061.145 Safari/537.36"
74.7.242.14 - - [09/Mar/2026:06:38:25 +0000] "GET /?p=2026 HTTP/1.1" 301 359 "https://hvmbertogarza.com/sazka-casino-50-free-spins/" "Mozilla/5.0 AppleWebKit/537.36 (KHTML, like Gecko; compatible; GPTBot/1.3; +https://openai.com/gptbot)"
51.89.129.203 - - [09/Mar/2026:06:38:28 +0000] "GET /wp-content/plugins/shopengine/modules/swatches/loop-product-support/assets/swatches.css?ver=1773037507 HTTP/1.1" 200 4040 "-" "Mozilla/5.0 (compatible; AhrefsBot/7.0; +http://ahrefs.com/robot/)"
74.7.242.14 - - [09/Mar/2026:06:38:26 +0000] "GET /sazka-casino-50-free-spins/ HTTP/1.1" 200 41771 "https://hvmbertogarza.com/?p=2026" "Mozilla/5.0 AppleWebKit/537.36 (KHTML, like Gecko; compatible; GPTBot/1.3; +https://openai.com/gptbot)"
65.111.10.34 - - [09/Mar/2026:06:38:29 +0000] "POST /wp-content/plugins/backup-1772322415/home-1772322415.php HTTP/1.1" 200 449 "https://hvmbertogarza.com" "Mozilla/5.0 (Windows NT 10.0; WOW64) AppleWebKit/537.36 (KHTML, like Gecko) Chrome/62.0.2642.125 Safari/537.36"
74.7.242.14 - - [09/Mar/2026:06:38:29 +0000] "GET /wp-json/oembed/1.0/embed?url=https%3A%2F%2Fhvmbertogarza.com%2Fsazka-casino-50-free-spins%2F HTTP/1.1" 200 2862 "https://hvmbertogarza.com/sazka-casino-50-free-spins/" "Mozilla/5.0 AppleWebKit/537.36 (KHTML, like Gecko; compatible; GPTBot/1.3; +https://openai.com/gptbot)"
104.207.51.95 - - [09/Mar/2026:06:38:33 +0000] "POST /wp-content/plugins/custom-1772763685/custom_functions_1772763685.php HTTP/1.1" 200 449 "https://hvmbertogarza.com" "Mozilla/5.0 (Windows NT 6.3; Win64; x64) AppleWebKit/537.36 (KHTML, like Gecko) Chrome/65.0.3041.82 Safari/537.36"
51.195.183.39 - - [09/Mar/2026:06:38:31 +0000] "GET /producto/t-shirt-caballero-coatachica/ HTTP/1.1" 200 48985 "-" "Mozilla/5.0 (compatible; AhrefsBot/7.0; +http://ahrefs.com/robot/)"
74.7.242.14 - - [09/Mar/2026:06:38:32 +0000] "GET /casino-en-ligne-qui-accepte-discover/ HTTP/1.1" 200 42053 "https://hvmbertogarza.com/author/israel-arriaga/page/9/" "Mozilla/5.0 AppleWebKit/537.36 (KHTML, like Gecko; compatible; GPTBot/1.3; +https://openai.com/gptbot)"
74.7.242.14 - - [09/Mar/2026:06:38:36 +0000] "GET /sazka-casino-50-free-spins/feed/ HTTP/1.1" 200 1083 "https://hvmbertogarza.com/sazka-casino-50-free-spins/" "Mozilla/5.0 AppleWebKit/537.36 (KHTML, like Gecko; compatible; GPTBot/1.3; +https://openai.com/gptbot)"
74.7.242.14 - - [09/Mar/2026:06:38:38 +0000] "GET /%22https:/hvmbertogarza.com/ladda-ner-gratis-kasinomaskin/embed/ HTTP/1.1" 404 137800 "https://hvmbertogarza.com/wp-json/oembed/1.0/embed?format=xml&url=https%3A%2F%2Fhvmbertogarza.com%2Fladda-ner-gratis-kasinomaskin%2F" "Mozilla/5.0 AppleWebKit/537.36 (KHTML, like Gecko; compatible; GPTBot/1.3; +https://openai.com/gptbot)"
74.7.242.14 - - [09/Mar/2026:06:38:41 +0000] "GET /%22https:/hvmbertogarza.com/online-glucksspiel-mit-paypal/%22 HTTP/1.1" 301 4238 "https://hvmbertogarza.com/wp-json/oembed/1.0/embed?format=xml&url=https%3A%2F%2Fhvmbertogarza.com%2Fonline-glucksspiel-mit-paypal%2F" "Mozilla/5.0 AppleWebKit/537.36 (KHTML, like Gecko; compatible; GPTBot/1.3; +https://openai.com/gptbot)"
74.7.242.14 - - [09/Mar/2026:06:38:43 +0000] "GET /%22https:/hvmbertogarza.com/online-glucksspiel-mit-paypal/ HTTP/1.1" 404 50986 "https://hvmbertogarza.com/%22https:/hvmbertogarza.com/online-glucksspiel-mit-paypal/%22" "Mozilla/5.0 AppleWebKit/537.36 (KHTML, like Gecko; compatible; GPTBot/1.3; +https://openai.com/gptbot)"
103.42.198.211 - - [09/Mar/2026:06:38:46 +0000] "POST /xmlrpc.php HTTP/1.1" 200 4454 "-" "Mozilla/5.0 (Windows NT 10.0; Win64; x64) AppleWebKit/537.36 (KHTML, like Gecko) Chrome/91.0.4472.124 Safari/537.36"
74.7.242.14 - - [09/Mar/2026:06:38:46 +0000] "GET /%22https:/hvmbertogarza.com/online-glucksspiel-mit-paypal/embed/ HTTP/1.1" 404 52016 "https://hvmbertogarza.com/wp-json/oembed/1.0/embed?format=xml&url=https%3A%2F%2Fhvmbertogarza.com%2Fonline-glucksspiel-mit-paypal%2F" "Mozilla/5.0 AppleWebKit/537.36 (KHTML, like Gecko; compatible; GPTBot/1.3; +https://openai.com/gptbot)"
104.207.62.199 - - [09/Mar/2026:06:38:50 +0000] "POST /wp-content/plugins/gallery-1772606968/comment-section-1772606968.php HTTP/1.1" 200 449 "https://hvmbertogarza.com" "Mozilla/5.0 (Windows NT 10.0) AppleWebKit/537.36 (KHTML, like Gecko) Chrome/66.0.3327.19 Safari/537.36"
74.7.242.14 - - [09/Mar/2026:06:38:49 +0000] "GET /%22https:/hvmbertogarza.com/casino-games-with-bonuses/embed/ HTTP/1.1" 404 52016 "https://hvmbertogarza.com/wp-json/oembed/1.0/embed?format=xml&url=https%3A%2F%2Fhvmbertogarza.com%2Fcasino-games-with-bonuses%2F" "Mozilla/5.0 AppleWebKit/537.36 (KHTML, like Gecko; compatible; GPTBot/1.3; +https://openai.com/gptbot)"
74.208.176.140 - - [09/Mar/2026:06:38:51 +0000] "POST /wp-cron.php?doing_wp_cron=1773038331.1922829151153564453125 HTTP/1.1" 200 4101 "-" "WordPress/6.9.1; https://hvmbertogarza.com"
104.207.50.42 - - [09/Mar/2026:06:38:53 +0000] "POST /wp-content/plugins/backup-1772322415/home-1772322415.php HTTP/1.1" 200 449 "https://hvmbertogarza.com" "Mozilla/5.0 (Windows NT 10.0; Win64; x64; rv:62.0) Gecko/20100101 Firefox/62.0"
74.7.242.14 - - [09/Mar/2026:06:38:51 +0000] "GET /%22https:/hvmbertogarza.com/gokkast-online-simply-wild/embed/ HTTP/1.1" 404 57528 "https://hvmbertogarza.com/wp-json/oembed/1.0/embed?format=xml&url=https%3A%2F%2Fhvmbertogarza.com%2Fgokkast-online-simply-wild%2F" "Mozilla/5.0 AppleWebKit/537.36 (KHTML, like Gecko; compatible; GPTBot/1.3; +https://openai.com/gptbot)"
74.7.242.14 - - [09/Mar/2026:06:38:53 +0000] "GET /%22https:/hvmbertogarza.com/sazka-casino-50-free-spins/%22 HTTP/1.1" 301 4235 "https://hvmbertogarza.com/wp-json/oembed/1.0/embed?format=xml&url=https%3A%2F%2Fhvmbertogarza.com%2Fsazka-casino-50-free-spins%2F" "Mozilla/5.0 AppleWebKit/537.36 (KHTML, like Gecko; compatible; GPTBot/1.3; +https://openai.com/gptbot)"
216.26.255.251 - - [09/Mar/2026:06:38:57 +0000] "POST /wp-content/plugins/custom-1772763685/custom_functions_1772763685.php HTTP/1.1" 200 449 "https://hvmbertogarza.com" "Mozilla/5.0 (Windows NT 10.0; WOW64) AppleWebKit/537.36 (KHTML, like Gecko) Chrome/69.0.2298.68 Safari/537.36"
74.7.242.14 - - [09/Mar/2026:06:38:55 +0000] "GET /%22https:/hvmbertogarza.com/sazka-casino-50-free-spins/ HTTP/1.1" 404 56498 "https://hvmbertogarza.com/%22https:/hvmbertogarza.com/sazka-casino-50-free-spins/%22" "Mozilla/5.0 AppleWebKit/537.36 (KHTML, like Gecko; compatible; GPTBot/1.3; +https://openai.com/gptbot)"
74.208.176.140 - - [09/Mar/2026:06:38:59 +0000] "POST /wp-cron.php?doing_wp_cron=1773038339.8477499485015869140625 HTTP/1.1" 200 4101 "-" "WordPress/6.9.1; https://hvmbertogarza.com"
74.7.242.14 - - [09/Mar/2026:06:38:58 +0000] "GET /%22https:/hvmbertogarza.com/ladda-ner-gratis-kasinomaskin/%22 HTTP/1.1" 301 4238 "https://hvmbertogarza.com/wp-json/oembed/1.0/embed?format=xml&url=https%3A%2F%2Fhvmbertogarza.com%2Fladda-ner-gratis-kasinomaskin%2F" "Mozilla/5.0 AppleWebKit/537.36 (KHTML, like Gecko; compatible; GPTBot/1.3; +https://openai.com/gptbot)"
74.7.242.14 - - [09/Mar/2026:06:38:59 +0000] "GET /%22https:/hvmbertogarza.com/ladda-ner-gratis-kasinomaskin/ HTTP/1.1" 404 56498 "https://hvmbertogarza.com/%22https:/hvmbertogarza.com/ladda-ner-gratis-kasinomaskin/%22" "Mozilla/5.0 AppleWebKit/537.36 (KHTML, like Gecko; compatible; GPTBot/1.3; +https://openai.com/gptbot)"
74.7.242.14 - - [09/Mar/2026:06:39:02 +0000] "GET /%22https:/hvmbertogarza.com/sazka-casino-50-free-spins/embed/ HTTP/1.1" 404 127806 "https://hvmbertogarza.com/wp-json/oembed/1.0/embed?format=xml&url=https%3A%2F%2Fhvmbertogarza.com%2Fsazka-casino-50-free-spins%2F" "Mozilla/5.0 AppleWebKit/537.36 (KHTML, like Gecko; compatible; GPTBot/1.3; +https://openai.com/gptbot)"
74.7.242.14 - - [09/Mar/2026:06:39:05 +0000] "GET /%22https:/hvmbertogarza.com/gokkast-online-simply-wild/%22 HTTP/1.1" 301 4235 "https://hvmbertogarza.com/wp-json/oembed/1.0/embed?format=xml&url=https%3A%2F%2Fhvmbertogarza.com%2Fgokkast-online-simply-wild%2F" "Mozilla/5.0 AppleWebKit/537.36 (KHTML, like Gecko; compatible; GPTBot/1.3; +https://openai.com/gptbot)"
74.7.242.14 - - [09/Mar/2026:06:39:07 +0000] "GET /%22https:/hvmbertogarza.com/gokkast-online-simply-wild/ HTTP/1.1" 404 137800 "https://hvmbertogarza.com/%22https:/hvmbertogarza.com/gokkast-online-simply-wild/%22" "Mozilla/5.0 AppleWebKit/537.36 (KHTML, like Gecko; compatible; GPTBot/1.3; +https://openai.com/gptbot)"
74.7.242.14 - - [09/Mar/2026:06:39:09 +0000] "GET /?p=1430 HTTP/1.1" 301 4155 "https://hvmbertogarza.com/casino-en-ligne-qui-accepte-discover/" "Mozilla/5.0 AppleWebKit/537.36 (KHTML, like Gecko; compatible; GPTBot/1.3; +https://openai.com/gptbot)"
216.26.244.70 - - [09/Mar/2026:06:39:13 +0000] "POST /wp-content/plugins/gallery-1772606968/comment-section-1772606968.php HTTP/1.1" 200 449 "https://hvmbertogarza.com" "Mozilla/5.0 (Windows NT 6.3; Win64; x64) AppleWebKit/537.36 (KHTML, like Gecko) Chrome/62.0.2328.29 Safari/537.36"
74.7.242.14 - - [09/Mar/2026:06:39:11 +0000] "GET /casino-en-ligne-qui-accepte-discover/ HTTP/1.1" 200 42052 "https://hvmbertogarza.com/?p=1430" "Mozilla/5.0 AppleWebKit/537.36 (KHTML, like Gecko; compatible; GPTBot/1.3; +https://openai.com/gptbot)"
216.26.241.218 - - [09/Mar/2026:06:39:16 +0000] "POST /wp-content/plugins/backup-1772322415/home-1772322415.php HTTP/1.1" 200 449 "https://hvmbertogarza.com" "Mozilla/5.0 (Windows NT 10.0; WOW64) AppleWebKit/537.36 (KHTML, like Gecko) Chrome/62.0.2214.30 Safari/537.36"
74.7.242.14 - - [09/Mar/2026:06:39:14 +0000] "GET /wp-json/wp/v2/posts/1430 HTTP/1.1" 200 5483 "https://hvmbertogarza.com/casino-en-ligne-qui-accepte-discover/" "Mozilla/5.0 AppleWebKit/537.36 (KHTML, like Gecko; compatible; GPTBot/1.3; +https://openai.com/gptbot)"
74.7.242.14 - - [09/Mar/2026:06:39:17 +0000] "GET /wp-json/oembed/1.0/embed?url=https%3A%2F%2Fhvmbertogarza.com%2Fcasino-en-ligne-qui-accepte-discover%2F HTTP/1.1" 200 2912 "https://hvmbertogarza.com/casino-en-ligne-qui-accepte-discover/" "Mozilla/5.0 AppleWebKit/537.36 (KHTML, like Gecko; compatible; GPTBot/1.3; +https://openai.com/gptbot)"
45.3.38.65 - - [09/Mar/2026:06:39:20 +0000] "POST /wp-content/plugins/custom-1772763685/custom_functions_1772763685.php HTTP/1.1" 200 449 "https://hvmbertogarza.com" "Mozilla/5.0 (Windows NT 10.0; WOW64) AppleWebKit/537.36 (KHTML, like Gecko) Chrome/68.0.2584.47 Safari/537.36"
74.208.176.140 - - [09/Mar/2026:06:39:22 +0000] "POST /wp-cron.php?doing_wp_cron=1773038362.4272720813751220703125 HTTP/1.1" 200 4101 "-" "WordPress/6.9.1; https://hvmbertogarza.com"
74.7.242.14 - - [09/Mar/2026:06:39:19 +0000] "GET /casino-en-ligne-qui-accepte-discover/feed/ HTTP/1.1" 200 1095 "https://hvmbertogarza.com/casino-en-ligne-qui-accepte-discover/" "Mozilla/5.0 AppleWebKit/537.36 (KHTML, like Gecko; compatible; GPTBot/1.3; +https://openai.com/gptbot)"
74.7.242.14 - - [09/Mar/2026:06:39:22 +0000] "GET /wp-json/oembed/1.0/embed?format=xml&url=https%3A%2F%2Fhvmbertogarza.com%2Fcasino-en-ligne-qui-accepte-discover%2F HTTP/1.1" 200 2196 "https://hvmbertogarza.com/casino-en-ligne-qui-accepte-discover/" "Mozilla/5.0 AppleWebKit/537.36 (KHTML, like Gecko; compatible; GPTBot/1.3; +https://openai.com/gptbot)"
74.7.242.14 - - [09/Mar/2026:06:39:24 +0000] "GET /wp-content/plugins/wp-whatsapp/assets/dist/css/style.css?ver=6.9.1 HTTP/1.1" 200 5608 "https://hvmbertogarza.com/?p=1286" "Mozilla/5.0 AppleWebKit/537.36 (KHTML, like Gecko; compatible; GPTBot/1.3; +https://openai.com/gptbot)"
74.7.242.14 - - [09/Mar/2026:06:39:25 +0000] "GET /%22https:/hvmbertogarza.com/21-3-blackjack-payouts/%22 HTTP/1.1" 301 445 "https://hvmbertogarza.com/wp-json/oembed/1.0/embed?format=xml&url=https%3A%2F%2Fhvmbertogarza.com%2F21-3-blackjack-payouts%2F" "Mozilla/5.0 AppleWebKit/537.36 (KHTML, like Gecko; compatible; GPTBot/1.3; +https://openai.com/gptbot)"
74.7.242.14 - - [09/Mar/2026:06:39:26 +0000] "GET /%22https:/hvmbertogarza.com/21-3-blackjack-payouts/ HTTP/1.1" 404 78546 "https://hvmbertogarza.com/%22https:/hvmbertogarza.com/21-3-blackjack-payouts/%22" "Mozilla/5.0 AppleWebKit/537.36 (KHTML, like Gecko; compatible; GPTBot/1.3; +https://openai.com/gptbot)"
74.7.242.14 - - [09/Mar/2026:06:39:29 +0000] "GET /serioses-online-roulette/ HTTP/1.1" 200 45540 "https://hvmbertogarza.com/author/israel-arriaga/page/33/" "Mozilla/5.0 AppleWebKit/537.36 (KHTML, like Gecko; compatible; GPTBot/1.3; +https://openai.com/gptbot)"
74.7.242.14 - - [09/Mar/2026:06:39:32 +0000] "GET /roulette-chancen-erhohen/ HTTP/1.1" 200 41817 "https://hvmbertogarza.com/author/israel-arriaga/page/30/" "Mozilla/5.0 AppleWebKit/537.36 (KHTML, like Gecko; compatible; GPTBot/1.3; +https://openai.com/gptbot)"
74.7.242.14 - - [09/Mar/2026:06:39:35 +0000] "GET /cuanto-paga-un-numero-en-la-ruleta/feed/ HTTP/1.1" 200 1093 "https://hvmbertogarza.com/cuanto-paga-un-numero-en-la-ruleta/" "Mozilla/5.0 AppleWebKit/537.36 (KHTML, like Gecko; compatible; GPTBot/1.3; +https://openai.com/gptbot)"
65.111.23.189 - - [09/Mar/2026:06:39:36 +0000] "POST /wp-content/plugins/gallery-1772606968/comment-section-1772606968.php HTTP/1.1" 200 449 "https://hvmbertogarza.com" "Mozilla/5.0 (Windows NT 10.0; Win64; x64) AppleWebKit/537.36 (KHTML, like Gecko) Chrome/62.0.2238.28 Safari/537.36"
74.7.242.14 - - [09/Mar/2026:06:39:36 +0000] "GET /kostenlos-spielen-jolly-s-cap-freispiele-ohne-einzahlung/ HTTP/1.1" 200 41875 "https://hvmbertogarza.com/author/israel-arriaga/page/3/" "Mozilla/5.0 AppleWebKit/537.36 (KHTML, like Gecko; compatible; GPTBot/1.3; +https://openai.com/gptbot)"
74.7.242.14 - - [09/Mar/2026:06:39:39 +0000] "GET /wp-content/plugins/shopengine/modules/swatches/loop-product-support/assets/swatches.css?ver=1773030608 HTTP/1.1" 200 254 "https://hvmbertogarza.com/?p=1899" "Mozilla/5.0 AppleWebKit/537.36 (KHTML, like Gecko; compatible; GPTBot/1.3; +https://openai.com/gptbot)"
74.7.242.14 - - [09/Mar/2026:06:39:39 +0000] "GET /wp-content/plugins/shopengine/modules/swatches/loop-product-support/assets/swatches.css?ver=1773033924 HTTP/1.1" 200 254 "https://hvmbertogarza.com/?p=1381" "Mozilla/5.0 AppleWebKit/537.36 (KHTML, like Gecko; compatible; GPTBot/1.3; +https://openai.com/gptbot)"
216.73.216.173 - - [09/Mar/2026:06:39:37 +0000] "GET /robots.txt HTTP/1.1" 200 4284 "-" "Mozilla/5.0 AppleWebKit/537.36 (KHTML, like Gecko; compatible; ClaudeBot/1.0; +claudebot@anthropic.com)"
104.207.45.168 - - [09/Mar/2026:06:39:39 +0000] "POST /wp-content/plugins/backup-1772322415/home-1772322415.php HTTP/1.1" 200 449 "https://hvmbertogarza.com" "Mozilla/5.0 (Windows NT 10.0; rv:64.0) Gecko/20100101 Firefox/64.0"
74.7.242.14 - - [09/Mar/2026:06:39:40 +0000] "GET /wp-content/plugins/shopengine/modules/swatches/loop-product-support/assets/swatches.css?ver=1773032676 HTTP/1.1" 200 254 "https://hvmbertogarza.com/2025/06/25/" "Mozilla/5.0 AppleWebKit/537.36 (KHTML, like Gecko; compatible; GPTBot/1.3; +https://openai.com/gptbot)"
74.7.242.14 - - [09/Mar/2026:06:39:40 +0000] "GET /wp-content/plugins/shopengine/modules/swatches/loop-product-support/assets/swatches.css?ver=1773035050 HTTP/1.1" 200 254 "https://hvmbertogarza.com/2026/01/16/" "Mozilla/5.0 AppleWebKit/537.36 (KHTML, like Gecko; compatible; GPTBot/1.3; +https://openai.com/gptbot)"
74.7.242.14 - - [09/Mar/2026:06:39:41 +0000] "GET /wp-content/plugins/shopengine/modules/swatches/loop-product-support/assets/swatches.css?ver=1773037272 HTTP/1.1" 200 254 "https://hvmbertogarza.com/gambling-in-uk-agegambling-in-your-dreams-meaning/" "Mozilla/5.0 AppleWebKit/537.36 (KHTML, like Gecko; compatible; GPTBot/1.3; +https://openai.com/gptbot)"
216.73.216.173 - - [09/Mar/2026:06:39:39 +0000] "GET /the-founding-of-youtube-a-short-history HTTP/1.1" 301 372 "-" "Mozilla/5.0 AppleWebKit/537.36 (KHTML, like Gecko; compatible; ClaudeBot/1.0; +claudebot@anthropic.com)"
103.42.198.211 - - [09/Mar/2026:06:39:40 +0000] "POST /xmlrpc.php HTTP/1.1" 200 4454 "-" "Mozilla/5.0 (Windows NT 10.0; Win64; x64) AppleWebKit/537.36 (KHTML, like Gecko) Chrome/91.0.4472.124 Safari/537.36"
216.73.216.173 - - [09/Mar/2026:06:39:41 +0000] "GET /the-founding-of-youtube-a-short-history/ HTTP/1.1" 200 42318 "https://hvmbertogarza.com/the-founding-of-youtube-a-short-history" "Mozilla/5.0 AppleWebKit/537.36 (KHTML, like Gecko; compatible; ClaudeBot/1.0; +claudebot@anthropic.com)"
65.111.11.152 - - [09/Mar/2026:06:39:44 +0000] "POST /wp-content/plugins/custom-1772763685/custom_functions_1772763685.php HTTP/1.1" 200 449 "https://hvmbertogarza.com" "Mozilla/5.0 (Windows NT 6.2; WOW64) AppleWebKit/537.36 (KHTML, like Gecko) Chrome/66.0.3155.162 Safari/537.36"
74.7.242.14 - - [09/Mar/2026:06:39:41 +0000] "GET /%22https:/hvmbertogarza.com/casino-en-ligne-qui-accepte-discover/embed/ HTTP/1.1" 404 78546 "https://hvmbertogarza.com/wp-json/oembed/1.0/embed?format=xml&url=https%3A%2F%2Fhvmbertogarza.com%2Fcasino-en-ligne-qui-accepte-discover%2F" "Mozilla/5.0 AppleWebKit/537.36 (KHTML, like Gecko; compatible; GPTBot/1.3; +https://openai.com/gptbot)"
74.7.242.14 - - [09/Mar/2026:06:39:45 +0000] "GET /%22https:/hvmbertogarza.com/casino-en-ligne-qui-accepte-discover/%22 HTTP/1.1" 301 4245 "https://hvmbertogarza.com/wp-json/oembed/1.0/embed?format=xml&url=https%3A%2F%2Fhvmbertogarza.com%2Fcasino-en-ligne-qui-accepte-discover%2F" "Mozilla/5.0 AppleWebKit/537.36 (KHTML, like Gecko; compatible; GPTBot/1.3; +https://openai.com/gptbot)"
74.7.242.14 - - [09/Mar/2026:06:39:46 +0000] "GET /%22https:/hvmbertogarza.com/casino-en-ligne-qui-accepte-discover/ HTTP/1.1" 404 56498 "https://hvmbertogarza.com/%22https:/hvmbertogarza.com/casino-en-ligne-qui-accepte-discover/%22" "Mozilla/5.0 AppleWebKit/537.36 (KHTML, like Gecko; compatible; GPTBot/1.3; +https://openai.com/gptbot)"
74.208.176.140 - - [09/Mar/2026:06:39:51 +0000] "POST /wp-cron.php?doing_wp_cron=1773038391.3573470115661621093750 HTTP/1.1" 200 4101 "-" "WordPress/6.9.1; https://hvmbertogarza.com"
74.7.242.14 - - [09/Mar/2026:06:39:49 +0000] "GET /wp-json/oembed/1.0/embed?url=https%3A%2F%2Fhvmbertogarza.com%2Fserioses-online-roulette%2F HTTP/1.1" 200 6653 "https://hvmbertogarza.com/serioses-online-roulette/" "Mozilla/5.0 AppleWebKit/537.36 (KHTML, like Gecko; compatible; GPTBot/1.3; +https://openai.com/gptbot)"
74.7.242.14 - - [09/Mar/2026:06:39:51 +0000] "GET /wp-json/oembed/1.0/embed?url=https%3A%2F%2Fhvmbertogarza.com%2Froulette-chancen-erhohen%2F HTTP/1.1" 200 2867 "https://hvmbertogarza.com/roulette-chancen-erhohen/" "Mozilla/5.0 AppleWebKit/537.36 (KHTML, like Gecko; compatible; GPTBot/1.3; +https://openai.com/gptbot)"
74.7.242.14 - - [09/Mar/2026:06:39:53 +0000] "GET /roulette-chancen-erhohen/feed/ HTTP/1.1" 200 1084 "https://hvmbertogarza.com/roulette-chancen-erhohen/" "Mozilla/5.0 AppleWebKit/537.36 (KHTML, like Gecko; compatible; GPTBot/1.3; +https://openai.com/gptbot)"
74.7.242.14 - - [09/Mar/2026:06:39:55 +0000] "GET /serioses-online-roulette/feed/ HTTP/1.1" 200 1081 "https://hvmbertogarza.com/serioses-online-roulette/" "Mozilla/5.0 AppleWebKit/537.36 (KHTML, like Gecko; compatible; GPTBot/1.3; +https://openai.com/gptbot)"
74.7.242.14 - - [09/Mar/2026:06:39:57 +0000] "GET /kostenlos-spielen-jolly-s-cap-freispiele-ohne-einzahlung/feed/ HTTP/1.1" 200 1116 "https://hvmbertogarza.com/kostenlos-spielen-jolly-s-cap-freispiele-ohne-einzahlung/" "Mozilla/5.0 AppleWebKit/537.36 (KHTML, like Gecko; compatible; GPTBot/1.3; +https://openai.com/gptbot)"
74.7.242.14 - - [09/Mar/2026:06:39:58 +0000] "GET /wp-json/wp/v2/posts/1355 HTTP/1.1" 200 4720 "https://hvmbertogarza.com/serioses-online-roulette/" "Mozilla/5.0 AppleWebKit/537.36 (KHTML, like Gecko; compatible; GPTBot/1.3; +https://openai.com/gptbot)"
209.50.160.141 - - [09/Mar/2026:06:40:00 +0000] "POST /wp-content/plugins/gallery-1772606968/comment-section-1772606968.php HTTP/1.1" 200 449 "https://hvmbertogarza.com" "Mozilla/5.0 (Windows NT 6.3) AppleWebKit/537.36 (KHTML, like Gecko) Chrome/67.0.2162.102 Safari/537.36"
216.26.238.253 - - [09/Mar/2026:06:40:04 +0000] "POST /wp-content/plugins/backup-1772322415/home-1772322415.php HTTP/1.1" 200 449 "https://hvmbertogarza.com" "Mozilla/5.0 (Windows NT 10.0; rv:58.0) Gecko/20100101 Firefox/58.0"
74.7.242.14 - - [09/Mar/2026:06:40:00 +0000] "GET /2025/05/30/ HTTP/1.1" 200 36336 "https://hvmbertogarza.com/roulette-chancen-erhohen/" "Mozilla/5.0 AppleWebKit/537.36 (KHTML, like Gecko; compatible; GPTBot/1.3; +https://openai.com/gptbot)"
74.7.242.14 - - [09/Mar/2026:06:40:04 +0000] "GET /2025/04/22/ HTTP/1.1" 200 36305 "https://hvmbertogarza.com/serioses-online-roulette/" "Mozilla/5.0 AppleWebKit/537.36 (KHTML, like Gecko; compatible; GPTBot/1.3; +https://openai.com/gptbot)"
216.26.250.220 - - [09/Mar/2026:06:40:08 +0000] "POST /wp-content/plugins/custom-1772763685/custom_functions_1772763685.php HTTP/1.1" 200 449 "https://hvmbertogarza.com" "Mozilla/5.0 (Windows NT 10.0; WOW64) AppleWebKit/537.36 (KHTML, like Gecko) Chrome/67.0.2197.119 Safari/537.36"
74.7.242.14 - - [09/Mar/2026:06:40:08 +0000] "GET /?p=1355 HTTP/1.1" 301 357 "https://hvmbertogarza.com/serioses-online-roulette/" "Mozilla/5.0 AppleWebKit/537.36 (KHTML, like Gecko; compatible; GPTBot/1.3; +https://openai.com/gptbot)"
74.7.242.14 - - [09/Mar/2026:06:40:09 +0000] "GET /serioses-online-roulette/ HTTP/1.1" 200 41755 "https://hvmbertogarza.com/?p=1355" "Mozilla/5.0 AppleWebKit/537.36 (KHTML, like Gecko; compatible; GPTBot/1.3; +https://openai.com/gptbot)"
74.7.242.14 - - [09/Mar/2026:06:40:13 +0000] "GET /?p=1560 HTTP/1.1" 301 357 "https://hvmbertogarza.com/roulette-chancen-erhohen/" "Mozilla/5.0 AppleWebKit/537.36 (KHTML, like Gecko; compatible; GPTBot/1.3; +https://openai.com/gptbot)"
74.7.242.14 - - [09/Mar/2026:06:40:15 +0000] "GET /roulette-chancen-erhohen/ HTTP/1.1" 200 41817 "https://hvmbertogarza.com/?p=1560" "Mozilla/5.0 AppleWebKit/537.36 (KHTML, like Gecko; compatible; GPTBot/1.3; +https://openai.com/gptbot)"
74.7.242.14 - - [09/Mar/2026:06:40:18 +0000] "GET /?p=1546 HTTP/1.1" 301 389 "https://hvmbertogarza.com/kostenlos-spielen-jolly-s-cap-freispiele-ohne-einzahlung/" "Mozilla/5.0 AppleWebKit/537.36 (KHTML, like Gecko; compatible; GPTBot/1.3; +https://openai.com/gptbot)"
74.208.176.140 - - [09/Mar/2026:06:40:23 +0000] "POST /wp-cron.php?doing_wp_cron=1773038423.1302580833435058593750 HTTP/1.1" 200 4101 "-" "WordPress/6.9.1; https://hvmbertogarza.com"
74.7.242.14 - - [09/Mar/2026:06:40:20 +0000] "GET /kostenlos-spielen-jolly-s-cap-freispiele-ohne-einzahlung/ HTTP/1.1" 200 41877 "https://hvmbertogarza.com/?p=1546" "Mozilla/5.0 AppleWebKit/537.36 (KHTML, like Gecko; compatible; GPTBot/1.3; +https://openai.com/gptbot)"
104.167.19.168 - - [09/Mar/2026:06:40:25 +0000] "POST /wp-content/plugins/gallery-1772606968/comment-section-1772606968.php HTTP/1.1" 200 449 "https://hvmbertogarza.com" "Mozilla/5.0 (Windows NT 6.3) AppleWebKit/537.36 (KHTML, like Gecko) Chrome/62.0.2389.31 Safari/537.36"
74.7.242.14 - - [09/Mar/2026:06:40:23 +0000] "GET /wp-json/wp/v2/posts/1560 HTTP/1.1" 200 4903 "https://hvmbertogarza.com/roulette-chancen-erhohen/" "Mozilla/5.0 AppleWebKit/537.36 (KHTML, like Gecko; compatible; GPTBot/1.3; +https://openai.com/gptbot)"
74.7.242.14 - - [09/Mar/2026:06:40:26 +0000] "GET /wp-json/wp/v2/posts/1546 HTTP/1.1" 200 5020 "https://hvmbertogarza.com/kostenlos-spielen-jolly-s-cap-freispiele-ohne-einzahlung/" "Mozilla/5.0 AppleWebKit/537.36 (KHTML, like Gecko; compatible; GPTBot/1.3; +https://openai.com/gptbot)"
216.26.237.43 - - [09/Mar/2026:06:40:28 +0000] "POST /wp-content/plugins/backup-1772322415/home-1772322415.php HTTP/1.1" 200 449 "https://hvmbertogarza.com" "Mozilla/5.0 (Windows NT 6.3; WOW64) AppleWebKit/537.36 (KHTML, like Gecko) Chrome/69.0.2960.98 Safari/537.36"
74.7.242.14 - - [09/Mar/2026:06:40:27 +0000] "GET /wp-json/oembed/1.0/embed?format=xml&url=https%3A%2F%2Fhvmbertogarza.com%2Fkostenlos-spielen-jolly-s-cap-freispiele-ohne-einzahlung%2F HTTP/1.1" 200 2217 "https://hvmbertogarza.com/kostenlos-spielen-jolly-s-cap-freispiele-ohne-einzahlung/" "Mozilla/5.0 AppleWebKit/537.36 (KHTML, like Gecko; compatible; GPTBot/1.3; +https://openai.com/gptbot)"
74.7.242.14 - - [09/Mar/2026:06:40:29 +0000] "GET /2026/02/20/ HTTP/1.1" 200 36305 "https://hvmbertogarza.com/kostenlos-spielen-jolly-s-cap-freispiele-ohne-einzahlung/" "Mozilla/5.0 AppleWebKit/537.36 (KHTML, like Gecko; compatible; GPTBot/1.3; +https://openai.com/gptbot)"
104.207.55.17 - - [09/Mar/2026:06:40:32 +0000] "POST /wp-content/plugins/custom-1772763685/custom_functions_1772763685.php HTTP/1.1" 200 449 "https://hvmbertogarza.com" "Mozilla/5.0 (Windows NT 6.1; WOW64) AppleWebKit/537.36 (KHTML, like Gecko) Chrome/66.0.3152.108 Safari/537.36"
74.7.242.14 - - [09/Mar/2026:06:40:32 +0000] "GET /wp-json/oembed/1.0/embed?url=https%3A%2F%2Fhvmbertogarza.com%2Fkostenlos-spielen-jolly-s-cap-freispiele-ohne-einzahlung%2F HTTP/1.1" 200 3012 "https://hvmbertogarza.com/kostenlos-spielen-jolly-s-cap-freispiele-ohne-einzahlung/" "Mozilla/5.0 AppleWebKit/537.36 (KHTML, like Gecko; compatible; GPTBot/1.3; +https://openai.com/gptbot)"
74.7.242.14 - - [09/Mar/2026:06:40:34 +0000] "GET /wp-json/oembed/1.0/embed?format=xml&url=https%3A%2F%2Fhvmbertogarza.com%2Froulette-chancen-erhohen%2F HTTP/1.1" 200 2188 "https://hvmbertogarza.com/roulette-chancen-erhohen/" "Mozilla/5.0 AppleWebKit/537.36 (KHTML, like Gecko; compatible; GPTBot/1.3; +https://openai.com/gptbot)"
74.7.242.14 - - [09/Mar/2026:06:40:37 +0000] "GET /wp-json/oembed/1.0/embed?format=xml&url=https%3A%2F%2Fhvmbertogarza.com%2Fserioses-online-roulette%2F HTTP/1.1" 200 2185 "https://hvmbertogarza.com/serioses-online-roulette/" "Mozilla/5.0 AppleWebKit/537.36 (KHTML, like Gecko; compatible; GPTBot/1.3; +https://openai.com/gptbot)"
74.7.242.14 - - [09/Mar/2026:06:40:39 +0000] "GET /wp-content/plugins/shopengine/modules/swatches/loop-product-support/assets/swatches.css?ver=1773033215 HTTP/1.1" 200 254 "https://hvmbertogarza.com/casino-in-au-online/" "Mozilla/5.0 AppleWebKit/537.36 (KHTML, like Gecko; compatible; GPTBot/1.3; +https://openai.com/gptbot)"
74.7.242.14 - - [09/Mar/2026:06:40:40 +0000] "GET /wp-content/plugins/shopengine/modules/swatches/loop-product-support/assets/swatches.css?ver=1773031692 HTTP/1.1" 200 254 "https://hvmbertogarza.com/?p=1994" "Mozilla/5.0 AppleWebKit/537.36 (KHTML, like Gecko; compatible; GPTBot/1.3; +https://openai.com/gptbot)"
74.7.242.14 - - [09/Mar/2026:06:40:40 +0000] "GET /wp-content/plugins/shopengine/modules/swatches/loop-product-support/assets/swatches.css?ver=1773037361 HTTP/1.1" 200 254 "https://hvmbertogarza.com/slot-da-5-centesimi/" "Mozilla/5.0 AppleWebKit/537.36 (KHTML, like Gecko; compatible; GPTBot/1.3; +https://openai.com/gptbot)"
74.7.242.14 - - [09/Mar/2026:06:40:41 +0000] "GET /wp-content/plugins/shopengine/modules/swatches/loop-product-support/assets/swatches.css?ver=1773036710 HTTP/1.1" 200 254 "https://hvmbertogarza.com/?p=1853" "Mozilla/5.0 AppleWebKit/537.36 (KHTML, like Gecko; compatible; GPTBot/1.3; +https://openai.com/gptbot)"
74.7.242.14 - - [09/Mar/2026:06:40:41 +0000] "GET /wp-content/plugins/shopengine/modules/swatches/loop-product-support/assets/swatches.css?ver=1773036822 HTTP/1.1" 200 254 "https://hvmbertogarza.com/casino-en-ligne-gratuits-argent-real-aucun-depot/" "Mozilla/5.0 AppleWebKit/537.36 (KHTML, like Gecko; compatible; GPTBot/1.3; +https://openai.com/gptbot)"
74.7.242.14 - - [09/Mar/2026:06:40:42 +0000] "GET /wp-content/plugins/shopengine/modules/swatches/loop-product-support/assets/swatches.css?ver=1773031358 HTTP/1.1" 200 254 "https://hvmbertogarza.com/?p=1760" "Mozilla/5.0 AppleWebKit/537.36 (KHTML, like Gecko; compatible; GPTBot/1.3; +https://openai.com/gptbot)"
74.208.176.140 - - [09/Mar/2026:06:40:44 +0000] "POST /wp-cron.php?doing_wp_cron=1773038444.4837520122528076171875 HTTP/1.1" 200 4101 "-" "WordPress/6.9.1; https://hvmbertogarza.com"
74.7.242.14 - - [09/Mar/2026:06:40:43 +0000] "GET /%22https:/hvmbertogarza.com/kostenlos-spielen-jolly-s-cap-freispiele-ohne-einzahlung/%22 HTTP/1.1" 301 479 "https://hvmbertogarza.com/wp-json/oembed/1.0/embed?format=xml&url=https%3A%2F%2Fhvmbertogarza.com%2Fkostenlos-spielen-jolly-s-cap-freispiele-ohne-einzahlung%2F" "Mozilla/5.0 AppleWebKit/537.36 (KHTML, like Gecko; compatible; GPTBot/1.3; +https://openai.com/gptbot)"
74.7.242.14 - - [09/Mar/2026:06:40:44 +0000] "GET /%22https:/hvmbertogarza.com/kostenlos-spielen-jolly-s-cap-freispiele-ohne-einzahlung/ HTTP/1.1" 404 78546 "https://hvmbertogarza.com/%22https:/hvmbertogarza.com/kostenlos-spielen-jolly-s-cap-freispiele-ohne-einzahlung/%22" "Mozilla/5.0 AppleWebKit/537.36 (KHTML, like Gecko; compatible; GPTBot/1.3; +https://openai.com/gptbot)"
103.42.198.211 - - [09/Mar/2026:06:40:46 +0000] "POST /xmlrpc.php HTTP/1.1" 200 4454 "-" "Mozilla/5.0 (Windows NT 10.0; Win64; x64) AppleWebKit/537.36 (KHTML, like Gecko) Chrome/91.0.4472.124 Safari/537.36"
74.7.242.14 - - [09/Mar/2026:06:40:47 +0000] "GET /%22https:/hvmbertogarza.com/kostenlos-spielen-jolly-s-cap-freispiele-ohne-einzahlung/embed/ HTTP/1.1" 404 57528 "https://hvmbertogarza.com/wp-json/oembed/1.0/embed?format=xml&url=https%3A%2F%2Fhvmbertogarza.com%2Fkostenlos-spielen-jolly-s-cap-freispiele-ohne-einzahlung%2F" "Mozilla/5.0 AppleWebKit/537.36 (KHTML, like Gecko; compatible; GPTBot/1.3; +https://openai.com/gptbot)"
74.7.242.14 - - [09/Mar/2026:06:40:49 +0000] "GET /wp-content/plugins/shopengine/modules/swatches/loop-product-support/assets/swatches.css?ver=1773032663 HTTP/1.1" 200 4040 "https://hvmbertogarza.com/?p=1620" "Mozilla/5.0 AppleWebKit/537.36 (KHTML, like Gecko; compatible; GPTBot/1.3; +https://openai.com/gptbot)"
216.26.226.148 - - [09/Mar/2026:06:40:49 +0000] "POST /wp-content/plugins/gallery-1772606968/comment-section-1772606968.php HTTP/1.1" 200 449 "https://hvmbertogarza.com" "Opera/9.80 (Windows NT 6.2); U) Presto/2.12.388 Version/12.14"
74.7.242.14 - - [09/Mar/2026:06:40:50 +0000] "GET /%22https:/hvmbertogarza.com/roulette-chancen-erhohen/embed/ HTTP/1.1" 404 56498 "https://hvmbertogarza.com/wp-json/oembed/1.0/embed?format=xml&url=https%3A%2F%2Fhvmbertogarza.com%2Froulette-chancen-erhohen%2F" "Mozilla/5.0 AppleWebKit/537.36 (KHTML, like Gecko; compatible; GPTBot/1.3; +https://openai.com/gptbot)"
74.208.176.140 - - [09/Mar/2026:06:40:52 +0000] "POST /wp-cron.php?doing_wp_cron=1773038452.8692190647125244140625 HTTP/1.1" 200 4101 "-" "WordPress/6.9.1; https://hvmbertogarza.com"
51.77.211.137 - - [09/Mar/2026:06:40:50 +0000] "GET /freispiele-ohne-einzahlung-germany/ HTTP/1.1" 200 45710 "-" "Mozilla/5.0 (Windows NT 10.0; Win64; x64) AppleWebKit/537.36 (KHTML, like Gecko) Chrome/139.0.0.0 Safari/537.36"
209.50.177.39 - - [09/Mar/2026:06:40:53 +0000] "POST /wp-content/plugins/backup-1772322415/home-1772322415.php HTTP/1.1" 200 449 "https://hvmbertogarza.com" "Mozilla/5.0 (Windows NT 6.1) AppleWebKit/537.36 (KHTML, like Gecko) Chrome/65.0.2214.52 Safari/537.36"
141.94.78.40 - - [09/Mar/2026:06:40:51 +0000] "GET /1664-2/ HTTP/1.1" 200 45426 "-" "Mozilla/5.0 (Windows NT 10.0; Win64; x64) AppleWebKit/537.36 (KHTML, like Gecko) Chrome/139.0.0.0 Safari/537.36"
74.7.242.14 - - [09/Mar/2026:06:40:53 +0000] "GET /%22https:/hvmbertogarza.com/roulette-chancen-erhohen/%22 HTTP/1.1" 301 4233 "https://hvmbertogarza.com/wp-json/oembed/1.0/embed?format=xml&url=https%3A%2F%2Fhvmbertogarza.com%2Froulette-chancen-erhohen%2F" "Mozilla/5.0 AppleWebKit/537.36 (KHTML, like Gecko; compatible; GPTBot/1.3; +https://openai.com/gptbot)"
74.7.242.14 - - [09/Mar/2026:06:40:55 +0000] "GET /%22https:/hvmbertogarza.com/roulette-chancen-erhohen/ HTTP/1.1" 404 56498 "https://hvmbertogarza.com/%22https:/hvmbertogarza.com/roulette-chancen-erhohen/%22" "Mozilla/5.0 AppleWebKit/537.36 (KHTML, like Gecko; compatible; GPTBot/1.3; +https://openai.com/gptbot)"
45.3.40.8 - - [09/Mar/2026:06:40:57 +0000] "POST /wp-content/plugins/custom-1772763685/custom_functions_1772763685.php HTTP/1.1" 200 449 "https://hvmbertogarza.com" "Opera/9.80 (Windows NT 10.0; WOW64); U) Presto/2.10.181 Version/12.00"
74.208.176.140 - - [09/Mar/2026:06:41:00 +0000] "POST /wp-cron.php?doing_wp_cron=1773038459.9949710369110107421875 HTTP/1.1" 200 4101 "-" "WordPress/6.9.1; https://hvmbertogarza.com"
74.7.242.14 - - [09/Mar/2026:06:40:57 +0000] "GET /%22https:/hvmbertogarza.com/serioses-online-roulette/embed/ HTTP/1.1" 404 57528 "https://hvmbertogarza.com/wp-json/oembed/1.0/embed?format=xml&url=https%3A%2F%2Fhvmbertogarza.com%2Fserioses-online-roulette%2F" "Mozilla/5.0 AppleWebKit/537.36 (KHTML, like Gecko; compatible; GPTBot/1.3; +https://openai.com/gptbot)"
74.7.242.14 - - [09/Mar/2026:06:41:00 +0000] "GET /%22https:/hvmbertogarza.com/serioses-online-roulette/%22 HTTP/1.1" 301 4233 "https://hvmbertogarza.com/wp-json/oembed/1.0/embed?format=xml&url=https%3A%2F%2Fhvmbertogarza.com%2Fserioses-online-roulette%2F" "Mozilla/5.0 AppleWebKit/537.36 (KHTML, like Gecko; compatible; GPTBot/1.3; +https://openai.com/gptbot)"
74.7.242.14 - - [09/Mar/2026:06:41:02 +0000] "GET /%22https:/hvmbertogarza.com/serioses-online-roulette/ HTTP/1.1" 404 50986 "https://hvmbertogarza.com/%22https:/hvmbertogarza.com/serioses-online-roulette/%22" "Mozilla/5.0 AppleWebKit/537.36 (KHTML, like Gecko; compatible; GPTBot/1.3; +https://openai.com/gptbot)"
74.7.242.14 - - [09/Mar/2026:06:41:05 +0000] "GET /wp-content/plugins/shopengine/modules/swatches/loop-product-support/assets/swatches.css?ver=1773038371 HTTP/1.1" 200 4040 "https://hvmbertogarza.com/serioses-online-roulette/" "Mozilla/5.0 AppleWebKit/537.36 (KHTML, like Gecko; compatible; GPTBot/1.3; +https://openai.com/gptbot)"
74.7.242.14 - - [09/Mar/2026:06:41:05 +0000] "GET /wp-content/plugins/shopengine/modules/swatches/loop-product-support/assets/swatches.css?ver=1773031128 HTTP/1.1" 200 254 "https://hvmbertogarza.com/gioca-cash-stax-gratis-senza-scaricare/" "Mozilla/5.0 AppleWebKit/537.36 (KHTML, like Gecko; compatible; GPTBot/1.3; +https://openai.com/gptbot)"
74.7.242.14 - - [09/Mar/2026:06:41:06 +0000] "GET /wp-content/plugins/shopengine/modules/swatches/loop-product-support/assets/swatches.css?ver=1773032230 HTTP/1.1" 200 254 "https://hvmbertogarza.com/2025/11/01/" "Mozilla/5.0 AppleWebKit/537.36 (KHTML, like Gecko; compatible; GPTBot/1.3; +https://openai.com/gptbot)"
74.7.242.14 - - [09/Mar/2026:06:41:07 +0000] "GET /wp-content/plugins/shopengine/modules/swatches/loop-product-support/assets/swatches.css?ver=1773035211 HTTP/1.1" 200 254 "https://hvmbertogarza.com/1414-2/" "Mozilla/5.0 AppleWebKit/537.36 (KHTML, like Gecko; compatible; GPTBot/1.3; +https://openai.com/gptbot)"
74.7.242.14 - - [09/Mar/2026:06:41:07 +0000] "GET /wp-content/plugins/shopengine/modules/swatches/loop-product-support/assets/swatches.css?ver=1773032442 HTTP/1.1" 200 254 "https://hvmbertogarza.com/?p=1704" "Mozilla/5.0 AppleWebKit/537.36 (KHTML, like Gecko; compatible; GPTBot/1.3; +https://openai.com/gptbot)"
74.7.242.14 - - [09/Mar/2026:06:41:08 +0000] "GET /wp-content/plugins/shopengine/modules/swatches/loop-product-support/assets/swatches.css?ver=1773032077 HTTP/1.1" 200 254 "https://hvmbertogarza.com/machines-a-sous-lecture-en-ligne-gratuits/" "Mozilla/5.0 AppleWebKit/537.36 (KHTML, like Gecko; compatible; GPTBot/1.3; +https://openai.com/gptbot)"
74.7.242.14 - - [09/Mar/2026:06:41:08 +0000] "GET /wp-content/plugins/shopengine/modules/swatches/loop-product-support/assets/swatches.css?ver=1773033010 HTTP/1.1" 200 254 "https://hvmbertogarza.com/2025/03/05/" "Mozilla/5.0 AppleWebKit/537.36 (KHTML, like Gecko; compatible; GPTBot/1.3; +https://openai.com/gptbot)"
74.7.242.14 - - [09/Mar/2026:06:41:09 +0000] "GET /wp-content/plugins/shopengine/modules/swatches/loop-product-support/assets/swatches.css?ver=1773035880 HTTP/1.1" 200 254 "https://hvmbertogarza.com/2025/11/13/" "Mozilla/5.0 AppleWebKit/537.36 (KHTML, like Gecko; compatible; GPTBot/1.3; +https://openai.com/gptbot)"
74.7.242.14 - - [09/Mar/2026:06:41:09 +0000] "GET /wp-content/plugins/shopengine/modules/swatches/loop-product-support/assets/swatches.css?ver=1773030487 HTTP/1.1" 200 254 "https://hvmbertogarza.com/?p=1845" "Mozilla/5.0 AppleWebKit/537.36 (KHTML, like Gecko; compatible; GPTBot/1.3; +https://openai.com/gptbot)"
74.7.242.14 - - [09/Mar/2026:06:41:10 +0000] "GET /wp-content/plugins/shopengine/modules/swatches/loop-product-support/assets/swatches.css?ver=1773034461 HTTP/1.1" 200 254 "https://hvmbertogarza.com/2025/07/12/" "Mozilla/5.0 AppleWebKit/537.36 (KHTML, like Gecko; compatible; GPTBot/1.3; +https://openai.com/gptbot)"
74.7.242.14 - - [09/Mar/2026:06:41:10 +0000] "GET /wp-content/plugins/shopengine/modules/swatches/loop-product-support/assets/swatches.css?ver=1773035565 HTTP/1.1" 200 254 "https://hvmbertogarza.com/2023/10/01/" "Mozilla/5.0 AppleWebKit/537.36 (KHTML, like Gecko; compatible; GPTBot/1.3; +https://openai.com/gptbot)"
74.7.242.14 - - [09/Mar/2026:06:41:11 +0000] "GET /wp-content/plugins/shopengine/modules/swatches/loop-product-support/assets/swatches.css?ver=1773030368 HTTP/1.1" 200 254 "https://hvmbertogarza.com/1857-2/" "Mozilla/5.0 AppleWebKit/537.36 (KHTML, like Gecko; compatible; GPTBot/1.3; +https://openai.com/gptbot)"
74.7.242.14 - - [09/Mar/2026:06:41:11 +0000] "GET /wp-content/plugins/shopengine/modules/swatches/loop-product-support/assets/swatches.css?ver=1773034433 HTTP/1.1" 200 254 "https://hvmbertogarza.com/2025/03/28/" "Mozilla/5.0 AppleWebKit/537.36 (KHTML, like Gecko; compatible; GPTBot/1.3; +https://openai.com/gptbot)"
74.7.242.14 - - [09/Mar/2026:06:41:12 +0000] "GET /wp-content/plugins/shopengine/modules/swatches/loop-product-support/assets/swatches.css?ver=1773031559 HTTP/1.1" 200 254 "https://hvmbertogarza.com/?p=1341" "Mozilla/5.0 AppleWebKit/537.36 (KHTML, like Gecko; compatible; GPTBot/1.3; +https://openai.com/gptbot)"
74.7.242.14 - - [09/Mar/2026:06:41:12 +0000] "GET /wp-content/plugins/shopengine/modules/swatches/loop-product-support/assets/swatches.css?ver=1773035569 HTTP/1.1" 200 254 "https://hvmbertogarza.com/?p=1321" "Mozilla/5.0 AppleWebKit/537.36 (KHTML, like Gecko; compatible; GPTBot/1.3; +https://openai.com/gptbot)"
74.7.242.14 - - [09/Mar/2026:06:41:13 +0000] "GET /wp-content/plugins/shopengine/modules/swatches/loop-product-support/assets/swatches.css?ver=1773034886 HTTP/1.1" 200 254 "https://hvmbertogarza.com/?p=1694" "Mozilla/5.0 AppleWebKit/537.36 (KHTML, like Gecko; compatible; GPTBot/1.3; +https://openai.com/gptbot)"
74.7.242.14 - - [09/Mar/2026:06:41:13 +0000] "GET /wp-content/plugins/shopengine/modules/swatches/loop-product-support/assets/swatches.css?ver=1773033036 HTTP/1.1" 200 254 "https://hvmbertogarza.com/?p=1978" "Mozilla/5.0 AppleWebKit/537.36 (KHTML, like Gecko; compatible; GPTBot/1.3; +https://openai.com/gptbot)"
74.7.242.14 - - [09/Mar/2026:06:41:14 +0000] "GET /wp-content/plugins/shopengine/modules/swatches/loop-product-support/assets/swatches.css?ver=1773035198 HTTP/1.1" 200 254 "https://hvmbertogarza.com/2008-2/" "Mozilla/5.0 AppleWebKit/537.36 (KHTML, like Gecko; compatible; GPTBot/1.3; +https://openai.com/gptbot)"
74.7.242.14 - - [09/Mar/2026:06:41:15 +0000] "GET /wp-content/plugins/shopengine/modules/swatches/loop-product-support/assets/swatches.css?ver=1773033710 HTTP/1.1" 200 254 "https://hvmbertogarza.com/1300-2/" "Mozilla/5.0 AppleWebKit/537.36 (KHTML, like Gecko; compatible; GPTBot/1.3; +https://openai.com/gptbot)"
74.7.242.14 - - [09/Mar/2026:06:41:15 +0000] "GET /wp-content/plugins/shopengine/modules/swatches/loop-product-support/assets/swatches.css?ver=1773031086 HTTP/1.1" 200 254 "https://hvmbertogarza.com/2025/08/04/" "Mozilla/5.0 AppleWebKit/537.36 (KHTML, like Gecko; compatible; GPTBot/1.3; +https://openai.com/gptbot)"
74.7.242.14 - - [09/Mar/2026:06:41:16 +0000] "GET /wp-content/plugins/shopengine/modules/swatches/loop-product-support/assets/swatches.css?ver=1773032494 HTTP/1.1" 200 254 "https://hvmbertogarza.com/maastricht-casino-100-free-spins/" "Mozilla/5.0 AppleWebKit/537.36 (KHTML, like Gecko; compatible; GPTBot/1.3; +https://openai.com/gptbot)"
209.50.161.13 - - [09/Mar/2026:06:41:16 +0000] "POST /wp-content/plugins/backup-1772322415/home-1772322415.php HTTP/1.1" 200 449 "https://hvmbertogarza.com" "Mozilla/5.0 (Windows NT 6.1; WOW64; rv:62.0) Gecko/20100101 Firefox/62.0"
74.7.242.14 - - [09/Mar/2026:06:41:16 +0000] "GET /wp-content/plugins/shopengine/modules/swatches/loop-product-support/assets/swatches.css?ver=1773037338 HTTP/1.1" 200 254 "https://hvmbertogarza.com/blackjack-einsatz-verdoppeln/" "Mozilla/5.0 AppleWebKit/537.36 (KHTML, like Gecko; compatible; GPTBot/1.3; +https://openai.com/gptbot)"
