74.7.242.14 - - [09/Mar/2026:07:02:17 +0000] "GET /wp-json/oembed/1.0/embed?url=https%3A%2F%2Fhvmbertogarza.com%2F1576-2%2F HTTP/1.1" 200 2744 "https://hvmbertogarza.com/1576-2/" "Mozilla/5.0 AppleWebKit/537.36 (KHTML, like Gecko; compatible; GPTBot/1.3; +https://openai.com/gptbot)"
74.208.176.140 - - [09/Mar/2026:07:02:22 +0000] "POST /wp-cron.php?doing_wp_cron=1773039742.0268681049346923828125 HTTP/1.1" 200 4101 "-" "WordPress/6.9.1; https://hvmbertogarza.com"
74.7.242.14 - - [09/Mar/2026:07:02:20 +0000] "GET /wp-json/oembed/1.0/embed?url=https%3A%2F%2Fhvmbertogarza.com%2F1634-2%2F HTTP/1.1" 200 2744 "https://hvmbertogarza.com/1634-2/" "Mozilla/5.0 AppleWebKit/537.36 (KHTML, like Gecko; compatible; GPTBot/1.3; +https://openai.com/gptbot)"
74.7.242.14 - - [09/Mar/2026:07:02:22 +0000] "GET /wp-json/oembed/1.0/embed?url=https%3A%2F%2Fhvmbertogarza.com%2F1486-2%2F HTTP/1.1" 200 2744 "https://hvmbertogarza.com/1486-2/" "Mozilla/5.0 AppleWebKit/537.36 (KHTML, like Gecko; compatible; GPTBot/1.3; +https://openai.com/gptbot)"
74.7.242.14 - - [09/Mar/2026:07:02:24 +0000] "GET /wp-json/oembed/1.0/embed?url=https%3A%2F%2Fhvmbertogarza.com%2F1640-2%2F HTTP/1.1" 200 2744 "https://hvmbertogarza.com/1640-2/" "Mozilla/5.0 AppleWebKit/537.36 (KHTML, like Gecko; compatible; GPTBot/1.3; +https://openai.com/gptbot)"
74.7.242.14 - - [09/Mar/2026:07:02:26 +0000] "GET /wp-json/oembed/1.0/embed?url=https%3A%2F%2Fhvmbertogarza.com%2F1460-2%2F HTTP/1.1" 200 2744 "https://hvmbertogarza.com/1460-2/" "Mozilla/5.0 AppleWebKit/537.36 (KHTML, like Gecko; compatible; GPTBot/1.3; +https://openai.com/gptbot)"
74.7.242.14 - - [09/Mar/2026:07:02:29 +0000] "GET /wp-json/oembed/1.0/embed?url=https%3A%2F%2Fhvmbertogarza.com%2F1895-2%2F HTTP/1.1" 200 2744 "https://hvmbertogarza.com/1895-2/" "Mozilla/5.0 AppleWebKit/537.36 (KHTML, like Gecko; compatible; GPTBot/1.3; +https://openai.com/gptbot)"
74.7.242.14 - - [09/Mar/2026:07:02:31 +0000] "GET /2025/12/21/ HTTP/1.1" 200 36267 "https://hvmbertogarza.com/1634-2/" "Mozilla/5.0 AppleWebKit/537.36 (KHTML, like Gecko; compatible; GPTBot/1.3; +https://openai.com/gptbot)"
74.7.242.14 - - [09/Mar/2026:07:02:34 +0000] "GET /?p=1895 HTTP/1.1" 301 339 "https://hvmbertogarza.com/1895-2/" "Mozilla/5.0 AppleWebKit/537.36 (KHTML, like Gecko; compatible; GPTBot/1.3; +https://openai.com/gptbot)"
74.7.242.14 - - [09/Mar/2026:07:02:36 +0000] "GET /1895-2/ HTTP/1.1" 200 41701 "https://hvmbertogarza.com/?p=1895" "Mozilla/5.0 AppleWebKit/537.36 (KHTML, like Gecko; compatible; GPTBot/1.3; +https://openai.com/gptbot)"
103.42.198.211 - - [09/Mar/2026:07:02:38 +0000] "POST /xmlrpc.php HTTP/1.1" 200 4454 "-" "Mozilla/5.0 (Windows NT 10.0; Win64; x64) AppleWebKit/537.36 (KHTML, like Gecko) Chrome/91.0.4472.124 Safari/537.36"
74.7.242.14 - - [09/Mar/2026:07:02:39 +0000] "GET /?p=1576 HTTP/1.1" 301 339 "https://hvmbertogarza.com/1576-2/" "Mozilla/5.0 AppleWebKit/537.36 (KHTML, like Gecko; compatible; GPTBot/1.3; +https://openai.com/gptbot)"
74.7.242.14 - - [09/Mar/2026:07:02:40 +0000] "GET /1576-2/ HTTP/1.1" 200 41847 "https://hvmbertogarza.com/?p=1576" "Mozilla/5.0 AppleWebKit/537.36 (KHTML, like Gecko; compatible; GPTBot/1.3; +https://openai.com/gptbot)"
74.7.242.14 - - [09/Mar/2026:07:02:43 +0000] "GET /?p=1780 HTTP/1.1" 301 339 "https://hvmbertogarza.com/1780-2/" "Mozilla/5.0 AppleWebKit/537.36 (KHTML, like Gecko; compatible; GPTBot/1.3; +https://openai.com/gptbot)"
74.7.242.14 - - [09/Mar/2026:07:02:45 +0000] "GET /1780-2/ HTTP/1.1" 200 42148 "https://hvmbertogarza.com/?p=1780" "Mozilla/5.0 AppleWebKit/537.36 (KHTML, like Gecko; compatible; GPTBot/1.3; +https://openai.com/gptbot)"
74.7.242.14 - - [09/Mar/2026:07:02:48 +0000] "GET /?p=1634 HTTP/1.1" 301 339 "https://hvmbertogarza.com/1634-2/" "Mozilla/5.0 AppleWebKit/537.36 (KHTML, like Gecko; compatible; GPTBot/1.3; +https://openai.com/gptbot)"
74.208.176.140 - - [09/Mar/2026:07:02:52 +0000] "POST /wp-cron.php?doing_wp_cron=1773039772.9605090618133544921875 HTTP/1.1" 200 4101 "-" "WordPress/6.9.1; https://hvmbertogarza.com"
74.7.242.14 - - [09/Mar/2026:07:02:50 +0000] "GET /1634-2/ HTTP/1.1" 200 41209 "https://hvmbertogarza.com/?p=1634" "Mozilla/5.0 AppleWebKit/537.36 (KHTML, like Gecko; compatible; GPTBot/1.3; +https://openai.com/gptbot)"
74.7.242.14 - - [09/Mar/2026:07:02:53 +0000] "GET /?p=1460 HTTP/1.1" 301 339 "https://hvmbertogarza.com/1460-2/" "Mozilla/5.0 AppleWebKit/537.36 (KHTML, like Gecko; compatible; GPTBot/1.3; +https://openai.com/gptbot)"
74.7.242.14 - - [09/Mar/2026:07:02:55 +0000] "GET /1460-2/ HTTP/1.1" 200 41919 "https://hvmbertogarza.com/?p=1460" "Mozilla/5.0 AppleWebKit/537.36 (KHTML, like Gecko; compatible; GPTBot/1.3; +https://openai.com/gptbot)"
74.7.242.14 - - [09/Mar/2026:07:02:57 +0000] "GET /?p=1486 HTTP/1.1" 301 339 "https://hvmbertogarza.com/1486-2/" "Mozilla/5.0 AppleWebKit/537.36 (KHTML, like Gecko; compatible; GPTBot/1.3; +https://openai.com/gptbot)"
74.208.176.140 - - [09/Mar/2026:07:03:01 +0000] "POST /wp-cron.php?doing_wp_cron=1773039781.4188179969787597656250 HTTP/1.1" 200 4101 "-" "WordPress/6.9.1; https://hvmbertogarza.com"
74.7.242.14 - - [09/Mar/2026:07:02:59 +0000] "GET /1486-2/ HTTP/1.1" 200 42001 "https://hvmbertogarza.com/?p=1486" "Mozilla/5.0 AppleWebKit/537.36 (KHTML, like Gecko; compatible; GPTBot/1.3; +https://openai.com/gptbot)"
74.7.242.14 - - [09/Mar/2026:07:03:01 +0000] "GET /?p=1476 HTTP/1.1" 301 339 "https://hvmbertogarza.com/1476-2/" "Mozilla/5.0 AppleWebKit/537.36 (KHTML, like Gecko; compatible; GPTBot/1.3; +https://openai.com/gptbot)"
74.7.242.14 - - [09/Mar/2026:07:03:03 +0000] "GET /1476-2/ HTTP/1.1" 200 42006 "https://hvmbertogarza.com/?p=1476" "Mozilla/5.0 AppleWebKit/537.36 (KHTML, like Gecko; compatible; GPTBot/1.3; +https://openai.com/gptbot)"
74.7.242.14 - - [09/Mar/2026:07:03:07 +0000] "GET /?p=1640 HTTP/1.1" 301 339 "https://hvmbertogarza.com/1640-2/" "Mozilla/5.0 AppleWebKit/537.36 (KHTML, like Gecko; compatible; GPTBot/1.3; +https://openai.com/gptbot)"
74.7.242.14 - - [09/Mar/2026:07:03:09 +0000] "GET /1640-2/ HTTP/1.1" 200 41736 "https://hvmbertogarza.com/?p=1640" "Mozilla/5.0 AppleWebKit/537.36 (KHTML, like Gecko; compatible; GPTBot/1.3; +https://openai.com/gptbot)"
74.7.242.14 - - [09/Mar/2026:07:03:12 +0000] "GET /wp-json/wp/v2/posts/1780 HTTP/1.1" 200 5796 "https://hvmbertogarza.com/1780-2/" "Mozilla/5.0 AppleWebKit/537.36 (KHTML, like Gecko; compatible; GPTBot/1.3; +https://openai.com/gptbot)"
74.7.242.14 - - [09/Mar/2026:07:03:15 +0000] "GET /wp-json/wp/v2/posts/1486 HTTP/1.1" 200 5228 "https://hvmbertogarza.com/1486-2/" "Mozilla/5.0 AppleWebKit/537.36 (KHTML, like Gecko; compatible; GPTBot/1.3; +https://openai.com/gptbot)"
146.19.125.70 - - [09/Mar/2026:07:03:14 +0000] "GET / HTTP/1.0" 200 402668 "https://hvmbertogarza.com/" "Mozilla/5.0 (Windows NT 10.0; Win64; x64) AppleWebKit/537.36 (KHTML, like Gecko) Chrome/131.0.0.0 Safari/537.36 Avast/131.0.0.0"
74.7.242.14 - - [09/Mar/2026:07:03:18 +0000] "GET /wp-json/wp/v2/posts/1640 HTTP/1.1" 200 4986 "https://hvmbertogarza.com/1640-2/" "Mozilla/5.0 AppleWebKit/537.36 (KHTML, like Gecko; compatible; GPTBot/1.3; +https://openai.com/gptbot)"
74.208.176.140 - - [09/Mar/2026:07:03:22 +0000] "POST /wp-cron.php?doing_wp_cron=1773039802.9538130760192871093750 HTTP/1.1" 200 4101 "-" "WordPress/6.9.1; https://hvmbertogarza.com"
74.7.242.14 - - [09/Mar/2026:07:03:20 +0000] "GET /wp-json/wp/v2/posts/1634 HTTP/1.1" 200 4520 "https://hvmbertogarza.com/1634-2/" "Mozilla/5.0 AppleWebKit/537.36 (KHTML, like Gecko; compatible; GPTBot/1.3; +https://openai.com/gptbot)"
146.19.125.70 - - [09/Mar/2026:07:03:22 +0000] "GET /wp-login.php?action=register HTTP/1.0" 200 8068 "https://hvmbertogarza.com/wp-login.php?action=register" "Mozilla/5.0 (Windows NT 10.0; Win64; x64) AppleWebKit/537.36 (KHTML, like Gecko) Chrome/131.0.0.0 Safari/537.36 Avast/131.0.0.0"
74.7.242.14 - - [09/Mar/2026:07:03:23 +0000] "GET /wp-json/wp/v2/posts/1460 HTTP/1.1" 200 5129 "https://hvmbertogarza.com/1460-2/" "Mozilla/5.0 AppleWebKit/537.36 (KHTML, like Gecko; compatible; GPTBot/1.3; +https://openai.com/gptbot)"
74.208.176.140 - - [09/Mar/2026:07:03:26 +0000] "POST /wp-cron.php?doing_wp_cron=1773039806.3868849277496337890625 HTTP/1.1" 200 4101 "-" "WordPress/6.9.1; https://hvmbertogarza.com"
54.38.147.110 - - [09/Mar/2026:07:03:22 +0000] "GET /tienda/page/6/?filter_custom_talla=m HTTP/1.1" 200 42334 "-" "Mozilla/5.0 (compatible; AhrefsBot/7.0; +http://ahrefs.com/robot/)"
146.19.125.70 - - [09/Mar/2026:07:03:25 +0000] "POST /wp-login.php?action=register HTTP/1.0" 200 8514 "https://hvmbertogarza.com/wp-login.php?action=register" "Mozilla/5.0 (Windows NT 10.0; Win64; x64) AppleWebKit/537.36 (KHTML, like Gecko) Chrome/131.0.0.0 Safari/537.36 Avast/131.0.0.0"
74.7.242.14 - - [09/Mar/2026:07:03:25 +0000] "GET /wp-json/wp/v2/posts/1476 HTTP/1.1" 200 5408 "https://hvmbertogarza.com/1476-2/" "Mozilla/5.0 AppleWebKit/537.36 (KHTML, like Gecko; compatible; GPTBot/1.3; +https://openai.com/gptbot)"
74.7.242.14 - - [09/Mar/2026:07:03:28 +0000] "GET /wp-json/wp/v2/posts/1895 HTTP/1.1" 200 4889 "https://hvmbertogarza.com/1895-2/" "Mozilla/5.0 AppleWebKit/537.36 (KHTML, like Gecko; compatible; GPTBot/1.3; +https://openai.com/gptbot)"
74.7.242.14 - - [09/Mar/2026:07:03:31 +0000] "GET /wp-content/plugins/shopengine/modules/swatches/loop-product-support/assets/swatches.css?ver=1773039777 HTTP/1.1" 200 254 "https://hvmbertogarza.com/?p=1460" "Mozilla/5.0 AppleWebKit/537.36 (KHTML, like Gecko; compatible; GPTBot/1.3; +https://openai.com/gptbot)"
74.7.242.14 - - [09/Mar/2026:07:03:31 +0000] "GET /wp-json/wp/v2/posts/1576 HTTP/1.1" 200 4968 "https://hvmbertogarza.com/1576-2/" "Mozilla/5.0 AppleWebKit/537.36 (KHTML, like Gecko; compatible; GPTBot/1.3; +https://openai.com/gptbot)"
146.19.125.70 - - [09/Mar/2026:07:03:28 +0000] "GET / HTTP/1.0" 200 402581 "https://hvmbertogarza.com/" "Mozilla/5.0 (Windows NT 10.0; Win64; x64) AppleWebKit/537.36 (KHTML, like Gecko) Chrome/131.0.0.0 Safari/537.36 Avast/131.0.0.0"
74.7.242.14 - - [09/Mar/2026:07:03:33 +0000] "GET /2025/10/09/ HTTP/1.1" 200 36249 "https://hvmbertogarza.com/1460-2/" "Mozilla/5.0 AppleWebKit/537.36 (KHTML, like Gecko; compatible; GPTBot/1.3; +https://openai.com/gptbot)"
74.7.242.14 - - [09/Mar/2026:07:03:36 +0000] "GET /1460-2/feed/ HTTP/1.1" 200 1052 "https://hvmbertogarza.com/1460-2/" "Mozilla/5.0 AppleWebKit/537.36 (KHTML, like Gecko; compatible; GPTBot/1.3; +https://openai.com/gptbot)"
74.7.242.14 - - [09/Mar/2026:07:03:38 +0000] "GET /1576-2/feed/ HTTP/1.1" 200 1053 "https://hvmbertogarza.com/1576-2/" "Mozilla/5.0 AppleWebKit/537.36 (KHTML, like Gecko; compatible; GPTBot/1.3; +https://openai.com/gptbot)"
103.42.198.211 - - [09/Mar/2026:07:03:38 +0000] "POST /xmlrpc.php HTTP/1.1" 200 4454 "-" "Mozilla/5.0 (Windows NT 10.0; Win64; x64) AppleWebKit/537.36 (KHTML, like Gecko) Chrome/91.0.4472.124 Safari/537.36"
74.7.242.14 - - [09/Mar/2026:07:03:39 +0000] "GET /1476-2/feed/ HTTP/1.1" 200 1053 "https://hvmbertogarza.com/1476-2/" "Mozilla/5.0 AppleWebKit/537.36 (KHTML, like Gecko; compatible; GPTBot/1.3; +https://openai.com/gptbot)"
74.7.242.14 - - [09/Mar/2026:07:03:41 +0000] "GET /1486-2/feed/ HTTP/1.1" 200 1053 "https://hvmbertogarza.com/1486-2/" "Mozilla/5.0 AppleWebKit/537.36 (KHTML, like Gecko; compatible; GPTBot/1.3; +https://openai.com/gptbot)"
74.7.242.14 - - [09/Mar/2026:07:03:43 +0000] "GET /1780-2/feed/ HTTP/1.1" 200 1053 "https://hvmbertogarza.com/1780-2/" "Mozilla/5.0 AppleWebKit/537.36 (KHTML, like Gecko; compatible; GPTBot/1.3; +https://openai.com/gptbot)"
74.7.242.14 - - [09/Mar/2026:07:03:45 +0000] "GET /1634-2/feed/ HTTP/1.1" 200 1053 "https://hvmbertogarza.com/1634-2/" "Mozilla/5.0 AppleWebKit/537.36 (KHTML, like Gecko; compatible; GPTBot/1.3; +https://openai.com/gptbot)"
74.7.242.14 - - [09/Mar/2026:07:03:47 +0000] "GET /1640-2/feed/ HTTP/1.1" 200 1053 "https://hvmbertogarza.com/1640-2/" "Mozilla/5.0 AppleWebKit/537.36 (KHTML, like Gecko; compatible; GPTBot/1.3; +https://openai.com/gptbot)"
74.7.242.14 - - [09/Mar/2026:07:03:49 +0000] "GET /1786-2/feed/ HTTP/1.1" 200 1052 "https://hvmbertogarza.com/1786-2/" "Mozilla/5.0 AppleWebKit/537.36 (KHTML, like Gecko; compatible; GPTBot/1.3; +https://openai.com/gptbot)"
74.7.242.14 - - [09/Mar/2026:07:03:51 +0000] "GET /1895-2/feed/ HTTP/1.1" 200 1054 "https://hvmbertogarza.com/1895-2/" "Mozilla/5.0 AppleWebKit/537.36 (KHTML, like Gecko; compatible; GPTBot/1.3; +https://openai.com/gptbot)"
74.7.242.14 - - [09/Mar/2026:07:03:52 +0000] "GET /wp-json/oembed/1.0/embed?format=xml&url=https%3A%2F%2Fhvmbertogarza.com%2F1895-2%2F HTTP/1.1" 200 2132 "https://hvmbertogarza.com/1895-2/" "Mozilla/5.0 AppleWebKit/537.36 (KHTML, like Gecko; compatible; GPTBot/1.3; +https://openai.com/gptbot)"
74.7.242.14 - - [09/Mar/2026:07:03:55 +0000] "GET /wp-json/oembed/1.0/embed?format=xml&url=https%3A%2F%2Fhvmbertogarza.com%2F1640-2%2F HTTP/1.1" 200 2131 "https://hvmbertogarza.com/1640-2/" "Mozilla/5.0 AppleWebKit/537.36 (KHTML, like Gecko; compatible; GPTBot/1.3; +https://openai.com/gptbot)"
74.7.242.14 - - [09/Mar/2026:07:03:57 +0000] "GET /wp-json/oembed/1.0/embed?format=xml&url=https%3A%2F%2Fhvmbertogarza.com%2F1486-2%2F HTTP/1.1" 200 2131 "https://hvmbertogarza.com/1486-2/" "Mozilla/5.0 AppleWebKit/537.36 (KHTML, like Gecko; compatible; GPTBot/1.3; +https://openai.com/gptbot)"
74.7.242.14 - - [09/Mar/2026:07:03:59 +0000] "GET /wp-json/oembed/1.0/embed?format=xml&url=https%3A%2F%2Fhvmbertogarza.com%2F1634-2%2F HTTP/1.1" 200 2131 "https://hvmbertogarza.com/1634-2/" "Mozilla/5.0 AppleWebKit/537.36 (KHTML, like Gecko; compatible; GPTBot/1.3; +https://openai.com/gptbot)"
74.7.242.14 - - [09/Mar/2026:07:04:01 +0000] "GET /wp-json/oembed/1.0/embed?format=xml&url=https%3A%2F%2Fhvmbertogarza.com%2F1460-2%2F HTTP/1.1" 200 2132 "https://hvmbertogarza.com/1460-2/" "Mozilla/5.0 AppleWebKit/537.36 (KHTML, like Gecko; compatible; GPTBot/1.3; +https://openai.com/gptbot)"
74.7.242.14 - - [09/Mar/2026:07:04:03 +0000] "GET /wp-json/oembed/1.0/embed?format=xml&url=https%3A%2F%2Fhvmbertogarza.com%2F1780-2%2F HTTP/1.1" 200 2133 "https://hvmbertogarza.com/1780-2/" "Mozilla/5.0 AppleWebKit/537.36 (KHTML, like Gecko; compatible; GPTBot/1.3; +https://openai.com/gptbot)"
74.7.242.14 - - [09/Mar/2026:07:04:06 +0000] "GET /wp-json/oembed/1.0/embed?format=xml&url=https%3A%2F%2Fhvmbertogarza.com%2F1786-2%2F HTTP/1.1" 200 2132 "https://hvmbertogarza.com/1786-2/" "Mozilla/5.0 AppleWebKit/537.36 (KHTML, like Gecko; compatible; GPTBot/1.3; +https://openai.com/gptbot)"
74.7.242.14 - - [09/Mar/2026:07:04:08 +0000] "GET /wp-json/oembed/1.0/embed?format=xml&url=https%3A%2F%2Fhvmbertogarza.com%2F1476-2%2F HTTP/1.1" 200 2133 "https://hvmbertogarza.com/1476-2/" "Mozilla/5.0 AppleWebKit/537.36 (KHTML, like Gecko; compatible; GPTBot/1.3; +https://openai.com/gptbot)"
74.7.242.14 - - [09/Mar/2026:07:04:11 +0000] "GET /wp-json/oembed/1.0/embed?format=xml&url=https%3A%2F%2Fhvmbertogarza.com%2F1576-2%2F HTTP/1.1" 200 2130 "https://hvmbertogarza.com/1576-2/" "Mozilla/5.0 AppleWebKit/537.36 (KHTML, like Gecko; compatible; GPTBot/1.3; +https://openai.com/gptbot)"
74.7.242.14 - - [09/Mar/2026:07:04:13 +0000] "GET /wp-content/plugins/shopengine/modules/swatches/loop-product-support/assets/swatches.css?ver=1773039754 HTTP/1.1" 200 254 "https://hvmbertogarza.com/2025/12/21/" "Mozilla/5.0 AppleWebKit/537.36 (KHTML, like Gecko; compatible; GPTBot/1.3; +https://openai.com/gptbot)"
74.7.242.14 - - [09/Mar/2026:07:04:14 +0000] "GET /wp-content/plugins/shopengine/modules/swatches/loop-product-support/assets/swatches.css?ver=1773039717 HTTP/1.1" 200 254 "https://hvmbertogarza.com/1640-2/" "Mozilla/5.0 AppleWebKit/537.36 (KHTML, like Gecko; compatible; GPTBot/1.3; +https://openai.com/gptbot)"
74.7.242.14 - - [09/Mar/2026:07:04:14 +0000] "GET /wp-content/plugins/shopengine/modules/swatches/loop-product-support/assets/swatches.css?ver=1773039787 HTTP/1.1" 200 254 "https://hvmbertogarza.com/?p=1476" "Mozilla/5.0 AppleWebKit/537.36 (KHTML, like Gecko; compatible; GPTBot/1.3; +https://openai.com/gptbot)"
74.7.242.14 - - [09/Mar/2026:07:04:15 +0000] "GET /wp-content/plugins/shopengine/modules/swatches/loop-product-support/assets/swatches.css?ver=1773039728 HTTP/1.1" 200 254 "https://hvmbertogarza.com/?p=1786" "Mozilla/5.0 AppleWebKit/537.36 (KHTML, like Gecko; compatible; GPTBot/1.3; +https://openai.com/gptbot)"
74.7.242.14 - - [09/Mar/2026:07:04:15 +0000] "GET /wp-content/plugins/shopengine/modules/swatches/loop-product-support/assets/swatches.css?ver=1773039708 HTTP/1.1" 200 254 "https://hvmbertogarza.com/1576-2/" "Mozilla/5.0 AppleWebKit/537.36 (KHTML, like Gecko; compatible; GPTBot/1.3; +https://openai.com/gptbot)"
74.7.242.14 - - [09/Mar/2026:07:04:16 +0000] "GET /wp-content/plugins/shopengine/modules/swatches/loop-product-support/assets/swatches.css?ver=1773039719 HTTP/1.1" 200 254 "https://hvmbertogarza.com/1460-2/" "Mozilla/5.0 AppleWebKit/537.36 (KHTML, like Gecko; compatible; GPTBot/1.3; +https://openai.com/gptbot)"
74.7.242.14 - - [09/Mar/2026:07:04:16 +0000] "GET /wp-content/plugins/shopengine/modules/swatches/loop-product-support/assets/swatches.css?ver=1773039781 HTTP/1.1" 200 254 "https://hvmbertogarza.com/?p=1486" "Mozilla/5.0 AppleWebKit/537.36 (KHTML, like Gecko; compatible; GPTBot/1.3; +https://openai.com/gptbot)"
74.7.242.14 - - [09/Mar/2026:07:04:17 +0000] "GET /wp-content/plugins/shopengine/modules/swatches/loop-product-support/assets/swatches.css?ver=1773039758 HTTP/1.1" 200 254 "https://hvmbertogarza.com/?p=1895" "Mozilla/5.0 AppleWebKit/537.36 (KHTML, like Gecko; compatible; GPTBot/1.3; +https://openai.com/gptbot)"
74.7.242.14 - - [09/Mar/2026:07:04:17 +0000] "GET /wp-content/plugins/shopengine/modules/swatches/loop-product-support/assets/swatches.css?ver=1773039816 HTTP/1.1" 200 254 "https://hvmbertogarza.com/2025/10/09/" "Mozilla/5.0 AppleWebKit/537.36 (KHTML, like Gecko; compatible; GPTBot/1.3; +https://openai.com/gptbot)"
74.7.242.14 - - [09/Mar/2026:07:04:18 +0000] "GET /wp-content/plugins/shopengine/modules/swatches/loop-product-support/assets/swatches.css?ver=1773039702 HTTP/1.1" 200 254 "https://hvmbertogarza.com/1780-2/" "Mozilla/5.0 AppleWebKit/537.36 (KHTML, like Gecko; compatible; GPTBot/1.3; +https://openai.com/gptbot)"
74.7.242.14 - - [09/Mar/2026:07:04:18 +0000] "GET /wp-content/plugins/shopengine/modules/swatches/loop-product-support/assets/swatches.css?ver=1773039768 HTTP/1.1" 200 254 "https://hvmbertogarza.com/?p=1780" "Mozilla/5.0 AppleWebKit/537.36 (KHTML, like Gecko; compatible; GPTBot/1.3; +https://openai.com/gptbot)"
74.7.242.14 - - [09/Mar/2026:07:04:19 +0000] "GET /wp-content/plugins/shopengine/modules/swatches/loop-product-support/assets/swatches.css?ver=1773039705 HTTP/1.1" 200 254 "https://hvmbertogarza.com/1476-2/" "Mozilla/5.0 AppleWebKit/537.36 (KHTML, like Gecko; compatible; GPTBot/1.3; +https://openai.com/gptbot)"
74.7.242.14 - - [09/Mar/2026:07:04:19 +0000] "GET /wp-content/plugins/shopengine/modules/swatches/loop-product-support/assets/swatches.css?ver=1773039699 HTTP/1.1" 200 254 "https://hvmbertogarza.com/1786-2/" "Mozilla/5.0 AppleWebKit/537.36 (KHTML, like Gecko; compatible; GPTBot/1.3; +https://openai.com/gptbot)"
74.7.242.14 - - [09/Mar/2026:07:04:20 +0000] "GET /wp-content/plugins/shopengine/modules/swatches/loop-product-support/assets/swatches.css?ver=1773039714 HTTP/1.1" 200 254 "https://hvmbertogarza.com/1486-2/" "Mozilla/5.0 AppleWebKit/537.36 (KHTML, like Gecko; compatible; GPTBot/1.3; +https://openai.com/gptbot)"
74.7.242.14 - - [09/Mar/2026:07:04:21 +0000] "GET /wp-content/plugins/shopengine/modules/swatches/loop-product-support/assets/swatches.css?ver=1773039763 HTTP/1.1" 200 254 "https://hvmbertogarza.com/?p=1576" "Mozilla/5.0 AppleWebKit/537.36 (KHTML, like Gecko; compatible; GPTBot/1.3; +https://openai.com/gptbot)"
74.7.242.14 - - [09/Mar/2026:07:04:21 +0000] "GET /wp-content/plugins/shopengine/modules/swatches/loop-product-support/assets/swatches.css?ver=1773039711 HTTP/1.1" 200 254 "https://hvmbertogarza.com/1634-2/" "Mozilla/5.0 AppleWebKit/537.36 (KHTML, like Gecko; compatible; GPTBot/1.3; +https://openai.com/gptbot)"
74.7.242.14 - - [09/Mar/2026:07:04:22 +0000] "GET /wp-content/plugins/shopengine/modules/swatches/loop-product-support/assets/swatches.css?ver=1773039723 HTTP/1.1" 200 254 "https://hvmbertogarza.com/1895-2/" "Mozilla/5.0 AppleWebKit/537.36 (KHTML, like Gecko; compatible; GPTBot/1.3; +https://openai.com/gptbot)"
74.7.242.14 - - [09/Mar/2026:07:04:22 +0000] "GET /wp-content/plugins/shopengine/modules/swatches/loop-product-support/assets/swatches.css?ver=1773039792 HTTP/1.1" 200 254 "https://hvmbertogarza.com/?p=1640" "Mozilla/5.0 AppleWebKit/537.36 (KHTML, like Gecko; compatible; GPTBot/1.3; +https://openai.com/gptbot)"
74.7.242.14 - - [09/Mar/2026:07:04:23 +0000] "GET /wp-content/plugins/shopengine/modules/swatches/loop-product-support/assets/swatches.css?ver=1773039772 HTTP/1.1" 200 254 "https://hvmbertogarza.com/?p=1634" "Mozilla/5.0 AppleWebKit/537.36 (KHTML, like Gecko; compatible; GPTBot/1.3; +https://openai.com/gptbot)"
74.208.176.140 - - [09/Mar/2026:07:04:26 +0000] "POST /wp-cron.php?doing_wp_cron=1773039866.7430860996246337890625 HTTP/1.1" 200 4101 "-" "WordPress/6.9.1; https://hvmbertogarza.com"
74.7.242.14 - - [09/Mar/2026:07:04:23 +0000] "GET /1493-2/ HTTP/1.1" 200 40991 "https://hvmbertogarza.com/author/israel-arriaga/page/7/" "Mozilla/5.0 AppleWebKit/537.36 (KHTML, like Gecko; compatible; GPTBot/1.3; +https://openai.com/gptbot)"
74.7.242.14 - - [09/Mar/2026:07:04:26 +0000] "GET /1698-2/ HTTP/1.1" 200 41224 "https://hvmbertogarza.com/author/israel-arriaga/page/29/" "Mozilla/5.0 AppleWebKit/537.36 (KHTML, like Gecko; compatible; GPTBot/1.3; +https://openai.com/gptbot)"
74.7.242.14 - - [09/Mar/2026:07:04:30 +0000] "GET /%22https:/hvmbertogarza.com/como-contar-en-blackjack/%22 HTTP/1.1" 301 447 "https://hvmbertogarza.com/wp-json/oembed/1.0/embed?format=xml&url=https%3A%2F%2Fhvmbertogarza.com%2Fcomo-contar-en-blackjack%2F" "Mozilla/5.0 AppleWebKit/537.36 (KHTML, like Gecko; compatible; GPTBot/1.3; +https://openai.com/gptbot)"
74.7.242.14 - - [09/Mar/2026:07:04:31 +0000] "GET /%22https:/hvmbertogarza.com/como-contar-en-blackjack/ HTTP/1.1" 404 73034 "https://hvmbertogarza.com/%22https:/hvmbertogarza.com/como-contar-en-blackjack/%22" "Mozilla/5.0 AppleWebKit/537.36 (KHTML, like Gecko; compatible; GPTBot/1.3; +https://openai.com/gptbot)"
74.7.242.14 - - [09/Mar/2026:07:04:33 +0000] "GET /gioco-galline-slot/ HTTP/1.1" 200 45787 "https://hvmbertogarza.com/author/israel-arriaga/page/5/" "Mozilla/5.0 AppleWebKit/537.36 (KHTML, like Gecko; compatible; GPTBot/1.3; +https://openai.com/gptbot)"
74.7.242.14 - - [09/Mar/2026:07:04:36 +0000] "GET /1586-2/ HTTP/1.1" 200 41848 "https://hvmbertogarza.com/author/israel-arriaga/page/13/" "Mozilla/5.0 AppleWebKit/537.36 (KHTML, like Gecko; compatible; GPTBot/1.3; +https://openai.com/gptbot)"
103.42.198.211 - - [09/Mar/2026:07:04:38 +0000] "POST /xmlrpc.php HTTP/1.1" 200 4454 "-" "Mozilla/5.0 (Windows NT 10.0; Win64; x64) AppleWebKit/537.36 (KHTML, like Gecko) Chrome/91.0.4472.124 Safari/537.36"
74.7.242.14 - - [09/Mar/2026:07:04:39 +0000] "GET /1756-2/ HTTP/1.1" 200 41917 "https://hvmbertogarza.com/author/israel-arriaga/page/16/" "Mozilla/5.0 AppleWebKit/537.36 (KHTML, like Gecko; compatible; GPTBot/1.3; +https://openai.com/gptbot)"
74.7.242.14 - - [09/Mar/2026:07:04:43 +0000] "GET /888-casino-come-prelevare/ HTTP/1.1" 200 41975 "https://hvmbertogarza.com/author/israel-arriaga/page/15/" "Mozilla/5.0 AppleWebKit/537.36 (KHTML, like Gecko; compatible; GPTBot/1.3; +https://openai.com/gptbot)"
74.7.242.14 - - [09/Mar/2026:07:04:46 +0000] "GET /wp-json/oembed/1.0/embed?url=https%3A%2F%2Fhvmbertogarza.com%2Fplay-uk-casino-promo-code%2F HTTP/1.1" 200 2857 "https://hvmbertogarza.com/play-uk-casino-promo-code/" "Mozilla/5.0 AppleWebKit/537.36 (KHTML, like Gecko; compatible; GPTBot/1.3; +https://openai.com/gptbot)"
74.208.176.140 - - [09/Mar/2026:07:04:52 +0000] "POST /wp-cron.php?doing_wp_cron=1773039892.2924189567565917968750 HTTP/1.1" 200 4101 "-" "WordPress/6.9.1; https://hvmbertogarza.com"
74.7.242.14 - - [09/Mar/2026:07:04:48 +0000] "GET /bingo-online-sisal/ HTTP/1.1" 200 41728 "https://hvmbertogarza.com/author/israel-arriaga/page/12/" "Mozilla/5.0 AppleWebKit/537.36 (KHTML, like Gecko; compatible; GPTBot/1.3; +https://openai.com/gptbot)"
74.7.242.14 - - [09/Mar/2026:07:04:52 +0000] "GET /%22https:/hvmbertogarza.com/machines-a-sous-avec-la-plupart-des-tours-gratuits-de-bonus/%22 HTTP/1.1" 301 482 "https://hvmbertogarza.com/wp-json/oembed/1.0/embed?format=xml&url=https%3A%2F%2Fhvmbertogarza.com%2Fmachines-a-sous-avec-la-plupart-des-tours-gratuits-de-bonus%2F" "Mozilla/5.0 AppleWebKit/537.36 (KHTML, like Gecko; compatible; GPTBot/1.3; +https://openai.com/gptbot)"
74.7.242.14 - - [09/Mar/2026:07:04:54 +0000] "GET /%22https:/hvmbertogarza.com/machines-a-sous-avec-la-plupart-des-tours-gratuits-de-bonus/ HTTP/1.1" 404 78546 "https://hvmbertogarza.com/%22https:/hvmbertogarza.com/machines-a-sous-avec-la-plupart-des-tours-gratuits-de-bonus/%22" "Mozilla/5.0 AppleWebKit/537.36 (KHTML, like Gecko; compatible; GPTBot/1.3; +https://openai.com/gptbot)"
74.7.242.14 - - [09/Mar/2026:07:04:56 +0000] "GET /wp-json/oembed/1.0/embed?url=https%3A%2F%2Fhvmbertogarza.com%2Fslot-casino-in-linea%2F HTTP/1.1" 200 6633 "https://hvmbertogarza.com/slot-casino-in-linea/" "Mozilla/5.0 AppleWebKit/537.36 (KHTML, like Gecko; compatible; GPTBot/1.3; +https://openai.com/gptbot)"
74.208.176.140 - - [09/Mar/2026:07:05:00 +0000] "POST /wp-cron.php?doing_wp_cron=1773039900.2854750156402587890625 HTTP/1.1" 200 4101 "-" "WordPress/6.9.1; https://hvmbertogarza.com"
74.7.242.14 - - [09/Mar/2026:07:04:58 +0000] "GET /wp-json/oembed/1.0/embed?url=https%3A%2F%2Fhvmbertogarza.com%2F1493-2%2F HTTP/1.1" 200 2744 "https://hvmbertogarza.com/1493-2/" "Mozilla/5.0 AppleWebKit/537.36 (KHTML, like Gecko; compatible; GPTBot/1.3; +https://openai.com/gptbot)"
74.7.242.14 - - [09/Mar/2026:07:05:00 +0000] "GET /wp-json/oembed/1.0/embed?url=https%3A%2F%2Fhvmbertogarza.com%2F1698-2%2F HTTP/1.1" 200 2744 "https://hvmbertogarza.com/1698-2/" "Mozilla/5.0 AppleWebKit/537.36 (KHTML, like Gecko; compatible; GPTBot/1.3; +https://openai.com/gptbot)"
74.7.242.14 - - [09/Mar/2026:07:05:03 +0000] "GET /?p=1493 HTTP/1.1" 301 339 "https://hvmbertogarza.com/1493-2/" "Mozilla/5.0 AppleWebKit/537.36 (KHTML, like Gecko; compatible; GPTBot/1.3; +https://openai.com/gptbot)"
74.7.242.14 - - [09/Mar/2026:07:05:04 +0000] "GET /1493-2/ HTTP/1.1" 200 40988 "https://hvmbertogarza.com/?p=1493" "Mozilla/5.0 AppleWebKit/537.36 (KHTML, like Gecko; compatible; GPTBot/1.3; +https://openai.com/gptbot)"
74.7.242.14 - - [09/Mar/2026:07:05:07 +0000] "GET /wp-json/wp/v2/posts/1474 HTTP/1.1" 200 5014 "https://hvmbertogarza.com/gioco-galline-slot/" "Mozilla/5.0 AppleWebKit/537.36 (KHTML, like Gecko; compatible; GPTBot/1.3; +https://openai.com/gptbot)"
74.7.242.14 - - [09/Mar/2026:07:05:09 +0000] "GET /wp-json/oembed/1.0/embed?url=https%3A%2F%2Fhvmbertogarza.com%2F1586-2%2F HTTP/1.1" 200 2744 "https://hvmbertogarza.com/1586-2/" "Mozilla/5.0 AppleWebKit/537.36 (KHTML, like Gecko; compatible; GPTBot/1.3; +https://openai.com/gptbot)"
74.7.242.14 - - [09/Mar/2026:07:05:12 +0000] "GET /wp-json/oembed/1.0/embed?url=https%3A%2F%2Fhvmbertogarza.com%2F1756-2%2F HTTP/1.1" 200 2744 "https://hvmbertogarza.com/1756-2/" "Mozilla/5.0 AppleWebKit/537.36 (KHTML, like Gecko; compatible; GPTBot/1.3; +https://openai.com/gptbot)"
74.7.242.14 - - [09/Mar/2026:07:05:15 +0000] "GET /wp-json/oembed/1.0/embed?url=https%3A%2F%2Fhvmbertogarza.com%2F888-casino-come-prelevare%2F HTTP/1.1" 200 2857 "https://hvmbertogarza.com/888-casino-come-prelevare/" "Mozilla/5.0 AppleWebKit/537.36 (KHTML, like Gecko; compatible; GPTBot/1.3; +https://openai.com/gptbot)"
74.7.242.14 - - [09/Mar/2026:07:05:18 +0000] "GET /?p=1474 HTTP/1.1" 301 351 "https://hvmbertogarza.com/gioco-galline-slot/" "Mozilla/5.0 AppleWebKit/537.36 (KHTML, like Gecko; compatible; GPTBot/1.3; +https://openai.com/gptbot)"
74.208.176.140 - - [09/Mar/2026:07:05:22 +0000] "POST /wp-cron.php?doing_wp_cron=1773039922.6330749988555908203125 HTTP/1.1" 200 4101 "-" "WordPress/6.9.1; https://hvmbertogarza.com"
74.7.242.14 - - [09/Mar/2026:07:05:19 +0000] "GET /gioco-galline-slot/ HTTP/1.1" 200 42001 "https://hvmbertogarza.com/?p=1474" "Mozilla/5.0 AppleWebKit/537.36 (KHTML, like Gecko; compatible; GPTBot/1.3; +https://openai.com/gptbot)"
74.7.242.14 - - [09/Mar/2026:07:05:22 +0000] "GET /2025/11/12/ HTTP/1.1" 200 36279 "https://hvmbertogarza.com/bingo-online-sisal/" "Mozilla/5.0 AppleWebKit/537.36 (KHTML, like Gecko; compatible; GPTBot/1.3; +https://openai.com/gptbot)"
74.7.242.14 - - [09/Mar/2026:07:05:25 +0000] "GET /?p=1564 HTTP/1.1" 301 351 "https://hvmbertogarza.com/bingo-online-sisal/" "Mozilla/5.0 AppleWebKit/537.36 (KHTML, like Gecko; compatible; GPTBot/1.3; +https://openai.com/gptbot)"
74.7.242.14 - - [09/Mar/2026:07:05:27 +0000] "GET /bingo-online-sisal/ HTTP/1.1" 200 41727 "https://hvmbertogarza.com/?p=1564" "Mozilla/5.0 AppleWebKit/537.36 (KHTML, like Gecko; compatible; GPTBot/1.3; +https://openai.com/gptbot)"
74.7.242.14 - - [09/Mar/2026:07:05:30 +0000] "GET /?p=1503 HTTP/1.1" 301 358 "https://hvmbertogarza.com/888-casino-come-prelevare/" "Mozilla/5.0 AppleWebKit/537.36 (KHTML, like Gecko; compatible; GPTBot/1.3; +https://openai.com/gptbot)"
74.7.242.14 - - [09/Mar/2026:07:05:32 +0000] "GET /888-casino-come-prelevare/ HTTP/1.1" 200 41975 "https://hvmbertogarza.com/?p=1503" "Mozilla/5.0 AppleWebKit/537.36 (KHTML, like Gecko; compatible; GPTBot/1.3; +https://openai.com/gptbot)"
74.7.242.14 - - [09/Mar/2026:07:05:35 +0000] "GET /?p=1586 HTTP/1.1" 301 339 "https://hvmbertogarza.com/1586-2/" "Mozilla/5.0 AppleWebKit/537.36 (KHTML, like Gecko; compatible; GPTBot/1.3; +https://openai.com/gptbot)"
74.7.242.14 - - [09/Mar/2026:07:05:36 +0000] "GET /1586-2/ HTTP/1.1" 200 41849 "https://hvmbertogarza.com/?p=1586" "Mozilla/5.0 AppleWebKit/537.36 (KHTML, like Gecko; compatible; GPTBot/1.3; +https://openai.com/gptbot)"
103.42.198.211 - - [09/Mar/2026:07:05:37 +0000] "POST /xmlrpc.php HTTP/1.1" 200 4454 "-" "Mozilla/5.0 (Windows NT 10.0; Win64; x64) AppleWebKit/537.36 (KHTML, like Gecko) Chrome/91.0.4472.124 Safari/537.36"
74.7.242.14 - - [09/Mar/2026:07:05:39 +0000] "GET /?p=1698 HTTP/1.1" 301 339 "https://hvmbertogarza.com/1698-2/" "Mozilla/5.0 AppleWebKit/537.36 (KHTML, like Gecko; compatible; GPTBot/1.3; +https://openai.com/gptbot)"
74.208.176.140 - - [09/Mar/2026:07:05:43 +0000] "POST /wp-cron.php?doing_wp_cron=1773039943.0826430320739746093750 HTTP/1.1" 200 4101 "-" "WordPress/6.9.1; https://hvmbertogarza.com"
74.7.242.14 - - [09/Mar/2026:07:05:40 +0000] "GET /1698-2/ HTTP/1.1" 200 41223 "https://hvmbertogarza.com/?p=1698" "Mozilla/5.0 AppleWebKit/537.36 (KHTML, like Gecko; compatible; GPTBot/1.3; +https://openai.com/gptbot)"
74.7.242.14 - - [09/Mar/2026:07:05:43 +0000] "GET /?p=1756 HTTP/1.1" 301 339 "https://hvmbertogarza.com/1756-2/" "Mozilla/5.0 AppleWebKit/537.36 (KHTML, like Gecko; compatible; GPTBot/1.3; +https://openai.com/gptbot)"
74.7.242.14 - - [09/Mar/2026:07:05:45 +0000] "GET /1756-2/ HTTP/1.1" 200 41918 "https://hvmbertogarza.com/?p=1756" "Mozilla/5.0 AppleWebKit/537.36 (KHTML, like Gecko; compatible; GPTBot/1.3; +https://openai.com/gptbot)"
74.7.242.14 - - [09/Mar/2026:07:05:47 +0000] "GET /wp-json/wp/v2/posts/1564 HTTP/1.1" 200 4532 "https://hvmbertogarza.com/bingo-online-sisal/" "Mozilla/5.0 AppleWebKit/537.36 (KHTML, like Gecko; compatible; GPTBot/1.3; +https://openai.com/gptbot)"
74.208.176.140 - - [09/Mar/2026:07:05:52 +0000] "POST /wp-cron.php?doing_wp_cron=1773039952.0101571083068847656250 HTTP/1.1" 200 4101 "-" "WordPress/6.9.1; https://hvmbertogarza.com"
74.7.242.14 - - [09/Mar/2026:07:05:50 +0000] "GET /wp-json/wp/v2/posts/1586 HTTP/1.1" 200 4808 "https://hvmbertogarza.com/1586-2/" "Mozilla/5.0 AppleWebKit/537.36 (KHTML, like Gecko; compatible; GPTBot/1.3; +https://openai.com/gptbot)"
74.7.242.14 - - [09/Mar/2026:07:05:52 +0000] "GET /wp-json/wp/v2/posts/1756 HTTP/1.1" 200 5372 "https://hvmbertogarza.com/1756-2/" "Mozilla/5.0 AppleWebKit/537.36 (KHTML, like Gecko; compatible; GPTBot/1.3; +https://openai.com/gptbot)"
74.7.242.14 - - [09/Mar/2026:07:05:54 +0000] "GET /wp-json/wp/v2/posts/1698 HTTP/1.1" 200 4638 "https://hvmbertogarza.com/1698-2/" "Mozilla/5.0 AppleWebKit/537.36 (KHTML, like Gecko; compatible; GPTBot/1.3; +https://openai.com/gptbot)"
74.7.242.14 - - [09/Mar/2026:07:05:56 +0000] "GET /wp-json/wp/v2/posts/1493 HTTP/1.1" 200 4394 "https://hvmbertogarza.com/1493-2/" "Mozilla/5.0 AppleWebKit/537.36 (KHTML, like Gecko; compatible; GPTBot/1.3; +https://openai.com/gptbot)"
74.7.242.14 - - [09/Mar/2026:07:05:57 +0000] "GET /wp-json/wp/v2/posts/1503 HTTP/1.1" 200 5101 "https://hvmbertogarza.com/888-casino-come-prelevare/" "Mozilla/5.0 AppleWebKit/537.36 (KHTML, like Gecko; compatible; GPTBot/1.3; +https://openai.com/gptbot)"
74.7.242.14 - - [09/Mar/2026:07:05:59 +0000] "GET /888-casino-come-prelevare/feed/ HTTP/1.1" 200 1077 "https://hvmbertogarza.com/888-casino-come-prelevare/" "Mozilla/5.0 AppleWebKit/537.36 (KHTML, like Gecko; compatible; GPTBot/1.3; +https://openai.com/gptbot)"
74.7.242.14 - - [09/Mar/2026:07:06:01 +0000] "GET /wp-json/oembed/1.0/embed?url=https%3A%2F%2Fhvmbertogarza.com%2Fgioco-galline-slot%2F HTTP/1.1" 200 2822 "https://hvmbertogarza.com/gioco-galline-slot/" "Mozilla/5.0 AppleWebKit/537.36 (KHTML, like Gecko; compatible; GPTBot/1.3; +https://openai.com/gptbot)"
74.7.242.14 - - [09/Mar/2026:07:06:03 +0000] "GET /wp-json/oembed/1.0/embed?url=https%3A%2F%2Fhvmbertogarza.com%2Fbingo-online-sisal%2F HTTP/1.1" 200 2822 "https://hvmbertogarza.com/bingo-online-sisal/" "Mozilla/5.0 AppleWebKit/537.36 (KHTML, like Gecko; compatible; GPTBot/1.3; +https://openai.com/gptbot)"
74.7.242.14 - - [09/Mar/2026:07:06:06 +0000] "GET /2025/06/01/ HTTP/1.1" 200 36298 "https://hvmbertogarza.com/1698-2/" "Mozilla/5.0 AppleWebKit/537.36 (KHTML, like Gecko; compatible; GPTBot/1.3; +https://openai.com/gptbot)"
74.7.242.14 - - [09/Mar/2026:07:06:09 +0000] "GET /wp-json/oembed/1.0/embed?format=xml&url=https%3A%2F%2Fhvmbertogarza.com%2Fbingo-online-sisal%2F HTTP/1.1" 200 2168 "https://hvmbertogarza.com/bingo-online-sisal/" "Mozilla/5.0 AppleWebKit/537.36 (KHTML, like Gecko; compatible; GPTBot/1.3; +https://openai.com/gptbot)"
74.7.242.14 - - [09/Mar/2026:07:06:11 +0000] "GET /wp-json/oembed/1.0/embed?format=xml&url=https%3A%2F%2Fhvmbertogarza.com%2Fgioco-galline-slot%2F HTTP/1.1" 200 2165 "https://hvmbertogarza.com/gioco-galline-slot/" "Mozilla/5.0 AppleWebKit/537.36 (KHTML, like Gecko; compatible; GPTBot/1.3; +https://openai.com/gptbot)"
74.7.242.14 - - [09/Mar/2026:07:06:13 +0000] "GET /1493-2/feed/ HTTP/1.1" 200 1054 "https://hvmbertogarza.com/1493-2/" "Mozilla/5.0 AppleWebKit/537.36 (KHTML, like Gecko; compatible; GPTBot/1.3; +https://openai.com/gptbot)"
74.7.242.14 - - [09/Mar/2026:07:06:15 +0000] "GET /1756-2/feed/ HTTP/1.1" 200 1052 "https://hvmbertogarza.com/1756-2/" "Mozilla/5.0 AppleWebKit/537.36 (KHTML, like Gecko; compatible; GPTBot/1.3; +https://openai.com/gptbot)"
74.7.242.14 - - [09/Mar/2026:07:06:18 +0000] "GET /1698-2/feed/ HTTP/1.1" 200 1051 "https://hvmbertogarza.com/1698-2/" "Mozilla/5.0 AppleWebKit/537.36 (KHTML, like Gecko; compatible; GPTBot/1.3; +https://openai.com/gptbot)"
74.208.176.140 - - [09/Mar/2026:07:06:22 +0000] "POST /wp-cron.php?doing_wp_cron=1773039982.1955358982086181640625 HTTP/1.1" 200 4101 "-" "WordPress/6.9.1; https://hvmbertogarza.com"
74.7.242.14 - - [09/Mar/2026:07:06:20 +0000] "GET /bingo-online-sisal/feed/ HTTP/1.1" 200 1072 "https://hvmbertogarza.com/bingo-online-sisal/" "Mozilla/5.0 AppleWebKit/537.36 (KHTML, like Gecko; compatible; GPTBot/1.3; +https://openai.com/gptbot)"
74.7.242.14 - - [09/Mar/2026:07:06:22 +0000] "GET /1586-2/feed/ HTTP/1.1" 200 1053 "https://hvmbertogarza.com/1586-2/" "Mozilla/5.0 AppleWebKit/537.36 (KHTML, like Gecko; compatible; GPTBot/1.3; +https://openai.com/gptbot)"
74.7.242.14 - - [09/Mar/2026:07:06:23 +0000] "GET /gioco-galline-slot/feed/ HTTP/1.1" 200 1071 "https://hvmbertogarza.com/gioco-galline-slot/" "Mozilla/5.0 AppleWebKit/537.36 (KHTML, like Gecko; compatible; GPTBot/1.3; +https://openai.com/gptbot)"
74.7.242.14 - - [09/Mar/2026:07:06:25 +0000] "GET /%22https:/hvmbertogarza.com/bingo-online-sisal/embed/ HTTP/1.1" 404 73034 "https://hvmbertogarza.com/wp-json/oembed/1.0/embed?format=xml&url=https%3A%2F%2Fhvmbertogarza.com%2Fbingo-online-sisal%2F" "Mozilla/5.0 AppleWebKit/537.36 (KHTML, like Gecko; compatible; GPTBot/1.3; +https://openai.com/gptbot)"
74.7.242.14 - - [09/Mar/2026:07:06:28 +0000] "GET /wp-json/oembed/1.0/embed?format=xml&url=https%3A%2F%2Fhvmbertogarza.com%2F1586-2%2F HTTP/1.1" 200 5919 "https://hvmbertogarza.com/1586-2/" "Mozilla/5.0 AppleWebKit/537.36 (KHTML, like Gecko; compatible; GPTBot/1.3; +https://openai.com/gptbot)"
74.7.242.14 - - [09/Mar/2026:07:06:30 +0000] "GET /%22https:/hvmbertogarza.com/bingo-online-sisal/%22 HTTP/1.1" 301 441 "https://hvmbertogarza.com/wp-json/oembed/1.0/embed?format=xml&url=https%3A%2F%2Fhvmbertogarza.com%2Fbingo-online-sisal%2F" "Mozilla/5.0 AppleWebKit/537.36 (KHTML, like Gecko; compatible; GPTBot/1.3; +https://openai.com/gptbot)"
74.7.242.14 - - [09/Mar/2026:07:06:31 +0000] "GET /%22https:/hvmbertogarza.com/bingo-online-sisal/ HTTP/1.1" 404 52364 "https://hvmbertogarza.com/%22https:/hvmbertogarza.com/bingo-online-sisal/%22" "Mozilla/5.0 AppleWebKit/537.36 (KHTML, like Gecko; compatible; GPTBot/1.3; +https://openai.com/gptbot)"
74.7.242.14 - - [09/Mar/2026:07:06:34 +0000] "GET /%22https:/hvmbertogarza.com/gioco-galline-slot/embed/ HTTP/1.1" 404 136074 "https://hvmbertogarza.com/wp-json/oembed/1.0/embed?format=xml&url=https%3A%2F%2Fhvmbertogarza.com%2Fgioco-galline-slot%2F" "Mozilla/5.0 AppleWebKit/537.36 (KHTML, like Gecko; compatible; GPTBot/1.3; +https://openai.com/gptbot)"
74.7.242.14 - - [09/Mar/2026:07:06:36 +0000] "GET /%22https:/hvmbertogarza.com/gioco-galline-slot/%22 HTTP/1.1" 301 4227 "https://hvmbertogarza.com/wp-json/oembed/1.0/embed?format=xml&url=https%3A%2F%2Fhvmbertogarza.com%2Fgioco-galline-slot%2F" "Mozilla/5.0 AppleWebKit/537.36 (KHTML, like Gecko; compatible; GPTBot/1.3; +https://openai.com/gptbot)"
103.42.198.211 - - [09/Mar/2026:07:06:37 +0000] "POST /xmlrpc.php HTTP/1.1" 200 4454 "-" "Mozilla/5.0 (Windows NT 10.0; Win64; x64) AppleWebKit/537.36 (KHTML, like Gecko) Chrome/91.0.4472.124 Safari/537.36"
74.7.242.14 - - [09/Mar/2026:07:06:37 +0000] "GET /%22https:/hvmbertogarza.com/gioco-galline-slot/ HTTP/1.1" 404 135044 "https://hvmbertogarza.com/%22https:/hvmbertogarza.com/gioco-galline-slot/%22" "Mozilla/5.0 AppleWebKit/537.36 (KHTML, like Gecko; compatible; GPTBot/1.3; +https://openai.com/gptbot)"
74.7.242.14 - - [09/Mar/2026:07:06:40 +0000] "GET /wp-json/oembed/1.0/embed?format=xml&url=https%3A%2F%2Fhvmbertogarza.com%2F1493-2%2F HTTP/1.1" 200 5919 "https://hvmbertogarza.com/1493-2/" "Mozilla/5.0 AppleWebKit/537.36 (KHTML, like Gecko; compatible; GPTBot/1.3; +https://openai.com/gptbot)"
74.7.242.14 - - [09/Mar/2026:07:06:42 +0000] "GET /wp-json/oembed/1.0/embed?format=xml&url=https%3A%2F%2Fhvmbertogarza.com%2F1698-2%2F HTTP/1.1" 200 2133 "https://hvmbertogarza.com/1698-2/" "Mozilla/5.0 AppleWebKit/537.36 (KHTML, like Gecko; compatible; GPTBot/1.3; +https://openai.com/gptbot)"
74.7.242.14 - - [09/Mar/2026:07:06:44 +0000] "GET /wp-json/oembed/1.0/embed?format=xml&url=https%3A%2F%2Fhvmbertogarza.com%2F888-casino-come-prelevare%2F HTTP/1.1" 200 2178 "https://hvmbertogarza.com/888-casino-come-prelevare/" "Mozilla/5.0 AppleWebKit/537.36 (KHTML, like Gecko; compatible; GPTBot/1.3; +https://openai.com/gptbot)"
74.7.242.14 - - [09/Mar/2026:07:06:46 +0000] "GET /wp-content/plugins/shopengine/modules/swatches/loop-product-support/assets/swatches.css?ver=1773039885 HTTP/1.1" 200 254 "https://hvmbertogarza.com/888-casino-come-prelevare/" "Mozilla/5.0 AppleWebKit/537.36 (KHTML, like Gecko; compatible; GPTBot/1.3; +https://openai.com/gptbot)"
74.7.242.14 - - [09/Mar/2026:07:06:46 +0000] "GET /wp-content/plugins/shopengine/modules/swatches/loop-product-support/assets/swatches.css?ver=1773039922 HTTP/1.1" 200 254 "https://hvmbertogarza.com/?p=1474" "Mozilla/5.0 AppleWebKit/537.36 (KHTML, like Gecko; compatible; GPTBot/1.3; +https://openai.com/gptbot)"
74.7.242.14 - - [09/Mar/2026:07:06:47 +0000] "GET /wp-json/oembed/1.0/embed?format=xml&url=https%3A%2F%2Fhvmbertogarza.com%2F1756-2%2F HTTP/1.1" 200 2134 "https://hvmbertogarza.com/1756-2/" "Mozilla/5.0 AppleWebKit/537.36 (KHTML, like Gecko; compatible; GPTBot/1.3; +https://openai.com/gptbot)"
74.7.242.14 - - [09/Mar/2026:07:06:49 +0000] "GET /wp-content/plugins/shopengine/modules/swatches/loop-product-support/assets/swatches.css?ver=1773039942 HTTP/1.1" 200 254 "https://hvmbertogarza.com/?p=1698" "Mozilla/5.0 AppleWebKit/537.36 (KHTML, like Gecko; compatible; GPTBot/1.3; +https://openai.com/gptbot)"
74.208.176.140 - - [09/Mar/2026:07:06:51 +0000] "POST /wp-cron.php?doing_wp_cron=1773040011.2366480827331542968750 HTTP/1.1" 200 4101 "-" "WordPress/6.9.1; https://hvmbertogarza.com"
74.7.242.14 - - [09/Mar/2026:07:06:49 +0000] "GET /%22https:/hvmbertogarza.com/888-casino-come-prelevare/%22 HTTP/1.1" 301 448 "https://hvmbertogarza.com/wp-json/oembed/1.0/embed?format=xml&url=https%3A%2F%2Fhvmbertogarza.com%2F888-casino-come-prelevare%2F" "Mozilla/5.0 AppleWebKit/537.36 (KHTML, like Gecko; compatible; GPTBot/1.3; +https://openai.com/gptbot)"
74.7.242.14 - - [09/Mar/2026:07:06:51 +0000] "GET /%22https:/hvmbertogarza.com/888-casino-come-prelevare/ HTTP/1.1" 404 68900 "https://hvmbertogarza.com/%22https:/hvmbertogarza.com/888-casino-come-prelevare/%22" "Mozilla/5.0 AppleWebKit/537.36 (KHTML, like Gecko; compatible; GPTBot/1.3; +https://openai.com/gptbot)"
74.7.242.14 - - [09/Mar/2026:07:06:54 +0000] "GET /wp-content/plugins/shopengine/modules/swatches/loop-product-support/assets/swatches.css?ver=1773039866 HTTP/1.1" 200 4040 "https://hvmbertogarza.com/1493-2/" "Mozilla/5.0 AppleWebKit/537.36 (KHTML, like Gecko; compatible; GPTBot/1.3; +https://openai.com/gptbot)"
74.7.242.14 - - [09/Mar/2026:07:06:54 +0000] "GET /wp-content/plugins/shopengine/modules/swatches/loop-product-support/assets/swatches.css?ver=1773039938 HTTP/1.1" 200 254 "https://hvmbertogarza.com/?p=1586" "Mozilla/5.0 AppleWebKit/537.36 (KHTML, like Gecko; compatible; GPTBot/1.3; +https://openai.com/gptbot)"
74.7.242.14 - - [09/Mar/2026:07:06:55 +0000] "GET /wp-content/plugins/shopengine/modules/swatches/loop-product-support/assets/swatches.css?ver=1773039892 HTTP/1.1" 200 254 "https://hvmbertogarza.com/bingo-online-sisal/" "Mozilla/5.0 AppleWebKit/537.36 (KHTML, like Gecko; compatible; GPTBot/1.3; +https://openai.com/gptbot)"
74.7.242.14 - - [09/Mar/2026:07:06:55 +0000] "GET /wp-content/plugins/shopengine/modules/swatches/loop-product-support/assets/swatches.css?ver=1773039907 HTTP/1.1" 200 254 "https://hvmbertogarza.com/?p=1493" "Mozilla/5.0 AppleWebKit/537.36 (KHTML, like Gecko; compatible; GPTBot/1.3; +https://openai.com/gptbot)"
74.7.242.14 - - [09/Mar/2026:07:06:56 +0000] "GET /%22https:/hvmbertogarza.com/888-casino-come-prelevare/embed/ HTTP/1.1" 404 60632 "https://hvmbertogarza.com/wp-json/oembed/1.0/embed?format=xml&url=https%3A%2F%2Fhvmbertogarza.com%2F888-casino-come-prelevare%2F" "Mozilla/5.0 AppleWebKit/537.36 (KHTML, like Gecko; compatible; GPTBot/1.3; +https://openai.com/gptbot)"
74.7.242.14 - - [09/Mar/2026:07:06:58 +0000] "GET /wp-content/plugins/shopengine/modules/swatches/loop-product-support/assets/swatches.css?ver=1773039879 HTTP/1.1" 200 4040 "https://hvmbertogarza.com/1586-2/" "Mozilla/5.0 AppleWebKit/537.36 (KHTML, like Gecko; compatible; GPTBot/1.3; +https://openai.com/gptbot)"
74.7.242.14 - - [09/Mar/2026:07:06:59 +0000] "GET /wp-content/plugins/shopengine/modules/swatches/loop-product-support/assets/swatches.css?ver=1773039882 HTTP/1.1" 200 254 "https://hvmbertogarza.com/1756-2/" "Mozilla/5.0 AppleWebKit/537.36 (KHTML, like Gecko; compatible; GPTBot/1.3; +https://openai.com/gptbot)"
74.7.242.14 - - [09/Mar/2026:07:06:59 +0000] "GET /wp-content/plugins/shopengine/modules/swatches/loop-product-support/assets/swatches.css?ver=1773039968 HTTP/1.1" 200 254 "https://hvmbertogarza.com/2025/06/01/" "Mozilla/5.0 AppleWebKit/537.36 (KHTML, like Gecko; compatible; GPTBot/1.3; +https://openai.com/gptbot)"
74.7.242.14 - - [09/Mar/2026:07:07:00 +0000] "GET /wp-content/plugins/shopengine/modules/swatches/loop-product-support/assets/swatches.css?ver=1773039934 HTTP/1.1" 200 254 "https://hvmbertogarza.com/?p=1503" "Mozilla/5.0 AppleWebKit/537.36 (KHTML, like Gecko; compatible; GPTBot/1.3; +https://openai.com/gptbot)"
74.7.242.14 - - [09/Mar/2026:07:07:00 +0000] "GET /wp-content/plugins/shopengine/modules/swatches/loop-product-support/assets/swatches.css?ver=1773039947 HTTP/1.1" 200 254 "https://hvmbertogarza.com/?p=1756" "Mozilla/5.0 AppleWebKit/537.36 (KHTML, like Gecko; compatible; GPTBot/1.3; +https://openai.com/gptbot)"
74.7.242.14 - - [09/Mar/2026:07:07:01 +0000] "GET /wp-content/plugins/shopengine/modules/swatches/loop-product-support/assets/swatches.css?ver=1773039869 HTTP/1.1" 200 254 "https://hvmbertogarza.com/1698-2/" "Mozilla/5.0 AppleWebKit/537.36 (KHTML, like Gecko; compatible; GPTBot/1.3; +https://openai.com/gptbot)"
74.7.242.14 - - [09/Mar/2026:07:07:01 +0000] "GET /wp-content/plugins/shopengine/modules/swatches/loop-product-support/assets/swatches.css?ver=1773039876 HTTP/1.1" 200 254 "https://hvmbertogarza.com/gioco-galline-slot/" "Mozilla/5.0 AppleWebKit/537.36 (KHTML, like Gecko; compatible; GPTBot/1.3; +https://openai.com/gptbot)"
74.7.242.14 - - [09/Mar/2026:07:07:02 +0000] "GET /wp-content/plugins/shopengine/modules/swatches/loop-product-support/assets/swatches.css?ver=1773039925 HTTP/1.1" 200 254 "https://hvmbertogarza.com/2025/11/12/" "Mozilla/5.0 AppleWebKit/537.36 (KHTML, like Gecko; compatible; GPTBot/1.3; +https://openai.com/gptbot)"
74.7.242.14 - - [09/Mar/2026:07:07:02 +0000] "GET /wp-content/plugins/shopengine/modules/swatches/loop-product-support/assets/swatches.css?ver=1773039930 HTTP/1.1" 200 254 "https://hvmbertogarza.com/?p=1564" "Mozilla/5.0 AppleWebKit/537.36 (KHTML, like Gecko; compatible; GPTBot/1.3; +https://openai.com/gptbot)"
74.208.176.140 - - [09/Mar/2026:07:07:27 +0000] "POST /wp-cron.php?doing_wp_cron=1773040047.8274550437927246093750 HTTP/1.1" 200 4101 "-" "WordPress/6.9.1; https://hvmbertogarza.com"
216.73.216.173 - - [09/Mar/2026:07:07:25 +0000] "GET /2025/10/09 HTTP/1.1" 301 4079 "-" "Mozilla/5.0 AppleWebKit/537.36 (KHTML, like Gecko; compatible; ClaudeBot/1.0; +claudebot@anthropic.com)"
54.38.147.188 - - [09/Mar/2026:07:07:26 +0000] "GET /tienda/page/2/?filter_custom_talla=m HTTP/1.1" 200 43648 "-" "Mozilla/5.0 (compatible; AhrefsBot/7.0; +http://ahrefs.com/robot/)"
216.73.216.173 - - [09/Mar/2026:07:07:27 +0000] "GET /2025/10/09/ HTTP/1.1" 200 36249 "https://hvmbertogarza.com/2025/10/09" "Mozilla/5.0 AppleWebKit/537.36 (KHTML, like Gecko; compatible; ClaudeBot/1.0; +claudebot@anthropic.com)"
74.208.176.140 - - [09/Mar/2026:07:08:18 +0000] "POST /wp-cron.php?doing_wp_cron=1773040098.7069149017333984375000 HTTP/1.1" 200 4101 "-" "WordPress/6.9.1; https://hvmbertogarza.com"
216.73.216.173 - - [09/Mar/2026:07:08:16 +0000] "GET /?p=1460 HTTP/1.1" 301 4125 "-" "Mozilla/5.0 AppleWebKit/537.36 (KHTML, like Gecko; compatible; ClaudeBot/1.0; +claudebot@anthropic.com)"
216.73.216.173 - - [09/Mar/2026:07:08:19 +0000] "GET /1460-2/ HTTP/1.1" 200 41919 "https://hvmbertogarza.com/?p=1460" "Mozilla/5.0 AppleWebKit/537.36 (KHTML, like Gecko; compatible; ClaudeBot/1.0; +claudebot@anthropic.com)"
51.195.215.127 - - [09/Mar/2026:07:08:28 +0000] "GET /wp-content/plugins/shopengine/modules/swatches/loop-product-support/assets/swatches.css?ver=1773039308 HTTP/1.1" 200 4040 "-" "Mozilla/5.0 (compatible; AhrefsBot/7.0; +http://ahrefs.com/robot/)"
51.89.129.80 - - [09/Mar/2026:07:08:42 +0000] "GET /wp-content/plugins/shopengine/modules/swatches/loop-product-support/assets/swatches.css?ver=1773039579 HTTP/1.1" 200 4040 "-" "Mozilla/5.0 (compatible; AhrefsBot/7.0; +http://ahrefs.com/robot/)"
51.195.215.191 - - [09/Mar/2026:07:08:49 +0000] "GET /wp-content/plugins/shopengine/modules/swatches/loop-product-support/assets/swatches.css?ver=1773039805 HTTP/1.1" 200 4040 "-" "Mozilla/5.0 (compatible; AhrefsBot/7.0; +http://ahrefs.com/robot/)"
51.195.215.159 - - [09/Mar/2026:07:08:59 +0000] "GET /wp-content/plugins/shopengine/modules/swatches/loop-product-support/assets/swatches.css?ver=1773040048 HTTP/1.1" 200 4040 "-" "Mozilla/5.0 (compatible; AhrefsBot/7.0; +http://ahrefs.com/robot/)"
216.73.216.173 - - [09/Mar/2026:07:11:06 +0000] "GET /1460-2/feed HTTP/1.1" 301 4228 "-" "Mozilla/5.0 AppleWebKit/537.36 (KHTML, like Gecko; compatible; ClaudeBot/1.0; +claudebot@anthropic.com)"
74.208.176.140 - - [09/Mar/2026:07:11:08 +0000] "POST /wp-cron.php?doing_wp_cron=1773040268.2348079681396484375000 HTTP/1.1" 200 4101 "-" "WordPress/6.9.1; https://hvmbertogarza.com"
216.73.216.173 - - [09/Mar/2026:07:11:06 +0000] "GET /kasyno-internetowe-muchbetter-bez-weryfikacji HTTP/1.1" 301 4164 "-" "Mozilla/5.0 AppleWebKit/537.36 (KHTML, like Gecko; compatible; ClaudeBot/1.0; +claudebot@anthropic.com)"
216.73.216.173 - - [09/Mar/2026:07:11:08 +0000] "GET /1460-2/feed/ HTTP/1.1" 200 1052 "https://hvmbertogarza.com/1460-2/feed" "Mozilla/5.0 AppleWebKit/537.36 (KHTML, like Gecko; compatible; ClaudeBot/1.0; +claudebot@anthropic.com)"
216.73.216.173 - - [09/Mar/2026:07:11:08 +0000] "GET /kasyno-internetowe-muchbetter-bez-weryfikacji/ HTTP/1.1" 200 41942 "https://hvmbertogarza.com/kasyno-internetowe-muchbetter-bez-weryfikacji" "Mozilla/5.0 AppleWebKit/537.36 (KHTML, like Gecko; compatible; ClaudeBot/1.0; +claudebot@anthropic.com)"
