66.249.92.197 - - [09/Mar/2026:11:31:44 +0000] "GET /wp-content/plugins/elementor/assets/css/widget-heading.min.css?ver=3.34.0 HTTP/1.1" 200 4249 "https://hvmbertogarza.com/producto/t-shirt-caballero-playera-oficial-horror-fest-edicion-leyendas-de-mexico/" "Mozilla/5.0 (X11; Linux x86_64) AppleWebKit/537.36 (KHTML, like Gecko) Chrome/145.0.7632.116 Safari/537.36"
66.249.92.136 - - [09/Mar/2026:11:31:44 +0000] "GET /wp-content/plugins/shopengine/modules/comparison/assets/css/comparison.css?ver=6.9.1 HTTP/1.1" 200 5880 "https://hvmbertogarza.com/producto/t-shirt-caballero-playera-oficial-horror-fest-edicion-leyendas-de-mexico/" "Mozilla/5.0 (X11; Linux x86_64) AppleWebKit/537.36 (KHTML, like Gecko) Chrome/145.0.7632.116 Safari/537.36"
66.249.92.136 - - [09/Mar/2026:11:31:44 +0000] "GET /wp-content/plugins/shopengine/modules/wishlist/assets/js/wishlist.js?ver=6.9.1 HTTP/1.1" 200 1011 "https://hvmbertogarza.com/producto/t-shirt-caballero-playera-oficial-horror-fest-edicion-leyendas-de-mexico/" "Mozilla/5.0 (X11; Linux x86_64) AppleWebKit/537.36 (KHTML, like Gecko) Chrome/145.0.7632.116 Safari/537.36"
66.249.92.9 - - [09/Mar/2026:11:31:45 +0000] "POST /?wc-ajax=get_refreshed_fragments HTTP/1.1" 200 5435 "https://hvmbertogarza.com/producto/t-shirt-caballero-playera-oficial-horror-fest-edicion-leyendas-de-mexico/" "Mozilla/5.0 (X11; Linux x86_64) AppleWebKit/537.36 (KHTML, like Gecko) Chrome/145.0.7632.116 Safari/537.36"
66.249.92.163 - - [09/Mar/2026:11:31:48 +0000] "GET /wp-content/plugins/elementor/assets/js/text-editor.45609661e409413f1cef.bundle.min.js HTTP/1.1" 200 4751 "https://hvmbertogarza.com/producto/t-shirt-caballero-playera-oficial-horror-fest-edicion-leyendas-de-mexico/" "Mozilla/5.0 (X11; Linux x86_64) AppleWebKit/537.36 (KHTML, like Gecko) Chrome/145.0.7632.116 Safari/537.36"
66.249.92.136 - - [09/Mar/2026:11:32:01 +0000] "GET /wp-content/plugins/shopengine/modules/comparison/assets/css/comparison.css?ver=6.9.1 HTTP/1.1" 200 5880 "https://hvmbertogarza.com/producto/t-shirt-caballero-playera-oficial-horror-fest-edicion-leyendas-de-mexico/" "Mozilla/5.0 (X11; Linux x86_64) AppleWebKit/537.36 (KHTML, like Gecko) Chrome/145.0.7632.116 Safari/537.36"
66.249.92.11 - - [09/Mar/2026:11:32:01 +0000] "GET /wp-content/plugins/shopengine/modules/wishlist/assets/js/wishlist.js?ver=6.9.1 HTTP/1.1" 200 4735 "https://hvmbertogarza.com/producto/t-shirt-caballero-playera-oficial-horror-fest-edicion-leyendas-de-mexico/" "Mozilla/5.0 (X11; Linux x86_64) AppleWebKit/537.36 (KHTML, like Gecko) Chrome/145.0.7632.116 Safari/537.36"
74.208.176.140 - - [09/Mar/2026:11:32:06 +0000] "POST /wp-cron.php?doing_wp_cron=1773055926.5446960926055908203125 HTTP/1.1" 200 4101 "-" "WordPress/6.9.1; https://hvmbertogarza.com"
66.249.92.10 - - [09/Mar/2026:11:32:02 +0000] "POST /?wc-ajax=get_refreshed_fragments HTTP/1.1" 200 5435 "https://hvmbertogarza.com/producto/t-shirt-caballero-playera-oficial-horror-fest-edicion-leyendas-de-mexico/" "Mozilla/5.0 (X11; Linux x86_64) AppleWebKit/537.36 (KHTML, like Gecko) Chrome/145.0.7632.116 Safari/537.36"
146.19.125.70 - - [09/Mar/2026:11:32:02 +0000] "GET / HTTP/1.0" 200 402332 "https://hvmbertogarza.com/" "Mozilla/5.0 (Windows NT 10.0; Win64; x64) AppleWebKit/537.36 (KHTML, like Gecko) Chrome/131.0.0.0 Safari/537.36"
66.249.92.136 - - [09/Mar/2026:11:32:13 +0000] "GET /wp-content/plugins/shopengine/modules/wishlist/assets/js/wishlist.js?ver=6.9.1 HTTP/1.1" 200 4735 "https://hvmbertogarza.com/producto/t-shirt-caballero-playera-oficial-horror-fest-edicion-leyendas-de-mexico/" "Mozilla/5.0 (X11; Linux x86_64) AppleWebKit/537.36 (KHTML, like Gecko) Chrome/145.0.7632.116 Safari/537.36"
66.249.92.197 - - [09/Mar/2026:11:32:13 +0000] "GET /wp-content/plugins/shopengine/modules/comparison/assets/css/comparison.css?ver=6.9.1 HTTP/1.1" 200 5880 "https://hvmbertogarza.com/producto/t-shirt-caballero-playera-oficial-horror-fest-edicion-leyendas-de-mexico/" "Mozilla/5.0 (X11; Linux x86_64) AppleWebKit/537.36 (KHTML, like Gecko) Chrome/145.0.7632.116 Safari/537.36"
66.249.92.164 - - [09/Mar/2026:11:32:13 +0000] "GET /wp-content/plugins/elementor/assets/css/widget-heading.min.css?ver=3.34.0 HTTP/1.1" 200 4249 "https://hvmbertogarza.com/producto/t-shirt-caballero-playera-oficial-horror-fest-edicion-leyendas-de-mexico/" "Mozilla/5.0 (X11; Linux x86_64) AppleWebKit/537.36 (KHTML, like Gecko) Chrome/145.0.7632.116 Safari/537.36"
146.19.125.70 - - [09/Mar/2026:11:32:11 +0000] "GET /wp-login.php?action=register HTTP/1.0" 200 8068 "https://hvmbertogarza.com/wp-login.php?action=register" "Mozilla/5.0 (Windows NT 10.0; Win64; x64) AppleWebKit/537.36 (KHTML, like Gecko) Chrome/131.0.0.0 Safari/537.36"
66.249.92.163 - - [09/Mar/2026:11:32:13 +0000] "GET /wp-content/uploads/elementor/css/post-121.css?ver=1773045546 HTTP/1.1" 200 7279 "https://hvmbertogarza.com/producto/t-shirt-caballero-playera-oficial-horror-fest-edicion-leyendas-de-mexico/" "Mozilla/5.0 (X11; Linux x86_64) AppleWebKit/537.36 (KHTML, like Gecko) Chrome/145.0.7632.116 Safari/537.36"
66.249.66.164 - - [09/Mar/2026:11:32:16 +0000] "GET /toyu/top/CSfTop.jsp HTTP/1.1" 200 33613 "-" "Mozilla/5.0 (Linux; Android 6.0.1; Nexus 5X Build/MMB29P) AppleWebKit/537.36 (KHTML, like Gecko) Chrome/144.0.7559.132 Mobile Safari/537.36 (compatible; GoogleOther)"
146.19.125.70 - - [09/Mar/2026:11:32:14 +0000] "POST /wp-login.php?action=register HTTP/1.0" 200 8514 "https://hvmbertogarza.com/wp-login.php?action=register" "Mozilla/5.0 (Windows NT 10.0; Win64; x64) AppleWebKit/537.36 (KHTML, like Gecko) Chrome/131.0.0.0 Safari/537.36"
66.249.92.163 - - [09/Mar/2026:11:32:14 +0000] "POST /?wc-ajax=get_refreshed_fragments HTTP/1.1" 200 1711 "https://hvmbertogarza.com/producto/t-shirt-caballero-playera-oficial-horror-fest-edicion-leyendas-de-mexico/" "Mozilla/5.0 (X11; Linux x86_64) AppleWebKit/537.36 (KHTML, like Gecko) Chrome/145.0.7632.116 Safari/537.36"
66.249.92.197 - - [09/Mar/2026:11:32:18 +0000] "GET /wp-content/plugins/elementor/assets/js/text-editor.45609661e409413f1cef.bundle.min.js HTTP/1.1" 200 4751 "https://hvmbertogarza.com/producto/t-shirt-caballero-playera-oficial-horror-fest-edicion-leyendas-de-mexico/" "Mozilla/5.0 (X11; Linux x86_64) AppleWebKit/537.36 (KHTML, like Gecko) Chrome/145.0.7632.116 Safari/537.36"
74.208.176.140 - - [09/Mar/2026:11:32:23 +0000] "POST /wp-cron.php?doing_wp_cron=1773055943.2327580451965332031250 HTTP/1.1" 200 4101 "-" "WordPress/6.9.1; https://hvmbertogarza.com"
146.19.125.70 - - [09/Mar/2026:11:32:18 +0000] "GET / HTTP/1.0" 200 402419 "https://hvmbertogarza.com/" "Mozilla/5.0 (Windows NT 10.0; Win64; x64) AppleWebKit/537.36 (KHTML, like Gecko) Chrome/131.0.0.0 Safari/537.36"
66.249.92.45 - - [09/Mar/2026:11:32:26 +0000] "GET /wp-content/plugins/shopengine/modules/comparison/assets/css/comparison.css?ver=6.9.1 HTTP/1.1" 200 5880 "https://hvmbertogarza.com/producto/t-shirt-caballero-playera-oficial-horror-fest-edicion-leyendas-de-mexico/" "Mozilla/5.0 (X11; Linux x86_64) AppleWebKit/537.36 (KHTML, like Gecko) Chrome/145.0.7632.116 Safari/537.36"
66.249.92.163 - - [09/Mar/2026:11:32:26 +0000] "GET /wp-content/plugins/elementor/assets/css/widget-heading.min.css?ver=3.34.0 HTTP/1.1" 200 4249 "https://hvmbertogarza.com/producto/t-shirt-caballero-playera-oficial-horror-fest-edicion-leyendas-de-mexico/" "Mozilla/5.0 (X11; Linux x86_64) AppleWebKit/537.36 (KHTML, like Gecko) Chrome/145.0.7632.116 Safari/537.36"
66.249.92.163 - - [09/Mar/2026:11:32:27 +0000] "GET /wp-content/plugins/shopengine/modules/wishlist/assets/js/wishlist.js?ver=6.9.1 HTTP/1.1" 200 4735 "https://hvmbertogarza.com/producto/t-shirt-caballero-playera-oficial-horror-fest-edicion-leyendas-de-mexico/" "Mozilla/5.0 (X11; Linux x86_64) AppleWebKit/537.36 (KHTML, like Gecko) Chrome/145.0.7632.116 Safari/537.36"
66.249.92.163 - - [09/Mar/2026:11:32:27 +0000] "GET /wp-content/uploads/elementor/css/post-121.css?ver=1773045546 HTTP/1.1" 200 3555 "https://hvmbertogarza.com/producto/t-shirt-caballero-playera-oficial-horror-fest-edicion-leyendas-de-mexico/" "Mozilla/5.0 (X11; Linux x86_64) AppleWebKit/537.36 (KHTML, like Gecko) Chrome/145.0.7632.116 Safari/537.36"
66.249.66.197 - - [09/Mar/2026:11:32:30 +0000] "GET /shop/intoxication/summity011265744110.html HTTP/1.1" 200 33704 "-" "Mozilla/5.0 (Linux; Android 6.0.1; Nexus 5X Build/MMB29P) AppleWebKit/537.36 (KHTML, like Gecko) Chrome/144.0.7559.132 Mobile Safari/537.36 (compatible; GoogleOther)"
66.249.66.163 - - [09/Mar/2026:11:32:31 +0000] "GET /shop/equangular/neptunian011258567601.html HTTP/1.1" 200 33171 "-" "Mozilla/5.0 (Linux; Android 6.0.1; Nexus 5X Build/MMB29P) AppleWebKit/537.36 (KHTML, like Gecko) Chrome/144.0.7559.132 Mobile Safari/537.36 (compatible; GoogleOther)"
66.249.92.45 - - [09/Mar/2026:11:32:28 +0000] "POST /?wc-ajax=get_refreshed_fragments HTTP/1.1" 200 1711 "https://hvmbertogarza.com/producto/t-shirt-caballero-playera-oficial-horror-fest-edicion-leyendas-de-mexico/" "Mozilla/5.0 (X11; Linux x86_64) AppleWebKit/537.36 (KHTML, like Gecko) Chrome/145.0.7632.116 Safari/537.36"
66.249.66.45 - - [09/Mar/2026:11:32:31 +0000] "GET /shop/anthophagous/metric011171561354.html HTTP/1.1" 200 33233 "-" "Mozilla/5.0 (Linux; Android 6.0.1; Nexus 5X Build/MMB29P) AppleWebKit/537.36 (KHTML, like Gecko) Chrome/144.0.7559.132 Mobile Safari/537.36 (compatible; GoogleOther)"
66.249.66.45 - - [09/Mar/2026:11:32:31 +0000] "GET /shop/langarey/denationalize012741914073.html HTTP/1.1" 200 30141 "-" "Mozilla/5.0 (Linux; Android 6.0.1; Nexus 5X Build/MMB29P) AppleWebKit/537.36 (KHTML, like Gecko) Chrome/144.0.7559.132 Mobile Safari/537.36 (compatible; GoogleOther)"
66.249.66.45 - - [09/Mar/2026:11:32:32 +0000] "GET /shop/phyllium/gadolinite011035432333.html HTTP/1.1" 200 29573 "-" "Mozilla/5.0 (Linux; Android 6.0.1; Nexus 5X Build/MMB29P) AppleWebKit/537.36 (KHTML, like Gecko) Chrome/144.0.7559.132 Mobile Safari/537.36 (compatible; GoogleOther)"
66.249.66.163 - - [09/Mar/2026:11:32:32 +0000] "GET /shop/uranous/aliturgical01851412317.html HTTP/1.1" 200 30024 "-" "Mozilla/5.0 (Linux; Android 6.0.1; Nexus 5X Build/MMB29P) AppleWebKit/537.36 (KHTML, like Gecko) Chrome/144.0.7559.132 Mobile Safari/537.36 (compatible; GoogleOther)"
66.249.66.9 - - [09/Mar/2026:11:32:45 +0000] "GET / HTTP/1.1" 200 33533 "-" "Mozilla/5.0 (Linux; Android 6.0.1; Nexus 5X Build/MMB29P) AppleWebKit/537.36 (KHTML, like Gecko) Chrome/144.0.7559.132 Mobile Safari/537.36 (compatible; Googlebot/2.1; +http://www.google.com/bot.html)"
66.249.66.197 - - [09/Mar/2026:11:33:00 +0000] "GET /shop/js/menumystoreajax.aspx?_=1772928000000 HTTP/1.1" 200 33500 "https://hvmbertogarza.com/" "Mozilla/5.0 (Linux; Android 6.0.1; Nexus 5X Build/MMB29P) AppleWebKit/537.36 (KHTML, like Gecko) Chrome/144.0.7559.132 Mobile Safari/537.36 (compatible; Googlebot/2.1; +http://www.google.com/bot.html)"
66.249.66.45 - - [09/Mar/2026:11:33:01 +0000] "GET /shop/js/cart.aspx?_=1772928000000 HTTP/1.1" 200 33486 "https://hvmbertogarza.com/" "Mozilla/5.0 (Linux; Android 6.0.1; Nexus 5X Build/MMB29P) AppleWebKit/537.36 (KHTML, like Gecko) Chrome/144.0.7559.132 Mobile Safari/537.36 (compatible; Googlebot/2.1; +http://www.google.com/bot.html)"
66.249.92.164 - - [09/Mar/2026:11:33:02 +0000] "GET /wp-content/uploads/elementor/css/post-121.css?ver=1773045546 HTTP/1.1" 200 7279 "https://hvmbertogarza.com/producto/t-shirt-caballero-playera-oficial-horror-fest-edicion-leyendas-de-mexico/" "Mozilla/5.0 (X11; Linux x86_64) AppleWebKit/537.36 (KHTML, like Gecko) Chrome/145.0.7632.116 Safari/537.36"
74.208.176.140 - - [09/Mar/2026:11:33:06 +0000] "POST /wp-cron.php?doing_wp_cron=1773055985.9936420917510986328125 HTTP/1.1" 200 4101 "-" "WordPress/6.9.1; https://hvmbertogarza.com"
66.249.92.9 - - [09/Mar/2026:11:33:03 +0000] "POST /?wc-ajax=get_refreshed_fragments HTTP/1.1" 200 5435 "https://hvmbertogarza.com/producto/t-shirt-caballero-playera-oficial-horror-fest-edicion-leyendas-de-mexico/" "Mozilla/5.0 (X11; Linux x86_64) AppleWebKit/537.36 (KHTML, like Gecko) Chrome/145.0.7632.116 Safari/537.36"
66.249.66.198 - - [09/Mar/2026:11:33:11 +0000] "GET /producto/t-shirt-caballero-alien/ HTTP/1.1" 200 33369 "-" "Mozilla/5.0 (Linux; Android 6.0.1; Nexus 5X Build/MMB29P) AppleWebKit/537.36 (KHTML, like Gecko) Chrome/144.0.7559.132 Mobile Safari/537.36 (compatible; Googlebot/2.1; +http://www.google.com/bot.html)"
74.208.176.140 - - [09/Mar/2026:11:33:29 +0000] "POST /wp-cron.php?doing_wp_cron=1773056009.6726260185241699218750 HTTP/1.1" 200 4101 "-" "WordPress/6.9.1; https://hvmbertogarza.com"
167.86.127.54 - - [09/Mar/2026:11:33:27 +0000] "POST /xmlrpc.php HTTP/1.1" 200 4248 "-" "Mozilla/5.0 (Macintosh; Intel Mac OS X 10_9_5) AppleWebKit/537.36 (KHTML, like Gecko) Chrome/65.0.3325.181 Safari/537.36"
66.249.92.9 - - [09/Mar/2026:11:33:42 +0000] "GET /wp-content/plugins/elementor/assets/css/widget-heading.min.css?ver=3.34.0 HTTP/1.1" 200 4249 "https://hvmbertogarza.com/producto/t-shirt-caballero-playera-oficial-horror-fest-edicion-leyendas-de-mexico/" "Mozilla/5.0 (X11; Linux x86_64) AppleWebKit/537.36 (KHTML, like Gecko) Chrome/145.0.7632.116 Safari/537.36"
66.249.92.9 - - [09/Mar/2026:11:33:42 +0000] "GET /wp-content/uploads/elementor/css/post-121.css?ver=1773045546 HTTP/1.1" 200 7279 "https://hvmbertogarza.com/producto/t-shirt-caballero-playera-oficial-horror-fest-edicion-leyendas-de-mexico/" "Mozilla/5.0 (X11; Linux x86_64) AppleWebKit/537.36 (KHTML, like Gecko) Chrome/145.0.7632.116 Safari/537.36"
66.249.92.9 - - [09/Mar/2026:11:33:42 +0000] "GET /wp-content/plugins/shopengine/modules/wishlist/assets/js/wishlist.js?ver=6.9.1 HTTP/1.1" 200 1011 "https://hvmbertogarza.com/producto/t-shirt-caballero-playera-oficial-horror-fest-edicion-leyendas-de-mexico/" "Mozilla/5.0 (X11; Linux x86_64) AppleWebKit/537.36 (KHTML, like Gecko) Chrome/145.0.7632.116 Safari/537.36"
66.249.92.197 - - [09/Mar/2026:11:33:43 +0000] "POST /?wc-ajax=get_refreshed_fragments HTTP/1.1" 200 5435 "https://hvmbertogarza.com/producto/t-shirt-caballero-playera-oficial-horror-fest-edicion-leyendas-de-mexico/" "Mozilla/5.0 (X11; Linux x86_64) AppleWebKit/537.36 (KHTML, like Gecko) Chrome/145.0.7632.116 Safari/537.36"
66.249.92.45 - - [09/Mar/2026:11:33:47 +0000] "GET /wp-content/plugins/elementor/assets/js/text-editor.45609661e409413f1cef.bundle.min.js HTTP/1.1" 200 4751 "https://hvmbertogarza.com/producto/t-shirt-caballero-playera-oficial-horror-fest-edicion-leyendas-de-mexico/" "Mozilla/5.0 (X11; Linux x86_64) AppleWebKit/537.36 (KHTML, like Gecko) Chrome/145.0.7632.116 Safari/537.36"
66.249.92.9 - - [09/Mar/2026:11:33:56 +0000] "GET /wp-content/plugins/shopengine/modules/comparison/assets/css/comparison.css?ver=6.9.1 HTTP/1.1" 200 5880 "https://hvmbertogarza.com/producto/t-shirt-caballero-playera-oficial-horror-fest-edicion-leyendas-de-mexico/" "Mozilla/5.0 (X11; Linux x86_64) AppleWebKit/537.36 (KHTML, like Gecko) Chrome/145.0.7632.116 Safari/537.36"
66.249.92.9 - - [09/Mar/2026:11:33:56 +0000] "GET /wp-content/plugins/elementor/assets/css/widget-heading.min.css?ver=3.34.0 HTTP/1.1" 200 4249 "https://hvmbertogarza.com/producto/t-shirt-caballero-playera-oficial-horror-fest-edicion-leyendas-de-mexico/" "Mozilla/5.0 (X11; Linux x86_64) AppleWebKit/537.36 (KHTML, like Gecko) Chrome/145.0.7632.116 Safari/537.36"
74.208.176.140 - - [09/Mar/2026:11:34:00 +0000] "POST /wp-cron.php?doing_wp_cron=1773056040.0258369445800781250000 HTTP/1.1" 200 4101 "-" "WordPress/6.9.1; https://hvmbertogarza.com"
66.249.92.45 - - [09/Mar/2026:11:33:57 +0000] "POST /?wc-ajax=get_refreshed_fragments HTTP/1.1" 200 5435 "https://hvmbertogarza.com/producto/t-shirt-caballero-playera-oficial-horror-fest-edicion-leyendas-de-mexico/" "Mozilla/5.0 (X11; Linux x86_64) AppleWebKit/537.36 (KHTML, like Gecko) Chrome/145.0.7632.116 Safari/537.36"
66.249.92.45 - - [09/Mar/2026:11:34:01 +0000] "GET /wp-content/plugins/elementor/assets/js/text-editor.45609661e409413f1cef.bundle.min.js HTTP/1.1" 200 1027 "https://hvmbertogarza.com/producto/t-shirt-caballero-playera-oficial-horror-fest-edicion-leyendas-de-mexico/" "Mozilla/5.0 (X11; Linux x86_64) AppleWebKit/537.36 (KHTML, like Gecko) Chrome/145.0.7632.116 Safari/537.36"
66.249.92.197 - - [09/Mar/2026:11:34:12 +0000] "GET /wp-content/plugins/elementor/assets/css/widget-heading.min.css?ver=3.34.0 HTTP/1.1" 200 4249 "https://hvmbertogarza.com/producto/t-shirt-caballero-playera-oficial-horror-fest-edicion-leyendas-de-mexico/" "Mozilla/5.0 (X11; Linux x86_64) AppleWebKit/537.36 (KHTML, like Gecko) Chrome/145.0.7632.116 Safari/537.36"
66.249.92.163 - - [09/Mar/2026:11:34:12 +0000] "GET /wp-content/uploads/elementor/css/post-121.css?ver=1773045546 HTTP/1.1" 200 7279 "https://hvmbertogarza.com/producto/t-shirt-caballero-playera-oficial-horror-fest-edicion-leyendas-de-mexico/" "Mozilla/5.0 (X11; Linux x86_64) AppleWebKit/537.36 (KHTML, like Gecko) Chrome/145.0.7632.116 Safari/537.36"
66.249.92.45 - - [09/Mar/2026:11:34:12 +0000] "GET /wp-content/plugins/shopengine/modules/wishlist/assets/js/wishlist.js?ver=6.9.1 HTTP/1.1" 200 4735 "https://hvmbertogarza.com/producto/t-shirt-caballero-playera-oficial-horror-fest-edicion-leyendas-de-mexico/" "Mozilla/5.0 (X11; Linux x86_64) AppleWebKit/537.36 (KHTML, like Gecko) Chrome/145.0.7632.116 Safari/537.36"
66.249.92.45 - - [09/Mar/2026:11:34:13 +0000] "POST /?wc-ajax=get_refreshed_fragments HTTP/1.1" 200 1711 "https://hvmbertogarza.com/producto/t-shirt-caballero-playera-oficial-horror-fest-edicion-leyendas-de-mexico/" "Mozilla/5.0 (X11; Linux x86_64) AppleWebKit/537.36 (KHTML, like Gecko) Chrome/145.0.7632.116 Safari/537.36"
66.249.92.163 - - [09/Mar/2026:11:34:17 +0000] "GET /wp-content/plugins/elementor/assets/js/text-editor.45609661e409413f1cef.bundle.min.js HTTP/1.1" 200 4751 "https://hvmbertogarza.com/producto/t-shirt-caballero-playera-oficial-horror-fest-edicion-leyendas-de-mexico/" "Mozilla/5.0 (X11; Linux x86_64) AppleWebKit/537.36 (KHTML, like Gecko) Chrome/145.0.7632.116 Safari/537.36"
216.73.216.173 - - [09/Mar/2026:11:34:20 +0000] "GET /robots.txt HTTP/1.1" 200 4194 "-" "Mozilla/5.0 AppleWebKit/537.36 (KHTML, like Gecko; compatible; ClaudeBot/1.0; +claudebot@anthropic.com)"
66.249.92.9 - - [09/Mar/2026:11:34:23 +0000] "GET /wp-content/plugins/elementor/assets/css/widget-heading.min.css?ver=3.34.0 HTTP/1.1" 200 4249 "https://hvmbertogarza.com/producto/t-shirt-caballero-playera-oficial-horror-fest-edicion-leyendas-de-mexico/" "Mozilla/5.0 (X11; Linux x86_64) AppleWebKit/537.36 (KHTML, like Gecko) Chrome/145.0.7632.116 Safari/537.36"
66.249.92.9 - - [09/Mar/2026:11:34:23 +0000] "GET /wp-content/plugins/shopengine/modules/comparison/assets/css/comparison.css?ver=6.9.1 HTTP/1.1" 200 2156 "https://hvmbertogarza.com/producto/t-shirt-caballero-playera-oficial-horror-fest-edicion-leyendas-de-mexico/" "Mozilla/5.0 (X11; Linux x86_64) AppleWebKit/537.36 (KHTML, like Gecko) Chrome/145.0.7632.116 Safari/537.36"
74.208.176.140 - - [09/Mar/2026:11:34:23 +0000] "POST /wp-cron.php?doing_wp_cron=1773056063.6783220767974853515625 HTTP/1.1" 200 4101 "-" "WordPress/6.9.1; https://hvmbertogarza.com"
216.73.216.173 - - [09/Mar/2026:11:34:20 +0000] "GET /pochemu-cheloveku-vazhno-oschuschat-ljubopytstvo HTTP/1.1" 301 381 "-" "Mozilla/5.0 AppleWebKit/537.36 (KHTML, like Gecko; compatible; ClaudeBot/1.0; +claudebot@anthropic.com)"
66.249.92.136 - - [09/Mar/2026:11:34:23 +0000] "GET /wp-content/uploads/elementor/css/post-121.css?ver=1773045546 HTTP/1.1" 200 7279 "https://hvmbertogarza.com/producto/t-shirt-caballero-playera-oficial-horror-fest-edicion-leyendas-de-mexico/" "Mozilla/5.0 (X11; Linux x86_64) AppleWebKit/537.36 (KHTML, like Gecko) Chrome/145.0.7632.116 Safari/537.36"
66.249.92.136 - - [09/Mar/2026:11:34:23 +0000] "GET /wp-content/plugins/shopengine/modules/wishlist/assets/js/wishlist.js?ver=6.9.1 HTTP/1.1" 200 1011 "https://hvmbertogarza.com/producto/t-shirt-caballero-playera-oficial-horror-fest-edicion-leyendas-de-mexico/" "Mozilla/5.0 (X11; Linux x86_64) AppleWebKit/537.36 (KHTML, like Gecko) Chrome/145.0.7632.116 Safari/537.36"
66.249.66.197 - - [09/Mar/2026:11:34:23 +0000] "GET /producto/artprint-chupacabras/ HTTP/1.1" 200 33401 "-" "Mozilla/5.0 (Linux; Android 6.0.1; Nexus 5X Build/MMB29P) AppleWebKit/537.36 (KHTML, like Gecko) Chrome/144.0.7559.132 Mobile Safari/537.36 (compatible; Googlebot/2.1; +http://www.google.com/bot.html)"
185.23.117.167 - - [09/Mar/2026:11:34:21 +0000] "GET /wp-login.php HTTP/1.1" 200 7037 "-" "Mozilla/5.0 (Windows NT 10.0; Win64; x64; rv:91.0) Gecko/20100101 Firefox/91.0"
216.73.216.173 - - [09/Mar/2026:11:34:23 +0000] "GET /pochemu-cheloveku-vazhno-oschuschat-ljubopytstvo/ HTTP/1.1" 200 46460 "https://hvmbertogarza.com/pochemu-cheloveku-vazhno-oschuschat-ljubopytstvo" "Mozilla/5.0 AppleWebKit/537.36 (KHTML, like Gecko; compatible; ClaudeBot/1.0; +claudebot@anthropic.com)"
66.249.92.9 - - [09/Mar/2026:11:34:24 +0000] "POST /?wc-ajax=get_refreshed_fragments HTTP/1.1" 200 1711 "https://hvmbertogarza.com/producto/t-shirt-caballero-playera-oficial-horror-fest-edicion-leyendas-de-mexico/" "Mozilla/5.0 (X11; Linux x86_64) AppleWebKit/537.36 (KHTML, like Gecko) Chrome/145.0.7632.116 Safari/537.36"
66.249.66.72 - - [09/Mar/2026:11:34:34 +0000] "GET /producto/artprint-coatachica/ HTTP/1.1" 200 33290 "-" "Mozilla/5.0 (Linux; Android 6.0.1; Nexus 5X Build/MMB29P) AppleWebKit/537.36 (KHTML, like Gecko) Chrome/144.0.7559.132 Mobile Safari/537.36 (compatible; Googlebot/2.1; +http://www.google.com/bot.html)"
66.249.66.163 - - [09/Mar/2026:11:34:35 +0000] "GET /producto/artprint-el-hombre-pajaro/ HTTP/1.1" 200 33274 "-" "Mozilla/5.0 (Linux; Android 6.0.1; Nexus 5X Build/MMB29P) AppleWebKit/537.36 (KHTML, like Gecko) Chrome/144.0.7559.132 Mobile Safari/537.36 (compatible; Googlebot/2.1; +http://www.google.com/bot.html)"
66.249.92.9 - - [09/Mar/2026:11:34:37 +0000] "GET /wp-content/plugins/elementor/assets/css/widget-heading.min.css?ver=3.34.0 HTTP/1.1" 200 4249 "https://hvmbertogarza.com/producto/t-shirt-caballero-playera-oficial-horror-fest-edicion-leyendas-de-mexico/" "Mozilla/5.0 (X11; Linux x86_64) AppleWebKit/537.36 (KHTML, like Gecko) Chrome/145.0.7632.116 Safari/537.36"
66.249.92.45 - - [09/Mar/2026:11:34:37 +0000] "GET /wp-content/plugins/shopengine/modules/comparison/assets/css/comparison.css?ver=6.9.1 HTTP/1.1" 200 5880 "https://hvmbertogarza.com/producto/t-shirt-caballero-playera-oficial-horror-fest-edicion-leyendas-de-mexico/" "Mozilla/5.0 (X11; Linux x86_64) AppleWebKit/537.36 (KHTML, like Gecko) Chrome/145.0.7632.116 Safari/537.36"
66.249.92.45 - - [09/Mar/2026:11:34:37 +0000] "GET /wp-content/uploads/elementor/css/post-121.css?ver=1773045546 HTTP/1.1" 200 3555 "https://hvmbertogarza.com/producto/t-shirt-caballero-playera-oficial-horror-fest-edicion-leyendas-de-mexico/" "Mozilla/5.0 (X11; Linux x86_64) AppleWebKit/537.36 (KHTML, like Gecko) Chrome/145.0.7632.116 Safari/537.36"
66.249.92.163 - - [09/Mar/2026:11:34:37 +0000] "GET /wp-content/plugins/shopengine/modules/wishlist/assets/js/wishlist.js?ver=6.9.1 HTTP/1.1" 200 4735 "https://hvmbertogarza.com/producto/t-shirt-caballero-playera-oficial-horror-fest-edicion-leyendas-de-mexico/" "Mozilla/5.0 (X11; Linux x86_64) AppleWebKit/537.36 (KHTML, like Gecko) Chrome/145.0.7632.116 Safari/537.36"
66.249.92.136 - - [09/Mar/2026:11:34:38 +0000] "POST /?wc-ajax=get_refreshed_fragments HTTP/1.1" 200 5435 "https://hvmbertogarza.com/producto/t-shirt-caballero-playera-oficial-horror-fest-edicion-leyendas-de-mexico/" "Mozilla/5.0 (X11; Linux x86_64) AppleWebKit/537.36 (KHTML, like Gecko) Chrome/145.0.7632.116 Safari/537.36"
66.249.66.163 - - [09/Mar/2026:11:34:42 +0000] "GET /producto/artprint-el-chaman/ HTTP/1.1" 200 32875 "-" "Mozilla/5.0 (Linux; Android 6.0.1; Nexus 5X Build/MMB29P) AppleWebKit/537.36 (KHTML, like Gecko) Chrome/144.0.7559.132 Mobile Safari/537.36 (compatible; Googlebot/2.1; +http://www.google.com/bot.html)"
66.249.92.197 - - [09/Mar/2026:11:34:48 +0000] "GET /wp-content/plugins/elementor/assets/js/text-editor.45609661e409413f1cef.bundle.min.js HTTP/1.1" 200 4751 "https://hvmbertogarza.com/producto/t-shirt-caballero-playera-oficial-horror-fest-edicion-leyendas-de-mexico/" "Mozilla/5.0 (X11; Linux x86_64) AppleWebKit/537.36 (KHTML, like Gecko) Chrome/145.0.7632.116 Safari/537.36"
66.249.66.163 - - [09/Mar/2026:11:34:50 +0000] "GET /producto/artprint-el-vampiro-de-belen/ HTTP/1.1" 200 33476 "-" "Mozilla/5.0 (Linux; Android 6.0.1; Nexus 5X Build/MMB29P) AppleWebKit/537.36 (KHTML, like Gecko) Chrome/144.0.7559.132 Mobile Safari/537.36 (compatible; Googlebot/2.1; +http://www.google.com/bot.html)"
66.249.92.163 - - [09/Mar/2026:11:34:51 +0000] "GET /wp-content/uploads/elementor/css/post-121.css?ver=1773045546 HTTP/1.1" 200 7279 "https://hvmbertogarza.com/producto/t-shirt-caballero-playera-oficial-horror-fest-edicion-leyendas-de-mexico/" "Mozilla/5.0 (X11; Linux x86_64) AppleWebKit/537.36 (KHTML, like Gecko) Chrome/145.0.7632.116 Safari/537.36"
74.208.176.140 - - [09/Mar/2026:11:34:55 +0000] "POST /wp-cron.php?doing_wp_cron=1773056094.9907341003417968750000 HTTP/1.1" 200 4101 "-" "WordPress/6.9.1; https://hvmbertogarza.com"
66.249.92.136 - - [09/Mar/2026:11:34:52 +0000] "POST /?wc-ajax=get_refreshed_fragments HTTP/1.1" 200 5435 "https://hvmbertogarza.com/producto/t-shirt-caballero-playera-oficial-horror-fest-edicion-leyendas-de-mexico/" "Mozilla/5.0 (X11; Linux x86_64) AppleWebKit/537.36 (KHTML, like Gecko) Chrome/145.0.7632.116 Safari/537.36"
66.249.92.9 - - [09/Mar/2026:11:35:03 +0000] "GET /wp-content/plugins/elementor/assets/js/text-editor.45609661e409413f1cef.bundle.min.js HTTP/1.1" 200 4751 "https://hvmbertogarza.com/producto/t-shirt-caballero-playera-oficial-horror-fest-edicion-leyendas-de-mexico/" "Mozilla/5.0 (X11; Linux x86_64) AppleWebKit/537.36 (KHTML, like Gecko) Chrome/145.0.7632.116 Safari/537.36"
74.208.176.140 - - [09/Mar/2026:11:35:05 +0000] "POST /wp-cron.php?doing_wp_cron=1773056105.3230888843536376953125 HTTP/1.1" 200 4101 "-" "WordPress/6.9.1; https://hvmbertogarza.com"
185.59.48.89 - - [09/Mar/2026:11:35:02 +0000] "GET /wp-login.php HTTP/1.1" 200 7389 "-" "Mozilla/5.0 (Windows NT 6.1; WOW64; Trident/7.0; EIE11;ENGBWOL; rv:11.0) like Gecko"
66.249.92.137 - - [09/Mar/2026:11:35:06 +0000] "GET /wp-content/uploads/elementor/css/post-121.css?ver=1773045546 HTTP/1.1" 200 7279 "https://hvmbertogarza.com/producto/t-shirt-caballero-playera-oficial-horror-fest-edicion-leyendas-de-mexico/" "Mozilla/5.0 (X11; Linux x86_64) AppleWebKit/537.36 (KHTML, like Gecko) Chrome/145.0.7632.116 Safari/537.36"
66.249.92.33 - - [09/Mar/2026:11:35:07 +0000] "GET /wp-content/plugins/elementor/assets/css/widget-heading.min.css?ver=3.34.0 HTTP/1.1" 200 4249 "https://hvmbertogarza.com/producto/t-shirt-caballero-playera-oficial-horror-fest-edicion-leyendas-de-mexico/" "Mozilla/5.0 (X11; Linux x86_64) AppleWebKit/537.36 (KHTML, like Gecko) Chrome/145.0.7632.116 Safari/537.36"
66.249.92.138 - - [09/Mar/2026:11:35:07 +0000] "GET /wp-content/plugins/shopengine/modules/comparison/assets/css/comparison.css?ver=6.9.1 HTTP/1.1" 200 5880 "https://hvmbertogarza.com/producto/t-shirt-caballero-playera-oficial-horror-fest-edicion-leyendas-de-mexico/" "Mozilla/5.0 (X11; Linux x86_64) AppleWebKit/537.36 (KHTML, like Gecko) Chrome/145.0.7632.116 Safari/537.36"
185.59.48.89 - - [09/Mar/2026:11:35:05 +0000] "POST /wp-login.php HTTP/1.1" 200 3815 "https://hvmbertogarza.com/wp-login.php" "Mozilla/5.0 (Windows NT 6.1; WOW64; Trident/7.0; EIE11;ENGBWOL; rv:11.0) like Gecko"
66.249.92.164 - - [09/Mar/2026:11:35:08 +0000] "GET /wp-content/plugins/shopengine/modules/wishlist/assets/js/wishlist.js?ver=6.9.1 HTTP/1.1" 200 4735 "https://hvmbertogarza.com/producto/t-shirt-caballero-playera-oficial-horror-fest-edicion-leyendas-de-mexico/" "Mozilla/5.0 (X11; Linux x86_64) AppleWebKit/537.36 (KHTML, like Gecko) Chrome/145.0.7632.116 Safari/537.36"
66.249.92.32 - - [09/Mar/2026:11:35:09 +0000] "POST /?wc-ajax=get_refreshed_fragments HTTP/1.1" 200 5435 "https://hvmbertogarza.com/producto/t-shirt-caballero-playera-oficial-horror-fest-edicion-leyendas-de-mexico/" "Mozilla/5.0 (X11; Linux x86_64) AppleWebKit/537.36 (KHTML, like Gecko) Chrome/145.0.7632.116 Safari/537.36"
66.249.92.197 - - [09/Mar/2026:11:35:19 +0000] "GET /wp-content/plugins/elementor/assets/css/widget-heading.min.css?ver=3.34.0 HTTP/1.1" 200 4249 "https://hvmbertogarza.com/producto/t-shirt-caballero-playera-oficial-horror-fest-edicion-leyendas-de-mexico/" "Mozilla/5.0 (X11; Linux x86_64) AppleWebKit/537.36 (KHTML, like Gecko) Chrome/145.0.7632.116 Safari/537.36"
66.249.92.163 - - [09/Mar/2026:11:35:20 +0000] "GET /wp-content/uploads/elementor/css/post-121.css?ver=1773045546 HTTP/1.1" 200 7279 "https://hvmbertogarza.com/producto/t-shirt-caballero-playera-oficial-horror-fest-edicion-leyendas-de-mexico/" "Mozilla/5.0 (X11; Linux x86_64) AppleWebKit/537.36 (KHTML, like Gecko) Chrome/145.0.7632.116 Safari/537.36"
66.249.92.163 - - [09/Mar/2026:11:35:20 +0000] "GET /wp-content/plugins/shopengine/modules/comparison/assets/css/comparison.css?ver=6.9.1 HTTP/1.1" 200 2156 "https://hvmbertogarza.com/producto/t-shirt-caballero-playera-oficial-horror-fest-edicion-leyendas-de-mexico/" "Mozilla/5.0 (X11; Linux x86_64) AppleWebKit/537.36 (KHTML, like Gecko) Chrome/145.0.7632.116 Safari/537.36"
66.249.92.9 - - [09/Mar/2026:11:35:20 +0000] "GET /wp-content/plugins/shopengine/modules/wishlist/assets/js/wishlist.js?ver=6.9.1 HTTP/1.1" 200 4735 "https://hvmbertogarza.com/producto/t-shirt-caballero-playera-oficial-horror-fest-edicion-leyendas-de-mexico/" "Mozilla/5.0 (X11; Linux x86_64) AppleWebKit/537.36 (KHTML, like Gecko) Chrome/145.0.7632.116 Safari/537.36"
74.208.176.140 - - [09/Mar/2026:11:35:23 +0000] "POST /wp-cron.php?doing_wp_cron=1773056123.9358460903167724609375 HTTP/1.1" 200 4101 "-" "WordPress/6.9.1; https://hvmbertogarza.com"
66.249.92.9 - - [09/Mar/2026:11:35:21 +0000] "POST /?wc-ajax=get_refreshed_fragments HTTP/1.1" 200 1711 "https://hvmbertogarza.com/producto/t-shirt-caballero-playera-oficial-horror-fest-edicion-leyendas-de-mexico/" "Mozilla/5.0 (X11; Linux x86_64) AppleWebKit/537.36 (KHTML, like Gecko) Chrome/145.0.7632.116 Safari/537.36"
66.249.92.9 - - [09/Mar/2026:11:35:25 +0000] "GET /wp-content/plugins/elementor/assets/js/text-editor.45609661e409413f1cef.bundle.min.js HTTP/1.1" 200 1027 "https://hvmbertogarza.com/producto/t-shirt-caballero-playera-oficial-horror-fest-edicion-leyendas-de-mexico/" "Mozilla/5.0 (X11; Linux x86_64) AppleWebKit/537.36 (KHTML, like Gecko) Chrome/145.0.7632.116 Safari/537.36"
66.249.92.9 - - [09/Mar/2026:11:35:27 +0000] "GET /wp-content/plugins/shopengine/modules/wishlist/assets/js/wishlist.js?ver=6.9.1 HTTP/1.1" 200 1011 "https://hvmbertogarza.com/producto/t-shirt-caballero-playera-oficial-horror-fest-edicion-leyendas-de-mexico/" "Mozilla/5.0 (X11; Linux x86_64) AppleWebKit/537.36 (KHTML, like Gecko) Chrome/145.0.7632.116 Safari/537.36"
66.249.92.163 - - [09/Mar/2026:11:35:28 +0000] "GET /wp-content/plugins/elementor/assets/css/widget-heading.min.css?ver=3.34.0 HTTP/1.1" 200 4249 "https://hvmbertogarza.com/producto/t-shirt-caballero-playera-oficial-horror-fest-edicion-leyendas-de-mexico/" "Mozilla/5.0 (X11; Linux x86_64) AppleWebKit/537.36 (KHTML, like Gecko) Chrome/145.0.7632.116 Safari/537.36"
66.249.92.9 - - [09/Mar/2026:11:35:29 +0000] "GET /wp-content/plugins/shopengine/modules/comparison/assets/css/comparison.css?ver=6.9.1 HTTP/1.1" 200 2156 "https://hvmbertogarza.com/producto/t-shirt-caballero-playera-oficial-horror-fest-edicion-leyendas-de-mexico/" "Mozilla/5.0 (X11; Linux x86_64) AppleWebKit/537.36 (KHTML, like Gecko) Chrome/145.0.7632.116 Safari/537.36"
66.249.92.163 - - [09/Mar/2026:11:35:29 +0000] "GET /wp-content/uploads/elementor/css/post-121.css?ver=1773045546 HTTP/1.1" 200 3555 "https://hvmbertogarza.com/producto/t-shirt-caballero-playera-oficial-horror-fest-edicion-leyendas-de-mexico/" "Mozilla/5.0 (X11; Linux x86_64) AppleWebKit/537.36 (KHTML, like Gecko) Chrome/145.0.7632.116 Safari/537.36"
216.73.216.173 - - [09/Mar/2026:11:35:30 +0000] "GET /zachem-lichnosti-neobhodimo-chuvstvovat-lichnoe-vkljuchennost HTTP/1.1" 301 4180 "-" "Mozilla/5.0 AppleWebKit/537.36 (KHTML, like Gecko; compatible; ClaudeBot/1.0; +claudebot@anthropic.com)"
66.249.92.45 - - [09/Mar/2026:11:35:30 +0000] "POST /?wc-ajax=get_refreshed_fragments HTTP/1.1" 200 5435 "https://hvmbertogarza.com/producto/t-shirt-caballero-playera-oficial-horror-fest-edicion-leyendas-de-mexico/" "Mozilla/5.0 (X11; Linux x86_64) AppleWebKit/537.36 (KHTML, like Gecko) Chrome/145.0.7632.116 Safari/537.36"
216.73.216.173 - - [09/Mar/2026:11:35:32 +0000] "GET /zachem-lichnosti-neobhodimo-chuvstvovat-lichnoe-vkljuchennost/ HTTP/1.1" 200 45813 "https://hvmbertogarza.com/zachem-lichnosti-neobhodimo-chuvstvovat-lichnoe-vkljuchennost" "Mozilla/5.0 AppleWebKit/537.36 (KHTML, like Gecko; compatible; ClaudeBot/1.0; +claudebot@anthropic.com)"
66.249.92.197 - - [09/Mar/2026:11:35:37 +0000] "GET /wp-content/uploads/elementor/css/post-121.css?ver=1773045546 HTTP/1.1" 200 7279 "https://hvmbertogarza.com/producto/t-shirt-caballero-playera-oficial-horror-fest-edicion-leyendas-de-mexico/" "Mozilla/5.0 (X11; Linux x86_64) AppleWebKit/537.36 (KHTML, like Gecko) Chrome/145.0.7632.116 Safari/537.36"
66.249.92.45 - - [09/Mar/2026:11:35:37 +0000] "GET /wp-content/plugins/elementor/assets/css/widget-heading.min.css?ver=3.34.0 HTTP/1.1" 200 4249 "https://hvmbertogarza.com/producto/t-shirt-caballero-playera-oficial-horror-fest-edicion-leyendas-de-mexico/" "Mozilla/5.0 (X11; Linux x86_64) AppleWebKit/537.36 (KHTML, like Gecko) Chrome/145.0.7632.116 Safari/537.36"
66.249.92.197 - - [09/Mar/2026:11:35:37 +0000] "GET /wp-content/plugins/shopengine/modules/wishlist/assets/js/wishlist.js?ver=6.9.1 HTTP/1.1" 200 1011 "https://hvmbertogarza.com/producto/t-shirt-caballero-playera-oficial-horror-fest-edicion-leyendas-de-mexico/" "Mozilla/5.0 (X11; Linux x86_64) AppleWebKit/537.36 (KHTML, like Gecko) Chrome/145.0.7632.116 Safari/537.36"
66.249.66.72 - - [09/Mar/2026:11:35:39 +0000] "GET /producto/t-shirt-caballero-catrina/ HTTP/1.1" 200 32597 "-" "Mozilla/5.0 (Linux; Android 6.0.1; Nexus 5X Build/MMB29P) AppleWebKit/537.36 (KHTML, like Gecko) Chrome/144.0.7559.132 Mobile Safari/537.36 (compatible; Googlebot/2.1; +http://www.google.com/bot.html)"
66.249.66.163 - - [09/Mar/2026:11:35:40 +0000] "GET /producto/artprint-la-isla-de-las-munecas/ HTTP/1.1" 200 33095 "-" "Mozilla/5.0 (Linux; Android 6.0.1; Nexus 5X Build/MMB29P) AppleWebKit/537.36 (KHTML, like Gecko) Chrome/144.0.7559.132 Mobile Safari/537.36 (compatible; Googlebot/2.1; +http://www.google.com/bot.html)"
66.249.92.9 - - [09/Mar/2026:11:35:38 +0000] "POST /?wc-ajax=get_refreshed_fragments HTTP/1.1" 200 5435 "https://hvmbertogarza.com/producto/t-shirt-caballero-playera-oficial-horror-fest-edicion-leyendas-de-mexico/" "Mozilla/5.0 (X11; Linux x86_64) AppleWebKit/537.36 (KHTML, like Gecko) Chrome/145.0.7632.116 Safari/537.36"
66.249.92.197 - - [09/Mar/2026:11:35:42 +0000] "GET /wp-content/plugins/elementor/assets/js/text-editor.45609661e409413f1cef.bundle.min.js HTTP/1.1" 200 4751 "https://hvmbertogarza.com/producto/t-shirt-caballero-playera-oficial-horror-fest-edicion-leyendas-de-mexico/" "Mozilla/5.0 (X11; Linux x86_64) AppleWebKit/537.36 (KHTML, like Gecko) Chrome/145.0.7632.116 Safari/537.36"
66.249.92.45 - - [09/Mar/2026:11:35:48 +0000] "GET /wp-content/plugins/shopengine/modules/wishlist/assets/js/wishlist.js?ver=6.9.1 HTTP/1.1" 200 4735 "https://hvmbertogarza.com/producto/t-shirt-caballero-playera-oficial-horror-fest-edicion-leyendas-de-mexico/" "Mozilla/5.0 (X11; Linux x86_64) AppleWebKit/537.36 (KHTML, like Gecko) Chrome/145.0.7632.116 Safari/537.36"
66.249.92.45 - - [09/Mar/2026:11:35:48 +0000] "GET /wp-content/plugins/elementor/assets/css/widget-heading.min.css?ver=3.34.0 HTTP/1.1" 200 525 "https://hvmbertogarza.com/producto/t-shirt-caballero-playera-oficial-horror-fest-edicion-leyendas-de-mexico/" "Mozilla/5.0 (X11; Linux x86_64) AppleWebKit/537.36 (KHTML, like Gecko) Chrome/145.0.7632.116 Safari/537.36"
66.249.92.197 - - [09/Mar/2026:11:35:49 +0000] "GET /wp-content/plugins/shopengine/modules/comparison/assets/css/comparison.css?ver=6.9.1 HTTP/1.1" 200 5880 "https://hvmbertogarza.com/producto/t-shirt-caballero-playera-oficial-horror-fest-edicion-leyendas-de-mexico/" "Mozilla/5.0 (X11; Linux x86_64) AppleWebKit/537.36 (KHTML, like Gecko) Chrome/145.0.7632.116 Safari/537.36"
74.208.176.140 - - [09/Mar/2026:11:35:52 +0000] "POST /wp-cron.php?doing_wp_cron=1773056152.1445009708404541015625 HTTP/1.1" 200 4101 "-" "WordPress/6.9.1; https://hvmbertogarza.com"
66.249.92.197 - - [09/Mar/2026:11:35:50 +0000] "POST /?wc-ajax=get_refreshed_fragments HTTP/1.1" 200 1711 "https://hvmbertogarza.com/producto/t-shirt-caballero-playera-oficial-horror-fest-edicion-leyendas-de-mexico/" "Mozilla/5.0 (X11; Linux x86_64) AppleWebKit/537.36 (KHTML, like Gecko) Chrome/145.0.7632.116 Safari/537.36"
66.249.92.197 - - [09/Mar/2026:11:35:55 +0000] "GET /wp-content/plugins/elementor/assets/js/text-editor.45609661e409413f1cef.bundle.min.js HTTP/1.1" 200 1027 "https://hvmbertogarza.com/producto/t-shirt-caballero-playera-oficial-horror-fest-edicion-leyendas-de-mexico/" "Mozilla/5.0 (X11; Linux x86_64) AppleWebKit/537.36 (KHTML, like Gecko) Chrome/145.0.7632.116 Safari/537.36"
66.249.92.197 - - [09/Mar/2026:11:35:58 +0000] "GET /wp-content/plugins/shopengine/modules/comparison/assets/css/comparison.css?ver=6.9.1 HTTP/1.1" 200 2156 "https://hvmbertogarza.com/producto/t-shirt-caballero-playera-oficial-horror-fest-edicion-leyendas-de-mexico/" "Mozilla/5.0 (X11; Linux x86_64) AppleWebKit/537.36 (KHTML, like Gecko) Chrome/145.0.7632.116 Safari/537.36"
66.249.92.9 - - [09/Mar/2026:11:35:59 +0000] "GET /wp-content/plugins/elementor/assets/css/widget-heading.min.css?ver=3.34.0 HTTP/1.1" 200 4249 "https://hvmbertogarza.com/producto/t-shirt-caballero-playera-oficial-horror-fest-edicion-leyendas-de-mexico/" "Mozilla/5.0 (X11; Linux x86_64) AppleWebKit/537.36 (KHTML, like Gecko) Chrome/145.0.7632.116 Safari/537.36"
66.249.92.136 - - [09/Mar/2026:11:35:59 +0000] "GET /wp-content/plugins/shopengine/modules/wishlist/assets/js/wishlist.js?ver=6.9.1 HTTP/1.1" 200 4735 "https://hvmbertogarza.com/producto/t-shirt-caballero-playera-oficial-horror-fest-edicion-leyendas-de-mexico/" "Mozilla/5.0 (X11; Linux x86_64) AppleWebKit/537.36 (KHTML, like Gecko) Chrome/145.0.7632.116 Safari/537.36"
66.249.92.9 - - [09/Mar/2026:11:35:59 +0000] "GET /wp-content/uploads/elementor/css/post-121.css?ver=1773045546 HTTP/1.1" 200 3555 "https://hvmbertogarza.com/producto/t-shirt-caballero-playera-oficial-horror-fest-edicion-leyendas-de-mexico/" "Mozilla/5.0 (X11; Linux x86_64) AppleWebKit/537.36 (KHTML, like Gecko) Chrome/145.0.7632.116 Safari/537.36"
66.249.66.72 - - [09/Mar/2026:11:35:59 +0000] "GET /producto/artprint-drakula/ HTTP/1.1" 200 33314 "-" "Mozilla/5.0 (Linux; Android 6.0.1; Nexus 5X Build/MMB29P) AppleWebKit/537.36 (KHTML, like Gecko) Chrome/144.0.7559.132 Mobile Safari/537.36 (compatible; Googlebot/2.1; +http://www.google.com/bot.html)"
198.244.240.77 - - [09/Mar/2026:11:35:59 +0000] "GET /pochemu-kazhdomu-vazhno-perezhivat-uchastie-v-dejatelnost/ HTTP/1.1" 200 49842 "-" "Mozilla/5.0 (compatible; AhrefsBot/7.0; +http://ahrefs.com/robot/)"
66.249.92.163 - - [09/Mar/2026:11:36:02 +0000] "POST /?wc-ajax=get_refreshed_fragments HTTP/1.1" 200 5435 "https://hvmbertogarza.com/producto/t-shirt-caballero-playera-oficial-horror-fest-edicion-leyendas-de-mexico/" "Mozilla/5.0 (X11; Linux x86_64) AppleWebKit/537.36 (KHTML, like Gecko) Chrome/145.0.7632.116 Safari/537.36"
66.249.92.136 - - [09/Mar/2026:11:36:12 +0000] "GET /wp-content/plugins/elementor/assets/css/widget-heading.min.css?ver=3.34.0 HTTP/1.1" 200 4249 "https://hvmbertogarza.com/producto/t-shirt-caballero-playera-oficial-horror-fest-edicion-leyendas-de-mexico/" "Mozilla/5.0 (X11; Linux x86_64) AppleWebKit/537.36 (KHTML, like Gecko) Chrome/145.0.7632.116 Safari/537.36"
66.249.92.136 - - [09/Mar/2026:11:36:13 +0000] "GET /wp-content/uploads/elementor/css/post-121.css?ver=1773045546 HTTP/1.1" 200 3555 "https://hvmbertogarza.com/producto/t-shirt-caballero-playera-oficial-horror-fest-edicion-leyendas-de-mexico/" "Mozilla/5.0 (X11; Linux x86_64) AppleWebKit/537.36 (KHTML, like Gecko) Chrome/145.0.7632.116 Safari/537.36"
66.249.92.136 - - [09/Mar/2026:11:36:14 +0000] "GET /wp-content/plugins/shopengine/modules/comparison/assets/css/comparison.css?ver=6.9.1 HTTP/1.1" 200 2156 "https://hvmbertogarza.com/producto/t-shirt-caballero-playera-oficial-horror-fest-edicion-leyendas-de-mexico/" "Mozilla/5.0 (X11; Linux x86_64) AppleWebKit/537.36 (KHTML, like Gecko) Chrome/145.0.7632.116 Safari/537.36"
66.249.92.163 - - [09/Mar/2026:11:36:14 +0000] "GET /wp-content/plugins/shopengine/modules/wishlist/assets/js/wishlist.js?ver=6.9.1 HTTP/1.1" 200 4735 "https://hvmbertogarza.com/producto/t-shirt-caballero-playera-oficial-horror-fest-edicion-leyendas-de-mexico/" "Mozilla/5.0 (X11; Linux x86_64) AppleWebKit/537.36 (KHTML, like Gecko) Chrome/145.0.7632.116 Safari/537.36"
66.249.92.197 - - [09/Mar/2026:11:36:15 +0000] "POST /?wc-ajax=get_refreshed_fragments HTTP/1.1" 200 5435 "https://hvmbertogarza.com/producto/t-shirt-caballero-playera-oficial-horror-fest-edicion-leyendas-de-mexico/" "Mozilla/5.0 (X11; Linux x86_64) AppleWebKit/537.36 (KHTML, like Gecko) Chrome/145.0.7632.116 Safari/537.36"
66.249.92.9 - - [09/Mar/2026:11:36:30 +0000] "GET /wp-content/plugins/elementor/assets/js/text-editor.45609661e409413f1cef.bundle.min.js HTTP/1.1" 200 4751 "https://hvmbertogarza.com/producto/t-shirt-caballero-playera-oficial-horror-fest-edicion-leyendas-de-mexico/" "Mozilla/5.0 (X11; Linux x86_64) AppleWebKit/537.36 (KHTML, like Gecko) Chrome/145.0.7632.116 Safari/537.36"
66.249.92.163 - - [09/Mar/2026:11:36:36 +0000] "GET /wp-content/plugins/elementor/assets/css/widget-heading.min.css?ver=3.34.0 HTTP/1.1" 200 4249 "https://hvmbertogarza.com/producto/t-shirt-caballero-playera-oficial-horror-fest-edicion-leyendas-de-mexico/" "Mozilla/5.0 (X11; Linux x86_64) AppleWebKit/537.36 (KHTML, like Gecko) Chrome/145.0.7632.116 Safari/537.36"
66.249.92.45 - - [09/Mar/2026:11:36:36 +0000] "GET /wp-content/uploads/elementor/css/post-121.css?ver=1773045546 HTTP/1.1" 200 7279 "https://hvmbertogarza.com/producto/t-shirt-caballero-playera-oficial-horror-fest-edicion-leyendas-de-mexico/" "Mozilla/5.0 (X11; Linux x86_64) AppleWebKit/537.36 (KHTML, like Gecko) Chrome/145.0.7632.116 Safari/537.36"
66.249.92.9 - - [09/Mar/2026:11:36:37 +0000] "GET /wp-content/plugins/shopengine/modules/comparison/assets/css/comparison.css?ver=6.9.1 HTTP/1.1" 200 5880 "https://hvmbertogarza.com/producto/t-shirt-caballero-playera-oficial-horror-fest-edicion-leyendas-de-mexico/" "Mozilla/5.0 (X11; Linux x86_64) AppleWebKit/537.36 (KHTML, like Gecko) Chrome/145.0.7632.116 Safari/537.36"
66.249.92.163 - - [09/Mar/2026:11:36:37 +0000] "GET /wp-content/plugins/shopengine/modules/wishlist/assets/js/wishlist.js?ver=6.9.1 HTTP/1.1" 200 1011 "https://hvmbertogarza.com/producto/t-shirt-caballero-playera-oficial-horror-fest-edicion-leyendas-de-mexico/" "Mozilla/5.0 (X11; Linux x86_64) AppleWebKit/537.36 (KHTML, like Gecko) Chrome/145.0.7632.116 Safari/537.36"
74.208.176.140 - - [09/Mar/2026:11:36:40 +0000] "POST /wp-cron.php?doing_wp_cron=1773056200.8720700740814208984375 HTTP/1.1" 200 4101 "-" "WordPress/6.9.1; https://hvmbertogarza.com"
66.249.92.45 - - [09/Mar/2026:11:36:38 +0000] "POST /?wc-ajax=get_refreshed_fragments HTTP/1.1" 200 1711 "https://hvmbertogarza.com/producto/t-shirt-caballero-playera-oficial-horror-fest-edicion-leyendas-de-mexico/" "Mozilla/5.0 (X11; Linux x86_64) AppleWebKit/537.36 (KHTML, like Gecko) Chrome/145.0.7632.116 Safari/537.36"
66.249.92.9 - - [09/Mar/2026:11:36:49 +0000] "GET /wp-content/plugins/elementor/assets/js/text-editor.45609661e409413f1cef.bundle.min.js HTTP/1.1" 200 4751 "https://hvmbertogarza.com/producto/t-shirt-caballero-playera-oficial-horror-fest-edicion-leyendas-de-mexico/" "Mozilla/5.0 (X11; Linux x86_64) AppleWebKit/537.36 (KHTML, like Gecko) Chrome/145.0.7632.116 Safari/537.36"
74.208.176.140 - - [09/Mar/2026:11:36:52 +0000] "POST /wp-cron.php?doing_wp_cron=1773056212.5064940452575683593750 HTTP/1.1" 200 4101 "-" "WordPress/6.9.1; https://hvmbertogarza.com"
157.230.226.169 - - [09/Mar/2026:11:36:49 +0000] "POST /xmlrpc.php HTTP/1.1" 200 4248 "-" "Mozilla/5.0 (Windows NT 10.0; WOW64; Trident/7.0; MASMJS; rv:11.0) like Gecko"
74.208.176.140 - - [09/Mar/2026:11:37:09 +0000] "POST /wp-cron.php?doing_wp_cron=1773056229.4139370918273925781250 HTTP/1.1" 200 4101 "-" "WordPress/6.9.1; https://hvmbertogarza.com"
38.180.158.36 - - [09/Mar/2026:11:37:05 +0000] "GET /hue-science-and-affective-impact-in-online-platforms/ HTTP/1.1" 200 49312 "-" "Mozilla/5.0 (Macintosh; Intel Mac OS X 10_12_6) AppleWebKit/603.3.8 (KHTML, like Gecko) Version/10.1.2 Safari/603.3.8"
66.249.92.10 - - [09/Mar/2026:11:37:10 +0000] "GET /wp-content/uploads/elementor/css/post-121.css?ver=1773045546 HTTP/1.1" 200 7279 "https://hvmbertogarza.com/producto/t-shirt-caballero-playera-oficial-horror-fest-edicion-leyendas-de-mexico/" "Mozilla/5.0 (X11; Linux x86_64) AppleWebKit/537.36 (KHTML, like Gecko) Chrome/145.0.7632.116 Safari/537.36"
66.249.92.138 - - [09/Mar/2026:11:37:10 +0000] "GET /wp-content/plugins/shopengine/modules/comparison/assets/css/comparison.css?ver=6.9.1 HTTP/1.1" 200 5880 "https://hvmbertogarza.com/producto/t-shirt-caballero-playera-oficial-horror-fest-edicion-leyendas-de-mexico/" "Mozilla/5.0 (X11; Linux x86_64) AppleWebKit/537.36 (KHTML, like Gecko) Chrome/145.0.7632.116 Safari/537.36"
38.180.158.36 - - [09/Mar/2026:11:37:09 +0000] "GET /hue-science-and-affective-impact-in-online-platforms/ HTTP/1.1" 200 49311 "-" "Mozilla/5.0 (Macintosh; Intel Mac OS X 10_12_6) AppleWebKit/603.3.8 (KHTML, like Gecko) Version/10.1.2 Safari/603.3.8"
74.208.176.140 - - [09/Mar/2026:11:37:21 +0000] "POST /wp-cron.php?doing_wp_cron=1773056241.4083468914031982421875 HTTP/1.1" 200 4101 "-" "WordPress/6.9.1; https://hvmbertogarza.com"
216.73.216.173 - - [09/Mar/2026:11:37:18 +0000] "GET /zachem-lichnosti-vazhno-ispytyvat-lichnoe-uchastie HTTP/1.1" 301 4169 "-" "Mozilla/5.0 AppleWebKit/537.36 (KHTML, like Gecko; compatible; ClaudeBot/1.0; +claudebot@anthropic.com)"
216.73.216.173 - - [09/Mar/2026:11:37:21 +0000] "GET /zachem-lichnosti-vazhno-ispytyvat-lichnoe-uchastie/ HTTP/1.1" 200 45815 "https://hvmbertogarza.com/zachem-lichnosti-vazhno-ispytyvat-lichnoe-uchastie" "Mozilla/5.0 AppleWebKit/537.36 (KHTML, like Gecko; compatible; ClaudeBot/1.0; +claudebot@anthropic.com)"
66.249.92.32 - - [09/Mar/2026:11:37:42 +0000] "POST /?wc-ajax=get_refreshed_fragments HTTP/1.1" 200 5435 "https://hvmbertogarza.com/producto/t-shirt-caballero-playera-oficial-horror-fest-edicion-leyendas-de-mexico/" "Mozilla/5.0 (X11; Linux x86_64) AppleWebKit/537.36 (KHTML, like Gecko) Chrome/145.0.7632.116 Safari/537.36"
66.249.92.164 - - [09/Mar/2026:11:38:20 +0000] "POST /?wc-ajax=get_refreshed_fragments HTTP/1.1" 200 5435 "https://hvmbertogarza.com/producto/t-shirt-caballero-playera-oficial-horror-fest-edicion-leyendas-de-mexico/" "Mozilla/5.0 (X11; Linux x86_64) AppleWebKit/537.36 (KHTML, like Gecko) Chrome/145.0.7632.116 Safari/537.36"
74.208.176.140 - - [09/Mar/2026:11:38:23 +0000] "POST /wp-cron.php?doing_wp_cron=1773056303.1528940200805664062500 HTTP/1.1" 200 4101 "-" "WordPress/6.9.1; https://hvmbertogarza.com"
66.249.92.198 - - [09/Mar/2026:11:38:47 +0000] "GET /wp-content/plugins/elementor/assets/js/text-editor.45609661e409413f1cef.bundle.min.js HTTP/1.1" 200 4751 "https://hvmbertogarza.com/producto/t-shirt-caballero-playera-oficial-horror-fest-edicion-leyendas-de-mexico/" "Mozilla/5.0 (X11; Linux x86_64) AppleWebKit/537.36 (KHTML, like Gecko) Chrome/145.0.7632.116 Safari/537.36"
45.118.158.96 - - [09/Mar/2026:11:38:44 +0000] "GET /contacto/ HTTP/1.1" 200 40951 "-" "Mozilla/5.0 (X11; Linux x86_64) AppleWebKit/537.36 (KHTML, like Gecko) Chrome/114.0.0.0 Safari/537.36 Vivaldi/5.3.2679.68"
74.208.176.140 - - [09/Mar/2026:11:38:56 +0000] "POST /wp-cron.php?doing_wp_cron=1773056336.1532080173492431640625 HTTP/1.1" 200 4101 "-" "WordPress/6.9.1; https://hvmbertogarza.com"
66.249.92.45 - - [09/Mar/2026:11:38:54 +0000] "POST /?wc-ajax=get_refreshed_fragments HTTP/1.1" 200 5435 "https://hvmbertogarza.com/producto/t-shirt-caballero-playera-oficial-horror-fest-edicion-leyendas-de-mexico/" "Mozilla/5.0 (X11; Linux x86_64) AppleWebKit/537.36 (KHTML, like Gecko) Chrome/145.0.7632.116 Safari/537.36"
54.38.147.19 - - [09/Mar/2026:11:38:59 +0000] "GET /wp-content/plugins/shopengine/modules/swatches/loop-product-support/assets/swatches.css?ver=1773056162 HTTP/1.1" 200 4040 "-" "Mozilla/5.0 (compatible; AhrefsBot/7.0; +http://ahrefs.com/robot/)"
74.208.176.140 - - [09/Mar/2026:11:39:18 +0000] "POST /wp-cron.php?doing_wp_cron=1773056358.1600990295410156250000 HTTP/1.1" 200 4101 "-" "WordPress/6.9.1; https://hvmbertogarza.com"
66.249.92.32 - - [09/Mar/2026:11:39:15 +0000] "POST /?wc-ajax=get_refreshed_fragments HTTP/1.1" 200 5435 "https://hvmbertogarza.com/producto/t-shirt-caballero-playera-oficial-horror-fest-edicion-leyendas-de-mexico/" "Mozilla/5.0 (X11; Linux x86_64) AppleWebKit/537.36 (KHTML, like Gecko) Chrome/145.0.7632.116 Safari/537.36"
66.249.92.136 - - [09/Mar/2026:11:39:30 +0000] "GET /wp-content/plugins/elementor/assets/js/text-editor.45609661e409413f1cef.bundle.min.js HTTP/1.1" 200 4751 "https://hvmbertogarza.com/producto/t-shirt-caballero-playera-oficial-horror-fest-edicion-leyendas-de-mexico/" "Mozilla/5.0 (X11; Linux x86_64) AppleWebKit/537.36 (KHTML, like Gecko) Chrome/145.0.7632.116 Safari/537.36"
66.249.66.45 - - [09/Mar/2026:11:39:39 +0000] "GET /producto/artprint-la-planchada/ HTTP/1.1" 200 34221 "-" "Mozilla/5.0 (Linux; Android 6.0.1; Nexus 5X Build/MMB29P) AppleWebKit/537.36 (KHTML, like Gecko) Chrome/144.0.7559.132 Mobile Safari/537.36 (compatible; Googlebot/2.1; +http://www.google.com/bot.html)"
