74.208.176.140 - - [09/Mar/2026:11:39:39 +0000] "POST /wp-cron.php?doing_wp_cron=1773056379.5166690349578857421875 HTTP/1.1" 200 4101 "-" "WordPress/6.9.1; https://hvmbertogarza.com"
66.249.92.136 - - [09/Mar/2026:11:39:37 +0000] "POST /?wc-ajax=get_refreshed_fragments HTTP/1.1" 200 5435 "https://hvmbertogarza.com/producto/t-shirt-caballero-playera-oficial-horror-fest-edicion-leyendas-de-mexico/" "Mozilla/5.0 (X11; Linux x86_64) AppleWebKit/537.36 (KHTML, like Gecko) Chrome/145.0.7632.116 Safari/537.36"
66.249.66.45 - - [09/Mar/2026:11:39:43 +0000] "GET /shop/pg/1recruit/ HTTP/1.1" 200 33385 "-" "Mozilla/5.0 (Linux; Android 6.0.1; Nexus 5X Build/MMB29P) AppleWebKit/537.36 (KHTML, like Gecko) Chrome/144.0.7559.132 Mobile Safari/537.36 (compatible; GoogleOther)"
66.249.92.45 - - [09/Mar/2026:11:39:54 +0000] "POST /?wc-ajax=get_refreshed_fragments HTTP/1.1" 200 5435 "https://hvmbertogarza.com/producto/t-shirt-caballero-playera-oficial-horror-fest-edicion-leyendas-de-mexico/" "Mozilla/5.0 (X11; Linux x86_64) AppleWebKit/537.36 (KHTML, like Gecko) Chrome/145.0.7632.116 Safari/537.36"
66.249.92.10 - - [09/Mar/2026:11:40:05 +0000] "GET /wp-content/plugins/elementor/assets/js/text-editor.45609661e409413f1cef.bundle.min.js HTTP/1.1" 200 4751 "https://hvmbertogarza.com/producto/t-shirt-caballero-playera-oficial-horror-fest-edicion-leyendas-de-mexico/" "Mozilla/5.0 (X11; Linux x86_64) AppleWebKit/537.36 (KHTML, like Gecko) Chrome/145.0.7632.116 Safari/537.36"
66.249.92.197 - - [09/Mar/2026:11:40:09 +0000] "GET /wp-content/uploads/elementor/css/post-121.css?ver=1773045546 HTTP/1.1" 200 7279 "https://hvmbertogarza.com/producto/t-shirt-caballero-playera-oficial-horror-fest-edicion-leyendas-de-mexico/" "Mozilla/5.0 (X11; Linux x86_64) AppleWebKit/537.36 (KHTML, like Gecko) Chrome/145.0.7632.116 Safari/537.36"
66.249.92.163 - - [09/Mar/2026:11:40:09 +0000] "GET /wp-content/plugins/shopengine/modules/comparison/assets/css/comparison.css?ver=6.9.1 HTTP/1.1" 200 5880 "https://hvmbertogarza.com/producto/t-shirt-caballero-playera-oficial-horror-fest-edicion-leyendas-de-mexico/" "Mozilla/5.0 (X11; Linux x86_64) AppleWebKit/537.36 (KHTML, like Gecko) Chrome/145.0.7632.116 Safari/537.36"
66.249.92.33 - - [09/Mar/2026:11:40:09 +0000] "GET /wp-content/plugins/elementor/assets/css/widget-heading.min.css?ver=3.34.0 HTTP/1.1" 200 4249 "https://hvmbertogarza.com/producto/t-shirt-caballero-playera-oficial-horror-fest-edicion-leyendas-de-mexico/" "Mozilla/5.0 (X11; Linux x86_64) AppleWebKit/537.36 (KHTML, like Gecko) Chrome/145.0.7632.116 Safari/537.36"
66.249.92.164 - - [09/Mar/2026:11:40:09 +0000] "GET /wp-content/plugins/shopengine/modules/wishlist/assets/js/wishlist.js?ver=6.9.1 HTTP/1.1" 200 4735 "https://hvmbertogarza.com/producto/t-shirt-caballero-playera-oficial-horror-fest-edicion-leyendas-de-mexico/" "Mozilla/5.0 (X11; Linux x86_64) AppleWebKit/537.36 (KHTML, like Gecko) Chrome/145.0.7632.116 Safari/537.36"
74.208.176.140 - - [09/Mar/2026:11:40:13 +0000] "POST /wp-cron.php?doing_wp_cron=1773056413.7830069065093994140625 HTTP/1.1" 200 4101 "-" "WordPress/6.9.1; https://hvmbertogarza.com"
66.249.92.136 - - [09/Mar/2026:11:40:10 +0000] "POST /?wc-ajax=get_refreshed_fragments HTTP/1.1" 200 5435 "https://hvmbertogarza.com/producto/t-shirt-caballero-playera-oficial-horror-fest-edicion-leyendas-de-mexico/" "Mozilla/5.0 (X11; Linux x86_64) AppleWebKit/537.36 (KHTML, like Gecko) Chrome/145.0.7632.116 Safari/537.36"
66.249.92.45 - - [09/Mar/2026:11:40:17 +0000] "GET /wp-content/plugins/elementor/assets/css/widget-heading.min.css?ver=3.34.0 HTTP/1.1" 200 4249 "https://hvmbertogarza.com/producto/t-shirt-caballero-playera-oficial-horror-fest-edicion-leyendas-de-mexico/" "Mozilla/5.0 (X11; Linux x86_64) AppleWebKit/537.36 (KHTML, like Gecko) Chrome/145.0.7632.116 Safari/537.36"
66.249.92.163 - - [09/Mar/2026:11:40:17 +0000] "GET /wp-content/plugins/shopengine/modules/comparison/assets/css/comparison.css?ver=6.9.1 HTTP/1.1" 200 5880 "https://hvmbertogarza.com/producto/t-shirt-caballero-playera-oficial-horror-fest-edicion-leyendas-de-mexico/" "Mozilla/5.0 (X11; Linux x86_64) AppleWebKit/537.36 (KHTML, like Gecko) Chrome/145.0.7632.116 Safari/537.36"
66.249.92.197 - - [09/Mar/2026:11:40:17 +0000] "GET /wp-content/plugins/shopengine/modules/wishlist/assets/js/wishlist.js?ver=6.9.1 HTTP/1.1" 200 4735 "https://hvmbertogarza.com/producto/t-shirt-caballero-playera-oficial-horror-fest-edicion-leyendas-de-mexico/" "Mozilla/5.0 (X11; Linux x86_64) AppleWebKit/537.36 (KHTML, like Gecko) Chrome/145.0.7632.116 Safari/537.36"
74.208.176.140 - - [09/Mar/2026:11:40:21 +0000] "POST /wp-cron.php?doing_wp_cron=1773056421.7459549903869628906250 HTTP/1.1" 200 4101 "-" "WordPress/6.9.1; https://hvmbertogarza.com"
66.249.92.163 - - [09/Mar/2026:11:40:19 +0000] "POST /?wc-ajax=get_refreshed_fragments HTTP/1.1" 200 1711 "https://hvmbertogarza.com/producto/t-shirt-caballero-playera-oficial-horror-fest-edicion-leyendas-de-mexico/" "Mozilla/5.0 (X11; Linux x86_64) AppleWebKit/537.36 (KHTML, like Gecko) Chrome/145.0.7632.116 Safari/537.36"
66.249.92.136 - - [09/Mar/2026:11:40:33 +0000] "GET /wp-content/plugins/elementor/assets/js/text-editor.45609661e409413f1cef.bundle.min.js HTTP/1.1" 200 4751 "https://hvmbertogarza.com/producto/t-shirt-caballero-playera-oficial-horror-fest-edicion-leyendas-de-mexico/" "Mozilla/5.0 (X11; Linux x86_64) AppleWebKit/537.36 (KHTML, like Gecko) Chrome/145.0.7632.116 Safari/537.36"
66.249.92.9 - - [09/Mar/2026:11:40:39 +0000] "POST /?wc-ajax=get_refreshed_fragments HTTP/1.1" 200 5435 "https://hvmbertogarza.com/producto/t-shirt-caballero-playera-oficial-horror-fest-edicion-leyendas-de-mexico/" "Mozilla/5.0 (X11; Linux x86_64) AppleWebKit/537.36 (KHTML, like Gecko) Chrome/145.0.7632.116 Safari/537.36"
66.249.92.163 - - [09/Mar/2026:11:40:45 +0000] "GET /wp-content/plugins/shopengine/modules/comparison/assets/css/comparison.css?ver=6.9.1 HTTP/1.1" 200 5880 "https://hvmbertogarza.com/producto/t-shirt-caballero-playera-oficial-horror-fest-edicion-leyendas-de-mexico/" "Mozilla/5.0 (X11; Linux x86_64) AppleWebKit/537.36 (KHTML, like Gecko) Chrome/145.0.7632.116 Safari/537.36"
66.249.92.163 - - [09/Mar/2026:11:40:45 +0000] "GET /wp-content/uploads/elementor/css/post-121.css?ver=1773045546 HTTP/1.1" 200 3555 "https://hvmbertogarza.com/producto/t-shirt-caballero-playera-oficial-horror-fest-edicion-leyendas-de-mexico/" "Mozilla/5.0 (X11; Linux x86_64) AppleWebKit/537.36 (KHTML, like Gecko) Chrome/145.0.7632.116 Safari/537.36"
74.208.176.140 - - [09/Mar/2026:11:40:49 +0000] "POST /wp-cron.php?doing_wp_cron=1773056449.1595690250396728515625 HTTP/1.1" 200 4101 "-" "WordPress/6.9.1; https://hvmbertogarza.com"
66.249.92.9 - - [09/Mar/2026:11:40:46 +0000] "POST /?wc-ajax=get_refreshed_fragments HTTP/1.1" 200 5435 "https://hvmbertogarza.com/producto/t-shirt-caballero-playera-oficial-horror-fest-edicion-leyendas-de-mexico/" "Mozilla/5.0 (X11; Linux x86_64) AppleWebKit/537.36 (KHTML, like Gecko) Chrome/145.0.7632.116 Safari/537.36"
66.249.92.9 - - [09/Mar/2026:11:41:04 +0000] "GET /wp-content/plugins/elementor/assets/css/widget-heading.min.css?ver=3.34.0 HTTP/1.1" 200 4249 "https://hvmbertogarza.com/producto/t-shirt-caballero-playera-oficial-horror-fest-edicion-leyendas-de-mexico/" "Mozilla/5.0 (X11; Linux x86_64) AppleWebKit/537.36 (KHTML, like Gecko) Chrome/145.0.7632.116 Safari/537.36"
66.249.66.197 - - [09/Mar/2026:11:41:04 +0000] "GET /pochemu-cheloveku-vazhno-oschuschat-ljubopytstvo HTTP/1.1" 200 33875 "-" "Mozilla/5.0 (Linux; Android 6.0.1; Nexus 5X Build/MMB29P) AppleWebKit/537.36 (KHTML, like Gecko) Chrome/144.0.7559.132 Mobile Safari/537.36 (compatible; GoogleOther)"
74.208.176.140 - - [09/Mar/2026:11:41:08 +0000] "POST /wp-cron.php?doing_wp_cron=1773056468.6134929656982421875000 HTTP/1.1" 200 4101 "-" "WordPress/6.9.1; https://hvmbertogarza.com"
66.249.92.198 - - [09/Mar/2026:11:41:05 +0000] "POST /?wc-ajax=get_refreshed_fragments HTTP/1.1" 200 5435 "https://hvmbertogarza.com/producto/t-shirt-caballero-playera-oficial-horror-fest-edicion-leyendas-de-mexico/" "Mozilla/5.0 (X11; Linux x86_64) AppleWebKit/537.36 (KHTML, like Gecko) Chrome/145.0.7632.116 Safari/537.36"
66.249.66.164 - - [09/Mar/2026:11:41:10 +0000] "GET /contents/event/kansyasai HTTP/1.1" 200 33436 "-" "Mozilla/5.0 (Linux; Android 6.0.1; Nexus 5X Build/MMB29P) AppleWebKit/537.36 (KHTML, like Gecko) Chrome/144.0.7559.132 Mobile Safari/537.36 (compatible; GoogleOther)"
74.208.176.140 - - [09/Mar/2026:11:41:23 +0000] "POST /wp-cron.php?doing_wp_cron=1773056483.1183869838714599609375 HTTP/1.1" 200 4101 "-" "WordPress/6.9.1; https://hvmbertogarza.com"
198.244.226.230 - - [09/Mar/2026:11:41:19 +0000] "GET /pochemu-kazhdomu-suschestvenno-oschuschat-uchastie-v-aktivnost/ HTTP/1.1" 200 49622 "-" "Mozilla/5.0 (compatible; AhrefsBot/7.0; +http://ahrefs.com/robot/)"
74.208.176.140 - - [09/Mar/2026:11:41:26 +0000] "POST /wp-cron.php?doing_wp_cron=1773056486.0741360187530517578125 HTTP/1.1" 200 4101 "-" "WordPress/6.9.1; https://hvmbertogarza.com"
146.19.125.70 - - [09/Mar/2026:11:41:21 +0000] "GET / HTTP/1.0" 200 402332 "https://hvmbertogarza.com/" "Mozilla/5.0 (Windows NT 10.0; Win64; x64) AppleWebKit/537.36 (KHTML, like Gecko) Chrome/131.0.0.0 Safari/537.36"
66.249.92.9 - - [09/Mar/2026:11:41:25 +0000] "POST /?wc-ajax=get_refreshed_fragments HTTP/1.1" 200 5435 "https://hvmbertogarza.com/producto/t-shirt-caballero-playera-oficial-horror-fest-edicion-leyendas-de-mexico/" "Mozilla/5.0 (X11; Linux x86_64) AppleWebKit/537.36 (KHTML, like Gecko) Chrome/145.0.7632.116 Safari/537.36"
146.19.125.70 - - [09/Mar/2026:11:41:30 +0000] "GET /wp-login.php?action=register HTTP/1.0" 200 8068 "https://hvmbertogarza.com/wp-login.php?action=register" "Mozilla/5.0 (Windows NT 10.0; Win64; x64) AppleWebKit/537.36 (KHTML, like Gecko) Chrome/131.0.0.0 Safari/537.36"
146.19.125.70 - - [09/Mar/2026:11:41:33 +0000] "POST /wp-login.php?action=register HTTP/1.0" 200 8514 "https://hvmbertogarza.com/wp-login.php?action=register" "Mozilla/5.0 (Windows NT 10.0; Win64; x64) AppleWebKit/537.36 (KHTML, like Gecko) Chrome/131.0.0.0 Safari/537.36"
85.208.96.195 - - [09/Mar/2026:11:41:34 +0000] "GET /categoria-producto/prints/page/2/?add-to-cart HTTP/1.1" 200 43756 "-" "Mozilla/5.0 (compatible; SemrushBot/7~bl; +http://www.semrush.com/bot.html)"
66.249.66.197 - - [09/Mar/2026:11:41:39 +0000] "GET /producto/artprint-poster-oficial-horror-fest-edicion-leyendas-mexicanas/ HTTP/1.1" 200 33579 "-" "Mozilla/5.0 (Linux; Android 6.0.1; Nexus 5X Build/MMB29P) AppleWebKit/537.36 (KHTML, like Gecko) Chrome/144.0.7559.132 Mobile Safari/537.36 (compatible; Googlebot/2.1; +http://www.google.com/bot.html)"
66.249.92.45 - - [09/Mar/2026:11:41:39 +0000] "POST /?wc-ajax=get_refreshed_fragments HTTP/1.1" 200 5435 "https://hvmbertogarza.com/producto/t-shirt-caballero-playera-oficial-horror-fest-edicion-leyendas-de-mexico/" "Mozilla/5.0 (X11; Linux x86_64) AppleWebKit/537.36 (KHTML, like Gecko) Chrome/145.0.7632.116 Safari/537.36"
146.19.125.70 - - [09/Mar/2026:11:41:36 +0000] "GET / HTTP/1.0" 200 402332 "https://hvmbertogarza.com/" "Mozilla/5.0 (Windows NT 10.0; Win64; x64) AppleWebKit/537.36 (KHTML, like Gecko) Chrome/131.0.0.0 Safari/537.36"
66.249.66.72 - - [09/Mar/2026:11:41:48 +0000] "GET /tienda/ HTTP/1.1" 200 32874 "-" "Mozilla/5.0 (Linux; Android 6.0.1; Nexus 5X Build/MMB29P) AppleWebKit/537.36 (KHTML, like Gecko) Chrome/144.0.7559.132 Mobile Safari/537.36 (compatible; Googlebot/2.1; +http://www.google.com/bot.html)"
66.249.92.136 - - [09/Mar/2026:11:41:58 +0000] "POST /?wc-ajax=get_refreshed_fragments HTTP/1.1" 200 5435 "https://hvmbertogarza.com/producto/t-shirt-caballero-playera-oficial-horror-fest-edicion-leyendas-de-mexico/" "Mozilla/5.0 (X11; Linux x86_64) AppleWebKit/537.36 (KHTML, like Gecko) Chrome/145.0.7632.116 Safari/537.36"
72.167.150.128 - - [09/Mar/2026:11:42:02 +0000] "GET /wp-login.php HTTP/1.1" 200 7389 "-" "Mozilla/4.0 (compatible; MSIE 7.0; Windows NT 6.1; Trident/7.0; SLCC2; Media Center PC 6.0; .NET CLR 3.5.30729; .NET CLR 3.0.30729; .NET CLR 2.0.50727; .NET4.0C; .NET4.0E)"
72.167.150.128 - - [09/Mar/2026:11:42:05 +0000] "POST /wp-login.php HTTP/1.1" 200 3781 "https://hvmbertogarza.com/wp-login.php" "Mozilla/4.0 (compatible; MSIE 7.0; Windows NT 6.1; Trident/7.0; SLCC2; Media Center PC 6.0; .NET CLR 3.5.30729; .NET CLR 3.0.30729; .NET CLR 2.0.50727; .NET4.0C; .NET4.0E)"
66.249.92.9 - - [09/Mar/2026:11:42:14 +0000] "POST /?wc-ajax=get_refreshed_fragments HTTP/1.1" 200 5435 "https://hvmbertogarza.com/producto/t-shirt-caballero-playera-oficial-horror-fest-edicion-leyendas-de-mexico/" "Mozilla/5.0 (X11; Linux x86_64) AppleWebKit/537.36 (KHTML, like Gecko) Chrome/145.0.7632.116 Safari/537.36"
74.208.176.140 - - [09/Mar/2026:11:42:30 +0000] "POST /wp-cron.php?doing_wp_cron=1773056550.3844149112701416015625 HTTP/1.1" 200 4101 "-" "WordPress/6.9.1; https://hvmbertogarza.com"
216.73.216.173 - - [09/Mar/2026:11:42:28 +0000] "GET /pochemu-kazhdomu-vazhno-perezhivat-uchastie-v-dejatelnost HTTP/1.1" 301 4176 "-" "Mozilla/5.0 AppleWebKit/537.36 (KHTML, like Gecko; compatible; ClaudeBot/1.0; +claudebot@anthropic.com)"
216.73.216.173 - - [09/Mar/2026:11:42:30 +0000] "GET /pochemu-kazhdomu-vazhno-perezhivat-uchastie-v-dejatelnost/ HTTP/1.1" 200 46055 "https://hvmbertogarza.com/pochemu-kazhdomu-vazhno-perezhivat-uchastie-v-dejatelnost" "Mozilla/5.0 AppleWebKit/537.36 (KHTML, like Gecko; compatible; ClaudeBot/1.0; +claudebot@anthropic.com)"
66.249.92.9 - - [09/Mar/2026:11:42:35 +0000] "POST /?wc-ajax=get_refreshed_fragments HTTP/1.1" 200 5435 "https://hvmbertogarza.com/producto/t-shirt-caballero-playera-oficial-horror-fest-edicion-leyendas-de-mexico/" "Mozilla/5.0 (X11; Linux x86_64) AppleWebKit/537.36 (KHTML, like Gecko) Chrome/145.0.7632.116 Safari/537.36"
66.249.92.163 - - [09/Mar/2026:11:42:46 +0000] "POST /?wc-ajax=get_refreshed_fragments HTTP/1.1" 200 5435 "https://hvmbertogarza.com/producto/t-shirt-caballero-playera-oficial-horror-fest-edicion-leyendas-de-mexico/" "Mozilla/5.0 (X11; Linux x86_64) AppleWebKit/537.36 (KHTML, like Gecko) Chrome/145.0.7632.116 Safari/537.36"
74.208.176.140 - - [09/Mar/2026:11:43:03 +0000] "POST /wp-cron.php?doing_wp_cron=1773056583.4156839847564697265625 HTTP/1.1" 200 4101 "-" "WordPress/6.9.1; https://hvmbertogarza.com"
66.249.92.137 - - [09/Mar/2026:11:43:00 +0000] "POST /?wc-ajax=get_refreshed_fragments HTTP/1.1" 200 5435 "https://hvmbertogarza.com/producto/t-shirt-caballero-playera-oficial-horror-fest-edicion-leyendas-de-mexico/" "Mozilla/5.0 (X11; Linux x86_64) AppleWebKit/537.36 (KHTML, like Gecko) Chrome/145.0.7632.116 Safari/537.36"
74.208.176.140 - - [09/Mar/2026:11:43:23 +0000] "POST /wp-cron.php?doing_wp_cron=1773056603.9111950397491455078125 HTTP/1.1" 200 4101 "-" "WordPress/6.9.1; https://hvmbertogarza.com"
66.249.92.32 - - [09/Mar/2026:11:43:21 +0000] "POST /?wc-ajax=get_refreshed_fragments HTTP/1.1" 200 5435 "https://hvmbertogarza.com/producto/t-shirt-caballero-playera-oficial-horror-fest-edicion-leyendas-de-mexico/" "Mozilla/5.0 (X11; Linux x86_64) AppleWebKit/537.36 (KHTML, like Gecko) Chrome/145.0.7632.116 Safari/537.36"
66.249.66.9 - - [09/Mar/2026:11:43:33 +0000] "GET /producto/artprint-el-demonio-de-la-piramide/ HTTP/1.1" 200 33191 "-" "Mozilla/5.0 (Linux; Android 6.0.1; Nexus 5X Build/MMB29P) AppleWebKit/537.36 (KHTML, like Gecko) Chrome/144.0.7559.132 Mobile Safari/537.36 (compatible; Googlebot/2.1; +http://www.google.com/bot.html)"
74.208.176.140 - - [09/Mar/2026:11:43:42 +0000] "POST /wp-cron.php?doing_wp_cron=1773056621.9705679416656494140625 HTTP/1.1" 200 4101 "-" "WordPress/6.9.1; https://hvmbertogarza.com"
66.249.92.45 - - [09/Mar/2026:11:43:39 +0000] "POST /?wc-ajax=get_refreshed_fragments HTTP/1.1" 200 5435 "https://hvmbertogarza.com/producto/t-shirt-caballero-playera-oficial-horror-fest-edicion-leyendas-de-mexico/" "Mozilla/5.0 (X11; Linux x86_64) AppleWebKit/537.36 (KHTML, like Gecko) Chrome/145.0.7632.116 Safari/537.36"
66.249.66.9 - - [09/Mar/2026:11:43:54 +0000] "GET /producto/libro-monsters-creatures-ghouls-vol-1-3ra-edicion/ HTTP/1.1" 200 33445 "-" "Mozilla/5.0 (Linux; Android 6.0.1; Nexus 5X Build/MMB29P) AppleWebKit/537.36 (KHTML, like Gecko) Chrome/144.0.7559.132 Mobile Safari/537.36 (compatible; Googlebot/2.1; +http://www.google.com/bot.html)"
74.208.176.140 - - [09/Mar/2026:11:43:57 +0000] "POST /wp-cron.php?doing_wp_cron=1773056637.6925270557403564453125 HTTP/1.1" 200 4101 "-" "WordPress/6.9.1; https://hvmbertogarza.com"
66.249.92.163 - - [09/Mar/2026:11:43:55 +0000] "POST /?wc-ajax=get_refreshed_fragments HTTP/1.1" 200 5435 "https://hvmbertogarza.com/producto/t-shirt-caballero-playera-oficial-horror-fest-edicion-leyendas-de-mexico/" "Mozilla/5.0 (X11; Linux x86_64) AppleWebKit/537.36 (KHTML, like Gecko) Chrome/145.0.7632.116 Safari/537.36"
66.249.92.197 - - [09/Mar/2026:11:44:03 +0000] "POST /?wc-ajax=get_refreshed_fragments HTTP/1.1" 200 5435 "https://hvmbertogarza.com/producto/t-shirt-caballero-playera-oficial-horror-fest-edicion-leyendas-de-mexico/" "Mozilla/5.0 (X11; Linux x86_64) AppleWebKit/537.36 (KHTML, like Gecko) Chrome/145.0.7632.116 Safari/537.36"
66.249.92.32 - - [09/Mar/2026:11:44:08 +0000] "POST /?wc-ajax=get_refreshed_fragments HTTP/1.1" 200 5435 "https://hvmbertogarza.com/producto/t-shirt-caballero-playera-oficial-horror-fest-edicion-leyendas-de-mexico/" "Mozilla/5.0 (X11; Linux x86_64) AppleWebKit/537.36 (KHTML, like Gecko) Chrome/145.0.7632.116 Safari/537.36"
74.208.176.140 - - [09/Mar/2026:11:44:27 +0000] "POST /wp-cron.php?doing_wp_cron=1773056667.2125289440155029296875 HTTP/1.1" 200 4101 "-" "WordPress/6.9.1; https://hvmbertogarza.com"
66.249.92.163 - - [09/Mar/2026:11:44:25 +0000] "POST /?wc-ajax=get_refreshed_fragments HTTP/1.1" 200 5435 "https://hvmbertogarza.com/producto/t-shirt-caballero-playera-oficial-horror-fest-edicion-leyendas-de-mexico/" "Mozilla/5.0 (X11; Linux x86_64) AppleWebKit/537.36 (KHTML, like Gecko) Chrome/145.0.7632.116 Safari/537.36"
45.3.36.96 - - [09/Mar/2026:11:44:38 +0000] "POST /wp-content/plugins/custom-1772763685/custom_functions_1772763685.php HTTP/1.1" 403 4367 "https://hvmbertogarza.com" "Mozilla/5.0 (Windows NT 6.1; Win64; x64) AppleWebKit/537.36 (KHTML, like Gecko) Chrome/68.0.3109.136 Safari/537.36"
66.249.92.197 - - [09/Mar/2026:11:44:40 +0000] "POST /?wc-ajax=get_refreshed_fragments HTTP/1.1" 200 5435 "https://hvmbertogarza.com/producto/t-shirt-caballero-playera-oficial-horror-fest-edicion-leyendas-de-mexico/" "Mozilla/5.0 (X11; Linux x86_64) AppleWebKit/537.36 (KHTML, like Gecko) Chrome/145.0.7632.116 Safari/537.36"
74.208.176.140 - - [09/Mar/2026:11:44:59 +0000] "POST /wp-cron.php?doing_wp_cron=1773056699.6588211059570312500000 HTTP/1.1" 200 4101 "-" "WordPress/6.9.1; https://hvmbertogarza.com"
66.249.92.45 - - [09/Mar/2026:11:44:57 +0000] "POST /?wc-ajax=get_refreshed_fragments HTTP/1.1" 200 5435 "https://hvmbertogarza.com/producto/t-shirt-caballero-playera-oficial-horror-fest-edicion-leyendas-de-mexico/" "Mozilla/5.0 (X11; Linux x86_64) AppleWebKit/537.36 (KHTML, like Gecko) Chrome/145.0.7632.116 Safari/537.36"
66.249.92.164 - - [09/Mar/2026:11:45:14 +0000] "POST /?wc-ajax=get_refreshed_fragments HTTP/1.1" 200 5435 "https://hvmbertogarza.com/producto/t-shirt-caballero-playera-oficial-horror-fest-edicion-leyendas-de-mexico/" "Mozilla/5.0 (X11; Linux x86_64) AppleWebKit/537.36 (KHTML, like Gecko) Chrome/145.0.7632.116 Safari/537.36"
74.208.176.140 - - [09/Mar/2026:11:45:33 +0000] "POST /wp-cron.php?doing_wp_cron=1773056733.1112129688262939453125 HTTP/1.1" 200 4101 "-" "WordPress/6.9.1; https://hvmbertogarza.com"
66.249.92.198 - - [09/Mar/2026:11:45:30 +0000] "POST /?wc-ajax=get_refreshed_fragments HTTP/1.1" 200 5435 "https://hvmbertogarza.com/producto/t-shirt-caballero-playera-oficial-horror-fest-edicion-leyendas-de-mexico/" "Mozilla/5.0 (X11; Linux x86_64) AppleWebKit/537.36 (KHTML, like Gecko) Chrome/145.0.7632.116 Safari/537.36"
74.208.176.140 - - [09/Mar/2026:11:45:50 +0000] "POST /wp-cron.php?doing_wp_cron=1773056750.2782900333404541015625 HTTP/1.1" 200 4101 "-" "WordPress/6.9.1; https://hvmbertogarza.com"
66.249.92.136 - - [09/Mar/2026:11:45:48 +0000] "POST /?wc-ajax=get_refreshed_fragments HTTP/1.1" 200 5435 "https://hvmbertogarza.com/producto/t-shirt-caballero-playera-oficial-horror-fest-edicion-leyendas-de-mexico/" "Mozilla/5.0 (X11; Linux x86_64) AppleWebKit/537.36 (KHTML, like Gecko) Chrome/145.0.7632.116 Safari/537.36"
66.249.92.164 - - [09/Mar/2026:11:46:03 +0000] "POST /?wc-ajax=get_refreshed_fragments HTTP/1.1" 200 5435 "https://hvmbertogarza.com/producto/t-shirt-caballero-playera-oficial-horror-fest-edicion-leyendas-de-mexico/" "Mozilla/5.0 (X11; Linux x86_64) AppleWebKit/537.36 (KHTML, like Gecko) Chrome/145.0.7632.116 Safari/537.36"
51.195.215.248 - - [09/Mar/2026:11:46:05 +0000] "GET /2026/03/09/ HTTP/1.1" 200 41938 "-" "Mozilla/5.0 (compatible; AhrefsBot/7.0; +http://ahrefs.com/robot/)"
74.208.176.140 - - [09/Mar/2026:11:46:23 +0000] "POST /wp-cron.php?doing_wp_cron=1773056783.3467450141906738281250 HTTP/1.1" 200 4101 "-" "WordPress/6.9.1; https://hvmbertogarza.com"
66.249.92.32 - - [09/Mar/2026:11:46:20 +0000] "POST /?wc-ajax=get_refreshed_fragments HTTP/1.1" 200 5435 "https://hvmbertogarza.com/producto/t-shirt-caballero-playera-oficial-horror-fest-edicion-leyendas-de-mexico/" "Mozilla/5.0 (X11; Linux x86_64) AppleWebKit/537.36 (KHTML, like Gecko) Chrome/145.0.7632.116 Safari/537.36"
66.249.92.197 - - [09/Mar/2026:11:46:44 +0000] "POST /?wc-ajax=get_refreshed_fragments HTTP/1.1" 200 5435 "https://hvmbertogarza.com/producto/t-shirt-caballero-playera-oficial-horror-fest-edicion-leyendas-de-mexico/" "Mozilla/5.0 (X11; Linux x86_64) AppleWebKit/537.36 (KHTML, like Gecko) Chrome/145.0.7632.116 Safari/537.36"
74.208.176.140 - - [09/Mar/2026:11:47:00 +0000] "POST /wp-cron.php?doing_wp_cron=1773056820.9105350971221923828125 HTTP/1.1" 200 4101 "-" "WordPress/6.9.1; https://hvmbertogarza.com"
66.249.92.9 - - [09/Mar/2026:11:46:58 +0000] "POST /?wc-ajax=get_refreshed_fragments HTTP/1.1" 200 5435 "https://hvmbertogarza.com/producto/t-shirt-caballero-playera-oficial-horror-fest-edicion-leyendas-de-mexico/" "Mozilla/5.0 (X11; Linux x86_64) AppleWebKit/537.36 (KHTML, like Gecko) Chrome/145.0.7632.116 Safari/537.36"
66.249.92.136 - - [09/Mar/2026:11:47:15 +0000] "POST /?wc-ajax=get_refreshed_fragments HTTP/1.1" 200 5435 "https://hvmbertogarza.com/producto/t-shirt-caballero-playera-oficial-horror-fest-edicion-leyendas-de-mexico/" "Mozilla/5.0 (X11; Linux x86_64) AppleWebKit/537.36 (KHTML, like Gecko) Chrome/145.0.7632.116 Safari/537.36"
74.208.176.140 - - [09/Mar/2026:11:47:37 +0000] "POST /wp-cron.php?doing_wp_cron=1773056857.5936729907989501953125 HTTP/1.1" 200 4101 "-" "WordPress/6.9.1; https://hvmbertogarza.com"
216.73.216.173 - - [09/Mar/2026:11:47:35 +0000] "GET /pochemu-cheloveku-kritichno-oschuschat-otvet-ot-okruzhenija/feed HTTP/1.1" 301 4281 "-" "Mozilla/5.0 AppleWebKit/537.36 (KHTML, like Gecko; compatible; ClaudeBot/1.0; +claudebot@anthropic.com)"
66.249.92.163 - - [09/Mar/2026:11:47:35 +0000] "POST /?wc-ajax=get_refreshed_fragments HTTP/1.1" 200 5435 "https://hvmbertogarza.com/producto/t-shirt-caballero-playera-oficial-horror-fest-edicion-leyendas-de-mexico/" "Mozilla/5.0 (X11; Linux x86_64) AppleWebKit/537.36 (KHTML, like Gecko) Chrome/145.0.7632.116 Safari/537.36"
216.73.216.173 - - [09/Mar/2026:11:47:37 +0000] "GET /pochemu-cheloveku-kritichno-oschuschat-otvet-ot-okruzhenija/feed/ HTTP/1.1" 200 1181 "https://hvmbertogarza.com/pochemu-cheloveku-kritichno-oschuschat-otvet-ot-okruzhenija/feed" "Mozilla/5.0 AppleWebKit/537.36 (KHTML, like Gecko; compatible; ClaudeBot/1.0; +claudebot@anthropic.com)"
74.208.176.140 - - [09/Mar/2026:11:47:54 +0000] "POST /wp-cron.php?doing_wp_cron=1773056874.2518301010131835937500 HTTP/1.1" 200 4101 "-" "WordPress/6.9.1; https://hvmbertogarza.com"
66.249.92.136 - - [09/Mar/2026:11:47:52 +0000] "POST /?wc-ajax=get_refreshed_fragments HTTP/1.1" 200 5435 "https://hvmbertogarza.com/producto/t-shirt-caballero-playera-oficial-horror-fest-edicion-leyendas-de-mexico/" "Mozilla/5.0 (X11; Linux x86_64) AppleWebKit/537.36 (KHTML, like Gecko) Chrome/145.0.7632.116 Safari/537.36"
66.249.92.32 - - [09/Mar/2026:11:48:08 +0000] "POST /?wc-ajax=get_refreshed_fragments HTTP/1.1" 200 5435 "https://hvmbertogarza.com/producto/t-shirt-caballero-playera-oficial-horror-fest-edicion-leyendas-de-mexico/" "Mozilla/5.0 (X11; Linux x86_64) AppleWebKit/537.36 (KHTML, like Gecko) Chrome/145.0.7632.116 Safari/537.36"
74.208.176.140 - - [09/Mar/2026:11:48:30 +0000] "POST /wp-cron.php?doing_wp_cron=1773056910.5400230884552001953125 HTTP/1.1" 200 4101 "-" "WordPress/6.9.1; https://hvmbertogarza.com"
66.249.92.136 - - [09/Mar/2026:11:48:28 +0000] "POST /?wc-ajax=get_refreshed_fragments HTTP/1.1" 200 5435 "https://hvmbertogarza.com/producto/t-shirt-caballero-playera-oficial-horror-fest-edicion-leyendas-de-mexico/" "Mozilla/5.0 (X11; Linux x86_64) AppleWebKit/537.36 (KHTML, like Gecko) Chrome/145.0.7632.116 Safari/537.36"
66.249.92.45 - - [09/Mar/2026:11:48:42 +0000] "POST /?wc-ajax=get_refreshed_fragments HTTP/1.1" 200 5435 "https://hvmbertogarza.com/producto/t-shirt-caballero-playera-oficial-horror-fest-edicion-leyendas-de-mexico/" "Mozilla/5.0 (X11; Linux x86_64) AppleWebKit/537.36 (KHTML, like Gecko) Chrome/145.0.7632.116 Safari/537.36"
104.207.62.11 - - [09/Mar/2026:11:48:50 +0000] "POST /wp-content/plugins/gallery-1772606968/comment-section-1772606968.php HTTP/1.1" 403 1196 "https://hvmbertogarza.com" "Mozilla/5.0 (Windows NT 6.1; Win64; x64) AppleWebKit/537.36 (KHTML, like Gecko) Chrome/67.0.2312.141 Safari/537.36"
74.208.176.140 - - [09/Mar/2026:11:49:00 +0000] "POST /wp-cron.php?doing_wp_cron=1773056940.4541180133819580078125 HTTP/1.1" 200 4101 "-" "WordPress/6.9.1; https://hvmbertogarza.com"
66.249.92.163 - - [09/Mar/2026:11:48:58 +0000] "POST /?wc-ajax=get_refreshed_fragments HTTP/1.1" 200 5435 "https://hvmbertogarza.com/producto/t-shirt-caballero-playera-oficial-horror-fest-edicion-leyendas-de-mexico/" "Mozilla/5.0 (X11; Linux x86_64) AppleWebKit/537.36 (KHTML, like Gecko) Chrome/145.0.7632.116 Safari/537.36"
216.73.216.173 - - [09/Mar/2026:11:49:01 +0000] "GET /slot-casino-in-linea/feed HTTP/1.1" 301 4242 "-" "Mozilla/5.0 AppleWebKit/537.36 (KHTML, like Gecko; compatible; ClaudeBot/1.0; +claudebot@anthropic.com)"
216.73.216.173 - - [09/Mar/2026:11:49:04 +0000] "GET /slot-casino-in-linea/feed/ HTTP/1.1" 200 1079 "https://hvmbertogarza.com/slot-casino-in-linea/feed" "Mozilla/5.0 AppleWebKit/537.36 (KHTML, like Gecko; compatible; ClaudeBot/1.0; +claudebot@anthropic.com)"
216.73.216.173 - - [09/Mar/2026:11:49:12 +0000] "GET /2026/03/09 HTTP/1.1" 301 4079 "-" "Mozilla/5.0 AppleWebKit/537.36 (KHTML, like Gecko; compatible; ClaudeBot/1.0; +claudebot@anthropic.com)"
66.249.92.32 - - [09/Mar/2026:11:49:12 +0000] "POST /?wc-ajax=get_refreshed_fragments HTTP/1.1" 200 5435 "https://hvmbertogarza.com/producto/t-shirt-caballero-playera-oficial-horror-fest-edicion-leyendas-de-mexico/" "Mozilla/5.0 (X11; Linux x86_64) AppleWebKit/537.36 (KHTML, like Gecko) Chrome/145.0.7632.116 Safari/537.36"
216.73.216.173 - - [09/Mar/2026:11:49:15 +0000] "GET /2026/03/09/ HTTP/1.1" 200 38151 "https://hvmbertogarza.com/2026/03/09" "Mozilla/5.0 AppleWebKit/537.36 (KHTML, like Gecko; compatible; ClaudeBot/1.0; +claudebot@anthropic.com)"
74.208.176.140 - - [09/Mar/2026:11:49:37 +0000] "POST /wp-cron.php?doing_wp_cron=1773056977.5866379737854003906250 HTTP/1.1" 200 4101 "-" "WordPress/6.9.1; https://hvmbertogarza.com"
66.249.92.45 - - [09/Mar/2026:11:49:35 +0000] "POST /?wc-ajax=get_refreshed_fragments HTTP/1.1" 200 5435 "https://hvmbertogarza.com/producto/t-shirt-caballero-playera-oficial-horror-fest-edicion-leyendas-de-mexico/" "Mozilla/5.0 (X11; Linux x86_64) AppleWebKit/537.36 (KHTML, like Gecko) Chrome/145.0.7632.116 Safari/537.36"
66.249.66.45 - - [09/Mar/2026:11:49:42 +0000] "GET /producto/artprint-house-of-the-1000-corpses/ HTTP/1.1" 200 33900 "-" "Mozilla/5.0 (Linux; Android 6.0.1; Nexus 5X Build/MMB29P) AppleWebKit/537.36 (KHTML, like Gecko) Chrome/144.0.7559.132 Mobile Safari/537.36 (compatible; Googlebot/2.1; +http://www.google.com/bot.html)"
66.249.92.9 - - [09/Mar/2026:11:49:43 +0000] "POST /?wc-ajax=get_refreshed_fragments HTTP/1.1" 200 5435 "https://hvmbertogarza.com/producto/t-shirt-caballero-playera-oficial-horror-fest-edicion-leyendas-de-mexico/" "Mozilla/5.0 (X11; Linux x86_64) AppleWebKit/537.36 (KHTML, like Gecko) Chrome/145.0.7632.116 Safari/537.36"
74.208.176.140 - - [09/Mar/2026:11:49:55 +0000] "POST /wp-cron.php?doing_wp_cron=1773056995.6141190528869628906250 HTTP/1.1" 200 4101 "-" "WordPress/6.9.1; https://hvmbertogarza.com"
66.249.92.11 - - [09/Mar/2026:11:49:53 +0000] "POST /?wc-ajax=get_refreshed_fragments HTTP/1.1" 200 5435 "https://hvmbertogarza.com/producto/t-shirt-caballero-playera-oficial-horror-fest-edicion-leyendas-de-mexico/" "Mozilla/5.0 (X11; Linux x86_64) AppleWebKit/537.36 (KHTML, like Gecko) Chrome/145.0.7632.116 Safari/537.36"
64.182.127.140 - - [09/Mar/2026:11:50:02 +0000] "POST /xmlrpc.php HTTP/1.1" 200 4248 "-" "Mozilla/5.0 (Windows NT 10.0; WOW64; Trident/7.0; MDDRJS; rv:11.0) like Gecko"
66.249.92.11 - - [09/Mar/2026:11:50:03 +0000] "POST /?wc-ajax=get_refreshed_fragments HTTP/1.1" 200 5435 "https://hvmbertogarza.com/producto/t-shirt-caballero-playera-oficial-horror-fest-edicion-leyendas-de-mexico/" "Mozilla/5.0 (X11; Linux x86_64) AppleWebKit/537.36 (KHTML, like Gecko) Chrome/145.0.7632.116 Safari/537.36"
66.249.92.136 - - [09/Mar/2026:11:50:16 +0000] "POST /?wc-ajax=get_refreshed_fragments HTTP/1.1" 200 5435 "https://hvmbertogarza.com/producto/t-shirt-caballero-playera-oficial-horror-fest-edicion-leyendas-de-mexico/" "Mozilla/5.0 (X11; Linux x86_64) AppleWebKit/537.36 (KHTML, like Gecko) Chrome/145.0.7632.116 Safari/537.36"
74.208.176.140 - - [09/Mar/2026:11:50:28 +0000] "POST /wp-cron.php?doing_wp_cron=1773057028.6130750179290771484375 HTTP/1.1" 200 4101 "-" "WordPress/6.9.1; https://hvmbertogarza.com"
66.249.92.45 - - [09/Mar/2026:11:50:26 +0000] "POST /?wc-ajax=get_refreshed_fragments HTTP/1.1" 200 5435 "https://hvmbertogarza.com/producto/t-shirt-caballero-playera-oficial-horror-fest-edicion-leyendas-de-mexico/" "Mozilla/5.0 (X11; Linux x86_64) AppleWebKit/537.36 (KHTML, like Gecko) Chrome/145.0.7632.116 Safari/537.36"
66.249.92.9 - - [09/Mar/2026:11:50:39 +0000] "POST /?wc-ajax=get_refreshed_fragments HTTP/1.1" 200 5435 "https://hvmbertogarza.com/producto/t-shirt-caballero-playera-oficial-horror-fest-edicion-leyendas-de-mexico/" "Mozilla/5.0 (X11; Linux x86_64) AppleWebKit/537.36 (KHTML, like Gecko) Chrome/145.0.7632.116 Safari/537.36"
85.208.96.200 - - [09/Mar/2026:11:50:40 +0000] "GET /tienda/page/6/?filter_custom_talla HTTP/1.1" 200 42295 "-" "Mozilla/5.0 (compatible; SemrushBot/7~bl; +http://www.semrush.com/bot.html)"
74.208.176.140 - - [09/Mar/2026:11:50:51 +0000] "POST /wp-cron.php?doing_wp_cron=1773057051.3693449497222900390625 HTTP/1.1" 200 4101 "-" "WordPress/6.9.1; https://hvmbertogarza.com"
66.249.92.9 - - [09/Mar/2026:11:50:49 +0000] "POST /?wc-ajax=get_refreshed_fragments HTTP/1.1" 200 5435 "https://hvmbertogarza.com/producto/t-shirt-caballero-playera-oficial-horror-fest-edicion-leyendas-de-mexico/" "Mozilla/5.0 (X11; Linux x86_64) AppleWebKit/537.36 (KHTML, like Gecko) Chrome/145.0.7632.116 Safari/537.36"
74.208.176.140 - - [09/Mar/2026:11:51:03 +0000] "POST /wp-cron.php?doing_wp_cron=1773057063.0410380363464355468750 HTTP/1.1" 200 4101 "-" "WordPress/6.9.1; https://hvmbertogarza.com"
66.249.92.197 - - [09/Mar/2026:11:51:00 +0000] "POST /?wc-ajax=get_refreshed_fragments HTTP/1.1" 200 5435 "https://hvmbertogarza.com/producto/t-shirt-caballero-playera-oficial-horror-fest-edicion-leyendas-de-mexico/" "Mozilla/5.0 (X11; Linux x86_64) AppleWebKit/537.36 (KHTML, like Gecko) Chrome/145.0.7632.116 Safari/537.36"
66.249.92.10 - - [09/Mar/2026:11:51:12 +0000] "POST /?wc-ajax=get_refreshed_fragments HTTP/1.1" 200 5435 "https://hvmbertogarza.com/producto/t-shirt-caballero-playera-oficial-horror-fest-edicion-leyendas-de-mexico/" "Mozilla/5.0 (X11; Linux x86_64) AppleWebKit/537.36 (KHTML, like Gecko) Chrome/145.0.7632.116 Safari/537.36"
74.208.176.140 - - [09/Mar/2026:11:51:26 +0000] "POST /wp-cron.php?doing_wp_cron=1773057086.5752160549163818359375 HTTP/1.1" 200 4101 "-" "WordPress/6.9.1; https://hvmbertogarza.com"
66.249.92.9 - - [09/Mar/2026:11:51:24 +0000] "POST /?wc-ajax=get_refreshed_fragments HTTP/1.1" 200 5435 "https://hvmbertogarza.com/producto/t-shirt-caballero-playera-oficial-horror-fest-edicion-leyendas-de-mexico/" "Mozilla/5.0 (X11; Linux x86_64) AppleWebKit/537.36 (KHTML, like Gecko) Chrome/145.0.7632.116 Safari/537.36"
198.244.226.16 - - [09/Mar/2026:11:51:28 +0000] "GET /europe-roulette-wheel/feed/ HTTP/1.1" 200 4858 "-" "Mozilla/5.0 (compatible; AhrefsBot/7.0; +http://ahrefs.com/robot/)"
66.249.92.9 - - [09/Mar/2026:11:51:34 +0000] "POST /?wc-ajax=get_refreshed_fragments HTTP/1.1" 200 5435 "https://hvmbertogarza.com/producto/t-shirt-caballero-playera-oficial-horror-fest-edicion-leyendas-de-mexico/" "Mozilla/5.0 (X11; Linux x86_64) AppleWebKit/537.36 (KHTML, like Gecko) Chrome/145.0.7632.116 Safari/537.36"
216.73.216.173 - - [09/Mar/2026:11:51:37 +0000] "GET /1944-2 HTTP/1.1" 301 4125 "-" "Mozilla/5.0 AppleWebKit/537.36 (KHTML, like Gecko; compatible; ClaudeBot/1.0; +claudebot@anthropic.com)"
216.73.216.173 - - [09/Mar/2026:11:51:39 +0000] "GET /1944-2/ HTTP/1.1" 200 42107 "https://hvmbertogarza.com/1944-2" "Mozilla/5.0 AppleWebKit/537.36 (KHTML, like Gecko; compatible; ClaudeBot/1.0; +claudebot@anthropic.com)"
66.249.92.163 - - [09/Mar/2026:11:51:45 +0000] "POST /?wc-ajax=get_refreshed_fragments HTTP/1.1" 200 5435 "https://hvmbertogarza.com/producto/t-shirt-caballero-playera-oficial-horror-fest-edicion-leyendas-de-mexico/" "Mozilla/5.0 (X11; Linux x86_64) AppleWebKit/537.36 (KHTML, like Gecko) Chrome/145.0.7632.116 Safari/537.36"
216.26.233.114 - - [09/Mar/2026:11:51:55 +0000] "POST /wp-content/plugins/slider-1773044778/bottom-1773044778.php HTTP/1.1" 403 4367 "https://hvmbertogarza.com" "Mozilla/5.0 (Windows NT 6.1) AppleWebKit/537.36 (KHTML, like Gecko) Chrome/69.0.3451.53 Safari/537.36"
74.208.176.140 - - [09/Mar/2026:11:51:58 +0000] "POST /wp-cron.php?doing_wp_cron=1773057117.9808850288391113281250 HTTP/1.1" 200 4101 "-" "WordPress/6.9.1; https://hvmbertogarza.com"
66.249.92.163 - - [09/Mar/2026:11:51:55 +0000] "POST /?wc-ajax=get_refreshed_fragments HTTP/1.1" 200 5435 "https://hvmbertogarza.com/producto/t-shirt-caballero-playera-oficial-horror-fest-edicion-leyendas-de-mexico/" "Mozilla/5.0 (X11; Linux x86_64) AppleWebKit/537.36 (KHTML, like Gecko) Chrome/145.0.7632.116 Safari/537.36"
66.249.92.163 - - [09/Mar/2026:11:52:05 +0000] "POST /?wc-ajax=get_refreshed_fragments HTTP/1.1" 200 5435 "https://hvmbertogarza.com/producto/t-shirt-caballero-playera-oficial-horror-fest-edicion-leyendas-de-mexico/" "Mozilla/5.0 (X11; Linux x86_64) AppleWebKit/537.36 (KHTML, like Gecko) Chrome/145.0.7632.116 Safari/537.36"
216.73.216.173 - - [09/Mar/2026:11:52:13 +0000] "GET /?p=1910 HTTP/1.1" 301 4139 "-" "Mozilla/5.0 AppleWebKit/537.36 (KHTML, like Gecko; compatible; ClaudeBot/1.0; +claudebot@anthropic.com)"
216.73.216.173 - - [09/Mar/2026:11:52:15 +0000] "GET /slot-casino-in-linea/ HTTP/1.1" 200 41641 "https://hvmbertogarza.com/?p=1910" "Mozilla/5.0 AppleWebKit/537.36 (KHTML, like Gecko; compatible; ClaudeBot/1.0; +claudebot@anthropic.com)"
66.249.92.197 - - [09/Mar/2026:11:52:17 +0000] "POST /?wc-ajax=get_refreshed_fragments HTTP/1.1" 200 5435 "https://hvmbertogarza.com/producto/t-shirt-caballero-playera-oficial-horror-fest-edicion-leyendas-de-mexico/" "Mozilla/5.0 (X11; Linux x86_64) AppleWebKit/537.36 (KHTML, like Gecko) Chrome/145.0.7632.116 Safari/537.36"
74.208.176.140 - - [09/Mar/2026:11:52:24 +0000] "POST /wp-cron.php?doing_wp_cron=1773057144.5579929351806640625000 HTTP/1.1" 200 4101 "-" "WordPress/6.9.1; https://hvmbertogarza.com"
216.73.216.173 - - [09/Mar/2026:11:52:22 +0000] "GET /?p=2034 HTTP/1.1" 301 392 "-" "Mozilla/5.0 AppleWebKit/537.36 (KHTML, like Gecko; compatible; ClaudeBot/1.0; +claudebot@anthropic.com)"
216.73.216.173 - - [09/Mar/2026:11:52:24 +0000] "GET /pochemu-cheloveku-kritichno-oschuschat-otvet-ot-okruzhenija/ HTTP/1.1" 200 46489 "https://hvmbertogarza.com/?p=2034" "Mozilla/5.0 AppleWebKit/537.36 (KHTML, like Gecko; compatible; ClaudeBot/1.0; +claudebot@anthropic.com)"
157.230.226.169 - - [09/Mar/2026:11:52:29 +0000] "GET /wp-login.php HTTP/1.1" 200 7389 "-" "Mozilla/5.0 (Windows NT 10.0; WOW64; Trident/7.0; Touch; MALNJS; rv:11.0) like Gecko"
157.230.226.169 - - [09/Mar/2026:11:52:31 +0000] "POST /wp-login.php HTTP/1.1" 200 3815 "https://hvmbertogarza.com/wp-login.php" "Mozilla/5.0 (Windows NT 10.0; WOW64; Trident/7.0; Touch; MALNJS; rv:11.0) like Gecko"
51.195.244.219 - - [09/Mar/2026:11:53:39 +0000] "GET /wp-content/plugins/shopengine/modules/swatches/loop-product-support/assets/swatches.css?ver=1773056482 HTTP/1.1" 200 4040 "-" "Mozilla/5.0 (compatible; AhrefsBot/7.0; +http://ahrefs.com/robot/)"
51.195.183.150 - - [09/Mar/2026:11:53:53 +0000] "GET /wp-content/plugins/shopengine/modules/swatches/loop-product-support/assets/swatches.css?ver=1773056769 HTTP/1.1" 200 4040 "-" "Mozilla/5.0 (compatible; AhrefsBot/7.0; +http://ahrefs.com/robot/)"
74.208.176.140 - - [09/Mar/2026:11:54:09 +0000] "POST /wp-cron.php?doing_wp_cron=1773057249.0599749088287353515625 HTTP/1.1" 200 4101 "-" "WordPress/6.9.1; https://hvmbertogarza.com"
50.6.229.148 - - [09/Mar/2026:11:54:06 +0000] "POST /xmlrpc.php HTTP/1.1" 200 4248 "-" "Mozilla/5.0 (Windows NT 6.1; WOW64; Trident/7.0; ASJB; ASJB; MAAU; rv:11.0) like Gecko"
118.27.119.71 - - [09/Mar/2026:11:55:48 +0000] "GET /emergency.php HTTP/1.1" 403 4864 "-" "Mozilla/4.0 (compatible; MSIE 8.0; Windows NT 6.1; WOW64; Trident/4.0; SLCC2; .NET CLR 2.0.50727; .NET CLR 3.5.30729; .NET CLR 3.0.30729; .NET4.0C; .NET4.0E; InfoPath.3)"
74.208.176.140 - - [09/Mar/2026:11:56:36 +0000] "POST /wp-cron.php?doing_wp_cron=1773057396.2260279655456542968750 HTTP/1.1" 200 4101 "-" "WordPress/6.9.1; https://hvmbertogarza.com"
198.244.242.0 - - [09/Mar/2026:11:56:32 +0000] "GET /bonusy-online-kasino/ HTTP/1.1" 200 45693 "-" "Mozilla/5.0 (compatible; AhrefsBot/7.0; +http://ahrefs.com/robot/)"
20.219.132.149 - - [09/Mar/2026:11:56:40 +0000] "GET /bolt.php HTTP/1.1" 403 4888 "-" "Mozilla/5.0 (Windows NT 10.0; Win64; x64) AppleWebKit/537.36 (KHTML, like Gecko) Chrome/120.0.0.0 Safari/537.36"
20.219.132.149 - - [09/Mar/2026:11:56:40 +0000] "GET /1.php HTTP/1.1" 403 1116 "-" "Mozilla/5.0 (Windows NT 10.0; Win64; x64) AppleWebKit/537.36 (KHTML, like Gecko) Chrome/120.0.0.0 Safari/537.36"
20.219.132.149 - - [09/Mar/2026:11:56:40 +0000] "GET /aa.php HTTP/1.1" 403 1116 "-" "Mozilla/5.0 (Windows NT 10.0; Win64; x64) AppleWebKit/537.36 (KHTML, like Gecko) Chrome/120.0.0.0 Safari/537.36"
20.219.132.149 - - [09/Mar/2026:11:56:40 +0000] "GET /abcd.php HTTP/1.1" 403 1116 "-" "Mozilla/5.0 (Windows NT 10.0; Win64; x64) AppleWebKit/537.36 (KHTML, like Gecko) Chrome/120.0.0.0 Safari/537.36"
20.219.132.149 - - [09/Mar/2026:11:56:41 +0000] "GET /about.php HTTP/1.1" 403 1116 "-" "Mozilla/5.0 (Windows NT 10.0; Win64; x64) AppleWebKit/537.36 (KHTML, like Gecko) Chrome/120.0.0.0 Safari/537.36"
20.219.132.149 - - [09/Mar/2026:11:56:41 +0000] "GET /.well-known/index.php HTTP/1.1" 403 1116 "-" "Mozilla/5.0 (Windows NT 10.0; Win64; x64) AppleWebKit/537.36 (KHTML, like Gecko) Chrome/120.0.0.0 Safari/537.36"
20.219.132.149 - - [09/Mar/2026:11:56:41 +0000] "GET /admin.php HTTP/1.1" 404 176142 "-" "Mozilla/5.0 (Windows NT 10.0; Win64; x64) AppleWebKit/537.36 (KHTML, like Gecko) Chrome/120.0.0.0 Safari/537.36"
20.219.132.149 - - [09/Mar/2026:11:56:45 +0000] "GET /adminfuns.php HTTP/1.1" 404 175930 "-" "Mozilla/5.0 (Windows NT 10.0; Win64; x64) AppleWebKit/537.36 (KHTML, like Gecko) Chrome/120.0.0.0 Safari/537.36"
20.219.132.149 - - [09/Mar/2026:11:56:50 +0000] "GET /alfa.php HTTP/1.1" 403 1116 "-" "Mozilla/5.0 (Windows NT 10.0; Win64; x64) AppleWebKit/537.36 (KHTML, like Gecko) Chrome/120.0.0.0 Safari/537.36"
20.219.132.149 - - [09/Mar/2026:11:56:50 +0000] "GET /api.php HTTP/1.1" 403 1116 "-" "Mozilla/5.0 (Windows NT 10.0; Win64; x64) AppleWebKit/537.36 (KHTML, like Gecko) Chrome/120.0.0.0 Safari/537.36"
20.219.132.149 - - [09/Mar/2026:11:56:50 +0000] "GET /bless.php HTTP/1.1" 403 1116 "-" "Mozilla/5.0 (Windows NT 10.0; Win64; x64) AppleWebKit/537.36 (KHTML, like Gecko) Chrome/120.0.0.0 Safari/537.36"
20.219.132.149 - - [09/Mar/2026:11:56:50 +0000] "GET /cgi-bin/index.php HTTP/1.1" 404 1129 "-" "Mozilla/5.0 (Windows NT 10.0; Win64; x64) AppleWebKit/537.36 (KHTML, like Gecko) Chrome/120.0.0.0 Safari/537.36"
20.219.132.149 - - [09/Mar/2026:11:56:50 +0000] "GET /classwithtostring.php HTTP/1.1" 403 1116 "-" "Mozilla/5.0 (Windows NT 10.0; Win64; x64) AppleWebKit/537.36 (KHTML, like Gecko) Chrome/120.0.0.0 Safari/537.36"
20.219.132.149 - - [09/Mar/2026:11:56:51 +0000] "GET /edit.php HTTP/1.1" 404 175930 "-" "Mozilla/5.0 (Windows NT 10.0; Win64; x64) AppleWebKit/537.36 (KHTML, like Gecko) Chrome/120.0.0.0 Safari/537.36"
20.219.132.149 - - [09/Mar/2026:11:56:55 +0000] "GET /file.php HTTP/1.1" 403 1116 "-" "Mozilla/5.0 (Windows NT 10.0; Win64; x64) AppleWebKit/537.36 (KHTML, like Gecko) Chrome/120.0.0.0 Safari/537.36"
20.219.132.149 - - [09/Mar/2026:11:56:55 +0000] "GET /goods.php HTTP/1.1" 403 1116 "-" "Mozilla/5.0 (Windows NT 10.0; Win64; x64) AppleWebKit/537.36 (KHTML, like Gecko) Chrome/120.0.0.0 Safari/537.36"
20.219.132.149 - - [09/Mar/2026:11:56:56 +0000] "GET /info.php HTTP/1.1" 403 1116 "-" "Mozilla/5.0 (Windows NT 10.0; Win64; x64) AppleWebKit/537.36 (KHTML, like Gecko) Chrome/120.0.0.0 Safari/537.36"
20.219.132.149 - - [09/Mar/2026:11:56:56 +0000] "GET /ioxi-o.php HTTP/1.1" 403 1116 "-" "Mozilla/5.0 (Windows NT 10.0; Win64; x64) AppleWebKit/537.36 (KHTML, like Gecko) Chrome/120.0.0.0 Safari/537.36"
20.219.132.149 - - [09/Mar/2026:11:56:56 +0000] "GET /wp-user.php HTTP/1.1" 403 1116 "-" "Mozilla/5.0 (Windows NT 10.0; Win64; x64) AppleWebKit/537.36 (KHTML, like Gecko) Chrome/120.0.0.0 Safari/537.36"
20.219.132.149 - - [09/Mar/2026:11:56:56 +0000] "GET /wp.php HTTP/1.1" 403 1116 "-" "Mozilla/5.0 (Windows NT 10.0; Win64; x64) AppleWebKit/537.36 (KHTML, like Gecko) Chrome/120.0.0.0 Safari/537.36"
20.219.132.149 - - [09/Mar/2026:11:56:57 +0000] "GET /xmrlpc.php HTTP/1.1" 403 1116 "-" "Mozilla/5.0 (Windows NT 10.0; Win64; x64) AppleWebKit/537.36 (KHTML, like Gecko) Chrome/120.0.0.0 Safari/537.36"
20.219.132.149 - - [09/Mar/2026:11:56:57 +0000] "GET /ahax.php HTTP/1.1" 403 1116 "-" "Mozilla/5.0 (Windows NT 10.0; Win64; x64) AppleWebKit/537.36 (KHTML, like Gecko) Chrome/120.0.0.0 Safari/537.36"
20.219.132.149 - - [09/Mar/2026:11:56:57 +0000] "GET /akcc.php HTTP/1.1" 403 1116 "-" "Mozilla/5.0 (Windows NT 10.0; Win64; x64) AppleWebKit/537.36 (KHTML, like Gecko) Chrome/120.0.0.0 Safari/537.36"
20.219.132.149 - - [09/Mar/2026:11:56:57 +0000] "GET /av.php HTTP/1.1" 403 1116 "-" "Mozilla/5.0 (Windows NT 10.0; Win64; x64) AppleWebKit/537.36 (KHTML, like Gecko) Chrome/120.0.0.0 Safari/537.36"
20.219.132.149 - - [09/Mar/2026:11:56:58 +0000] "GET /buy.php HTTP/1.1" 403 1116 "-" "Mozilla/5.0 (Windows NT 10.0; Win64; x64) AppleWebKit/537.36 (KHTML, like Gecko) Chrome/120.0.0.0 Safari/537.36"
20.219.132.149 - - [09/Mar/2026:11:56:58 +0000] "GET /cgi-bin/ HTTP/1.1" 403 1116 "-" "Mozilla/5.0 (Windows NT 10.0; Win64; x64) AppleWebKit/537.36 (KHTML, like Gecko) Chrome/120.0.0.0 Safari/537.36"
20.219.132.149 - - [09/Mar/2026:11:56:58 +0000] "GET /chosen.php HTTP/1.1" 403 1116 "-" "Mozilla/5.0 (Windows NT 10.0; Win64; x64) AppleWebKit/537.36 (KHTML, like Gecko) Chrome/120.0.0.0 Safari/537.36"
20.219.132.149 - - [09/Mar/2026:11:56:58 +0000] "GET /elp.php HTTP/1.1" 403 1116 "-" "Mozilla/5.0 (Windows NT 10.0; Win64; x64) AppleWebKit/537.36 (KHTML, like Gecko) Chrome/120.0.0.0 Safari/537.36"
74.208.176.140 - - [09/Mar/2026:11:57:02 +0000] "POST /wp-cron.php?doing_wp_cron=1773057422.3261001110076904296875 HTTP/1.1" 200 4101 "-" "WordPress/6.9.1; https://hvmbertogarza.com"
20.219.132.149 - - [09/Mar/2026:11:56:59 +0000] "GET /index/function.php HTTP/1.1" 404 175930 "-" "Mozilla/5.0 (Windows NT 10.0; Win64; x64) AppleWebKit/537.36 (KHTML, like Gecko) Chrome/120.0.0.0 Safari/537.36"
20.219.132.149 - - [09/Mar/2026:11:57:03 +0000] "GET /inputs.php HTTP/1.1" 404 175930 "-" "Mozilla/5.0 (Windows NT 10.0; Win64; x64) AppleWebKit/537.36 (KHTML, like Gecko) Chrome/120.0.0.0 Safari/537.36"
20.219.132.149 - - [09/Mar/2026:11:57:08 +0000] "GET /mah.php HTTP/1.1" 403 1116 "-" "Mozilla/5.0 (Windows NT 10.0; Win64; x64) AppleWebKit/537.36 (KHTML, like Gecko) Chrome/120.0.0.0 Safari/537.36"
20.219.132.149 - - [09/Mar/2026:11:57:08 +0000] "GET /mah/function.php HTTP/1.1" 404 175930 "-" "Mozilla/5.0 (Windows NT 10.0; Win64; x64) AppleWebKit/537.36 (KHTML, like Gecko) Chrome/120.0.0.0 Safari/537.36"
20.219.132.149 - - [09/Mar/2026:11:57:12 +0000] "GET /mini.php HTTP/1.1" 403 1116 "-" "Mozilla/5.0 (Windows NT 10.0; Win64; x64) AppleWebKit/537.36 (KHTML, like Gecko) Chrome/120.0.0.0 Safari/537.36"
20.219.132.149 - - [09/Mar/2026:11:57:13 +0000] "GET /modules/mod_simplefileuploadv1.3/elements/ HTTP/1.1" 404 176154 "-" "Mozilla/5.0 (Windows NT 10.0; Win64; x64) AppleWebKit/537.36 (KHTML, like Gecko) Chrome/120.0.0.0 Safari/537.36"
20.219.132.149 - - [09/Mar/2026:11:57:18 +0000] "GET /new.php HTTP/1.1" 403 1116 "-" "Mozilla/5.0 (Windows NT 10.0; Win64; x64) AppleWebKit/537.36 (KHTML, like Gecko) Chrome/120.0.0.0 Safari/537.36"
74.208.176.140 - - [09/Mar/2026:11:57:22 +0000] "POST /wp-cron.php?doing_wp_cron=1773057442.6871941089630126953125 HTTP/1.1" 200 4101 "-" "WordPress/6.9.1; https://hvmbertogarza.com"
20.219.132.149 - - [09/Mar/2026:11:57:18 +0000] "GET /options-reading.php HTTP/1.1" 404 176142 "-" "Mozilla/5.0 (Windows NT 10.0; Win64; x64) AppleWebKit/537.36 (KHTML, like Gecko) Chrome/120.0.0.0 Safari/537.36"
20.219.132.149 - - [09/Mar/2026:11:57:23 +0000] "GET /simple.php HTTP/1.1" 403 1116 "-" "Mozilla/5.0 (Windows NT 10.0; Win64; x64) AppleWebKit/537.36 (KHTML, like Gecko) Chrome/120.0.0.0 Safari/537.36"
20.219.132.149 - - [09/Mar/2026:11:57:23 +0000] "GET /uploads/ HTTP/1.1" 404 175930 "-" "Mozilla/5.0 (Windows NT 10.0; Win64; x64) AppleWebKit/537.36 (KHTML, like Gecko) Chrome/120.0.0.0 Safari/537.36"
20.219.132.149 - - [09/Mar/2026:11:57:29 +0000] "GET /modules/mod_simplefileuploadv1.3/elements/index.php HTTP/1.1" 301 491 "-" "Mozilla/5.0 (Windows NT 10.0; Win64; x64) AppleWebKit/537.36 (KHTML, like Gecko) Chrome/120.0.0.0 Safari/537.36"
20.219.132.149 - - [09/Mar/2026:11:57:32 +0000] "GET /new.php HTTP/1.1" 403 1116 "-" "Mozilla/5.0 (Windows NT 10.0; Win64; x64) AppleWebKit/537.36 (KHTML, like Gecko) Chrome/120.0.0.0 Safari/537.36"
66.249.66.165 - - [09/Mar/2026:11:57:35 +0000] "GET /zachem-lichnosti-vazhno-ispytyvat-lichnoe-uchastie HTTP/1.1" 200 34926 "-" "Mozilla/5.0 (Linux; Android 6.0.1; Nexus 5X Build/MMB29P) AppleWebKit/537.36 (KHTML, like Gecko) Chrome/144.0.7559.132 Mobile Safari/537.36 (compatible; GoogleOther)"
20.219.132.149 - - [09/Mar/2026:11:57:32 +0000] "GET /public/files/index.php HTTP/1.1" 301 462 "-" "Mozilla/5.0 (Windows NT 10.0; Win64; x64) AppleWebKit/537.36 (KHTML, like Gecko) Chrome/120.0.0.0 Safari/537.36"
20.219.132.149 - - [09/Mar/2026:11:57:35 +0000] "GET /public/wp-content/index.php HTTP/1.1" 301 467 "-" "Mozilla/5.0 (Windows NT 10.0; Win64; x64) AppleWebKit/537.36 (KHTML, like Gecko) Chrome/120.0.0.0 Safari/537.36"
20.219.132.149 - - [09/Mar/2026:11:57:38 +0000] "GET /radio.php HTTP/1.1" 403 1116 "-" "Mozilla/5.0 (Windows NT 10.0; Win64; x64) AppleWebKit/537.36 (KHTML, like Gecko) Chrome/120.0.0.0 Safari/537.36"
20.219.132.149 - - [09/Mar/2026:11:57:38 +0000] "GET /wp-admin/classwithtostring.php HTTP/1.1" 403 1116 "-" "Mozilla/5.0 (Windows NT 10.0; Win64; x64) AppleWebKit/537.36 (KHTML, like Gecko) Chrome/120.0.0.0 Safari/537.36"
20.219.132.149 - - [09/Mar/2026:11:57:39 +0000] "GET /wp-admin/includes/colour.php HTTP/1.1" 403 1116 "-" "Mozilla/5.0 (Windows NT 10.0; Win64; x64) AppleWebKit/537.36 (KHTML, like Gecko) Chrome/120.0.0.0 Safari/537.36"
20.219.132.149 - - [09/Mar/2026:11:57:39 +0000] "GET /wp-admin/index.php HTTP/1.1" 302 525 "-" "Mozilla/5.0 (Windows NT 10.0; Win64; x64) AppleWebKit/537.36 (KHTML, like Gecko) Chrome/120.0.0.0 Safari/537.36"
20.219.132.149 - - [09/Mar/2026:11:57:41 +0000] "GET /wp-admin/js/index.php HTTP/1.1" 403 1116 "-" "Mozilla/5.0 (Windows NT 10.0; Win64; x64) AppleWebKit/537.36 (KHTML, like Gecko) Chrome/120.0.0.0 Safari/537.36"
20.219.132.149 - - [09/Mar/2026:11:57:42 +0000] "GET /wp-admin/js/widgets/ HTTP/1.1" 403 1116 "-" "Mozilla/5.0 (Windows NT 10.0; Win64; x64) AppleWebKit/537.36 (KHTML, like Gecko) Chrome/120.0.0.0 Safari/537.36"
20.219.132.149 - - [09/Mar/2026:11:57:42 +0000] "GET /wp-admin/wp-admins.php HTTP/1.1" 403 1116 "-" "Mozilla/5.0 (Windows NT 10.0; Win64; x64) AppleWebKit/537.36 (KHTML, like Gecko) Chrome/120.0.0.0 Safari/537.36"
20.219.132.149 - - [09/Mar/2026:11:57:42 +0000] "GET /wp-blog.php HTTP/1.1" 403 1116 "-" "Mozilla/5.0 (Windows NT 10.0; Win64; x64) AppleWebKit/537.36 (KHTML, like Gecko) Chrome/120.0.0.0 Safari/537.36"
20.219.132.149 - - [09/Mar/2026:11:57:42 +0000] "GET /wp-content/admin.php HTTP/1.1" 403 1116 "-" "Mozilla/5.0 (Windows NT 10.0; Win64; x64) AppleWebKit/537.36 (KHTML, like Gecko) Chrome/120.0.0.0 Safari/537.36"
20.219.132.149 - - [09/Mar/2026:11:57:42 +0000] "GET /wp-content/et-cache/ HTTP/1.1" 404 176142 "-" "Mozilla/5.0 (Windows NT 10.0; Win64; x64) AppleWebKit/537.36 (KHTML, like Gecko) Chrome/120.0.0.0 Safari/537.36"
20.219.132.149 - - [09/Mar/2026:11:57:47 +0000] "GET /wp-content/index.php HTTP/1.1" 403 1116 "-" "Mozilla/5.0 (Windows NT 10.0; Win64; x64) AppleWebKit/537.36 (KHTML, like Gecko) Chrome/120.0.0.0 Safari/537.36"
