40.77.167.77 - - [09/Mar/2026:09:01:38 +0000] "GET /txag-25781vetidm38p HTTP/1.1" 301 4312 "-" "Mozilla/5.0 AppleWebKit/537.36 (KHTML, like Gecko; compatible; bingbot/2.0; +http://www.bing.com/bingbot.htm) Chrome/116.0.1938.76 Safari/537.36"
74.208.176.140 - - [09/Mar/2026:09:02:54 +0000] "POST /wp-cron.php?doing_wp_cron=1773046974.0613470077514648437500 HTTP/1.1" 200 4101 "-" "WordPress/6.9.1; https://hvmbertogarza.com"
146.19.125.70 - - [09/Mar/2026:09:02:50 +0000] "GET / HTTP/1.0" 200 402332 "https://hvmbertogarza.com/" "Mozilla/5.0 (Windows NT 10.0; Win64; x64) AppleWebKit/537.36 (KHTML, like Gecko) Chrome/131.0.0.0 Safari/537.36"
146.19.125.70 - - [09/Mar/2026:09:02:58 +0000] "GET /wp-login.php?action=register HTTP/1.0" 200 8068 "https://hvmbertogarza.com/wp-login.php?action=register" "Mozilla/5.0 (Windows NT 10.0; Win64; x64) AppleWebKit/537.36 (KHTML, like Gecko) Chrome/131.0.0.0 Safari/537.36"
146.19.125.70 - - [09/Mar/2026:09:03:01 +0000] "POST /wp-login.php?action=register HTTP/1.0" 200 8514 "https://hvmbertogarza.com/wp-login.php?action=register" "Mozilla/5.0 (Windows NT 10.0; Win64; x64) AppleWebKit/537.36 (KHTML, like Gecko) Chrome/131.0.0.0 Safari/537.36"
146.19.125.70 - - [09/Mar/2026:09:03:04 +0000] "GET / HTTP/1.0" 200 402332 "https://hvmbertogarza.com/" "Mozilla/5.0 (Windows NT 10.0; Win64; x64) AppleWebKit/537.36 (KHTML, like Gecko) Chrome/131.0.0.0 Safari/537.36"
74.208.176.140 - - [09/Mar/2026:09:04:19 +0000] "POST /wp-cron.php?doing_wp_cron=1773047059.1817579269409179687500 HTTP/1.1" 200 4101 "-" "WordPress/6.9.1; https://hvmbertogarza.com"
185.61.223.31 - - [09/Mar/2026:09:04:16 +0000] "GET /wp-login.php HTTP/1.1" 200 7445 "-" "Mozilla/5.0 (Macintosh; Intel Mac OS X 13_5) AppleWebKit/605.1.15 (KHTML, like Gecko) Version/17.5 Safari/605.1.15"
185.61.223.31 - - [09/Mar/2026:09:04:19 +0000] "POST /xmlrpc.php HTTP/1.1" 200 4140 "-" "Mozilla/5.0 (Windows NT 10.0; Win64; x64; rv:127.0) Gecko/20100101 Firefox/127.0"
74.208.176.140 - - [09/Mar/2026:09:04:24 +0000] "POST /wp-cron.php?doing_wp_cron=1773047064.9441430568695068359375 HTTP/1.1" 200 4101 "-" "WordPress/6.9.1; https://hvmbertogarza.com"
185.61.223.31 - - [09/Mar/2026:09:04:22 +0000] "POST /xmlrpc.php HTTP/1.1" 200 7950 "-" "Mozilla/5.0 (Macintosh; Intel Mac OS X 13_5) AppleWebKit/605.1.15 (KHTML, like Gecko) Version/17.5 Safari/605.1.15"
74.208.176.140 - - [09/Mar/2026:09:06:58 +0000] "POST /wp-cron.php?doing_wp_cron=1773047218.3479459285736083984375 HTTP/1.1" 200 4101 "-" "WordPress/6.9.1; https://hvmbertogarza.com"
20.53.240.38 - - [09/Mar/2026:09:06:56 +0000] "GET /admin.php HTTP/1.1" 301 4230 "-" "Mozilla/5.0 (Windows NT 10.0; Win64; x64) AppleWebKit/537.36 (KHTML, like Gecko) Chrome/120.0.0.0 Safari/537.36"
51.38.112.81 - - [09/Mar/2026:09:06:57 +0000] "GET /2026/02/13/ HTTP/1.1" 200 40281 "-" "Mozilla/5.0 (Windows NT 10.0; Win64; x64) AppleWebKit/537.36 (KHTML, like Gecko) Chrome/139.0.0.0 Safari/537.36"
20.53.240.38 - - [09/Mar/2026:09:06:58 +0000] "GET /login.php HTTP/1.1" 301 458 "-" "Mozilla/5.0 (Windows NT 10.0; Win64; x64) AppleWebKit/537.36 (KHTML, like Gecko) Chrome/120.0.0.0 Safari/537.36"
20.53.240.38 - - [09/Mar/2026:09:07:01 +0000] "GET /logout.php HTTP/1.1" 301 459 "-" "Mozilla/5.0 (Windows NT 10.0; Win64; x64) AppleWebKit/537.36 (KHTML, like Gecko) Chrome/120.0.0.0 Safari/537.36"
20.53.240.38 - - [09/Mar/2026:09:07:03 +0000] "GET /register.php HTTP/1.1" 301 461 "-" "Mozilla/5.0 (Windows NT 10.0; Win64; x64) AppleWebKit/537.36 (KHTML, like Gecko) Chrome/120.0.0.0 Safari/537.36"
51.38.112.81 - - [09/Mar/2026:09:07:03 +0000] "GET /2026/02/10/ HTTP/1.1" 200 40011 "-" "Mozilla/5.0 (Windows NT 10.0; Win64; x64) AppleWebKit/537.36 (KHTML, like Gecko) Chrome/139.0.0.0 Safari/537.36"
20.53.240.38 - - [09/Mar/2026:09:07:07 +0000] "GET /dashboard.php HTTP/1.1" 301 462 "-" "Mozilla/5.0 (Windows NT 10.0; Win64; x64) AppleWebKit/537.36 (KHTML, like Gecko) Chrome/120.0.0.0 Safari/537.36"
20.53.240.38 - - [09/Mar/2026:09:07:10 +0000] "GET /profile.php HTTP/1.1" 301 460 "-" "Mozilla/5.0 (Windows NT 10.0; Win64; x64) AppleWebKit/537.36 (KHTML, like Gecko) Chrome/120.0.0.0 Safari/537.36"
20.53.240.38 - - [09/Mar/2026:09:07:12 +0000] "GET /account.php HTTP/1.1" 301 460 "-" "Mozilla/5.0 (Windows NT 10.0; Win64; x64) AppleWebKit/537.36 (KHTML, like Gecko) Chrome/120.0.0.0 Safari/537.36"
20.53.240.38 - - [09/Mar/2026:09:07:15 +0000] "GET /settings.php HTTP/1.1" 301 461 "-" "Mozilla/5.0 (Windows NT 10.0; Win64; x64) AppleWebKit/537.36 (KHTML, like Gecko) Chrome/120.0.0.0 Safari/537.36"
20.53.240.38 - - [09/Mar/2026:09:07:17 +0000] "GET /backup.php HTTP/1.1" 301 459 "-" "Mozilla/5.0 (Windows NT 10.0; Win64; x64) AppleWebKit/537.36 (KHTML, like Gecko) Chrome/120.0.0.0 Safari/537.36"
74.208.176.140 - - [09/Mar/2026:09:07:23 +0000] "POST /wp-cron.php?doing_wp_cron=1773047243.2515490055084228515625 HTTP/1.1" 200 4101 "-" "WordPress/6.9.1; https://hvmbertogarza.com"
20.53.240.38 - - [09/Mar/2026:09:07:20 +0000] "GET /restore.php HTTP/1.1" 301 460 "-" "Mozilla/5.0 (Windows NT 10.0; Win64; x64) AppleWebKit/537.36 (KHTML, like Gecko) Chrome/120.0.0.0 Safari/537.36"
20.53.240.38 - - [09/Mar/2026:09:07:23 +0000] "GET /database.php HTTP/1.1" 301 461 "-" "Mozilla/5.0 (Windows NT 10.0; Win64; x64) AppleWebKit/537.36 (KHTML, like Gecko) Chrome/120.0.0.0 Safari/537.36"
20.53.240.38 - - [09/Mar/2026:09:07:26 +0000] "GET /cache.php HTTP/1.1" 301 458 "-" "Mozilla/5.0 (Windows NT 10.0; Win64; x64) AppleWebKit/537.36 (KHTML, like Gecko) Chrome/120.0.0.0 Safari/537.36"
20.53.240.38 - - [09/Mar/2026:09:07:28 +0000] "GET /security.php HTTP/1.1" 301 461 "-" "Mozilla/5.0 (Windows NT 10.0; Win64; x64) AppleWebKit/537.36 (KHTML, like Gecko) Chrome/120.0.0.0 Safari/537.36"
20.53.240.38 - - [09/Mar/2026:09:07:30 +0000] "GET /firewall.php HTTP/1.1" 301 461 "-" "Mozilla/5.0 (Windows NT 10.0; Win64; x64) AppleWebKit/537.36 (KHTML, like Gecko) Chrome/120.0.0.0 Safari/537.36"
20.53.240.38 - - [09/Mar/2026:09:07:32 +0000] "GET /policy.php HTTP/1.1" 301 459 "-" "Mozilla/5.0 (Windows NT 10.0; Win64; x64) AppleWebKit/537.36 (KHTML, like Gecko) Chrome/120.0.0.0 Safari/537.36"
20.53.240.38 - - [09/Mar/2026:09:07:34 +0000] "GET /access.php HTTP/1.1" 301 459 "-" "Mozilla/5.0 (Windows NT 10.0; Win64; x64) AppleWebKit/537.36 (KHTML, like Gecko) Chrome/120.0.0.0 Safari/537.36"
20.53.240.38 - - [09/Mar/2026:09:07:36 +0000] "GET /permission.php HTTP/1.1" 301 463 "-" "Mozilla/5.0 (Windows NT 10.0; Win64; x64) AppleWebKit/537.36 (KHTML, like Gecko) Chrome/120.0.0.0 Safari/537.36"
20.53.240.38 - - [09/Mar/2026:09:07:38 +0000] "GET /identity.php HTTP/1.1" 301 461 "-" "Mozilla/5.0 (Windows NT 10.0; Win64; x64) AppleWebKit/537.36 (KHTML, like Gecko) Chrome/120.0.0.0 Safari/537.36"
20.53.240.38 - - [09/Mar/2026:09:07:40 +0000] "GET /credential.php HTTP/1.1" 301 463 "-" "Mozilla/5.0 (Windows NT 10.0; Win64; x64) AppleWebKit/537.36 (KHTML, like Gecko) Chrome/120.0.0.0 Safari/537.36"
20.53.240.38 - - [09/Mar/2026:09:07:42 +0000] "GET /encrypt.php HTTP/1.1" 301 460 "-" "Mozilla/5.0 (Windows NT 10.0; Win64; x64) AppleWebKit/537.36 (KHTML, like Gecko) Chrome/120.0.0.0 Safari/537.36"
20.53.240.38 - - [09/Mar/2026:09:07:44 +0000] "GET /decrypt.php HTTP/1.1" 301 460 "-" "Mozilla/5.0 (Windows NT 10.0; Win64; x64) AppleWebKit/537.36 (KHTML, like Gecko) Chrome/120.0.0.0 Safari/537.36"
20.53.240.38 - - [09/Mar/2026:09:07:46 +0000] "GET /hash.php HTTP/1.1" 301 457 "-" "Mozilla/5.0 (Windows NT 10.0; Win64; x64) AppleWebKit/537.36 (KHTML, like Gecko) Chrome/120.0.0.0 Safari/537.36"
20.53.240.38 - - [09/Mar/2026:09:07:48 +0000] "GET /signature.php HTTP/1.1" 301 462 "-" "Mozilla/5.0 (Windows NT 10.0; Win64; x64) AppleWebKit/537.36 (KHTML, like Gecko) Chrome/120.0.0.0 Safari/537.36"
74.208.176.140 - - [09/Mar/2026:09:07:52 +0000] "POST /wp-cron.php?doing_wp_cron=1773047272.5072360038757324218750 HTTP/1.1" 200 4101 "-" "WordPress/6.9.1; https://hvmbertogarza.com"
20.53.240.38 - - [09/Mar/2026:09:07:50 +0000] "GET /validate.php HTTP/1.1" 301 461 "-" "Mozilla/5.0 (Windows NT 10.0; Win64; x64) AppleWebKit/537.36 (KHTML, like Gecko) Chrome/120.0.0.0 Safari/537.36"
20.53.240.38 - - [09/Mar/2026:09:07:52 +0000] "GET /blog.php HTTP/1.1" 301 457 "-" "Mozilla/5.0 (Windows NT 10.0; Win64; x64) AppleWebKit/537.36 (KHTML, like Gecko) Chrome/120.0.0.0 Safari/537.36"
20.53.240.38 - - [09/Mar/2026:09:07:54 +0000] "GET /article.php HTTP/1.1" 301 460 "-" "Mozilla/5.0 (Windows NT 10.0; Win64; x64) AppleWebKit/537.36 (KHTML, like Gecko) Chrome/120.0.0.0 Safari/537.36"
20.53.240.38 - - [09/Mar/2026:09:07:56 +0000] "GET /news.php HTTP/1.1" 301 457 "-" "Mozilla/5.0 (Windows NT 10.0; Win64; x64) AppleWebKit/537.36 (KHTML, like Gecko) Chrome/120.0.0.0 Safari/537.36"
178.16.52.218 - - [09/Mar/2026:09:07:57 +0000] "GET /.env HTTP/1.1" 404 106251 "-" "Mozilla/5.0 (Windows NT 10.0; Win64; x64)"
20.53.240.38 - - [09/Mar/2026:09:07:59 +0000] "GET /forum.php HTTP/1.1" 301 458 "-" "Mozilla/5.0 (Windows NT 10.0; Win64; x64) AppleWebKit/537.36 (KHTML, like Gecko) Chrome/120.0.0.0 Safari/537.36"
20.53.240.38 - - [09/Mar/2026:09:08:01 +0000] "GET /comment.php HTTP/1.1" 301 460 "-" "Mozilla/5.0 (Windows NT 10.0; Win64; x64) AppleWebKit/537.36 (KHTML, like Gecko) Chrome/120.0.0.0 Safari/537.36"
20.53.240.38 - - [09/Mar/2026:09:08:04 +0000] "GET /feedback.php HTTP/1.1" 301 461 "-" "Mozilla/5.0 (Windows NT 10.0; Win64; x64) AppleWebKit/537.36 (KHTML, like Gecko) Chrome/120.0.0.0 Safari/537.36"
20.53.240.38 - - [09/Mar/2026:09:08:07 +0000] "GET /poll.php HTTP/1.1" 301 457 "-" "Mozilla/5.0 (Windows NT 10.0; Win64; x64) AppleWebKit/537.36 (KHTML, like Gecko) Chrome/120.0.0.0 Safari/537.36"
20.53.240.38 - - [09/Mar/2026:09:08:09 +0000] "GET /shop.php HTTP/1.1" 301 457 "-" "Mozilla/5.0 (Windows NT 10.0; Win64; x64) AppleWebKit/537.36 (KHTML, like Gecko) Chrome/120.0.0.0 Safari/537.36"
20.53.240.38 - - [09/Mar/2026:09:08:12 +0000] "GET /product.php HTTP/1.1" 301 460 "-" "Mozilla/5.0 (Windows NT 10.0; Win64; x64) AppleWebKit/537.36 (KHTML, like Gecko) Chrome/120.0.0.0 Safari/537.36"
20.53.240.38 - - [09/Mar/2026:09:08:14 +0000] "GET /cart.php HTTP/1.1" 301 457 "-" "Mozilla/5.0 (Windows NT 10.0; Win64; x64) AppleWebKit/537.36 (KHTML, like Gecko) Chrome/120.0.0.0 Safari/537.36"
20.53.240.38 - - [09/Mar/2026:09:08:17 +0000] "GET /checkout.php HTTP/1.1" 301 461 "-" "Mozilla/5.0 (Windows NT 10.0; Win64; x64) AppleWebKit/537.36 (KHTML, like Gecko) Chrome/120.0.0.0 Safari/537.36"
74.208.176.140 - - [09/Mar/2026:09:08:21 +0000] "POST /wp-cron.php?doing_wp_cron=1773047301.8774750232696533203125 HTTP/1.1" 200 4101 "-" "WordPress/6.9.1; https://hvmbertogarza.com"
20.53.240.38 - - [09/Mar/2026:09:08:19 +0000] "GET /order.php HTTP/1.1" 301 458 "-" "Mozilla/5.0 (Windows NT 10.0; Win64; x64) AppleWebKit/537.36 (KHTML, like Gecko) Chrome/120.0.0.0 Safari/537.36"
20.53.240.38 - - [09/Mar/2026:09:08:22 +0000] "GET /payment.php HTTP/1.1" 301 460 "-" "Mozilla/5.0 (Windows NT 10.0; Win64; x64) AppleWebKit/537.36 (KHTML, like Gecko) Chrome/120.0.0.0 Safari/537.36"
20.53.240.38 - - [09/Mar/2026:09:08:25 +0000] "GET /invoice.php HTTP/1.1" 301 460 "-" "Mozilla/5.0 (Windows NT 10.0; Win64; x64) AppleWebKit/537.36 (KHTML, like Gecko) Chrome/120.0.0.0 Safari/537.36"
20.53.240.38 - - [09/Mar/2026:09:08:27 +0000] "GET /shipping.php HTTP/1.1" 301 461 "-" "Mozilla/5.0 (Windows NT 10.0; Win64; x64) AppleWebKit/537.36 (KHTML, like Gecko) Chrome/120.0.0.0 Safari/537.36"
20.53.240.38 - - [09/Mar/2026:09:08:29 +0000] "GET /tracking.php HTTP/1.1" 301 461 "-" "Mozilla/5.0 (Windows NT 10.0; Win64; x64) AppleWebKit/537.36 (KHTML, like Gecko) Chrome/120.0.0.0 Safari/537.36"
20.53.240.38 - - [09/Mar/2026:09:08:31 +0000] "GET /media.php HTTP/1.1" 301 458 "-" "Mozilla/5.0 (Windows NT 10.0; Win64; x64) AppleWebKit/537.36 (KHTML, like Gecko) Chrome/120.0.0.0 Safari/537.36"
20.53.240.38 - - [09/Mar/2026:09:08:34 +0000] "GET /gallery.php HTTP/1.1" 301 460 "-" "Mozilla/5.0 (Windows NT 10.0; Win64; x64) AppleWebKit/537.36 (KHTML, like Gecko) Chrome/120.0.0.0 Safari/537.36"
20.53.240.38 - - [09/Mar/2026:09:08:36 +0000] "GET /video.php HTTP/1.1" 301 458 "-" "Mozilla/5.0 (Windows NT 10.0; Win64; x64) AppleWebKit/537.36 (KHTML, like Gecko) Chrome/120.0.0.0 Safari/537.36"
20.53.240.38 - - [09/Mar/2026:09:08:38 +0000] "GET /audio.php HTTP/1.1" 301 458 "-" "Mozilla/5.0 (Windows NT 10.0; Win64; x64) AppleWebKit/537.36 (KHTML, like Gecko) Chrome/120.0.0.0 Safari/537.36"
20.53.240.38 - - [09/Mar/2026:09:08:40 +0000] "GET /stream.php HTTP/1.1" 301 459 "-" "Mozilla/5.0 (Windows NT 10.0; Win64; x64) AppleWebKit/537.36 (KHTML, like Gecko) Chrome/120.0.0.0 Safari/537.36"
20.53.240.38 - - [09/Mar/2026:09:08:42 +0000] "GET /player.php HTTP/1.1" 301 459 "-" "Mozilla/5.0 (Windows NT 10.0; Win64; x64) AppleWebKit/537.36 (KHTML, like Gecko) Chrome/120.0.0.0 Safari/537.36"
20.53.240.38 - - [09/Mar/2026:09:08:44 +0000] "GET /api.php HTTP/1.1" 301 456 "-" "Mozilla/5.0 (Windows NT 10.0; Win64; x64) AppleWebKit/537.36 (KHTML, like Gecko) Chrome/120.0.0.0 Safari/537.36"
20.53.240.38 - - [09/Mar/2026:09:08:46 +0000] "GET /router.php HTTP/1.1" 301 459 "-" "Mozilla/5.0 (Windows NT 10.0; Win64; x64) AppleWebKit/537.36 (KHTML, like Gecko) Chrome/120.0.0.0 Safari/537.36"
20.53.240.38 - - [09/Mar/2026:09:08:48 +0000] "GET /controller.php HTTP/1.1" 301 463 "-" "Mozilla/5.0 (Windows NT 10.0; Win64; x64) AppleWebKit/537.36 (KHTML, like Gecko) Chrome/120.0.0.0 Safari/537.36"
74.208.176.140 - - [09/Mar/2026:09:08:52 +0000] "POST /wp-cron.php?doing_wp_cron=1773047332.7798891067504882812500 HTTP/1.1" 200 4101 "-" "WordPress/6.9.1; https://hvmbertogarza.com"
20.53.240.38 - - [09/Mar/2026:09:08:50 +0000] "GET /request.php HTTP/1.1" 301 460 "-" "Mozilla/5.0 (Windows NT 10.0; Win64; x64) AppleWebKit/537.36 (KHTML, like Gecko) Chrome/120.0.0.0 Safari/537.36"
20.53.240.38 - - [09/Mar/2026:09:08:53 +0000] "GET /response.php HTTP/1.1" 301 461 "-" "Mozilla/5.0 (Windows NT 10.0; Win64; x64) AppleWebKit/537.36 (KHTML, like Gecko) Chrome/120.0.0.0 Safari/537.36"
20.53.240.38 - - [09/Mar/2026:09:08:55 +0000] "GET /event.php HTTP/1.1" 301 458 "-" "Mozilla/5.0 (Windows NT 10.0; Win64; x64) AppleWebKit/537.36 (KHTML, like Gecko) Chrome/120.0.0.0 Safari/537.36"
20.53.240.38 - - [09/Mar/2026:09:08:57 +0000] "GET /task.php HTTP/1.1" 301 457 "-" "Mozilla/5.0 (Windows NT 10.0; Win64; x64) AppleWebKit/537.36 (KHTML, like Gecko) Chrome/120.0.0.0 Safari/537.36"
74.208.176.140 - - [09/Mar/2026:09:09:00 +0000] "POST /wp-cron.php?doing_wp_cron=1773047340.8259840011596679687500 HTTP/1.1" 200 4101 "-" "WordPress/6.9.1; https://hvmbertogarza.com"
20.53.240.38 - - [09/Mar/2026:09:08:59 +0000] "GET /worker.php HTTP/1.1" 301 459 "-" "Mozilla/5.0 (Windows NT 10.0; Win64; x64) AppleWebKit/537.36 (KHTML, like Gecko) Chrome/120.0.0.0 Safari/537.36"
20.53.240.38 - - [09/Mar/2026:09:09:01 +0000] "GET /process.php HTTP/1.1" 301 460 "-" "Mozilla/5.0 (Windows NT 10.0; Win64; x64) AppleWebKit/537.36 (KHTML, like Gecko) Chrome/120.0.0.0 Safari/537.36"
20.53.240.38 - - [09/Mar/2026:09:09:03 +0000] "GET /runtime.php HTTP/1.1" 301 460 "-" "Mozilla/5.0 (Windows NT 10.0; Win64; x64) AppleWebKit/537.36 (KHTML, like Gecko) Chrome/120.0.0.0 Safari/537.36"
74.208.176.140 - - [09/Mar/2026:09:09:37 +0000] "POST /wp-cron.php?doing_wp_cron=1773047377.6890380382537841796875 HTTP/1.1" 200 4101 "-" "WordPress/6.9.1; https://hvmbertogarza.com"
57.129.81.226 - - [09/Mar/2026:09:09:34 +0000] "GET /2026/02/20/ HTTP/1.1" 200 40040 "-" "Mozilla/5.0 (Windows NT 10.0; Win64; x64) AppleWebKit/537.36 (KHTML, like Gecko) Chrome/139.0.0.0 Safari/537.36"
74.208.176.140 - - [09/Mar/2026:09:10:13 +0000] "POST /wp-cron.php?doing_wp_cron=1773047413.1614489555358886718750 HTTP/1.1" 200 4101 "-" "WordPress/6.9.1; https://hvmbertogarza.com"
51.91.254.244 - - [09/Mar/2026:09:10:09 +0000] "GET /2026/02/09/ HTTP/1.1" 200 40071 "-" "Mozilla/5.0 (Windows NT 10.0; Win64; x64) AppleWebKit/537.36 (KHTML, like Gecko) Chrome/139.0.0.0 Safari/537.36"
173.252.95.63 - - [09/Mar/2026:09:11:12 +0000] "GET /robots.txt HTTP/1.1" 301 3818 "-" "facebookexternalhit/1.1 (+http://www.facebook.com/externalhit_uatext.php)"
74.208.176.140 - - [09/Mar/2026:09:11:15 +0000] "POST /wp-cron.php?doing_wp_cron=1773047475.3931150436401367187500 HTTP/1.1" 200 4101 "-" "WordPress/6.9.1; https://hvmbertogarza.com"
173.252.95.11 - - [09/Mar/2026:09:11:12 +0000] "GET /robots.txt HTTP/1.1" 301 3818 "-" "facebookexternalhit/1.1 (+http://www.facebook.com/externalhit_uatext.php)"
173.252.95.63 - - [09/Mar/2026:09:11:12 +0000] "GET /robots.txt HTTP/1.1" 301 3818 "-" "facebookexternalhit/1.1 (+http://www.facebook.com/externalhit_uatext.php)"
69.171.231.15 - - [09/Mar/2026:09:11:12 +0000] "GET /robots.txt HTTP/1.1" 301 3818 "-" "facebookexternalhit/1.1 (+http://www.facebook.com/externalhit_uatext.php)"
74.208.176.140 - - [09/Mar/2026:09:12:18 +0000] "POST /wp-cron.php?doing_wp_cron=1773047538.7943949699401855468750 HTTP/1.1" 200 4101 "-" "WordPress/6.9.1; https://hvmbertogarza.com"
146.19.125.70 - - [09/Mar/2026:09:12:15 +0000] "GET / HTTP/1.0" 200 402332 "https://hvmbertogarza.com/" "Mozilla/5.0 (Windows NT 10.0; Win64; x64) AppleWebKit/537.36 (KHTML, like Gecko) Chrome/131.0.0.0 Safari/537.36 Avast/131.0.0.0"
146.19.125.70 - - [09/Mar/2026:09:12:23 +0000] "GET /wp-login.php?action=register HTTP/1.0" 200 8068 "https://hvmbertogarza.com/wp-login.php?action=register" "Mozilla/5.0 (Windows NT 10.0; Win64; x64) AppleWebKit/537.36 (KHTML, like Gecko) Chrome/131.0.0.0 Safari/537.36 Avast/131.0.0.0"
146.19.125.70 - - [09/Mar/2026:09:12:26 +0000] "POST /wp-login.php?action=register HTTP/1.0" 200 8514 "https://hvmbertogarza.com/wp-login.php?action=register" "Mozilla/5.0 (Windows NT 10.0; Win64; x64) AppleWebKit/537.36 (KHTML, like Gecko) Chrome/131.0.0.0 Safari/537.36 Avast/131.0.0.0"
146.19.125.70 - - [09/Mar/2026:09:12:30 +0000] "GET / HTTP/1.0" 200 402332 "https://hvmbertogarza.com/" "Mozilla/5.0 (Windows NT 10.0; Win64; x64) AppleWebKit/537.36 (KHTML, like Gecko) Chrome/131.0.0.0 Safari/537.36 Avast/131.0.0.0"
74.208.176.140 - - [09/Mar/2026:09:16:39 +0000] "POST /wp-cron.php?doing_wp_cron=1773047799.9394710063934326171875 HTTP/1.1" 200 4101 "-" "WordPress/6.9.1; https://hvmbertogarza.com"
209.50.178.106 - - [09/Mar/2026:09:16:37 +0000] "HEAD / HTTP/1.1" 200 4150 "-" "curl/7.88.1"
209.50.179.250 - - [09/Mar/2026:09:16:40 +0000] "GET /wp-login.php HTTP/1.1" 200 7393 "-" "curl/8.6.0"
209.50.179.250 - - [09/Mar/2026:09:16:44 +0000] "POST /wp-login.php HTTP/1.1" 302 5062 "https://hvmbertogarza.com/wp-login.php" "curl/8.6.0"
209.50.179.250 - - [09/Mar/2026:09:16:47 +0000] "GET /wp-admin/ HTTP/1.1" 200 83241 "https://hvmbertogarza.com/wp-login.php" "curl/8.6.0"
209.50.179.250 - - [09/Mar/2026:09:16:51 +0000] "GET /wp-admin/plugins.php HTTP/1.1" 200 189002 "-" "Wget/1.21.4"
74.208.176.140 - - [09/Mar/2026:09:21:44 +0000] "POST /wp-cron.php?doing_wp_cron=1773048104.0101590156555175781250 HTTP/1.1" 200 4101 "-" "WordPress/6.9.1; https://hvmbertogarza.com"
146.19.125.70 - - [09/Mar/2026:09:21:40 +0000] "GET / HTTP/1.0" 200 402419 "https://hvmbertogarza.com/" "Mozilla/5.0 (Windows NT 10.0; Win64; x64) AppleWebKit/537.36 (KHTML, like Gecko) Chrome/131.0.0.0 Safari/537.36"
146.19.125.70 - - [09/Mar/2026:09:21:48 +0000] "GET /wp-login.php?action=register HTTP/1.0" 200 8068 "https://hvmbertogarza.com/wp-login.php?action=register" "Mozilla/5.0 (Windows NT 10.0; Win64; x64) AppleWebKit/537.36 (KHTML, like Gecko) Chrome/131.0.0.0 Safari/537.36"
146.19.125.70 - - [09/Mar/2026:09:21:51 +0000] "POST /wp-login.php?action=register HTTP/1.0" 200 8514 "https://hvmbertogarza.com/wp-login.php?action=register" "Mozilla/5.0 (Windows NT 10.0; Win64; x64) AppleWebKit/537.36 (KHTML, like Gecko) Chrome/131.0.0.0 Safari/537.36"
40.77.167.136 - - [09/Mar/2026:09:21:55 +0000] "GET /wp-sitemap-posts-product-1.xml HTTP/1.1" 200 5594 "-" "Mozilla/5.0 AppleWebKit/537.36 (KHTML, like Gecko; compatible; bingbot/2.0; +http://www.bing.com/bingbot.htm) Chrome/116.0.1938.76 Safari/537.36"
146.19.125.70 - - [09/Mar/2026:09:21:55 +0000] "GET / HTTP/1.0" 200 402332 "https://hvmbertogarza.com/" "Mozilla/5.0 (Windows NT 10.0; Win64; x64) AppleWebKit/537.36 (KHTML, like Gecko) Chrome/131.0.0.0 Safari/537.36"
74.208.176.140 - - [09/Mar/2026:09:22:13 +0000] "POST /wp-cron.php?doing_wp_cron=1773048133.3244938850402832031250 HTTP/1.1" 200 4101 "-" "WordPress/6.9.1; https://hvmbertogarza.com"
57.141.4.25 - - [09/Mar/2026:09:22:10 +0000] "GET /wp-sitemap-posts-page-1.xml HTTP/1.1" 200 8191 "-" "meta-externalagent/1.1 (+https://developers.facebook.com/docs/sharing/webmasters/crawler)"
74.208.176.140 - - [09/Mar/2026:09:23:30 +0000] "POST /wp-cron.php?doing_wp_cron=1773048210.7102880477905273437500 HTTP/1.1" 200 4101 "-" "WordPress/6.9.1; https://hvmbertogarza.com"
14.171.182.233 - - [09/Mar/2026:09:23:27 +0000] "GET /categoria-producto/playeras/ HTTP/1.1" 200 43720 "-" "Mozilla/5.0 (compatible; MSIE 5.0; Windows NT 4.0; Trident/3.1)"
74.208.176.140 - - [09/Mar/2026:09:23:51 +0000] "POST /wp-cron.php?doing_wp_cron=1773048231.5268189907073974609375 HTTP/1.1" 200 4101 "-" "WordPress/6.9.1; https://hvmbertogarza.com"
216.73.216.173 - - [09/Mar/2026:09:23:49 +0000] "GET /robots.txt HTTP/1.1" 200 4284 "-" "Mozilla/5.0 AppleWebKit/537.36 (KHTML, like Gecko; compatible; ClaudeBot/1.0; +claudebot@anthropic.com)"
216.73.216.173 - - [09/Mar/2026:09:23:51 +0000] "GET /the-founding-of-youtube-a-short-history/feed HTTP/1.1" 301 475 "-" "Mozilla/5.0 AppleWebKit/537.36 (KHTML, like Gecko; compatible; ClaudeBot/1.0; +claudebot@anthropic.com)"
216.73.216.173 - - [09/Mar/2026:09:23:53 +0000] "GET /the-founding-of-youtube-a-short-history/feed/ HTTP/1.1" 200 1099 "https://hvmbertogarza.com/the-founding-of-youtube-a-short-history/feed" "Mozilla/5.0 AppleWebKit/537.36 (KHTML, like Gecko; compatible; ClaudeBot/1.0; +claudebot@anthropic.com)"
74.208.176.140 - - [09/Mar/2026:09:25:06 +0000] "POST /wp-cron.php?doing_wp_cron=1773048305.9893419742584228515625 HTTP/1.1" 200 4101 "-" "WordPress/6.9.1; https://hvmbertogarza.com"
216.73.216.173 - - [09/Mar/2026:09:25:02 +0000] "GET /2026/03/08 HTTP/1.1" 301 4079 "-" "Mozilla/5.0 AppleWebKit/537.36 (KHTML, like Gecko; compatible; ClaudeBot/1.0; +claudebot@anthropic.com)"
216.73.216.173 - - [09/Mar/2026:09:25:06 +0000] "GET /2026/03/08/ HTTP/1.1" 200 36266 "https://hvmbertogarza.com/2026/03/08" "Mozilla/5.0 AppleWebKit/537.36 (KHTML, like Gecko; compatible; ClaudeBot/1.0; +claudebot@anthropic.com)"
74.208.176.140 - - [09/Mar/2026:09:26:26 +0000] "POST /wp-cron.php?doing_wp_cron=1773048386.5820178985595703125000 HTTP/1.1" 200 4101 "-" "WordPress/6.9.1; https://hvmbertogarza.com"
57.141.4.48 - - [09/Mar/2026:09:26:23 +0000] "GET /?p=1358 HTTP/1.1" 301 4197 "-" "meta-externalagent/1.1 (+https://developers.facebook.com/docs/sharing/webmasters/crawler)"
216.73.216.173 - - [09/Mar/2026:09:26:48 +0000] "GET /?p=2032 HTTP/1.1" 301 4158 "-" "Mozilla/5.0 AppleWebKit/537.36 (KHTML, like Gecko; compatible; ClaudeBot/1.0; +claudebot@anthropic.com)"
74.208.176.140 - - [09/Mar/2026:09:26:53 +0000] "POST /wp-cron.php?doing_wp_cron=1773048413.2291100025177001953125 HTTP/1.1" 200 4101 "-" "WordPress/6.9.1; https://hvmbertogarza.com"
216.73.216.173 - - [09/Mar/2026:09:26:50 +0000] "GET /the-founding-of-youtube-a-short-history/ HTTP/1.1" 200 42362 "https://hvmbertogarza.com/?p=2032" "Mozilla/5.0 AppleWebKit/537.36 (KHTML, like Gecko; compatible; ClaudeBot/1.0; +claudebot@anthropic.com)"
74.208.176.140 - - [09/Mar/2026:09:29:54 +0000] "POST /wp-cron.php?doing_wp_cron=1773048594.5806200504302978515625 HTTP/1.1" 200 4101 "-" "WordPress/6.9.1; https://hvmbertogarza.com"
57.141.4.22 - - [09/Mar/2026:09:29:52 +0000] "GET /wp-sitemap.xml HTTP/1.1" 200 4921 "-" "meta-externalagent/1.1 (+https://developers.facebook.com/docs/sharing/webmasters/crawler)"
74.208.176.140 - - [09/Mar/2026:09:31:05 +0000] "POST /wp-cron.php?doing_wp_cron=1773048665.6623721122741699218750 HTTP/1.1" 200 4101 "-" "WordPress/6.9.1; https://hvmbertogarza.com"
146.19.125.70 - - [09/Mar/2026:09:31:01 +0000] "GET / HTTP/1.0" 200 402332 "https://hvmbertogarza.com/" "Mozilla/5.0 (Windows NT 10.0; Win64; x64) AppleWebKit/537.36 (KHTML, like Gecko) Chrome/129.0.0.0 Safari/537.36"
146.19.125.70 - - [09/Mar/2026:09:31:10 +0000] "GET /wp-login.php?action=register HTTP/1.0" 200 8068 "https://hvmbertogarza.com/wp-login.php?action=register" "Mozilla/5.0 (Windows NT 10.0; Win64; x64) AppleWebKit/537.36 (KHTML, like Gecko) Chrome/129.0.0.0 Safari/537.36"
146.19.125.70 - - [09/Mar/2026:09:31:13 +0000] "POST /wp-login.php?action=register HTTP/1.0" 200 8514 "https://hvmbertogarza.com/wp-login.php?action=register" "Mozilla/5.0 (Windows NT 10.0; Win64; x64) AppleWebKit/537.36 (KHTML, like Gecko) Chrome/129.0.0.0 Safari/537.36"
146.19.125.70 - - [09/Mar/2026:09:31:17 +0000] "GET / HTTP/1.0" 200 402332 "https://hvmbertogarza.com/" "Mozilla/5.0 (Windows NT 10.0; Win64; x64) AppleWebKit/537.36 (KHTML, like Gecko) Chrome/129.0.0.0 Safari/537.36"
74.208.176.140 - - [09/Mar/2026:09:36:45 +0000] "POST /wp-cron.php?doing_wp_cron=1773049005.4785320758819580078125 HTTP/1.1" 200 4101 "-" "WordPress/6.9.1; https://hvmbertogarza.com"
52.167.144.66 - - [09/Mar/2026:09:36:43 +0000] "GET /robots.txt HTTP/1.1" 200 4421 "-" "Mozilla/5.0 AppleWebKit/537.36 (KHTML, like Gecko; compatible; bingbot/2.0; +http://www.bing.com/bingbot.htm) Chrome/116.0.1938.76 Safari/537.36"
40.77.167.47 - - [09/Mar/2026:09:36:54 +0000] "GET /wp-content/uploads/2024/02/Wall-Frame-V2-Vertical-Llorona.jpg HTTP/1.1" 200 2913312 "-" "Mozilla/5.0 AppleWebKit/537.36 (KHTML, like Gecko; compatible; bingbot/2.0; +http://www.bing.com/bingbot.htm) Chrome/116.0.1938.76 Safari/537.36"
74.208.176.140 - - [09/Mar/2026:09:37:23 +0000] "POST /wp-cron.php?doing_wp_cron=1773049043.7753748893737792968750 HTTP/1.1" 200 4101 "-" "WordPress/6.9.1; https://hvmbertogarza.com"
51.195.244.175 - - [09/Mar/2026:09:37:21 +0000] "GET /wp-sitemap.xml HTTP/1.1" 200 4301 "-" "Mozilla/5.0 (compatible; AhrefsBot/7.0; +http://ahrefs.com/robot/)"
198.244.183.112 - - [09/Mar/2026:09:37:27 +0000] "GET /wp-sitemap-posts-post-1.xml HTTP/1.1" 200 11017 "-" "Mozilla/5.0 (compatible; AhrefsBot/7.0; +http://ahrefs.com/robot/)"
51.195.244.200 - - [09/Mar/2026:09:37:33 +0000] "GET /wp-sitemap-posts-page-1.xml HTTP/1.1" 200 4687 "-" "Mozilla/5.0 (compatible; AhrefsBot/7.0; +http://ahrefs.com/robot/)"
51.89.129.80 - - [09/Mar/2026:09:37:38 +0000] "GET /wp-sitemap-posts-product-1.xml HTTP/1.1" 200 5513 "-" "Mozilla/5.0 (compatible; AhrefsBot/7.0; +http://ahrefs.com/robot/)"
51.195.183.84 - - [09/Mar/2026:09:37:44 +0000] "GET /wp-sitemap-posts-shopengine-template-1.xml HTTP/1.1" 200 4296 "-" "Mozilla/5.0 (compatible; AhrefsBot/7.0; +http://ahrefs.com/robot/)"
74.208.176.140 - - [09/Mar/2026:09:37:51 +0000] "POST /wp-cron.php?doing_wp_cron=1773049071.0309929847717285156250 HTTP/1.1" 200 4101 "-" "WordPress/6.9.1; https://hvmbertogarza.com"
51.195.183.224 - - [09/Mar/2026:09:37:49 +0000] "GET /wp-sitemap-taxonomies-category-1.xml HTTP/1.1" 200 4270 "-" "Mozilla/5.0 (compatible; AhrefsBot/7.0; +http://ahrefs.com/robot/)"
51.195.215.60 - - [09/Mar/2026:09:37:54 +0000] "GET /wp-sitemap-taxonomies-product_cat-1.xml HTTP/1.1" 200 4290 "-" "Mozilla/5.0 (compatible; AhrefsBot/7.0; +http://ahrefs.com/robot/)"
51.195.244.197 - - [09/Mar/2026:09:37:59 +0000] "GET /wp-sitemap-users-1.xml HTTP/1.1" 200 4238 "-" "Mozilla/5.0 (compatible; AhrefsBot/7.0; +http://ahrefs.com/robot/)"
74.208.176.140 - - [09/Mar/2026:09:40:31 +0000] "POST /wp-cron.php?doing_wp_cron=1773049231.3805799484252929687500 HTTP/1.1" 200 4101 "-" "WordPress/6.9.1; https://hvmbertogarza.com"
146.19.125.70 - - [09/Mar/2026:09:40:28 +0000] "GET / HTTP/1.0" 200 402332 "https://hvmbertogarza.com/" "Mozilla/5.0 (Windows NT 10.0; Win64; x64) AppleWebKit/537.36 (KHTML, like Gecko) Chrome/129.0.0.0 Safari/537.36"
114.119.137.224 - - [09/Mar/2026:09:40:32 +0000] "GET /producto/artprint-chupacabras HTTP/1.1" 301 4102 "https://hvmbertogarza.com/" "Mozilla/5.0 (Linux; Android 7.0;) AppleWebKit/537.36 (KHTML, like Gecko) Mobile Safari/537.36 (compatible; PetalBot;+https://webmaster.petalsearch.com/site/petalbot)"
146.19.125.70 - - [09/Mar/2026:09:40:36 +0000] "GET /wp-login.php?action=register HTTP/1.0" 200 8068 "https://hvmbertogarza.com/wp-login.php?action=register" "Mozilla/5.0 (Windows NT 10.0; Win64; x64) AppleWebKit/537.36 (KHTML, like Gecko) Chrome/129.0.0.0 Safari/537.36"
146.19.125.70 - - [09/Mar/2026:09:40:39 +0000] "POST /wp-login.php?action=register HTTP/1.0" 200 8514 "https://hvmbertogarza.com/wp-login.php?action=register" "Mozilla/5.0 (Windows NT 10.0; Win64; x64) AppleWebKit/537.36 (KHTML, like Gecko) Chrome/129.0.0.0 Safari/537.36"
74.208.176.140 - - [09/Mar/2026:09:40:43 +0000] "POST /wp-cron.php?doing_wp_cron=1773049243.6188359260559082031250 HTTP/1.1" 200 4101 "-" "WordPress/6.9.1; https://hvmbertogarza.com"
114.119.137.224 - - [09/Mar/2026:09:40:40 +0000] "GET /producto/artprint-chupacabras/ HTTP/1.1" 200 47580 "https://hvmbertogarza.com/" "Mozilla/5.0 (Linux; Android 7.0;) AppleWebKit/537.36 (KHTML, like Gecko) Mobile Safari/537.36 (compatible; PetalBot;+https://webmaster.petalsearch.com/site/petalbot)"
95.216.244.46 - - [09/Mar/2026:09:40:41 +0000] "GET /registratsiia-i-vkhod-v-vavada-dlia-novykh-igrokov-poshagovo/ HTTP/1.1" 200 48044 "-" "Screaming Frog SEO Spider/19.1"
216.73.216.173 - - [09/Mar/2026:09:40:44 +0000] "GET /best-gambling-websites/feed HTTP/1.1" 301 4244 "-" "Mozilla/5.0 AppleWebKit/537.36 (KHTML, like Gecko; compatible; ClaudeBot/1.0; +claudebot@anthropic.com)"
74.208.176.140 - - [09/Mar/2026:09:40:47 +0000] "POST /wp-cron.php?doing_wp_cron=1773049247.0059831142425537109375 HTTP/1.1" 200 4101 "-" "WordPress/6.9.1; https://hvmbertogarza.com"
216.73.216.173 - - [09/Mar/2026:09:40:46 +0000] "GET /best-gambling-websites/feed/ HTTP/1.1" 200 1073 "https://hvmbertogarza.com/best-gambling-websites/feed" "Mozilla/5.0 AppleWebKit/537.36 (KHTML, like Gecko; compatible; ClaudeBot/1.0; +claudebot@anthropic.com)"
146.19.125.70 - - [09/Mar/2026:09:40:43 +0000] "GET / HTTP/1.0" 200 402332 "https://hvmbertogarza.com/" "Mozilla/5.0 (Windows NT 10.0; Win64; x64) AppleWebKit/537.36 (KHTML, like Gecko) Chrome/129.0.0.0 Safari/537.36"
216.73.216.173 - - [09/Mar/2026:09:41:38 +0000] "GET /pochemu-cheloveku-kritichno-oschuschat-otvet-ot-okruzhenija HTTP/1.1" 301 4178 "-" "Mozilla/5.0 AppleWebKit/537.36 (KHTML, like Gecko; compatible; ClaudeBot/1.0; +claudebot@anthropic.com)"
216.73.216.173 - - [09/Mar/2026:09:41:40 +0000] "GET /pochemu-cheloveku-kritichno-oschuschat-otvet-ot-okruzhenija/ HTTP/1.1" 200 46456 "https://hvmbertogarza.com/pochemu-cheloveku-kritichno-oschuschat-otvet-ot-okruzhenija" "Mozilla/5.0 AppleWebKit/537.36 (KHTML, like Gecko; compatible; ClaudeBot/1.0; +claudebot@anthropic.com)"
74.208.176.140 - - [09/Mar/2026:09:43:30 +0000] "POST /wp-cron.php?doing_wp_cron=1773049410.6732940673828125000000 HTTP/1.1" 200 4101 "-" "WordPress/6.9.1; https://hvmbertogarza.com"
57.141.4.20 - - [09/Mar/2026:09:43:28 +0000] "GET /wp-sitemap-users-1.xml HTTP/1.1" 200 4358 "-" "meta-externalagent/1.1 (+https://developers.facebook.com/docs/sharing/webmasters/crawler)"
216.73.216.173 - - [09/Mar/2026:09:43:38 +0000] "GET /kasyno-internetowe-muchbetter-bez-weryfikacji/feed HTTP/1.1" 301 4267 "-" "Mozilla/5.0 AppleWebKit/537.36 (KHTML, like Gecko; compatible; ClaudeBot/1.0; +claudebot@anthropic.com)"
216.73.216.173 - - [09/Mar/2026:09:43:40 +0000] "GET /kasyno-internetowe-muchbetter-bez-weryfikacji/feed/ HTTP/1.1" 200 1100 "https://hvmbertogarza.com/kasyno-internetowe-muchbetter-bez-weryfikacji/feed" "Mozilla/5.0 AppleWebKit/537.36 (KHTML, like Gecko; compatible; ClaudeBot/1.0; +claudebot@anthropic.com)"
216.73.216.173 - - [09/Mar/2026:09:43:40 +0000] "GET /?p=1533 HTTP/1.1" 301 4164 "-" "Mozilla/5.0 AppleWebKit/537.36 (KHTML, like Gecko; compatible; ClaudeBot/1.0; +claudebot@anthropic.com)"
216.73.216.173 - - [09/Mar/2026:09:43:42 +0000] "GET /?p=2016 HTTP/1.1" 301 4141 "-" "Mozilla/5.0 AppleWebKit/537.36 (KHTML, like Gecko; compatible; ClaudeBot/1.0; +claudebot@anthropic.com)"
216.73.216.173 - - [09/Mar/2026:09:43:43 +0000] "GET /kasyno-internetowe-muchbetter-bez-weryfikacji/ HTTP/1.1" 200 41764 "https://hvmbertogarza.com/?p=1533" "Mozilla/5.0 AppleWebKit/537.36 (KHTML, like Gecko; compatible; ClaudeBot/1.0; +claudebot@anthropic.com)"
216.73.216.173 - - [09/Mar/2026:09:43:45 +0000] "GET /best-gambling-websites/ HTTP/1.1" 200 41695 "https://hvmbertogarza.com/?p=2016" "Mozilla/5.0 AppleWebKit/537.36 (KHTML, like Gecko; compatible; ClaudeBot/1.0; +claudebot@anthropic.com)"
74.208.176.140 - - [09/Mar/2026:09:44:53 +0000] "POST /wp-cron.php?doing_wp_cron=1773049493.2903680801391601562500 HTTP/1.1" 200 4101 "-" "WordPress/6.9.1; https://hvmbertogarza.com"
51.195.244.191 - - [09/Mar/2026:09:44:50 +0000] "GET /pochemu-cheloveku-kritichno-oschuschat-otvet-ot-okruzhenija/ HTTP/1.1" 200 50241 "-" "Mozilla/5.0 (compatible; AhrefsBot/7.0; +http://ahrefs.com/robot/)"
74.208.176.140 - - [09/Mar/2026:09:45:39 +0000] "POST /wp-cron.php?doing_wp_cron=1773049539.4485371112823486328125 HTTP/1.1" 200 4101 "-" "WordPress/6.9.1; https://hvmbertogarza.com"
216.73.216.173 - - [09/Mar/2026:09:45:37 +0000] "GET /slot-casino-in-linea HTTP/1.1" 301 4139 "-" "Mozilla/5.0 AppleWebKit/537.36 (KHTML, like Gecko; compatible; ClaudeBot/1.0; +claudebot@anthropic.com)"
216.73.216.173 - - [09/Mar/2026:09:45:39 +0000] "GET /slot-casino-in-linea/ HTTP/1.1" 200 41643 "https://hvmbertogarza.com/slot-casino-in-linea" "Mozilla/5.0 AppleWebKit/537.36 (KHTML, like Gecko; compatible; ClaudeBot/1.0; +claudebot@anthropic.com)"
74.208.176.140 - - [09/Mar/2026:09:46:32 +0000] "POST /wp-cron.php?doing_wp_cron=1773049592.4640429019927978515625 HTTP/1.1" 200 4101 "-" "WordPress/6.9.1; https://hvmbertogarza.com"
18.235.158.19 - - [09/Mar/2026:09:46:28 +0000] "GET /wp-json/oembed/1.0/embed?format=xml&url=https://hvmbertogarza.com/producto/megaprint-paul-dianno/ HTTP/1.1" 200 6154 "-" "Mozilla/5.0 AppleWebKit/537.36 (KHTML, like Gecko; compatible; Amazonbot/0.1; +https://developer.amazon.com/support/amazonbot) Chrome/119.0.6045.214 Safari/537.36"
45.204.8.167 - - [09/Mar/2026:09:47:02 +0000] "GET /wp-content/plugins/fix/up.php HTTP/1.1" 200 4285 "-" "Mozilla/5.0 (Windows NT 10.0; Win64; x64) AppleWebKit/537.36 (KHTML, like Gecko) Chrome/105.0.0.0 Safari/537.36"
45.204.8.167 - - [09/Mar/2026:09:47:04 +0000] "POST /wp-content/plugins/fix/up.php HTTP/1.1" 200 498 "-" "Mozilla/5.0 (Windows NT 10.0; Win64; x64) AppleWebKit/537.36 (KHTML, like Gecko) Chrome/105.0.0.0 Safari/537.36"
45.204.8.167 - - [09/Mar/2026:09:47:08 +0000] "POST /wp-content/plugins/fix/up.php HTTP/1.1" 200 518 "-" "Mozilla/5.0 (Windows NT 10.0; Win64; x64) AppleWebKit/537.36 (KHTML, like Gecko) Chrome/105.0.0.0 Safari/537.36"
45.204.8.167 - - [09/Mar/2026:09:47:11 +0000] "GET /wp-content/plugins/fix/txets.php HTTP/1.1" 200 334 "-" "Mozilla/5.0 (Windows NT 10.0; Win64; x64) AppleWebKit/537.36 (KHTML, like Gecko) Chrome/105.0.0.0 Safari/537.36"
74.208.176.140 - - [09/Mar/2026:09:47:57 +0000] "POST /wp-cron.php?doing_wp_cron=1773049677.1449589729309082031250 HTTP/1.1" 200 4101 "-" "WordPress/6.9.1; https://hvmbertogarza.com"
20.212.0.99 - - [09/Mar/2026:09:47:55 +0000] "GET /.trash7206/index.php HTTP/1.1" 301 4232 "-" "Mozilla/5.0 (Windows NT 10.0; Win64; x64) AppleWebKit/537.36 (KHTML, like Gecko) Chrome/120.0.0.0 Safari/537.36"
20.212.0.99 - - [09/Mar/2026:09:47:57 +0000] "GET /.well-known/logs233/index.php?p= HTTP/1.1" 301 469 "-" "Mozilla/5.0 (Windows NT 10.0; Win64; x64) AppleWebKit/537.36 (KHTML, like Gecko) Chrome/120.0.0.0 Safari/537.36"
20.212.0.99 - - [09/Mar/2026:09:47:59 +0000] "GET /wp-content/themes/haha.php HTTP/1.1" 404 176154 "-" "Mozilla/5.0 (Windows NT 10.0; Win64; x64) AppleWebKit/537.36 (KHTML, like Gecko) Chrome/120.0.0.0 Safari/537.36"
20.212.0.99 - - [09/Mar/2026:09:48:03 +0000] "GET /wp-content/themes/theme/about.php HTTP/1.1" 404 175942 "-" "Mozilla/5.0 (Windows NT 10.0; Win64; x64) AppleWebKit/537.36 (KHTML, like Gecko) Chrome/120.0.0.0 Safari/537.36"
20.212.0.99 - - [09/Mar/2026:09:48:07 +0000] "GET /wp-content/plugins/plugin/index.php HTTP/1.1" 301 475 "-" "Mozilla/5.0 (Windows NT 10.0; Win64; x64) AppleWebKit/537.36 (KHTML, like Gecko) Chrome/120.0.0.0 Safari/537.36"
20.212.0.99 - - [09/Mar/2026:09:48:09 +0000] "GET /xmr.php HTTP/1.1" 404 175930 "-" "Mozilla/5.0 (Windows NT 10.0; Win64; x64) AppleWebKit/537.36 (KHTML, like Gecko) Chrome/120.0.0.0 Safari/537.36"
20.212.0.99 - - [09/Mar/2026:09:48:13 +0000] "GET /about.php HTTP/1.1" 404 175930 "-" "Mozilla/5.0 (Windows NT 10.0; Win64; x64) AppleWebKit/537.36 (KHTML, like Gecko) Chrome/120.0.0.0 Safari/537.36"
74.208.176.140 - - [09/Mar/2026:09:48:21 +0000] "POST /wp-cron.php?doing_wp_cron=1773049701.5899910926818847656250 HTTP/1.1" 200 4101 "-" "WordPress/6.9.1; https://hvmbertogarza.com"
20.212.0.99 - - [09/Mar/2026:09:48:18 +0000] "GET /admin.php HTTP/1.1" 404 175930 "-" "Mozilla/5.0 (Windows NT 10.0; Win64; x64) AppleWebKit/537.36 (KHTML, like Gecko) Chrome/120.0.0.0 Safari/537.36"
20.212.0.99 - - [09/Mar/2026:09:48:22 +0000] "GET /adminfuns.php HTTP/1.1" 404 175930 "-" "Mozilla/5.0 (Windows NT 10.0; Win64; x64) AppleWebKit/537.36 (KHTML, like Gecko) Chrome/120.0.0.0 Safari/537.36"
20.212.0.99 - - [09/Mar/2026:09:48:26 +0000] "GET /as.php HTTP/1.1" 404 175930 "-" "Mozilla/5.0 (Windows NT 10.0; Win64; x64) AppleWebKit/537.36 (KHTML, like Gecko) Chrome/120.0.0.0 Safari/537.36"
20.212.0.99 - - [09/Mar/2026:09:48:30 +0000] "GET /bolt.php HTTP/1.1" 404 175930 "-" "Mozilla/5.0 (Windows NT 10.0; Win64; x64) AppleWebKit/537.36 (KHTML, like Gecko) Chrome/120.0.0.0 Safari/537.36"
20.212.0.99 - - [09/Mar/2026:09:48:33 +0000] "GET /cgi-bin/ HTTP/1.1" 403 1116 "-" "Mozilla/5.0 (Windows NT 10.0; Win64; x64) AppleWebKit/537.36 (KHTML, like Gecko) Chrome/120.0.0.0 Safari/537.36"
20.212.0.99 - - [09/Mar/2026:09:48:33 +0000] "GET /class-t.api.php HTTP/1.1" 404 175930 "-" "Mozilla/5.0 (Windows NT 10.0; Win64; x64) AppleWebKit/537.36 (KHTML, like Gecko) Chrome/120.0.0.0 Safari/537.36"
20.212.0.99 - - [09/Mar/2026:09:48:37 +0000] "GET /edit.php HTTP/1.1" 404 175930 "-" "Mozilla/5.0 (Windows NT 10.0; Win64; x64) AppleWebKit/537.36 (KHTML, like Gecko) Chrome/120.0.0.0 Safari/537.36"
20.212.0.99 - - [09/Mar/2026:09:48:41 +0000] "GET /ff1.php HTTP/1.1" 404 176142 "-" "Mozilla/5.0 (Windows NT 10.0; Win64; x64) AppleWebKit/537.36 (KHTML, like Gecko) Chrome/120.0.0.0 Safari/537.36"
20.212.0.99 - - [09/Mar/2026:09:48:44 +0000] "GET /fff.php HTTP/1.1" 404 175930 "-" "Mozilla/5.0 (Windows NT 10.0; Win64; x64) AppleWebKit/537.36 (KHTML, like Gecko) Chrome/120.0.0.0 Safari/537.36"
20.212.0.99 - - [09/Mar/2026:09:48:47 +0000] "GET /inputs.php?p= HTTP/1.1" 301 459 "-" "Mozilla/5.0 (Windows NT 10.0; Win64; x64) AppleWebKit/537.36 (KHTML, like Gecko) Chrome/120.0.0.0 Safari/537.36"
74.208.176.140 - - [09/Mar/2026:09:48:51 +0000] "POST /wp-cron.php?doing_wp_cron=1773049731.9257419109344482421875 HTTP/1.1" 200 4101 "-" "WordPress/6.9.1; https://hvmbertogarza.com"
20.212.0.99 - - [09/Mar/2026:09:48:49 +0000] "GET /ioxi-o.php HTTP/1.1" 404 175930 "-" "Mozilla/5.0 (Windows NT 10.0; Win64; x64) AppleWebKit/537.36 (KHTML, like Gecko) Chrome/120.0.0.0 Safari/537.36"
20.212.0.99 - - [09/Mar/2026:09:48:52 +0000] "GET /lite.php HTTP/1.1" 404 175930 "-" "Mozilla/5.0 (Windows NT 10.0; Win64; x64) AppleWebKit/537.36 (KHTML, like Gecko) Chrome/120.0.0.0 Safari/537.36"
74.208.176.140 - - [09/Mar/2026:09:48:59 +0000] "POST /wp-cron.php?doing_wp_cron=1773049739.8605649471282958984375 HTTP/1.1" 200 4101 "-" "WordPress/6.9.1; https://hvmbertogarza.com"
20.212.0.99 - - [09/Mar/2026:09:48:57 +0000] "GET /ms-edit.php HTTP/1.1" 404 175930 "-" "Mozilla/5.0 (Windows NT 10.0; Win64; x64) AppleWebKit/537.36 (KHTML, like Gecko) Chrome/120.0.0.0 Safari/537.36"
20.212.0.99 - - [09/Mar/2026:09:49:00 +0000] "GET /rip.php HTTP/1.1" 404 175930 "-" "Mozilla/5.0 (Windows NT 10.0; Win64; x64) AppleWebKit/537.36 (KHTML, like Gecko) Chrome/120.0.0.0 Safari/537.36"
20.212.0.99 - - [09/Mar/2026:09:49:04 +0000] "GET /update/da222.php HTTP/1.1" 404 175930 "-" "Mozilla/5.0 (Windows NT 10.0; Win64; x64) AppleWebKit/537.36 (KHTML, like Gecko) Chrome/120.0.0.0 Safari/537.36"
20.212.0.99 - - [09/Mar/2026:09:49:08 +0000] "GET /upload.php HTTP/1.1" 404 175930 "-" "Mozilla/5.0 (Windows NT 10.0; Win64; x64) AppleWebKit/537.36 (KHTML, like Gecko) Chrome/120.0.0.0 Safari/537.36"
20.212.0.99 - - [09/Mar/2026:09:49:12 +0000] "GET /wk/index.php HTTP/1.1" 301 452 "-" "Mozilla/5.0 (Windows NT 10.0; Win64; x64) AppleWebKit/537.36 (KHTML, like Gecko) Chrome/120.0.0.0 Safari/537.36"
20.212.0.99 - - [09/Mar/2026:09:49:14 +0000] "GET /wp-act.php HTTP/1.1" 404 175930 "-" "Mozilla/5.0 (Windows NT 10.0; Win64; x64) AppleWebKit/537.36 (KHTML, like Gecko) Chrome/120.0.0.0 Safari/537.36"
20.212.0.99 - - [09/Mar/2026:09:49:18 +0000] "GET /wp-admin/css/bolt.php HTTP/1.1" 404 175942 "-" "Mozilla/5.0 (Windows NT 10.0; Win64; x64) AppleWebKit/537.36 (KHTML, like Gecko) Chrome/120.0.0.0 Safari/537.36"
20.212.0.99 - - [09/Mar/2026:09:49:21 +0000] "GET /wp-admin/js/ HTTP/1.1" 403 1116 "-" "Mozilla/5.0 (Windows NT 10.0; Win64; x64) AppleWebKit/537.36 (KHTML, like Gecko) Chrome/120.0.0.0 Safari/537.36"
20.212.0.99 - - [09/Mar/2026:09:49:22 +0000] "GET /wp-admin/js/widgets/ HTTP/1.1" 403 1116 "-" "Mozilla/5.0 (Windows NT 10.0; Win64; x64) AppleWebKit/537.36 (KHTML, like Gecko) Chrome/120.0.0.0 Safari/537.36"
20.212.0.99 - - [09/Mar/2026:09:49:22 +0000] "GET /wp-admin/maint/ HTTP/1.1" 403 1116 "-" "Mozilla/5.0 (Windows NT 10.0; Win64; x64) AppleWebKit/537.36 (KHTML, like Gecko) Chrome/120.0.0.0 Safari/537.36"
74.208.176.140 - - [09/Mar/2026:09:49:25 +0000] "POST /wp-cron.php?doing_wp_cron=1773049765.1516199111938476562500 HTTP/1.1" 200 4101 "-" "WordPress/6.9.1; https://hvmbertogarza.com"
20.212.0.99 - - [09/Mar/2026:09:49:22 +0000] "GET /wp-admin/ HTTP/1.1" 302 516 "-" "Mozilla/5.0 (Windows NT 10.0; Win64; x64) AppleWebKit/537.36 (KHTML, like Gecko) Chrome/120.0.0.0 Safari/537.36"
20.212.0.99 - - [09/Mar/2026:09:49:25 +0000] "GET /wp-content/themes/ HTTP/1.1" 200 258 "-" "Mozilla/5.0 (Windows NT 10.0; Win64; x64) AppleWebKit/537.36 (KHTML, like Gecko) Chrome/120.0.0.0 Safari/537.36"
20.212.0.99 - - [09/Mar/2026:09:49:25 +0000] "GET /wp-content/themes/admin.php HTTP/1.1" 404 175942 "-" "Mozilla/5.0 (Windows NT 10.0; Win64; x64) AppleWebKit/537.36 (KHTML, like Gecko) Chrome/120.0.0.0 Safari/537.36"
20.212.0.99 - - [09/Mar/2026:09:49:29 +0000] "GET /wp-content/uploads/ HTTP/1.1" 403 1116 "-" "Mozilla/5.0 (Windows NT 10.0; Win64; x64) AppleWebKit/537.36 (KHTML, like Gecko) Chrome/120.0.0.0 Safari/537.36"
20.212.0.99 - - [09/Mar/2026:09:49:29 +0000] "GET /wp-content/uploads/admin.php HTTP/1.1" 404 175942 "-" "Mozilla/5.0 (Windows NT 10.0; Win64; x64) AppleWebKit/537.36 (KHTML, like Gecko) Chrome/120.0.0.0 Safari/537.36"
20.212.0.99 - - [09/Mar/2026:09:49:34 +0000] "GET /wp-includes/ HTTP/1.1" 403 1116 "-" "Mozilla/5.0 (Windows NT 10.0; Win64; x64) AppleWebKit/537.36 (KHTML, like Gecko) Chrome/120.0.0.0 Safari/537.36"
20.212.0.99 - - [09/Mar/2026:09:49:34 +0000] "GET /wp-includes/js/crop/ HTTP/1.1" 403 1116 "-" "Mozilla/5.0 (Windows NT 10.0; Win64; x64) AppleWebKit/537.36 (KHTML, like Gecko) Chrome/120.0.0.0 Safari/537.36"
20.212.0.99 - - [09/Mar/2026:09:49:34 +0000] "GET /wp-links-opml.php HTTP/1.1" 200 493 "-" "Mozilla/5.0 (Windows NT 10.0; Win64; x64) AppleWebKit/537.36 (KHTML, like Gecko) Chrome/120.0.0.0 Safari/537.36"
74.208.176.140 - - [09/Mar/2026:09:49:24 +0000] "POST /wp-admin/admin-ajax.php?action=as_async_request_queue_runner&nonce=c848a90413 HTTP/1.1" 200 4305 "-" "WordPress/6.9.1; https://hvmbertogarza.com"
74.208.176.140 - - [09/Mar/2026:09:49:51 +0000] "POST /wp-cron.php?doing_wp_cron=1773049791.2956221103668212890625 HTTP/1.1" 200 4101 "-" "WordPress/6.9.1; https://hvmbertogarza.com"
146.19.125.70 - - [09/Mar/2026:09:49:48 +0000] "GET / HTTP/1.0" 200 402332 "https://hvmbertogarza.com/" "Mozilla/5.0 (Windows NT 10.0; Win64; x64) AppleWebKit/537.36 (KHTML, like Gecko) Chrome/131.0.0.0 Safari/537.36"
146.19.125.70 - - [09/Mar/2026:09:49:55 +0000] "GET /wp-login.php?action=register HTTP/1.0" 200 8068 "https://hvmbertogarza.com/wp-login.php?action=register" "Mozilla/5.0 (Windows NT 10.0; Win64; x64) AppleWebKit/537.36 (KHTML, like Gecko) Chrome/131.0.0.0 Safari/537.36"
146.19.125.70 - - [09/Mar/2026:09:49:58 +0000] "POST /wp-login.php?action=register HTTP/1.0" 200 8514 "https://hvmbertogarza.com/wp-login.php?action=register" "Mozilla/5.0 (Windows NT 10.0; Win64; x64) AppleWebKit/537.36 (KHTML, like Gecko) Chrome/131.0.0.0 Safari/537.36"
146.19.125.70 - - [09/Mar/2026:09:50:01 +0000] "GET / HTTP/1.0" 200 402332 "https://hvmbertogarza.com/" "Mozilla/5.0 (Windows NT 10.0; Win64; x64) AppleWebKit/537.36 (KHTML, like Gecko) Chrome/131.0.0.0 Safari/537.36"
74.208.176.140 - - [09/Mar/2026:09:50:48 +0000] "POST /wp-cron.php?doing_wp_cron=1773049848.6065609455108642578125 HTTP/1.1" 200 4101 "-" "WordPress/6.9.1; https://hvmbertogarza.com"
198.244.226.8 - - [09/Mar/2026:09:50:45 +0000] "GET /zachem-lichnosti-neobhodimo-chuvstvovat-lichnoe-vkljuchennost/ HTTP/1.1" 200 49569 "-" "Mozilla/5.0 (compatible; AhrefsBot/7.0; +http://ahrefs.com/robot/)"
74.208.176.140 - - [09/Mar/2026:09:52:40 +0000] "POST /wp-cron.php?doing_wp_cron=1773049960.7112319469451904296875 HTTP/1.1" 200 4101 "-" "WordPress/6.9.1; https://hvmbertogarza.com"
57.141.4.25 - - [09/Mar/2026:09:52:38 +0000] "GET /wp-sitemap-taxonomies-category-1.xml HTTP/1.1" 200 4560 "-" "meta-externalagent/1.1 (+https://developers.facebook.com/docs/sharing/webmasters/crawler)"
198.244.242.182 - - [09/Mar/2026:09:53:40 +0000] "GET /wp-content/plugins/shopengine/modules/swatches/loop-product-support/assets/swatches.css?ver=1773049492 HTTP/1.1" 200 4040 "-" "Mozilla/5.0 (compatible; AhrefsBot/7.0; +http://ahrefs.com/robot/)"
51.195.244.162 - - [09/Mar/2026:09:53:56 +0000] "GET /wp-content/plugins/shopengine/modules/swatches/loop-product-support/assets/swatches.css?ver=1773049848 HTTP/1.1" 200 4040 "-" "Mozilla/5.0 (compatible; AhrefsBot/7.0; +http://ahrefs.com/robot/)"
74.208.176.140 - - [09/Mar/2026:09:54:29 +0000] "POST /wp-cron.php?doing_wp_cron=1773050069.5638780593872070312500 HTTP/1.1" 200 4101 "-" "WordPress/6.9.1; https://hvmbertogarza.com"
57.141.4.26 - - [09/Mar/2026:09:54:27 +0000] "GET /wp-sitemap-posts-shopengine-template-1.xml HTTP/1.1" 200 4543 "-" "meta-externalagent/1.1 (+https://developers.facebook.com/docs/sharing/webmasters/crawler)"
74.208.176.140 - - [09/Mar/2026:09:56:07 +0000] "POST /wp-cron.php?doing_wp_cron=1773050167.5171248912811279296875 HTTP/1.1" 200 4101 "-" "WordPress/6.9.1; https://hvmbertogarza.com"
198.244.183.254 - - [09/Mar/2026:09:56:03 +0000] "GET /zachem-lichnosti-vazhno-ispytyvat-lichnoe-uchastie/ HTTP/1.1" 200 49613 "-" "Mozilla/5.0 (compatible; AhrefsBot/7.0; +http://ahrefs.com/robot/)"
74.208.176.140 - - [09/Mar/2026:09:59:17 +0000] "POST /wp-cron.php?doing_wp_cron=1773050357.6156930923461914062500 HTTP/1.1" 200 4101 "-" "WordPress/6.9.1; https://hvmbertogarza.com"
146.19.125.70 - - [09/Mar/2026:09:59:13 +0000] "GET / HTTP/1.0" 200 402332 "https://hvmbertogarza.com/" "Mozilla/5.0 (Windows NT 10.0; Win64; x64) AppleWebKit/537.36 (KHTML, like Gecko) Chrome/129.0.0.0 Safari/537.36"
146.19.125.70 - - [09/Mar/2026:09:59:21 +0000] "GET /wp-login.php?action=register HTTP/1.0" 200 8068 "https://hvmbertogarza.com/wp-login.php?action=register" "Mozilla/5.0 (Windows NT 10.0; Win64; x64) AppleWebKit/537.36 (KHTML, like Gecko) Chrome/129.0.0.0 Safari/537.36"
146.19.125.70 - - [09/Mar/2026:09:59:25 +0000] "POST /wp-login.php?action=register HTTP/1.0" 200 8514 "https://hvmbertogarza.com/wp-login.php?action=register" "Mozilla/5.0 (Windows NT 10.0; Win64; x64) AppleWebKit/537.36 (KHTML, like Gecko) Chrome/129.0.0.0 Safari/537.36"
146.19.125.70 - - [09/Mar/2026:09:59:28 +0000] "GET / HTTP/1.0" 200 402332 "https://hvmbertogarza.com/" "Mozilla/5.0 (Windows NT 10.0; Win64; x64) AppleWebKit/537.36 (KHTML, like Gecko) Chrome/129.0.0.0 Safari/537.36"
74.208.176.140 - - [09/Mar/2026:10:00:08 +0000] "POST /wp-cron.php?doing_wp_cron=1773050408.7887790203094482421875 HTTP/1.1" 200 4101 "-" "WordPress/6.9.1; https://hvmbertogarza.com"
57.141.4.9 - - [09/Mar/2026:10:00:05 +0000] "GET /wp-sitemap-posts-post-1.xml HTTP/1.1" 200 50080 "-" "meta-externalagent/1.1 (+https://developers.facebook.com/docs/sharing/webmasters/crawler)"
74.208.176.140 - - [09/Mar/2026:10:01:05 +0000] "POST /wp-cron.php?doing_wp_cron=1773050465.2081079483032226562500 HTTP/1.1" 200 4101 "-" "WordPress/6.9.1; https://hvmbertogarza.com"
45.86.16.126 - - [09/Mar/2026:10:01:03 +0000] "POST /xmlrpc.php HTTP/1.1" 200 4670 "-" "Python-xmlrpc/3.10"
45.86.16.126 - - [09/Mar/2026:10:01:06 +0000] "POST /xmlrpc.php HTTP/1.1" 200 4188 "-" "Python-xmlrpc/3.10"
74.208.176.140 - - [09/Mar/2026:10:01:13 +0000] "POST /wp-cron.php?doing_wp_cron=1773050473.1681799888610839843750 HTTP/1.1" 200 4101 "-" "WordPress/6.9.1; https://hvmbertogarza.com"
45.86.16.126 - - [09/Mar/2026:10:01:09 +0000] "POST /xmlrpc.php HTTP/1.1" 200 9836 "-" "Python-xmlrpc/3.10"
51.195.183.248 - - [09/Mar/2026:10:01:11 +0000] "GET /gry-online-bingo/ HTTP/1.1" 200 45323 "-" "Mozilla/5.0 (compatible; AhrefsBot/7.0; +http://ahrefs.com/robot/)"
74.208.176.140 - - [09/Mar/2026:10:04:07 +0000] "POST /wp-cron.php?doing_wp_cron=1773050647.9635179042816162109375 HTTP/1.1" 200 4101 "-" "WordPress/6.9.1; https://hvmbertogarza.com"
66.249.66.9 - - [09/Mar/2026:10:04:04 +0000] "GET /registratsiia-i-vkhod-v-vavada-dlia-novykh-igrokov-poshagovo/ HTTP/1.1" 200 47980 "-" "Mozilla/5.0 (Linux; Android 6.0.1; Nexus 5X Build/MMB29P) AppleWebKit/537.36 (KHTML, like Gecko) Chrome/144.0.7559.132 Mobile Safari/537.36 (compatible; Googlebot/2.1; +http://www.google.com/bot.html)"
