74.7.242.14 - - [09/Mar/2026:06:47:36 +0000] "GET /wp-content/plugins/shopengine/modules/swatches/loop-product-support/assets/swatches.css?ver=1773031122 HTTP/1.1" 200 254 "https://hvmbertogarza.com/1726-2/" "Mozilla/5.0 AppleWebKit/537.36 (KHTML, like Gecko; compatible; GPTBot/1.3; +https://openai.com/gptbot)"
74.7.242.14 - - [09/Mar/2026:06:47:37 +0000] "GET /wp-content/plugins/shopengine/modules/swatches/loop-product-support/assets/swatches.css?ver=1773032746 HTTP/1.1" 200 254 "https://hvmbertogarza.com/?p=1278" "Mozilla/5.0 AppleWebKit/537.36 (KHTML, like Gecko; compatible; GPTBot/1.3; +https://openai.com/gptbot)"
74.7.242.14 - - [09/Mar/2026:06:47:37 +0000] "GET /wp-content/plugins/shopengine/modules/swatches/loop-product-support/assets/swatches.css?ver=1773037461 HTTP/1.1" 200 254 "https://hvmbertogarza.com/kostenlos-spielen-cash-ultimate-freispiele-ohne-einzahlung/" "Mozilla/5.0 AppleWebKit/537.36 (KHTML, like Gecko; compatible; GPTBot/1.3; +https://openai.com/gptbot)"
74.7.242.14 - - [09/Mar/2026:06:47:38 +0000] "GET /wp-content/plugins/shopengine/modules/swatches/loop-product-support/assets/swatches.css?ver=1773034822 HTTP/1.1" 200 254 "https://hvmbertogarza.com/wildslots-casino-review-and-free-chips-bonus/" "Mozilla/5.0 AppleWebKit/537.36 (KHTML, like Gecko; compatible; GPTBot/1.3; +https://openai.com/gptbot)"
74.7.242.14 - - [09/Mar/2026:06:47:38 +0000] "GET /wp-content/plugins/shopengine/modules/swatches/loop-product-support/assets/swatches.css?ver=1773034601 HTTP/1.1" 200 254 "https://hvmbertogarza.com/2025/08/12/" "Mozilla/5.0 AppleWebKit/537.36 (KHTML, like Gecko; compatible; GPTBot/1.3; +https://openai.com/gptbot)"
74.7.242.14 - - [09/Mar/2026:06:47:39 +0000] "GET /wp-content/plugins/shopengine/modules/swatches/loop-product-support/assets/swatches.css?ver=1773034464 HTTP/1.1" 200 254 "https://hvmbertogarza.com/2025/08/18/" "Mozilla/5.0 AppleWebKit/537.36 (KHTML, like Gecko; compatible; GPTBot/1.3; +https://openai.com/gptbot)"
74.7.242.14 - - [09/Mar/2026:06:47:39 +0000] "GET /wp-content/plugins/shopengine/modules/swatches/loop-product-support/assets/swatches.css?ver=1773037844 HTTP/1.1" 200 254 "https://hvmbertogarza.com/?p=1570" "Mozilla/5.0 AppleWebKit/537.36 (KHTML, like Gecko; compatible; GPTBot/1.3; +https://openai.com/gptbot)"
74.7.242.14 - - [09/Mar/2026:06:47:40 +0000] "GET /wp-content/plugins/shopengine/modules/swatches/loop-product-support/assets/swatches.css?ver=1773038063 HTTP/1.1" 200 254 "https://hvmbertogarza.com/comment-trouver-les-meilleures-machines-a-sous-au-casino/" "Mozilla/5.0 AppleWebKit/537.36 (KHTML, like Gecko; compatible; GPTBot/1.3; +https://openai.com/gptbot)"
74.7.242.14 - - [09/Mar/2026:06:47:40 +0000] "GET /wp-content/plugins/shopengine/modules/swatches/loop-product-support/assets/swatches.css?ver=1773036931 HTTP/1.1" 200 254 "https://hvmbertogarza.com/online-casino-mit-paypal-1-euro-einzahlung-mit-freispiele/" "Mozilla/5.0 AppleWebKit/537.36 (KHTML, like Gecko; compatible; GPTBot/1.3; +https://openai.com/gptbot)"
74.7.242.14 - - [09/Mar/2026:06:47:41 +0000] "GET /wp-content/plugins/shopengine/modules/swatches/loop-product-support/assets/swatches.css?ver=1773034599 HTTP/1.1" 200 254 "https://hvmbertogarza.com/2025/08/23/" "Mozilla/5.0 AppleWebKit/537.36 (KHTML, like Gecko; compatible; GPTBot/1.3; +https://openai.com/gptbot)"
74.7.242.14 - - [09/Mar/2026:06:47:41 +0000] "GET /wp-content/plugins/shopengine/modules/swatches/loop-product-support/assets/swatches.css?ver=1773032418 HTTP/1.1" 200 254 "https://hvmbertogarza.com/?p=1304" "Mozilla/5.0 AppleWebKit/537.36 (KHTML, like Gecko; compatible; GPTBot/1.3; +https://openai.com/gptbot)"
74.7.242.14 - - [09/Mar/2026:06:47:42 +0000] "GET /wp-content/plugins/shopengine/modules/swatches/loop-product-support/assets/swatches.css?ver=1773033144 HTTP/1.1" 200 254 "https://hvmbertogarza.com/?p=1883" "Mozilla/5.0 AppleWebKit/537.36 (KHTML, like Gecko; compatible; GPTBot/1.3; +https://openai.com/gptbot)"
74.7.242.14 - - [09/Mar/2026:06:47:42 +0000] "GET /wp-content/plugins/shopengine/modules/swatches/loop-product-support/assets/swatches.css?ver=1773034454 HTTP/1.1" 200 254 "https://hvmbertogarza.com/2025/07/11/" "Mozilla/5.0 AppleWebKit/537.36 (KHTML, like Gecko; compatible; GPTBot/1.3; +https://openai.com/gptbot)"
74.7.242.14 - - [09/Mar/2026:06:47:43 +0000] "GET /wp-content/plugins/shopengine/modules/swatches/loop-product-support/assets/swatches.css?ver=1773038354 HTTP/1.1" 200 254 "https://hvmbertogarza.com/?p=1430" "Mozilla/5.0 AppleWebKit/537.36 (KHTML, like Gecko; compatible; GPTBot/1.3; +https://openai.com/gptbot)"
74.7.242.14 - - [09/Mar/2026:06:47:43 +0000] "GET /wp-content/plugins/shopengine/modules/swatches/loop-product-support/assets/swatches.css?ver=1773032113 HTTP/1.1" 200 254 "https://hvmbertogarza.com/how-much-money-is-spent-on-gambling-in-the-uk/" "Mozilla/5.0 AppleWebKit/537.36 (KHTML, like Gecko; compatible; GPTBot/1.3; +https://openai.com/gptbot)"
74.7.242.14 - - [09/Mar/2026:06:47:44 +0000] "GET /wp-content/plugins/shopengine/modules/swatches/loop-product-support/assets/swatches.css?ver=1773033572 HTTP/1.1" 200 254 "https://hvmbertogarza.com/1776-2/" "Mozilla/5.0 AppleWebKit/537.36 (KHTML, like Gecko; compatible; GPTBot/1.3; +https://openai.com/gptbot)"
74.7.242.14 - - [09/Mar/2026:06:47:44 +0000] "GET /wp-content/plugins/shopengine/modules/swatches/loop-product-support/assets/swatches.css?ver=1773038035 HTTP/1.1" 200 254 "https://hvmbertogarza.com/united-kingdom-casino-providers/" "Mozilla/5.0 AppleWebKit/537.36 (KHTML, like Gecko; compatible; GPTBot/1.3; +https://openai.com/gptbot)"
74.7.242.14 - - [09/Mar/2026:06:47:45 +0000] "GET /wp-content/plugins/shopengine/modules/swatches/loop-product-support/assets/swatches.css?ver=1773037849 HTTP/1.1" 200 254 "https://hvmbertogarza.com/2025/10/20/" "Mozilla/5.0 AppleWebKit/537.36 (KHTML, like Gecko; compatible; GPTBot/1.3; +https://openai.com/gptbot)"
74.7.242.14 - - [09/Mar/2026:06:47:45 +0000] "GET /wp-content/plugins/shopengine/modules/swatches/loop-product-support/assets/swatches.css?ver=1773033653 HTTP/1.1" 200 254 "https://hvmbertogarza.com/?p=1885" "Mozilla/5.0 AppleWebKit/537.36 (KHTML, like Gecko; compatible; GPTBot/1.3; +https://openai.com/gptbot)"
74.7.242.14 - - [09/Mar/2026:06:47:46 +0000] "GET /wp-content/plugins/shopengine/modules/swatches/loop-product-support/assets/swatches.css?ver=1773034518 HTTP/1.1" 200 254 "https://hvmbertogarza.com/2025/07/17/" "Mozilla/5.0 AppleWebKit/537.36 (KHTML, like Gecko; compatible; GPTBot/1.3; +https://openai.com/gptbot)"
74.208.176.140 - - [09/Mar/2026:06:47:46 +0000] "POST /wp-cron.php?doing_wp_cron=1773038866.9588439464569091796875 HTTP/1.1" 200 4101 "-" "WordPress/6.9.1; https://hvmbertogarza.com"
103.42.198.211 - - [09/Mar/2026:06:47:45 +0000] "POST /xmlrpc.php HTTP/1.1" 200 4454 "-" "Mozilla/5.0 (Windows NT 10.0; Win64; x64) AppleWebKit/537.36 (KHTML, like Gecko) Chrome/91.0.4472.124 Safari/537.36"
74.7.242.14 - - [09/Mar/2026:06:47:47 +0000] "GET /wp-content/plugins/shopengine/modules/swatches/loop-product-support/assets/swatches.css?ver=1773031488 HTTP/1.1" 200 254 "https://hvmbertogarza.com/1990-2/" "Mozilla/5.0 AppleWebKit/537.36 (KHTML, like Gecko; compatible; GPTBot/1.3; +https://openai.com/gptbot)"
74.7.242.14 - - [09/Mar/2026:06:47:47 +0000] "GET /wp-content/plugins/shopengine/modules/swatches/loop-product-support/assets/swatches.css?ver=1773037641 HTTP/1.1" 200 254 "https://hvmbertogarza.com/pure-casino-fr-2026-review-2/" "Mozilla/5.0 AppleWebKit/537.36 (KHTML, like Gecko; compatible; GPTBot/1.3; +https://openai.com/gptbot)"
74.7.242.14 - - [09/Mar/2026:06:47:48 +0000] "GET /wp-content/plugins/shopengine/modules/swatches/loop-product-support/assets/swatches.css?ver=1773031443 HTTP/1.1" 200 254 "https://hvmbertogarza.com/2026/01/31/" "Mozilla/5.0 AppleWebKit/537.36 (KHTML, like Gecko; compatible; GPTBot/1.3; +https://openai.com/gptbot)"
74.7.242.14 - - [09/Mar/2026:06:47:48 +0000] "GET /wp-content/plugins/shopengine/modules/swatches/loop-product-support/assets/swatches.css?ver=1773032355 HTTP/1.1" 200 254 "https://hvmbertogarza.com/author/israel-arriaga/page/24/" "Mozilla/5.0 AppleWebKit/537.36 (KHTML, like Gecko; compatible; GPTBot/1.3; +https://openai.com/gptbot)"
74.7.242.14 - - [09/Mar/2026:06:47:49 +0000] "GET /wp-content/plugins/shopengine/modules/swatches/loop-product-support/assets/swatches.css?ver=1773032359 HTTP/1.1" 200 254 "https://hvmbertogarza.com/casino-de-paris-gratuits/" "Mozilla/5.0 AppleWebKit/537.36 (KHTML, like Gecko; compatible; GPTBot/1.3; +https://openai.com/gptbot)"
74.7.242.14 - - [09/Mar/2026:06:47:49 +0000] "GET /wp-content/plugins/shopengine/modules/swatches/loop-product-support/assets/swatches.css?ver=1773033597 HTTP/1.1" 200 254 "https://hvmbertogarza.com/1572-2/" "Mozilla/5.0 AppleWebKit/537.36 (KHTML, like Gecko; compatible; GPTBot/1.3; +https://openai.com/gptbot)"
74.7.242.14 - - [09/Mar/2026:06:47:50 +0000] "GET /wp-content/plugins/shopengine/modules/swatches/loop-product-support/assets/swatches.css?ver=1773037787 HTTP/1.1" 200 254 "https://hvmbertogarza.com/online-gambling-uk-players-real-money/" "Mozilla/5.0 AppleWebKit/537.36 (KHTML, like Gecko; compatible; GPTBot/1.3; +https://openai.com/gptbot)"
74.7.242.14 - - [09/Mar/2026:06:47:50 +0000] "GET /wp-content/plugins/shopengine/modules/swatches/loop-product-support/assets/swatches.css?ver=1773033848 HTTP/1.1" 200 254 "https://hvmbertogarza.com/1833-2/" "Mozilla/5.0 AppleWebKit/537.36 (KHTML, like Gecko; compatible; GPTBot/1.3; +https://openai.com/gptbot)"
74.7.242.14 - - [09/Mar/2026:06:47:51 +0000] "GET /wp-content/plugins/shopengine/modules/swatches/loop-product-support/assets/swatches.css?ver=1773035287 HTTP/1.1" 200 254 "https://hvmbertogarza.com/?p=2003" "Mozilla/5.0 AppleWebKit/537.36 (KHTML, like Gecko; compatible; GPTBot/1.3; +https://openai.com/gptbot)"
74.7.242.14 - - [09/Mar/2026:06:47:51 +0000] "GET /wp-content/plugins/shopengine/modules/swatches/loop-product-support/assets/swatches.css?ver=1773031706 HTTP/1.1" 200 254 "https://hvmbertogarza.com/?p=1294" "Mozilla/5.0 AppleWebKit/537.36 (KHTML, like Gecko; compatible; GPTBot/1.3; +https://openai.com/gptbot)"
74.7.242.14 - - [09/Mar/2026:06:47:52 +0000] "GET /wp-content/plugins/shopengine/modules/swatches/loop-product-support/assets/swatches.css?ver=1773033715 HTTP/1.1" 200 254 "https://hvmbertogarza.com/1602-2/" "Mozilla/5.0 AppleWebKit/537.36 (KHTML, like Gecko; compatible; GPTBot/1.3; +https://openai.com/gptbot)"
104.207.58.146 - - [09/Mar/2026:06:47:52 +0000] "POST /wp-content/plugins/gallery-1772606968/comment-section-1772606968.php HTTP/1.1" 200 449 "https://hvmbertogarza.com" "Mozilla/5.0 (Windows NT 6.2; Win64; x64) AppleWebKit/537.36 (KHTML, like Gecko) Chrome/64.0.2327.138 Safari/537.36"
74.7.242.14 - - [09/Mar/2026:06:47:52 +0000] "GET /wp-content/plugins/shopengine/modules/swatches/loop-product-support/assets/swatches.css?ver=1773037839 HTTP/1.1" 200 254 "https://hvmbertogarza.com/?p=1816" "Mozilla/5.0 AppleWebKit/537.36 (KHTML, like Gecko; compatible; GPTBot/1.3; +https://openai.com/gptbot)"
74.7.242.14 - - [09/Mar/2026:06:47:53 +0000] "GET /wp-content/plugins/shopengine/modules/swatches/loop-product-support/assets/swatches.css?ver=1773034588 HTTP/1.1" 200 254 "https://hvmbertogarza.com/2025/12/13/" "Mozilla/5.0 AppleWebKit/537.36 (KHTML, like Gecko; compatible; GPTBot/1.3; +https://openai.com/gptbot)"
74.7.242.14 - - [09/Mar/2026:06:47:53 +0000] "GET /wp-content/plugins/shopengine/modules/swatches/loop-product-support/assets/swatches.css?ver=1773037690 HTTP/1.1" 200 254 "https://hvmbertogarza.com/roulett-spielen-ohne-geld/" "Mozilla/5.0 AppleWebKit/537.36 (KHTML, like Gecko; compatible; GPTBot/1.3; +https://openai.com/gptbot)"
74.7.242.14 - - [09/Mar/2026:06:47:54 +0000] "GET /wp-content/plugins/shopengine/modules/swatches/loop-product-support/assets/swatches.css?ver=1773036241 HTTP/1.1" 200 254 "https://hvmbertogarza.com/?p=1515" "Mozilla/5.0 AppleWebKit/537.36 (KHTML, like Gecko; compatible; GPTBot/1.3; +https://openai.com/gptbot)"
74.7.242.14 - - [09/Mar/2026:06:47:54 +0000] "GET /wp-content/plugins/shopengine/modules/swatches/loop-product-support/assets/swatches.css?ver=1773031917 HTTP/1.1" 200 254 "https://hvmbertogarza.com/2025/11/15/" "Mozilla/5.0 AppleWebKit/537.36 (KHTML, like Gecko; compatible; GPTBot/1.3; +https://openai.com/gptbot)"
65.111.6.194 - - [09/Mar/2026:06:47:54 +0000] "POST /wp-content/plugins/backup-1772322415/home-1772322415.php HTTP/1.1" 200 449 "https://hvmbertogarza.com" "Opera/9.80 (Windows NT 10.0); U) Presto/2.12.388 Version/12.14"
74.7.242.14 - - [09/Mar/2026:06:47:55 +0000] "GET /wp-content/plugins/shopengine/modules/swatches/loop-product-support/assets/swatches.css?ver=1773034499 HTTP/1.1" 200 254 "https://hvmbertogarza.com/2025/03/21/" "Mozilla/5.0 AppleWebKit/537.36 (KHTML, like Gecko; compatible; GPTBot/1.3; +https://openai.com/gptbot)"
74.7.242.14 - - [09/Mar/2026:06:47:55 +0000] "GET /wp-content/plugins/shopengine/modules/swatches/loop-product-support/assets/swatches.css?ver=1773032878 HTTP/1.1" 200 254 "https://hvmbertogarza.com/?p=1468" "Mozilla/5.0 AppleWebKit/537.36 (KHTML, like Gecko; compatible; GPTBot/1.3; +https://openai.com/gptbot)"
74.7.242.14 - - [09/Mar/2026:06:47:56 +0000] "GET /wp-content/plugins/shopengine/modules/swatches/loop-product-support/assets/swatches.css?ver=1773030950 HTTP/1.1" 200 254 "https://hvmbertogarza.com/2025/07/30/" "Mozilla/5.0 AppleWebKit/537.36 (KHTML, like Gecko; compatible; GPTBot/1.3; +https://openai.com/gptbot)"
74.7.242.14 - - [09/Mar/2026:06:47:56 +0000] "GET /wp-content/plugins/shopengine/modules/swatches/loop-product-support/assets/swatches.css?ver=1773033987 HTTP/1.1" 200 254 "https://hvmbertogarza.com/casino-schwarz-rot/" "Mozilla/5.0 AppleWebKit/537.36 (KHTML, like Gecko; compatible; GPTBot/1.3; +https://openai.com/gptbot)"
74.7.242.14 - - [09/Mar/2026:06:47:57 +0000] "GET /wp-content/plugins/shopengine/modules/swatches/loop-product-support/assets/swatches.css?ver=1773034491 HTTP/1.1" 200 254 "https://hvmbertogarza.com/2025/08/16/" "Mozilla/5.0 AppleWebKit/537.36 (KHTML, like Gecko; compatible; GPTBot/1.3; +https://openai.com/gptbot)"
74.7.242.14 - - [09/Mar/2026:06:47:57 +0000] "GET /wp-content/plugins/shopengine/modules/swatches/loop-product-support/assets/swatches.css?ver=1773035504 HTTP/1.1" 200 254 "https://hvmbertogarza.com/automat-do-gier-pimped-gra-za-darmo-bez-rejestracji/" "Mozilla/5.0 AppleWebKit/537.36 (KHTML, like Gecko; compatible; GPTBot/1.3; +https://openai.com/gptbot)"
74.7.242.14 - - [09/Mar/2026:06:47:58 +0000] "GET /wp-content/plugins/shopengine/modules/swatches/loop-product-support/assets/swatches.css?ver=1773033974 HTTP/1.1" 200 254 "https://hvmbertogarza.com/1646-2/" "Mozilla/5.0 AppleWebKit/537.36 (KHTML, like Gecko; compatible; GPTBot/1.3; +https://openai.com/gptbot)"
74.7.242.14 - - [09/Mar/2026:06:47:58 +0000] "GET /wp-content/plugins/shopengine/modules/swatches/loop-product-support/assets/swatches.css?ver=1773031944 HTTP/1.1" 200 254 "https://hvmbertogarza.com/author/israel-arriaga/page/15/" "Mozilla/5.0 AppleWebKit/537.36 (KHTML, like Gecko; compatible; GPTBot/1.3; +https://openai.com/gptbot)"
45.3.52.106 - - [09/Mar/2026:06:47:58 +0000] "POST /wp-content/plugins/custom-1772763685/custom_functions_1772763685.php HTTP/1.1" 200 449 "https://hvmbertogarza.com" "Mozilla/5.0 (Windows NT 10.0) AppleWebKit/537.36 (KHTML, like Gecko) Chrome/63.0.3092.119 Safari/537.36"
74.7.242.14 - - [09/Mar/2026:06:47:59 +0000] "GET /wp-content/plugins/shopengine/modules/swatches/loop-product-support/assets/swatches.css?ver=1773035271 HTTP/1.1" 200 254 "https://hvmbertogarza.com/2025/10/15/" "Mozilla/5.0 AppleWebKit/537.36 (KHTML, like Gecko; compatible; GPTBot/1.3; +https://openai.com/gptbot)"
74.7.242.14 - - [09/Mar/2026:06:47:59 +0000] "GET /wp-content/plugins/shopengine/modules/swatches/loop-product-support/assets/swatches.css?ver=1773031887 HTTP/1.1" 200 254 "https://hvmbertogarza.com/?p=1710" "Mozilla/5.0 AppleWebKit/537.36 (KHTML, like Gecko; compatible; GPTBot/1.3; +https://openai.com/gptbot)"
74.7.242.14 - - [09/Mar/2026:06:48:00 +0000] "GET /wp-content/plugins/shopengine/modules/swatches/loop-product-support/assets/swatches.css?ver=1773035716 HTTP/1.1" 200 254 "https://hvmbertogarza.com/?p=1533" "Mozilla/5.0 AppleWebKit/537.36 (KHTML, like Gecko; compatible; GPTBot/1.3; +https://openai.com/gptbot)"
74.7.242.14 - - [09/Mar/2026:06:48:00 +0000] "GET /wp-content/plugins/shopengine/modules/swatches/loop-product-support/assets/swatches.css?ver=1773035969 HTTP/1.1" 200 254 "https://hvmbertogarza.com/?p=1448" "Mozilla/5.0 AppleWebKit/537.36 (KHTML, like Gecko; compatible; GPTBot/1.3; +https://openai.com/gptbot)"
74.7.242.14 - - [09/Mar/2026:06:48:01 +0000] "GET /wp-content/plugins/shopengine/modules/swatches/loop-product-support/assets/swatches.css?ver=1773037701 HTTP/1.1" 200 254 "https://hvmbertogarza.com/ruleta-casino-reglas-juego/" "Mozilla/5.0 AppleWebKit/537.36 (KHTML, like Gecko; compatible; GPTBot/1.3; +https://openai.com/gptbot)"
74.7.242.14 - - [09/Mar/2026:06:48:02 +0000] "GET /wp-content/plugins/shopengine/modules/swatches/loop-product-support/assets/swatches.css?ver=1773037096 HTTP/1.1" 200 254 "https://hvmbertogarza.com/?p=1472" "Mozilla/5.0 AppleWebKit/537.36 (KHTML, like Gecko; compatible; GPTBot/1.3; +https://openai.com/gptbot)"
74.7.242.14 - - [09/Mar/2026:06:48:02 +0000] "GET /wp-content/plugins/shopengine/modules/swatches/loop-product-support/assets/swatches.css?ver=1773032863 HTTP/1.1" 200 254 "https://hvmbertogarza.com/?p=1742" "Mozilla/5.0 AppleWebKit/537.36 (KHTML, like Gecko; compatible; GPTBot/1.3; +https://openai.com/gptbot)"
74.7.242.14 - - [09/Mar/2026:06:48:03 +0000] "GET /wp-content/plugins/shopengine/modules/swatches/loop-product-support/assets/swatches.css?ver=1773031162 HTTP/1.1" 200 254 "https://hvmbertogarza.com/kostenlos-spielen-hot-777-freispiele-ohne-einzahlung/" "Mozilla/5.0 AppleWebKit/537.36 (KHTML, like Gecko; compatible; GPTBot/1.3; +https://openai.com/gptbot)"
74.7.242.14 - - [09/Mar/2026:06:48:03 +0000] "GET /wp-content/plugins/shopengine/modules/swatches/loop-product-support/assets/swatches.css?ver=1773031537 HTTP/1.1" 200 254 "https://hvmbertogarza.com/cuanto-paga-un-numero-en-la-ruleta/" "Mozilla/5.0 AppleWebKit/537.36 (KHTML, like Gecko; compatible; GPTBot/1.3; +https://openai.com/gptbot)"
74.7.242.14 - - [09/Mar/2026:06:48:04 +0000] "GET /wp-content/plugins/shopengine/modules/swatches/loop-product-support/assets/swatches.css?ver=1773037527 HTTP/1.1" 200 254 "https://hvmbertogarza.com/?p=1310" "Mozilla/5.0 AppleWebKit/537.36 (KHTML, like Gecko; compatible; GPTBot/1.3; +https://openai.com/gptbot)"
74.7.242.14 - - [09/Mar/2026:06:48:04 +0000] "GET /wp-content/plugins/shopengine/modules/swatches/loop-product-support/assets/swatches.css?ver=1773037655 HTTP/1.1" 200 254 "https://hvmbertogarza.com/2024/02/16/" "Mozilla/5.0 AppleWebKit/537.36 (KHTML, like Gecko; compatible; GPTBot/1.3; +https://openai.com/gptbot)"
74.7.242.14 - - [09/Mar/2026:06:48:05 +0000] "GET /wp-content/plugins/shopengine/modules/swatches/loop-product-support/assets/swatches.css?ver=1773033919 HTTP/1.1" 200 254 "https://hvmbertogarza.com/2025/06/26/" "Mozilla/5.0 AppleWebKit/537.36 (KHTML, like Gecko; compatible; GPTBot/1.3; +https://openai.com/gptbot)"
74.7.242.14 - - [09/Mar/2026:06:48:05 +0000] "GET /wp-content/plugins/shopengine/modules/swatches/loop-product-support/assets/swatches.css?ver=1773032325 HTTP/1.1" 200 254 "https://hvmbertogarza.com/blackjack-spielen-ohne-einzahlung/" "Mozilla/5.0 AppleWebKit/537.36 (KHTML, like Gecko; compatible; GPTBot/1.3; +https://openai.com/gptbot)"
74.7.242.14 - - [09/Mar/2026:06:48:06 +0000] "GET /wp-content/plugins/shopengine/modules/swatches/loop-product-support/assets/swatches.css?ver=1773035180 HTTP/1.1" 200 254 "https://hvmbertogarza.com/2012-2/" "Mozilla/5.0 AppleWebKit/537.36 (KHTML, like Gecko; compatible; GPTBot/1.3; +https://openai.com/gptbot)"
74.7.242.14 - - [09/Mar/2026:06:48:06 +0000] "GET /wp-content/plugins/shopengine/modules/swatches/loop-product-support/assets/swatches.css?ver=1773037686 HTTP/1.1" 200 254 "https://hvmbertogarza.com/casino-games-with-bonuses/" "Mozilla/5.0 AppleWebKit/537.36 (KHTML, like Gecko; compatible; GPTBot/1.3; +https://openai.com/gptbot)"
74.7.242.14 - - [09/Mar/2026:06:48:07 +0000] "GET /wp-content/plugins/shopengine/modules/swatches/loop-product-support/assets/swatches.css?ver=1773032274 HTTP/1.1" 200 254 "https://hvmbertogarza.com/play-uk-casino-promo-code/" "Mozilla/5.0 AppleWebKit/537.36 (KHTML, like Gecko; compatible; GPTBot/1.3; +https://openai.com/gptbot)"
74.7.242.14 - - [09/Mar/2026:06:48:07 +0000] "GET /wp-content/plugins/shopengine/modules/swatches/loop-product-support/assets/swatches.css?ver=1773036974 HTTP/1.1" 200 254 "https://hvmbertogarza.com/?p=1325" "Mozilla/5.0 AppleWebKit/537.36 (KHTML, like Gecko; compatible; GPTBot/1.3; +https://openai.com/gptbot)"
74.7.242.14 - - [09/Mar/2026:06:48:08 +0000] "GET /wp-content/plugins/shopengine/modules/swatches/loop-product-support/assets/swatches.css?ver=1773033969 HTTP/1.1" 200 254 "https://hvmbertogarza.com/2025/05/08/" "Mozilla/5.0 AppleWebKit/537.36 (KHTML, like Gecko; compatible; GPTBot/1.3; +https://openai.com/gptbot)"
74.7.242.14 - - [09/Mar/2026:06:48:08 +0000] "GET /wp-content/plugins/shopengine/modules/swatches/loop-product-support/assets/swatches.css?ver=1773030460 HTTP/1.1" 200 254 "https://hvmbertogarza.com/2025/07/28/" "Mozilla/5.0 AppleWebKit/537.36 (KHTML, like Gecko; compatible; GPTBot/1.3; +https://openai.com/gptbot)"
74.7.242.14 - - [09/Mar/2026:06:48:09 +0000] "GET /wp-content/plugins/shopengine/modules/swatches/loop-product-support/assets/swatches.css?ver=1773034565 HTTP/1.1" 200 254 "https://hvmbertogarza.com/2025/04/06/" "Mozilla/5.0 AppleWebKit/537.36 (KHTML, like Gecko; compatible; GPTBot/1.3; +https://openai.com/gptbot)"
74.7.242.14 - - [09/Mar/2026:06:48:10 +0000] "GET /wp-content/plugins/shopengine/modules/swatches/loop-product-support/assets/swatches.css?ver=1773033588 HTTP/1.1" 200 273 "https://hvmbertogarza.com/1391-2/" "Mozilla/5.0 AppleWebKit/537.36 (KHTML, like Gecko; compatible; GPTBot/1.3; +https://openai.com/gptbot)"
74.7.242.14 - - [09/Mar/2026:06:48:10 +0000] "GET /wp-content/plugins/shopengine/modules/swatches/loop-product-support/assets/swatches.css?ver=1773030722 HTTP/1.1" 200 4040 "https://hvmbertogarza.com/methode-pyramidale-roulette/" "Mozilla/5.0 AppleWebKit/537.36 (KHTML, like Gecko; compatible; GPTBot/1.3; +https://openai.com/gptbot)"
74.7.242.14 - - [09/Mar/2026:06:48:11 +0000] "GET /wp-content/plugins/shopengine/modules/swatches/loop-product-support/assets/swatches.css?ver=1773032673 HTTP/1.1" 200 254 "https://hvmbertogarza.com/2025/09/25/" "Mozilla/5.0 AppleWebKit/537.36 (KHTML, like Gecko; compatible; GPTBot/1.3; +https://openai.com/gptbot)"
74.7.242.14 - - [09/Mar/2026:06:48:11 +0000] "GET /wp-content/plugins/shopengine/modules/swatches/loop-product-support/assets/swatches.css?ver=1773034399 HTTP/1.1" 200 254 "https://hvmbertogarza.com/2025/03/18/" "Mozilla/5.0 AppleWebKit/537.36 (KHTML, like Gecko; compatible; GPTBot/1.3; +https://openai.com/gptbot)"
74.7.242.14 - - [09/Mar/2026:06:48:12 +0000] "GET /wp-content/plugins/shopengine/modules/swatches/loop-product-support/assets/swatches.css?ver=1773030758 HTTP/1.1" 200 254 "https://hvmbertogarza.com/kak-otvetstvenno-igrat-v-pinco-casino-zerkalo/" "Mozilla/5.0 AppleWebKit/537.36 (KHTML, like Gecko; compatible; GPTBot/1.3; +https://openai.com/gptbot)"
74.7.242.14 - - [09/Mar/2026:06:48:12 +0000] "GET /wp-content/plugins/shopengine/modules/swatches/loop-product-support/assets/swatches.css?ver=1773031963 HTTP/1.1" 200 254 "https://hvmbertogarza.com/?p=1552" "Mozilla/5.0 AppleWebKit/537.36 (KHTML, like Gecko; compatible; GPTBot/1.3; +https://openai.com/gptbot)"
74.7.242.14 - - [09/Mar/2026:06:48:13 +0000] "GET /wp-content/plugins/shopengine/modules/swatches/loop-product-support/assets/swatches.css?ver=1773031890 HTTP/1.1" 200 254 "https://hvmbertogarza.com/informatie-over-gokken/" "Mozilla/5.0 AppleWebKit/537.36 (KHTML, like Gecko; compatible; GPTBot/1.3; +https://openai.com/gptbot)"
74.7.242.14 - - [09/Mar/2026:06:48:13 +0000] "GET /wp-content/plugins/shopengine/modules/swatches/loop-product-support/assets/swatches.css?ver=1773031633 HTTP/1.1" 200 254 "https://hvmbertogarza.com/1505-2/" "Mozilla/5.0 AppleWebKit/537.36 (KHTML, like Gecko; compatible; GPTBot/1.3; +https://openai.com/gptbot)"
74.7.242.14 - - [09/Mar/2026:06:48:14 +0000] "GET /wp-content/plugins/shopengine/modules/swatches/loop-product-support/assets/swatches.css?ver=1773034593 HTTP/1.1" 200 254 "https://hvmbertogarza.com/2025/12/08/" "Mozilla/5.0 AppleWebKit/537.36 (KHTML, like Gecko; compatible; GPTBot/1.3; +https://openai.com/gptbot)"
74.7.242.14 - - [09/Mar/2026:06:48:14 +0000] "GET /wp-content/plugins/shopengine/modules/swatches/loop-product-support/assets/swatches.css?ver=1773036307 HTTP/1.1" 200 254 "https://hvmbertogarza.com/legendplay-casino-no-deposit-bonus-codes-for-free-spins-2026/" "Mozilla/5.0 AppleWebKit/537.36 (KHTML, like Gecko; compatible; GPTBot/1.3; +https://openai.com/gptbot)"
74.7.242.14 - - [09/Mar/2026:06:48:15 +0000] "GET /wp-content/plugins/shopengine/modules/swatches/loop-product-support/assets/swatches.css?ver=1773032390 HTTP/1.1" 200 254 "https://hvmbertogarza.com/?p=1345" "Mozilla/5.0 AppleWebKit/537.36 (KHTML, like Gecko; compatible; GPTBot/1.3; +https://openai.com/gptbot)"
45.3.47.174 - - [09/Mar/2026:06:48:15 +0000] "POST /wp-content/plugins/gallery-1772606968/comment-section-1772606968.php HTTP/1.1" 200 449 "https://hvmbertogarza.com" "Mozilla/5.0 (Windows NT 10.0) AppleWebKit/537.36 (KHTML, like Gecko) Chrome/67.0.3301.43 Safari/537.36"
74.7.242.14 - - [09/Mar/2026:06:48:15 +0000] "GET /wp-content/plugins/shopengine/modules/swatches/loop-product-support/assets/swatches.css?ver=1773030846 HTTP/1.1" 200 254 "https://hvmbertogarza.com/?p=1276" "Mozilla/5.0 AppleWebKit/537.36 (KHTML, like Gecko; compatible; GPTBot/1.3; +https://openai.com/gptbot)"
74.7.242.14 - - [09/Mar/2026:06:48:16 +0000] "GET /wp-content/plugins/shopengine/modules/swatches/loop-product-support/assets/swatches.css?ver=1773035906 HTTP/1.1" 200 254 "https://hvmbertogarza.com/winshark-casino-no-deposit-bonus/" "Mozilla/5.0 AppleWebKit/537.36 (KHTML, like Gecko; compatible; GPTBot/1.3; +https://openai.com/gptbot)"
209.50.172.31 - - [09/Mar/2026:06:48:18 +0000] "POST /wp-content/plugins/backup-1772322415/home-1772322415.php HTTP/1.1" 200 449 "https://hvmbertogarza.com" "Mozilla/5.0 (Windows NT 10.0; Win64; x64) AppleWebKit/537.36 (KHTML, like Gecko) Chrome/66.0.3267.47 Safari/537.36"
74.208.176.140 - - [09/Mar/2026:06:48:19 +0000] "POST /wp-cron.php?doing_wp_cron=1773038899.9389619827270507812500 HTTP/1.1" 200 4101 "-" "WordPress/6.9.1; https://hvmbertogarza.com"
74.7.242.14 - - [09/Mar/2026:06:48:16 +0000] "GET /%22https:/hvmbertogarza.com/21-3-blackjack-payouts/embed/ HTTP/1.1" 404 70278 "https://hvmbertogarza.com/wp-json/oembed/1.0/embed?format=xml&url=https%3A%2F%2Fhvmbertogarza.com%2F21-3-blackjack-payouts%2F" "Mozilla/5.0 AppleWebKit/537.36 (KHTML, like Gecko; compatible; GPTBot/1.3; +https://openai.com/gptbot)"
74.7.242.14 - - [09/Mar/2026:06:48:20 +0000] "GET /%22https:/hvmbertogarza.com/casino-games-with-bonuses/%22 HTTP/1.1" 301 4234 "https://hvmbertogarza.com/wp-json/oembed/1.0/embed?format=xml&url=https%3A%2F%2Fhvmbertogarza.com%2Fcasino-games-with-bonuses%2F" "Mozilla/5.0 AppleWebKit/537.36 (KHTML, like Gecko; compatible; GPTBot/1.3; +https://openai.com/gptbot)"
216.26.227.163 - - [09/Mar/2026:06:48:22 +0000] "POST /wp-content/plugins/custom-1772763685/custom_functions_1772763685.php HTTP/1.1" 200 449 "https://hvmbertogarza.com" "Mozilla/5.0 (Windows NT 10.0; WOW64) AppleWebKit/537.36 (KHTML, like Gecko) Chrome/65.0.2773.135 Safari/537.36"
74.7.242.14 - - [09/Mar/2026:06:48:21 +0000] "GET /%22https:/hvmbertogarza.com/casino-games-with-bonuses/ HTTP/1.1" 404 50986 "https://hvmbertogarza.com/%22https:/hvmbertogarza.com/casino-games-with-bonuses/%22" "Mozilla/5.0 AppleWebKit/537.36 (KHTML, like Gecko; compatible; GPTBot/1.3; +https://openai.com/gptbot)"
74.7.242.14 - - [09/Mar/2026:06:48:24 +0000] "GET /%22https:/hvmbertogarza.com/siti-casino-online-sicuri/%22 HTTP/1.1" 301 4234 "https://hvmbertogarza.com/wp-json/oembed/1.0/embed?format=xml&url=https%3A%2F%2Fhvmbertogarza.com%2Fsiti-casino-online-sicuri%2F" "Mozilla/5.0 AppleWebKit/537.36 (KHTML, like Gecko; compatible; GPTBot/1.3; +https://openai.com/gptbot)"
74.7.242.14 - - [09/Mar/2026:06:48:26 +0000] "GET /%22https:/hvmbertogarza.com/siti-casino-online-sicuri/ HTTP/1.1" 404 56498 "https://hvmbertogarza.com/%22https:/hvmbertogarza.com/siti-casino-online-sicuri/%22" "Mozilla/5.0 AppleWebKit/537.36 (KHTML, like Gecko; compatible; GPTBot/1.3; +https://openai.com/gptbot)"
74.7.242.14 - - [09/Mar/2026:06:48:29 +0000] "GET /inbet-casino-no-deposit-bonus-codes-for-free-spins-2026/ HTTP/1.1" 200 45574 "https://hvmbertogarza.com/author/israel-arriaga/page/21/" "Mozilla/5.0 AppleWebKit/537.36 (KHTML, like Gecko; compatible; GPTBot/1.3; +https://openai.com/gptbot)"
74.7.242.14 - - [09/Mar/2026:06:48:31 +0000] "GET /leo-vegas-casino-codigo-promocional-y-bonus-code-2026/ HTTP/1.1" 200 42179 "https://hvmbertogarza.com/author/israel-arriaga/page/17/" "Mozilla/5.0 AppleWebKit/537.36 (KHTML, like Gecko; compatible; GPTBot/1.3; +https://openai.com/gptbot)"
74.7.242.14 - - [09/Mar/2026:06:48:34 +0000] "GET /wp-json/oembed/1.0/embed?url=https%3A%2F%2Fhvmbertogarza.com%2Fkostenlos-spielautomaten-spielen-ohne-anmeldung-book-of-ra-triple-chance%2F HTTP/1.1" 200 3092 "https://hvmbertogarza.com/kostenlos-spielautomaten-spielen-ohne-anmeldung-book-of-ra-triple-chance/" "Mozilla/5.0 AppleWebKit/537.36 (KHTML, like Gecko; compatible; GPTBot/1.3; +https://openai.com/gptbot)"
74.7.242.14 - - [09/Mar/2026:06:48:36 +0000] "GET /%22https:/hvmbertogarza.com/hot-safari-online-gokkast-spelen-gratis-en-met-geld/embed/ HTTP/1.1" 404 78546 "https://hvmbertogarza.com/wp-json/oembed/1.0/embed?format=xml&url=https%3A%2F%2Fhvmbertogarza.com%2Fhot-safari-online-gokkast-spelen-gratis-en-met-geld%2F" "Mozilla/5.0 AppleWebKit/537.36 (KHTML, like Gecko; compatible; GPTBot/1.3; +https://openai.com/gptbot)"
201.141.98.42 - - [09/Mar/2026:06:48:37 +0000] "GET /?utm_source=ig&utm_medium=social&utm_content=link_in_bio&fbclid=PAZXh0bgNhZW0CMTEAc3J0YwZhcHBfaWQPNTY3MDY3MzQzMzUyNDI3AAGnuIVS55i0ZW024VLHMBNsWjavvd0fgo8BvbQb1EN1CqeMsyh93MYgG6xKGTw_aem_MceQIxbq-1qTQ5hMEP5POQ HTTP/1.1" 200 55027 "https://l.instagram.com/" "Mozilla/5.0 (Linux; Android 16; SM-S928B Build/BP2A.250605.031.A3; wv) AppleWebKit/537.36 (KHTML, like Gecko) Version/4.0 Chrome/145.0.7632.154 Mobile Safari/537.36 Instagram 419.0.0.49.71 Android (36/16; 600dpi; 1440x3120; samsung; SM-S928B; e3q; qcom; es_US; 896334238; IABMV/1)"
201.141.98.42 - - [09/Mar/2026:06:48:41 +0000] "GET /wp-content/plugins/shopengine/modules/swatches/loop-product-support/assets/swatches.css?ver=1773038920 HTTP/1.1" 200 309 "https://hvmbertogarza.com/?utm_source=ig&utm_medium=social&utm_content=link_in_bio&fbclid=PAZXh0bgNhZW0CMTEAc3J0YwZhcHBfaWQPNTY3MDY3MzQzMzUyNDI3AAGnuIVS55i0ZW024VLHMBNsWjavvd0fgo8BvbQb1EN1CqeMsyh93MYgG6xKGTw_aem_MceQIxbq-1qTQ5hMEP5POQ" "Mozilla/5.0 (Linux; Android 16; SM-S928B Build/BP2A.250605.031.A3; wv) AppleWebKit/537.36 (KHTML, like Gecko) Version/4.0 Chrome/145.0.7632.154 Mobile Safari/537.36 Instagram 419.0.0.49.71 Android (36/16; 600dpi; 1440x3120; samsung; SM-S928B; e3q; qcom; es_US; 896334238; IABMV/1)"
201.141.98.42 - - [09/Mar/2026:06:48:41 +0000] "GET /wp-content/uploads/elementor/css/post-13.css?ver=1772840573 HTTP/1.1" 200 1479 "https://hvmbertogarza.com/?utm_source=ig&utm_medium=social&utm_content=link_in_bio&fbclid=PAZXh0bgNhZW0CMTEAc3J0YwZhcHBfaWQPNTY3MDY3MzQzMzUyNDI3AAGnuIVS55i0ZW024VLHMBNsWjavvd0fgo8BvbQb1EN1CqeMsyh93MYgG6xKGTw_aem_MceQIxbq-1qTQ5hMEP5POQ" "Mozilla/5.0 (Linux; Android 16; SM-S928B Build/BP2A.250605.031.A3; wv) AppleWebKit/537.36 (KHTML, like Gecko) Version/4.0 Chrome/145.0.7632.154 Mobile Safari/537.36 Instagram 419.0.0.49.71 Android (36/16; 600dpi; 1440x3120; samsung; SM-S928B; e3q; qcom; es_US; 896334238; IABMV/1)"
201.141.98.42 - - [09/Mar/2026:06:48:41 +0000] "GET /wp-content/uploads/elementor/css/post-193.css?ver=1772840945 HTTP/1.1" 200 2906 "https://hvmbertogarza.com/?utm_source=ig&utm_medium=social&utm_content=link_in_bio&fbclid=PAZXh0bgNhZW0CMTEAc3J0YwZhcHBfaWQPNTY3MDY3MzQzMzUyNDI3AAGnuIVS55i0ZW024VLHMBNsWjavvd0fgo8BvbQb1EN1CqeMsyh93MYgG6xKGTw_aem_MceQIxbq-1qTQ5hMEP5POQ" "Mozilla/5.0 (Linux; Android 16; SM-S928B Build/BP2A.250605.031.A3; wv) AppleWebKit/537.36 (KHTML, like Gecko) Version/4.0 Chrome/145.0.7632.154 Mobile Safari/537.36 Instagram 419.0.0.49.71 Android (36/16; 600dpi; 1440x3120; samsung; SM-S928B; e3q; qcom; es_US; 896334238; IABMV/1)"
201.141.98.42 - - [09/Mar/2026:06:48:41 +0000] "GET /wp-content/uploads/elementor/css/post-66.css?ver=1772840574 HTTP/1.1" 200 6602 "https://hvmbertogarza.com/?utm_source=ig&utm_medium=social&utm_content=link_in_bio&fbclid=PAZXh0bgNhZW0CMTEAc3J0YwZhcHBfaWQPNTY3MDY3MzQzMzUyNDI3AAGnuIVS55i0ZW024VLHMBNsWjavvd0fgo8BvbQb1EN1CqeMsyh93MYgG6xKGTw_aem_MceQIxbq-1qTQ5hMEP5POQ" "Mozilla/5.0 (Linux; Android 16; SM-S928B Build/BP2A.250605.031.A3; wv) AppleWebKit/537.36 (KHTML, like Gecko) Version/4.0 Chrome/145.0.7632.154 Mobile Safari/537.36 Instagram 419.0.0.49.71 Android (36/16; 600dpi; 1440x3120; samsung; SM-S928B; e3q; qcom; es_US; 896334238; IABMV/1)"
201.141.98.42 - - [09/Mar/2026:06:48:41 +0000] "GET /wp-content/uploads/elementor/css/post-121.css?ver=1772840574 HTTP/1.1" 200 3555 "https://hvmbertogarza.com/?utm_source=ig&utm_medium=social&utm_content=link_in_bio&fbclid=PAZXh0bgNhZW0CMTEAc3J0YwZhcHBfaWQPNTY3MDY3MzQzMzUyNDI3AAGnuIVS55i0ZW024VLHMBNsWjavvd0fgo8BvbQb1EN1CqeMsyh93MYgG6xKGTw_aem_MceQIxbq-1qTQ5hMEP5POQ" "Mozilla/5.0 (Linux; Android 16; SM-S928B Build/BP2A.250605.031.A3; wv) AppleWebKit/537.36 (KHTML, like Gecko) Version/4.0 Chrome/145.0.7632.154 Mobile Safari/537.36 Instagram 419.0.0.49.71 Android (36/16; 600dpi; 1440x3120; samsung; SM-S928B; e3q; qcom; es_US; 896334238; IABMV/1)"
201.141.98.42 - - [09/Mar/2026:06:48:41 +0000] "GET /wp-content/uploads/elementor/css/post-109.css?ver=1772840574 HTTP/1.1" 200 5256 "https://hvmbertogarza.com/?utm_source=ig&utm_medium=social&utm_content=link_in_bio&fbclid=PAZXh0bgNhZW0CMTEAc3J0YwZhcHBfaWQPNTY3MDY3MzQzMzUyNDI3AAGnuIVS55i0ZW024VLHMBNsWjavvd0fgo8BvbQb1EN1CqeMsyh93MYgG6xKGTw_aem_MceQIxbq-1qTQ5hMEP5POQ" "Mozilla/5.0 (Linux; Android 16; SM-S928B Build/BP2A.250605.031.A3; wv) AppleWebKit/537.36 (KHTML, like Gecko) Version/4.0 Chrome/145.0.7632.154 Mobile Safari/537.36 Instagram 419.0.0.49.71 Android (36/16; 600dpi; 1440x3120; samsung; SM-S928B; e3q; qcom; es_US; 896334238; IABMV/1)"
201.141.98.42 - - [09/Mar/2026:06:48:41 +0000] "GET /wp-content/uploads/2024/02/bannerweb1-2.jpg HTTP/1.1" 200 215448 "https://hvmbertogarza.com/wp-content/uploads/elementor/css/post-193.css?ver=1772840945" "Mozilla/5.0 (Linux; Android 16; SM-S928B Build/BP2A.250605.031.A3; wv) AppleWebKit/537.36 (KHTML, like Gecko) Version/4.0 Chrome/145.0.7632.154 Mobile Safari/537.36 Instagram 419.0.0.49.71 Android (36/16; 600dpi; 1440x3120; samsung; SM-S928B; e3q; qcom; es_US; 896334238; IABMV/1)"
201.141.98.42 - - [09/Mar/2026:06:48:41 +0000] "GET /wp-content/uploads/2024/02/bannerplayerasweb.jpg HTTP/1.1" 200 168421 "https://hvmbertogarza.com/wp-content/uploads/elementor/css/post-193.css?ver=1772840945" "Mozilla/5.0 (Linux; Android 16; SM-S928B Build/BP2A.250605.031.A3; wv) AppleWebKit/537.36 (KHTML, like Gecko) Version/4.0 Chrome/145.0.7632.154 Mobile Safari/537.36 Instagram 419.0.0.49.71 Android (36/16; 600dpi; 1440x3120; samsung; SM-S928B; e3q; qcom; es_US; 896334238; IABMV/1)"
201.141.98.42 - - [09/Mar/2026:06:48:41 +0000] "GET /wp-content/uploads/2024/02/bannerlibrowebf.jpg HTTP/1.1" 200 241537 "https://hvmbertogarza.com/wp-content/uploads/elementor/css/post-193.css?ver=1772840945" "Mozilla/5.0 (Linux; Android 16; SM-S928B Build/BP2A.250605.031.A3; wv) AppleWebKit/537.36 (KHTML, like Gecko) Version/4.0 Chrome/145.0.7632.154 Mobile Safari/537.36 Instagram 419.0.0.49.71 Android (36/16; 600dpi; 1440x3120; samsung; SM-S928B; e3q; qcom; es_US; 896334238; IABMV/1)"
201.141.98.42 - - [09/Mar/2026:06:48:41 +0000] "GET /wp-content/uploads/2024/12/bannerweb-mortem.jpg HTTP/1.1" 200 1304050 "https://hvmbertogarza.com/wp-content/uploads/elementor/css/post-193.css?ver=1772840945" "Mozilla/5.0 (Linux; Android 16; SM-S928B Build/BP2A.250605.031.A3; wv) AppleWebKit/537.36 (KHTML, like Gecko) Version/4.0 Chrome/145.0.7632.154 Mobile Safari/537.36 Instagram 419.0.0.49.71 Android (36/16; 600dpi; 1440x3120; samsung; SM-S928B; e3q; qcom; es_US; 896334238; IABMV/1)"
74.7.242.14 - - [09/Mar/2026:06:48:39 +0000] "GET /%22https:/hvmbertogarza.com/safari-heat-online-gokkast-spelen-gratis-en-met-geld/embed/ HTTP/1.1" 404 136381 "https://hvmbertogarza.com/wp-json/oembed/1.0/embed?format=xml&url=https%3A%2F%2Fhvmbertogarza.com%2Fsafari-heat-online-gokkast-spelen-gratis-en-met-geld%2F" "Mozilla/5.0 AppleWebKit/537.36 (KHTML, like Gecko; compatible; GPTBot/1.3; +https://openai.com/gptbot)"
201.141.98.42 - - [09/Mar/2026:06:48:41 +0000] "GET /wp-content/uploads/2025/11/COVER-NACIONAL-scaled.jpg HTTP/1.1" 200 662349 "https://hvmbertogarza.com/wp-content/uploads/elementor/css/post-193.css?ver=1772840945" "Mozilla/5.0 (Linux; Android 16; SM-S928B Build/BP2A.250605.031.A3; wv) AppleWebKit/537.36 (KHTML, like Gecko) Version/4.0 Chrome/145.0.7632.154 Mobile Safari/537.36 Instagram 419.0.0.49.71 Android (36/16; 600dpi; 1440x3120; samsung; SM-S928B; e3q; qcom; es_US; 896334238; IABMV/1)"
201.141.98.42 - - [09/Mar/2026:06:48:42 +0000] "GET /wp-content/uploads/2024/02/librorender-CIRCUS.jpg HTTP/1.1" 200 3555276 "https://hvmbertogarza.com/?utm_source=ig&utm_medium=social&utm_content=link_in_bio&fbclid=PAZXh0bgNhZW0CMTEAc3J0YwZhcHBfaWQPNTY3MDY3MzQzMzUyNDI3AAGnuIVS55i0ZW024VLHMBNsWjavvd0fgo8BvbQb1EN1CqeMsyh93MYgG6xKGTw_aem_MceQIxbq-1qTQ5hMEP5POQ" "Mozilla/5.0 (Linux; Android 16; SM-S928B Build/BP2A.250605.031.A3; wv) AppleWebKit/537.36 (KHTML, like Gecko) Version/4.0 Chrome/145.0.7632.154 Mobile Safari/537.36 Instagram 419.0.0.49.71 Android (36/16; 600dpi; 1440x3120; samsung; SM-S928B; e3q; qcom; es_US; 896334238; IABMV/1)"
201.141.98.42 - - [09/Mar/2026:06:48:42 +0000] "GET /wp-content/uploads/2024/12/librorender3.jpg HTTP/1.1" 200 4185666 "https://hvmbertogarza.com/?utm_source=ig&utm_medium=social&utm_content=link_in_bio&fbclid=PAZXh0bgNhZW0CMTEAc3J0YwZhcHBfaWQPNTY3MDY3MzQzMzUyNDI3AAGnuIVS55i0ZW024VLHMBNsWjavvd0fgo8BvbQb1EN1CqeMsyh93MYgG6xKGTw_aem_MceQIxbq-1qTQ5hMEP5POQ" "Mozilla/5.0 (Linux; Android 16; SM-S928B Build/BP2A.250605.031.A3; wv) AppleWebKit/537.36 (KHTML, like Gecko) Version/4.0 Chrome/145.0.7632.154 Mobile Safari/537.36 Instagram 419.0.0.49.71 Android (36/16; 600dpi; 1440x3120; samsung; SM-S928B; e3q; qcom; es_US; 896334238; IABMV/1)"
201.141.98.42 - - [09/Mar/2026:06:48:43 +0000] "GET /wp-content/uploads/2024/03/librorenderfinal-1536x1536.jpg HTTP/1.1" 200 528464 "https://hvmbertogarza.com/?utm_source=ig&utm_medium=social&utm_content=link_in_bio&fbclid=PAZXh0bgNhZW0CMTEAc3J0YwZhcHBfaWQPNTY3MDY3MzQzMzUyNDI3AAGnuIVS55i0ZW024VLHMBNsWjavvd0fgo8BvbQb1EN1CqeMsyh93MYgG6xKGTw_aem_MceQIxbq-1qTQ5hMEP5POQ" "Mozilla/5.0 (Linux; Android 16; SM-S928B Build/BP2A.250605.031.A3; wv) AppleWebKit/537.36 (KHTML, like Gecko) Version/4.0 Chrome/145.0.7632.154 Mobile Safari/537.36 Instagram 419.0.0.49.71 Android (36/16; 600dpi; 1440x3120; samsung; SM-S928B; e3q; qcom; es_US; 896334238; IABMV/1)"
201.141.98.42 - - [09/Mar/2026:06:48:43 +0000] "GET /wp-content/uploads/2025/11/playera8-1536x1536.jpg HTTP/1.1" 200 234492 "https://hvmbertogarza.com/?utm_source=ig&utm_medium=social&utm_content=link_in_bio&fbclid=PAZXh0bgNhZW0CMTEAc3J0YwZhcHBfaWQPNTY3MDY3MzQzMzUyNDI3AAGnuIVS55i0ZW024VLHMBNsWjavvd0fgo8BvbQb1EN1CqeMsyh93MYgG6xKGTw_aem_MceQIxbq-1qTQ5hMEP5POQ" "Mozilla/5.0 (Linux; Android 16; SM-S928B Build/BP2A.250605.031.A3; wv) AppleWebKit/537.36 (KHTML, like Gecko) Version/4.0 Chrome/145.0.7632.154 Mobile Safari/537.36 Instagram 419.0.0.49.71 Android (36/16; 600dpi; 1440x3120; samsung; SM-S928B; e3q; qcom; es_US; 896334238; IABMV/1)"
201.141.98.42 - - [09/Mar/2026:06:48:42 +0000] "GET /wp-content/uploads/2024/02/librorender2-2.jpg HTTP/1.1" 200 5298024 "https://hvmbertogarza.com/?utm_source=ig&utm_medium=social&utm_content=link_in_bio&fbclid=PAZXh0bgNhZW0CMTEAc3J0YwZhcHBfaWQPNTY3MDY3MzQzMzUyNDI3AAGnuIVS55i0ZW024VLHMBNsWjavvd0fgo8BvbQb1EN1CqeMsyh93MYgG6xKGTw_aem_MceQIxbq-1qTQ5hMEP5POQ" "Mozilla/5.0 (Linux; Android 16; SM-S928B Build/BP2A.250605.031.A3; wv) AppleWebKit/537.36 (KHTML, like Gecko) Version/4.0 Chrome/145.0.7632.154 Mobile Safari/537.36 Instagram 419.0.0.49.71 Android (36/16; 600dpi; 1440x3120; samsung; SM-S928B; e3q; qcom; es_US; 896334238; IABMV/1)"
201.141.98.42 - - [09/Mar/2026:06:48:43 +0000] "GET /wp-content/uploads/2024/02/tablaplayeraspsd.jpg HTTP/1.1" 200 3422835 "https://hvmbertogarza.com/?utm_source=ig&utm_medium=social&utm_content=link_in_bio&fbclid=PAZXh0bgNhZW0CMTEAc3J0YwZhcHBfaWQPNTY3MDY3MzQzMzUyNDI3AAGnuIVS55i0ZW024VLHMBNsWjavvd0fgo8BvbQb1EN1CqeMsyh93MYgG6xKGTw_aem_MceQIxbq-1qTQ5hMEP5POQ" "Mozilla/5.0 (Linux; Android 16; SM-S928B Build/BP2A.250605.031.A3; wv) AppleWebKit/537.36 (KHTML, like Gecko) Version/4.0 Chrome/145.0.7632.154 Mobile Safari/537.36 Instagram 419.0.0.49.71 Android (36/16; 600dpi; 1440x3120; samsung; SM-S928B; e3q; qcom; es_US; 896334238; IABMV/1)"
201.141.98.42 - - [09/Mar/2026:06:48:44 +0000] "GET /wp-content/uploads/2025/11/playera2-1536x1536.jpg HTTP/1.1" 200 373903 "https://hvmbertogarza.com/?utm_source=ig&utm_medium=social&utm_content=link_in_bio&fbclid=PAZXh0bgNhZW0CMTEAc3J0YwZhcHBfaWQPNTY3MDY3MzQzMzUyNDI3AAGnuIVS55i0ZW024VLHMBNsWjavvd0fgo8BvbQb1EN1CqeMsyh93MYgG6xKGTw_aem_MceQIxbq-1qTQ5hMEP5POQ" "Mozilla/5.0 (Linux; Android 16; SM-S928B Build/BP2A.250605.031.A3; wv) AppleWebKit/537.36 (KHTML, like Gecko) Version/4.0 Chrome/145.0.7632.154 Mobile Safari/537.36 Instagram 419.0.0.49.71 Android (36/16; 600dpi; 1440x3120; samsung; SM-S928B; e3q; qcom; es_US; 896334238; IABMV/1)"
201.141.98.42 - - [09/Mar/2026:06:48:42 +0000] "POST /?wc-ajax=get_refreshed_fragments HTTP/1.1" 200 6064 "https://hvmbertogarza.com/?utm_source=ig&utm_medium=social&utm_content=link_in_bio&fbclid=PAZXh0bgNhZW0CMTEAc3J0YwZhcHBfaWQPNTY3MDY3MzQzMzUyNDI3AAGnuIVS55i0ZW024VLHMBNsWjavvd0fgo8BvbQb1EN1CqeMsyh93MYgG6xKGTw_aem_MceQIxbq-1qTQ5hMEP5POQ" "Mozilla/5.0 (Linux; Android 16; SM-S928B Build/BP2A.250605.031.A3; wv) AppleWebKit/537.36 (KHTML, like Gecko) Version/4.0 Chrome/145.0.7632.154 Mobile Safari/537.36 Instagram 419.0.0.49.71 Android (36/16; 600dpi; 1440x3120; samsung; SM-S928B; e3q; qcom; es_US; 896334238; IABMV/1)"
201.141.98.42 - - [09/Mar/2026:06:48:44 +0000] "GET /wp-content/uploads/2025/11/playera3jpg-1536x1536.jpg HTTP/1.1" 200 339818 "https://hvmbertogarza.com/?utm_source=ig&utm_medium=social&utm_content=link_in_bio&fbclid=PAZXh0bgNhZW0CMTEAc3J0YwZhcHBfaWQPNTY3MDY3MzQzMzUyNDI3AAGnuIVS55i0ZW024VLHMBNsWjavvd0fgo8BvbQb1EN1CqeMsyh93MYgG6xKGTw_aem_MceQIxbq-1qTQ5hMEP5POQ" "Mozilla/5.0 (Linux; Android 16; SM-S928B Build/BP2A.250605.031.A3; wv) AppleWebKit/537.36 (KHTML, like Gecko) Version/4.0 Chrome/145.0.7632.154 Mobile Safari/537.36 Instagram 419.0.0.49.71 Android (36/16; 600dpi; 1440x3120; samsung; SM-S928B; e3q; qcom; es_US; 896334238; IABMV/1)"
201.141.98.42 - - [09/Mar/2026:06:48:44 +0000] "GET /wp-content/uploads/2025/11/playera4-1536x1536.jpg HTTP/1.1" 200 255498 "https://hvmbertogarza.com/?utm_source=ig&utm_medium=social&utm_content=link_in_bio&fbclid=PAZXh0bgNhZW0CMTEAc3J0YwZhcHBfaWQPNTY3MDY3MzQzMzUyNDI3AAGnuIVS55i0ZW024VLHMBNsWjavvd0fgo8BvbQb1EN1CqeMsyh93MYgG6xKGTw_aem_MceQIxbq-1qTQ5hMEP5POQ" "Mozilla/5.0 (Linux; Android 16; SM-S928B Build/BP2A.250605.031.A3; wv) AppleWebKit/537.36 (KHTML, like Gecko) Version/4.0 Chrome/145.0.7632.154 Mobile Safari/537.36 Instagram 419.0.0.49.71 Android (36/16; 600dpi; 1440x3120; samsung; SM-S928B; e3q; qcom; es_US; 896334238; IABMV/1)"
201.141.98.42 - - [09/Mar/2026:06:48:44 +0000] "GET /wp-content/uploads/2025/11/playera0-1536x1536.jpg HTTP/1.1" 200 459335 "https://hvmbertogarza.com/?utm_source=ig&utm_medium=social&utm_content=link_in_bio&fbclid=PAZXh0bgNhZW0CMTEAc3J0YwZhcHBfaWQPNTY3MDY3MzQzMzUyNDI3AAGnuIVS55i0ZW024VLHMBNsWjavvd0fgo8BvbQb1EN1CqeMsyh93MYgG6xKGTw_aem_MceQIxbq-1qTQ5hMEP5POQ" "Mozilla/5.0 (Linux; Android 16; SM-S928B Build/BP2A.250605.031.A3; wv) AppleWebKit/537.36 (KHTML, like Gecko) Version/4.0 Chrome/145.0.7632.154 Mobile Safari/537.36 Instagram 419.0.0.49.71 Android (36/16; 600dpi; 1440x3120; samsung; SM-S928B; e3q; qcom; es_US; 896334238; IABMV/1)"
201.141.98.42 - - [09/Mar/2026:06:48:44 +0000] "GET /wp-content/uploads/2024/03/timcurrytshirt-1536x1536.jpg HTTP/1.1" 200 314382 "https://hvmbertogarza.com/?utm_source=ig&utm_medium=social&utm_content=link_in_bio&fbclid=PAZXh0bgNhZW0CMTEAc3J0YwZhcHBfaWQPNTY3MDY3MzQzMzUyNDI3AAGnuIVS55i0ZW024VLHMBNsWjavvd0fgo8BvbQb1EN1CqeMsyh93MYgG6xKGTw_aem_MceQIxbq-1qTQ5hMEP5POQ" "Mozilla/5.0 (Linux; Android 16; SM-S928B Build/BP2A.250605.031.A3; wv) AppleWebKit/537.36 (KHTML, like Gecko) Version/4.0 Chrome/145.0.7632.154 Mobile Safari/537.36 Instagram 419.0.0.49.71 Android (36/16; 600dpi; 1440x3120; samsung; SM-S928B; e3q; qcom; es_US; 896334238; IABMV/1)"
201.141.98.42 - - [09/Mar/2026:06:48:44 +0000] "GET /wp-content/uploads/2024/02/metalfest-300x300.jpg HTTP/1.1" 200 26264 "https://hvmbertogarza.com/?utm_source=ig&utm_medium=social&utm_content=link_in_bio&fbclid=PAZXh0bgNhZW0CMTEAc3J0YwZhcHBfaWQPNTY3MDY3MzQzMzUyNDI3AAGnuIVS55i0ZW024VLHMBNsWjavvd0fgo8BvbQb1EN1CqeMsyh93MYgG6xKGTw_aem_MceQIxbq-1qTQ5hMEP5POQ" "Mozilla/5.0 (Linux; Android 16; SM-S928B Build/BP2A.250605.031.A3; wv) AppleWebKit/537.36 (KHTML, like Gecko) Version/4.0 Chrome/145.0.7632.154 Mobile Safari/537.36 Instagram 419.0.0.49.71 Android (36/16; 600dpi; 1440x3120; samsung; SM-S928B; e3q; qcom; es_US; 896334238; IABMV/1)"
103.42.198.211 - - [09/Mar/2026:06:48:43 +0000] "POST /xmlrpc.php HTTP/1.1" 200 4454 "-" "Mozilla/5.0 (Windows NT 10.0; Win64; x64) AppleWebKit/537.36 (KHTML, like Gecko) Chrome/91.0.4472.124 Safari/537.36"
201.141.98.42 - - [09/Mar/2026:06:48:45 +0000] "GET /wp-content/uploads/2024/02/paul-1-300x300.jpg HTTP/1.1" 200 26227 "https://hvmbertogarza.com/?utm_source=ig&utm_medium=social&utm_content=link_in_bio&fbclid=PAZXh0bgNhZW0CMTEAc3J0YwZhcHBfaWQPNTY3MDY3MzQzMzUyNDI3AAGnuIVS55i0ZW024VLHMBNsWjavvd0fgo8BvbQb1EN1CqeMsyh93MYgG6xKGTw_aem_MceQIxbq-1qTQ5hMEP5POQ" "Mozilla/5.0 (Linux; Android 16; SM-S928B Build/BP2A.250605.031.A3; wv) AppleWebKit/537.36 (KHTML, like Gecko) Version/4.0 Chrome/145.0.7632.154 Mobile Safari/537.36 Instagram 419.0.0.49.71 Android (36/16; 600dpi; 1440x3120; samsung; SM-S928B; e3q; qcom; es_US; 896334238; IABMV/1)"
74.7.242.14 - - [09/Mar/2026:06:48:42 +0000] "GET /%22https:/hvmbertogarza.com/casino-en-ligne-gratuits-argent-real-aucun-depot/embed/ HTTP/1.1" 404 82332 "https://hvmbertogarza.com/wp-json/oembed/1.0/embed?format=xml&url=https%3A%2F%2Fhvmbertogarza.com%2Fcasino-en-ligne-gratuits-argent-real-aucun-depot%2F" "Mozilla/5.0 AppleWebKit/537.36 (KHTML, like Gecko; compatible; GPTBot/1.3; +https://openai.com/gptbot)"
201.141.98.42 - - [09/Mar/2026:06:48:45 +0000] "GET /wp-content/uploads/2024/03/terrifiertshirt-1536x1536.jpg HTTP/1.1" 200 316992 "https://hvmbertogarza.com/?utm_source=ig&utm_medium=social&utm_content=link_in_bio&fbclid=PAZXh0bgNhZW0CMTEAc3J0YwZhcHBfaWQPNTY3MDY3MzQzMzUyNDI3AAGnuIVS55i0ZW024VLHMBNsWjavvd0fgo8BvbQb1EN1CqeMsyh93MYgG6xKGTw_aem_MceQIxbq-1qTQ5hMEP5POQ" "Mozilla/5.0 (Linux; Android 16; SM-S928B Build/BP2A.250605.031.A3; wv) AppleWebKit/537.36 (KHTML, like Gecko) Version/4.0 Chrome/145.0.7632.154 Mobile Safari/537.36 Instagram 419.0.0.49.71 Android (36/16; 600dpi; 1440x3120; samsung; SM-S928B; e3q; qcom; es_US; 896334238; IABMV/1)"
201.141.98.42 - - [09/Mar/2026:06:48:45 +0000] "GET /wp-content/uploads/2024/03/robtshirt-1536x1536.jpg HTTP/1.1" 200 386619 "https://hvmbertogarza.com/?utm_source=ig&utm_medium=social&utm_content=link_in_bio&fbclid=PAZXh0bgNhZW0CMTEAc3J0YwZhcHBfaWQPNTY3MDY3MzQzMzUyNDI3AAGnuIVS55i0ZW024VLHMBNsWjavvd0fgo8BvbQb1EN1CqeMsyh93MYgG6xKGTw_aem_MceQIxbq-1qTQ5hMEP5POQ" "Mozilla/5.0 (Linux; Android 16; SM-S928B Build/BP2A.250605.031.A3; wv) AppleWebKit/537.36 (KHTML, like Gecko) Version/4.0 Chrome/145.0.7632.154 Mobile Safari/537.36 Instagram 419.0.0.49.71 Android (36/16; 600dpi; 1440x3120; samsung; SM-S928B; e3q; qcom; es_US; 896334238; IABMV/1)"
201.141.98.42 - - [09/Mar/2026:06:48:41 +0000] "GET /wp-content/uploads/2025/12/BOOK-0web.jpg HTTP/1.1" 200 11672216 "https://hvmbertogarza.com/?utm_source=ig&utm_medium=social&utm_content=link_in_bio&fbclid=PAZXh0bgNhZW0CMTEAc3J0YwZhcHBfaWQPNTY3MDY3MzQzMzUyNDI3AAGnuIVS55i0ZW024VLHMBNsWjavvd0fgo8BvbQb1EN1CqeMsyh93MYgG6xKGTw_aem_MceQIxbq-1qTQ5hMEP5POQ" "Mozilla/5.0 (Linux; Android 16; SM-S928B Build/BP2A.250605.031.A3; wv) AppleWebKit/537.36 (KHTML, like Gecko) Version/4.0 Chrome/145.0.7632.154 Mobile Safari/537.36 Instagram 419.0.0.49.71 Android (36/16; 600dpi; 1440x3120; samsung; SM-S928B; e3q; qcom; es_US; 896334238; IABMV/1)"
201.141.98.42 - - [09/Mar/2026:06:48:45 +0000] "GET /wp-content/plugins/elementor/assets/lib/dialog/dialog.min.js?ver=4.9.3 HTTP/1.1" 200 4207 "https://hvmbertogarza.com/?utm_source=ig&utm_medium=social&utm_content=link_in_bio&fbclid=PAZXh0bgNhZW0CMTEAc3J0YwZhcHBfaWQPNTY3MDY3MzQzMzUyNDI3AAGnuIVS55i0ZW024VLHMBNsWjavvd0fgo8BvbQb1EN1CqeMsyh93MYgG6xKGTw_aem_MceQIxbq-1qTQ5hMEP5POQ" "Mozilla/5.0 (Linux; Android 16; SM-S928B Build/BP2A.250605.031.A3; wv) AppleWebKit/537.36 (KHTML, like Gecko) Version/4.0 Chrome/145.0.7632.154 Mobile Safari/537.36 Instagram 419.0.0.49.71 Android (36/16; 600dpi; 1440x3120; samsung; SM-S928B; e3q; qcom; es_US; 896334238; IABMV/1)"
