176.65.132.19 - - [09/Mar/2026:13:44:00 +0000] "POST /wp-login.php HTTP/1.1" 200 3881 "https://HVMBERTOGARZA.COM/wp-login.php" "Mozilla/5.0 (Macintosh; Intel Mac OS X 10_15_7; rv:120.0) Gecko/20100101 Firefox/120.0"
176.65.132.19 - - [09/Mar/2026:13:44:03 +0000] "GET /wp-admin/index.php HTTP/1.1" 302 525 "https://HVMBERTOGARZA.COM/wp-login.php" "Mozilla/5.0 (Macintosh; Intel Mac OS X 13_6_1; rv:121.0) Gecko/20100101 Firefox/121.0"
176.65.132.19 - - [09/Mar/2026:13:44:06 +0000] "GET /wp-login.php?redirect_to=https%3A%2F%2Fhvmbertogarza.com%2Fwp-admin%2Findex.php&reauth=1 HTTP/1.1" 200 5797 "https://HVMBERTOGARZA.COM/wp-login.php" "Mozilla/5.0 (Macintosh; Intel Mac OS X 13_6_1; rv:121.0) Gecko/20100101 Firefox/121.0"
176.65.132.19 - - [09/Mar/2026:13:44:09 +0000] "POST /wp-login.php HTTP/1.1" 200 3880 "https://HVMBERTOGARZA.COM/wp-login.php" "Mozilla/5.0 (Macintosh; Intel Mac OS X 10_15_7; rv:120.0) Gecko/20100101 Firefox/120.0"
176.65.132.19 - - [09/Mar/2026:13:44:12 +0000] "GET /wp-admin/index.php HTTP/1.1" 302 525 "https://HVMBERTOGARZA.COM/wp-login.php" "Mozilla/5.0 (X11; Ubuntu; Linux x86_64) AppleWebKit/537.36 (KHTML, like Gecko) Chrome/121.0.0.0 Safari/537.36"
176.65.132.19 - - [09/Mar/2026:13:44:15 +0000] "GET /wp-login.php?redirect_to=https%3A%2F%2Fhvmbertogarza.com%2Fwp-admin%2Findex.php&reauth=1 HTTP/1.1" 200 5797 "https://HVMBERTOGARZA.COM/wp-login.php" "Mozilla/5.0 (X11; Ubuntu; Linux x86_64) AppleWebKit/537.36 (KHTML, like Gecko) Chrome/121.0.0.0 Safari/537.36"
74.208.176.140 - - [09/Mar/2026:13:44:21 +0000] "POST /wp-cron.php?doing_wp_cron=1773063861.4359090328216552734375 HTTP/1.1" 200 4101 "-" "WordPress/6.9.1; https://hvmbertogarza.com"
176.65.132.19 - - [09/Mar/2026:13:44:18 +0000] "POST /wp-login.php HTTP/1.1" 200 3886 "https://HVMBERTOGARZA.COM/wp-login.php" "Mozilla/5.0 (Macintosh; Intel Mac OS X 10_15_7) AppleWebKit/537.36 (KHTML, like Gecko) Chrome/120.0.0.0 Safari/537.36"
216.73.216.173 - - [09/Mar/2026:13:44:20 +0000] "GET /zachem-lichnosti-neobhodimo-chuvstvovat-lichnoe-vkljuchennost/feed HTTP/1.1" 301 4283 "-" "Mozilla/5.0 AppleWebKit/537.36 (KHTML, like Gecko; compatible; ClaudeBot/1.0; +claudebot@anthropic.com)"
176.65.132.19 - - [09/Mar/2026:13:44:22 +0000] "GET /wp-admin/index.php HTTP/1.1" 302 525 "https://HVMBERTOGARZA.COM/wp-login.php" "Mozilla/5.0 (Macintosh; Intel Mac OS X 10_15_7) AppleWebKit/605.1.15 (KHTML, like Gecko) Version/16.6 Safari/605.1.15"
216.73.216.173 - - [09/Mar/2026:13:44:23 +0000] "GET /zachem-lichnosti-neobhodimo-chuvstvovat-lichnoe-vkljuchennost/feed/ HTTP/1.1" 200 1184 "https://hvmbertogarza.com/zachem-lichnosti-neobhodimo-chuvstvovat-lichnoe-vkljuchennost/feed" "Mozilla/5.0 AppleWebKit/537.36 (KHTML, like Gecko; compatible; ClaudeBot/1.0; +claudebot@anthropic.com)"
176.65.132.19 - - [09/Mar/2026:13:44:25 +0000] "GET /wp-login.php?redirect_to=https%3A%2F%2Fhvmbertogarza.com%2Fwp-admin%2Findex.php&reauth=1 HTTP/1.1" 200 5797 "https://HVMBERTOGARZA.COM/wp-login.php" "Mozilla/5.0 (Macintosh; Intel Mac OS X 10_15_7) AppleWebKit/605.1.15 (KHTML, like Gecko) Version/16.6 Safari/605.1.15"
176.65.132.19 - - [09/Mar/2026:13:44:27 +0000] "POST /wp-login.php HTTP/1.1" 200 3882 "https://HVMBERTOGARZA.COM/wp-login.php" "Mozilla/5.0 (X11; Linux x86_64) AppleWebKit/537.36 (KHTML, like Gecko) Chrome/119.0.0.0 Safari/537.36"
176.65.132.19 - - [09/Mar/2026:13:44:30 +0000] "GET /wp-admin/index.php HTTP/1.1" 302 525 "https://HVMBERTOGARZA.COM/wp-login.php" "Mozilla/5.0 (Windows NT 10.0; Win64; x64; rv:121.0) Gecko/20100101 Firefox/121.0"
176.65.132.19 - - [09/Mar/2026:13:44:34 +0000] "GET /wp-login.php?redirect_to=https%3A%2F%2Fhvmbertogarza.com%2Fwp-admin%2Findex.php&reauth=1 HTTP/1.1" 200 5797 "https://HVMBERTOGARZA.COM/wp-login.php" "Mozilla/5.0 (Windows NT 10.0; Win64; x64; rv:121.0) Gecko/20100101 Firefox/121.0"
176.65.132.19 - - [09/Mar/2026:13:44:37 +0000] "POST /wp-login.php HTTP/1.1" 200 3881 "https://HVMBERTOGARZA.COM/wp-login.php" "Mozilla/5.0 (X11; Ubuntu; Linux x86_64) AppleWebKit/537.36 (KHTML, like Gecko) Chrome/118.0.0.0 Safari/537.36"
176.65.132.19 - - [09/Mar/2026:13:44:40 +0000] "GET /wp-admin/index.php HTTP/1.1" 302 525 "https://HVMBERTOGARZA.COM/wp-login.php" "Mozilla/5.0 (Macintosh; Intel Mac OS X 10_15_7) AppleWebKit/605.1.15 (KHTML, like Gecko) Version/17.2 Safari/605.1.15"
176.65.132.19 - - [09/Mar/2026:13:44:42 +0000] "GET /wp-login.php?redirect_to=https%3A%2F%2Fhvmbertogarza.com%2Fwp-admin%2Findex.php&reauth=1 HTTP/1.1" 200 5797 "https://HVMBERTOGARZA.COM/wp-login.php" "Mozilla/5.0 (Macintosh; Intel Mac OS X 10_15_7) AppleWebKit/605.1.15 (KHTML, like Gecko) Version/17.2 Safari/605.1.15"
176.65.132.19 - - [09/Mar/2026:13:44:45 +0000] "POST /wp-login.php HTTP/1.1" 200 3879 "https://HVMBERTOGARZA.COM/wp-login.php" "Mozilla/5.0 (Windows NT 10.0; Win64; x64; rv:118.0) Gecko/20100101 Firefox/118.0"
176.65.132.19 - - [09/Mar/2026:13:44:47 +0000] "GET /wp-admin/index.php HTTP/1.1" 302 525 "https://HVMBERTOGARZA.COM/wp-login.php" "Mozilla/5.0 (Windows NT 10.0; Win64; x64; rv:120.0) Gecko/20100101 Firefox/120.0"
74.208.176.140 - - [09/Mar/2026:13:44:51 +0000] "POST /wp-cron.php?doing_wp_cron=1773063891.9549670219421386718750 HTTP/1.1" 200 4101 "-" "WordPress/6.9.1; https://hvmbertogarza.com"
176.65.132.19 - - [09/Mar/2026:13:44:49 +0000] "GET /wp-login.php?redirect_to=https%3A%2F%2Fhvmbertogarza.com%2Fwp-admin%2Findex.php&reauth=1 HTTP/1.1" 200 5797 "https://HVMBERTOGARZA.COM/wp-login.php" "Mozilla/5.0 (Windows NT 10.0; Win64; x64; rv:120.0) Gecko/20100101 Firefox/120.0"
74.208.176.140 - - [09/Mar/2026:13:44:32 +0000] "POST /wp-admin/admin-ajax.php?action=as_async_request_queue_runner&nonce=71834224b9 HTTP/1.1" 200 4305 "-" "WordPress/6.9.1; https://hvmbertogarza.com"
176.65.132.19 - - [09/Mar/2026:13:44:52 +0000] "POST /wp-login.php HTTP/1.1" 200 3883 "https://HVMBERTOGARZA.COM/wp-login.php" "Mozilla/5.0 (Macintosh; Intel Mac OS X 13_6_1) AppleWebKit/537.36 (KHTML, like Gecko) Chrome/118.0.0.0 Safari/537.36"
176.65.132.19 - - [09/Mar/2026:13:44:54 +0000] "GET /wp-admin/index.php HTTP/1.1" 302 525 "https://HVMBERTOGARZA.COM/wp-login.php" "Mozilla/5.0 (Windows NT 11.0; Win64; x64; rv:120.0) Gecko/20100101 Firefox/120.0"
74.208.176.140 - - [09/Mar/2026:13:44:59 +0000] "POST /wp-cron.php?doing_wp_cron=1773063899.0112309455871582031250 HTTP/1.1" 200 4101 "-" "WordPress/6.9.1; https://hvmbertogarza.com"
176.65.132.19 - - [09/Mar/2026:13:44:56 +0000] "GET /wp-login.php?redirect_to=https%3A%2F%2Fhvmbertogarza.com%2Fwp-admin%2Findex.php&reauth=1 HTTP/1.1" 200 5796 "https://HVMBERTOGARZA.COM/wp-login.php" "Mozilla/5.0 (Windows NT 11.0; Win64; x64; rv:120.0) Gecko/20100101 Firefox/120.0"
176.65.132.19 - - [09/Mar/2026:13:44:59 +0000] "POST /wp-login.php HTTP/1.1" 200 3881 "https://HVMBERTOGARZA.COM/wp-login.php" "Mozilla/5.0 (Windows NT 11.0; Win64; x64; rv:119.0) Gecko/20100101 Firefox/119.0"
176.65.132.19 - - [09/Mar/2026:13:45:01 +0000] "GET /wp-admin/index.php HTTP/1.1" 302 524 "https://HVMBERTOGARZA.COM/wp-login.php" "Mozilla/5.0 (Macintosh; Intel Mac OS X 13_6_1) AppleWebKit/605.1.15 (KHTML, like Gecko) Version/16.6 Safari/605.1.15"
176.65.132.19 - - [09/Mar/2026:13:45:06 +0000] "GET /wp-login.php?redirect_to=https%3A%2F%2Fhvmbertogarza.com%2Fwp-admin%2Findex.php&reauth=1 HTTP/1.1" 200 5796 "https://HVMBERTOGARZA.COM/wp-login.php" "Mozilla/5.0 (Macintosh; Intel Mac OS X 13_6_1) AppleWebKit/605.1.15 (KHTML, like Gecko) Version/16.6 Safari/605.1.15"
176.65.132.19 - - [09/Mar/2026:13:45:08 +0000] "POST /wp-login.php HTTP/1.1" 200 3887 "https://HVMBERTOGARZA.COM/wp-login.php" "Mozilla/5.0 (Macintosh; Intel Mac OS X 13_6_1) AppleWebKit/537.36 (KHTML, like Gecko) Chrome/118.0.0.0 Safari/537.36"
176.65.132.19 - - [09/Mar/2026:13:45:11 +0000] "GET /wp-admin/index.php HTTP/1.1" 302 524 "https://HVMBERTOGARZA.COM/wp-login.php" "Mozilla/5.0 (Windows NT 10.0; Win64; x64) AppleWebKit/537.36 (KHTML, like Gecko) Chrome/120.0.0.0 Safari/537.36"
176.65.132.19 - - [09/Mar/2026:13:45:13 +0000] "GET /wp-login.php?redirect_to=https%3A%2F%2Fhvmbertogarza.com%2Fwp-admin%2Findex.php&reauth=1 HTTP/1.1" 200 5796 "https://HVMBERTOGARZA.COM/wp-login.php" "Mozilla/5.0 (Windows NT 10.0; Win64; x64) AppleWebKit/537.36 (KHTML, like Gecko) Chrome/120.0.0.0 Safari/537.36"
176.65.132.19 - - [09/Mar/2026:13:45:15 +0000] "POST /wp-login.php HTTP/1.1" 200 3883 "https://HVMBERTOGARZA.COM/wp-login.php" "Mozilla/5.0 (Windows NT 10.0; Win64; x64) AppleWebKit/537.36 (KHTML, like Gecko) Chrome/120.0.0.0 Safari/537.36"
74.208.176.140 - - [09/Mar/2026:13:45:21 +0000] "POST /wp-cron.php?doing_wp_cron=1773063921.0591950416564941406250 HTTP/1.1" 200 4101 "-" "WordPress/6.9.1; https://hvmbertogarza.com"
176.65.132.19 - - [09/Mar/2026:13:45:18 +0000] "GET /wp-admin/index.php HTTP/1.1" 302 524 "https://HVMBERTOGARZA.COM/wp-login.php" "Mozilla/5.0 (Windows NT 11.0; Win64; x64) AppleWebKit/537.36 (KHTML, like Gecko) Chrome/118.0.0.0 Safari/537.36"
176.65.132.19 - - [09/Mar/2026:13:45:21 +0000] "GET /wp-login.php?redirect_to=https%3A%2F%2Fhvmbertogarza.com%2Fwp-admin%2Findex.php&reauth=1 HTTP/1.1" 200 5761 "https://HVMBERTOGARZA.COM/wp-login.php" "Mozilla/5.0 (Windows NT 11.0; Win64; x64) AppleWebKit/537.36 (KHTML, like Gecko) Chrome/118.0.0.0 Safari/537.36"
176.65.132.19 - - [09/Mar/2026:13:45:25 +0000] "POST /wp-login.php HTTP/1.1" 200 7669 "https://HVMBERTOGARZA.COM/wp-login.php" "Mozilla/5.0 (Macintosh; Intel Mac OS X 10_15_7; rv:121.0) Gecko/20100101 Firefox/121.0"
176.65.132.19 - - [09/Mar/2026:13:45:28 +0000] "GET /wp-admin/index.php HTTP/1.1" 302 525 "https://HVMBERTOGARZA.COM/wp-login.php" "Mozilla/5.0 (Macintosh; Intel Mac OS X 13_6_1) AppleWebKit/605.1.15 (KHTML, like Gecko) Version/17.0 Safari/605.1.15"
176.65.132.19 - - [09/Mar/2026:13:45:30 +0000] "GET /wp-login.php?redirect_to=https%3A%2F%2Fhvmbertogarza.com%2Fwp-admin%2Findex.php&reauth=1 HTTP/1.1" 200 5797 "https://HVMBERTOGARZA.COM/wp-login.php" "Mozilla/5.0 (Macintosh; Intel Mac OS X 13_6_1) AppleWebKit/605.1.15 (KHTML, like Gecko) Version/17.0 Safari/605.1.15"
176.65.132.19 - - [09/Mar/2026:13:45:32 +0000] "POST /wp-login.php HTTP/1.1" 200 3881 "https://HVMBERTOGARZA.COM/wp-login.php" "Mozilla/5.0 (X11; Linux x86_64) AppleWebKit/537.36 (KHTML, like Gecko) Chrome/120.0.0.0 Safari/537.36"
176.65.132.19 - - [09/Mar/2026:13:45:34 +0000] "GET /wp-admin/index.php HTTP/1.1" 302 525 "https://HVMBERTOGARZA.COM/wp-login.php" "Mozilla/5.0 (Windows NT 10.0; Win64; x64) AppleWebKit/537.36 (KHTML, like Gecko) Chrome/119.0.0.0 Safari/537.36"
176.65.132.19 - - [09/Mar/2026:13:45:37 +0000] "GET /wp-login.php?redirect_to=https%3A%2F%2Fhvmbertogarza.com%2Fwp-admin%2Findex.php&reauth=1 HTTP/1.1" 200 5797 "https://HVMBERTOGARZA.COM/wp-login.php" "Mozilla/5.0 (Windows NT 10.0; Win64; x64) AppleWebKit/537.36 (KHTML, like Gecko) Chrome/119.0.0.0 Safari/537.36"
176.65.132.19 - - [09/Mar/2026:13:45:40 +0000] "POST /wp-login.php HTTP/1.1" 200 3883 "https://HVMBERTOGARZA.COM/wp-login.php" "Mozilla/5.0 (Macintosh; Intel Mac OS X 10_15_7) AppleWebKit/605.1.15 (KHTML, like Gecko) Version/17.2 Safari/605.1.15"
74.208.176.140 - - [09/Mar/2026:13:45:45 +0000] "POST /wp-cron.php?doing_wp_cron=1773063945.1224451065063476562500 HTTP/1.1" 200 4101 "-" "WordPress/6.9.1; https://hvmbertogarza.com"
176.65.132.19 - - [09/Mar/2026:13:45:43 +0000] "GET /wp-admin/index.php HTTP/1.1" 302 525 "https://HVMBERTOGARZA.COM/wp-login.php" "Mozilla/5.0 (Macintosh; Intel Mac OS X 13_6_1) AppleWebKit/605.1.15 (KHTML, like Gecko) Version/17.1 Safari/605.1.15"
176.65.132.19 - - [09/Mar/2026:13:45:45 +0000] "GET /wp-login.php?redirect_to=https%3A%2F%2Fhvmbertogarza.com%2Fwp-admin%2Findex.php&reauth=1 HTTP/1.1" 200 5797 "https://HVMBERTOGARZA.COM/wp-login.php" "Mozilla/5.0 (Macintosh; Intel Mac OS X 13_6_1) AppleWebKit/605.1.15 (KHTML, like Gecko) Version/17.1 Safari/605.1.15"
176.65.132.19 - - [09/Mar/2026:13:45:47 +0000] "POST /wp-login.php HTTP/1.1" 200 3879 "https://HVMBERTOGARZA.COM/wp-login.php" "Mozilla/5.0 (Macintosh; Intel Mac OS X 13_6_1; rv:121.0) Gecko/20100101 Firefox/121.0"
74.208.176.140 - - [09/Mar/2026:13:45:52 +0000] "POST /wp-cron.php?doing_wp_cron=1773063952.3476080894470214843750 HTTP/1.1" 200 4101 "-" "WordPress/6.9.1; https://hvmbertogarza.com"
176.65.132.19 - - [09/Mar/2026:13:45:50 +0000] "GET /wp-admin/index.php HTTP/1.1" 302 525 "https://HVMBERTOGARZA.COM/wp-login.php" "Mozilla/5.0 (Windows NT 10.0; Win64; x64; rv:118.0) Gecko/20100101 Firefox/118.0"
176.65.132.19 - - [09/Mar/2026:13:45:52 +0000] "GET /wp-login.php?redirect_to=https%3A%2F%2Fhvmbertogarza.com%2Fwp-admin%2Findex.php&reauth=1 HTTP/1.1" 200 5797 "https://HVMBERTOGARZA.COM/wp-login.php" "Mozilla/5.0 (Windows NT 10.0; Win64; x64; rv:118.0) Gecko/20100101 Firefox/118.0"
176.65.132.19 - - [09/Mar/2026:13:45:55 +0000] "POST /wp-login.php HTTP/1.1" 200 3879 "https://HVMBERTOGARZA.COM/wp-login.php" "Mozilla/5.0 (Macintosh; Intel Mac OS X 10_15_7) AppleWebKit/605.1.15 (KHTML, like Gecko) Version/17.2 Safari/605.1.15"
176.65.132.19 - - [09/Mar/2026:13:45:57 +0000] "GET /wp-admin/index.php HTTP/1.1" 302 525 "https://HVMBERTOGARZA.COM/wp-login.php" "Mozilla/5.0 (Macintosh; Intel Mac OS X 13_6_1) AppleWebKit/537.36 (KHTML, like Gecko) Chrome/119.0.0.0 Safari/537.36"
176.65.132.19 - - [09/Mar/2026:13:45:59 +0000] "GET /wp-login.php?redirect_to=https%3A%2F%2Fhvmbertogarza.com%2Fwp-admin%2Findex.php&reauth=1 HTTP/1.1" 200 5797 "https://HVMBERTOGARZA.COM/wp-login.php" "Mozilla/5.0 (Macintosh; Intel Mac OS X 13_6_1) AppleWebKit/537.36 (KHTML, like Gecko) Chrome/119.0.0.0 Safari/537.36"
176.65.132.19 - - [09/Mar/2026:13:46:02 +0000] "POST /wp-login.php HTTP/1.1" 200 3884 "https://HVMBERTOGARZA.COM/wp-login.php" "Mozilla/5.0 (Macintosh; Intel Mac OS X 13_6_1; rv:120.0) Gecko/20100101 Firefox/120.0"
176.65.132.19 - - [09/Mar/2026:13:46:05 +0000] "GET /wp-admin/index.php HTTP/1.1" 302 525 "https://HVMBERTOGARZA.COM/wp-login.php" "Mozilla/5.0 (Windows NT 10.0; Win64; x64) AppleWebKit/537.36 (KHTML, like Gecko) Chrome/118.0.0.0 Safari/537.36"
176.65.132.19 - - [09/Mar/2026:13:46:08 +0000] "GET /wp-login.php?redirect_to=https%3A%2F%2Fhvmbertogarza.com%2Fwp-admin%2Findex.php&reauth=1 HTTP/1.1" 200 5797 "https://HVMBERTOGARZA.COM/wp-login.php" "Mozilla/5.0 (Windows NT 10.0; Win64; x64) AppleWebKit/537.36 (KHTML, like Gecko) Chrome/118.0.0.0 Safari/537.36"
176.65.132.19 - - [09/Mar/2026:13:46:10 +0000] "POST /wp-login.php HTTP/1.1" 200 3888 "https://HVMBERTOGARZA.COM/wp-login.php" "Mozilla/5.0 (Windows NT 11.0; Win64; x64; rv:120.0) Gecko/20100101 Firefox/120.0"
176.65.132.19 - - [09/Mar/2026:13:46:13 +0000] "GET /wp-admin/index.php HTTP/1.1" 302 525 "https://HVMBERTOGARZA.COM/wp-login.php" "Mozilla/5.0 (Macintosh; Intel Mac OS X 10_15_7) AppleWebKit/537.36 (KHTML, like Gecko) Chrome/121.0.0.0 Safari/537.36"
176.65.132.19 - - [09/Mar/2026:13:46:15 +0000] "GET /wp-login.php?redirect_to=https%3A%2F%2Fhvmbertogarza.com%2Fwp-admin%2Findex.php&reauth=1 HTTP/1.1" 200 5797 "https://HVMBERTOGARZA.COM/wp-login.php" "Mozilla/5.0 (Macintosh; Intel Mac OS X 10_15_7) AppleWebKit/537.36 (KHTML, like Gecko) Chrome/121.0.0.0 Safari/537.36"
74.208.176.140 - - [09/Mar/2026:13:46:21 +0000] "POST /wp-cron.php?doing_wp_cron=1773063981.7955300807952880859375 HTTP/1.1" 200 4101 "-" "WordPress/6.9.1; https://hvmbertogarza.com"
176.65.132.19 - - [09/Mar/2026:13:46:19 +0000] "POST /wp-login.php HTTP/1.1" 200 3880 "https://HVMBERTOGARZA.COM/wp-login.php" "Mozilla/5.0 (Macintosh; Intel Mac OS X 10_15_7) AppleWebKit/537.36 (KHTML, like Gecko) Chrome/119.0.0.0 Safari/537.36"
176.65.132.19 - - [09/Mar/2026:13:46:22 +0000] "GET /wp-admin/index.php HTTP/1.1" 302 525 "https://HVMBERTOGARZA.COM/wp-login.php" "Mozilla/5.0 (Macintosh; Intel Mac OS X 13_6_1) AppleWebKit/605.1.15 (KHTML, like Gecko) Version/17.2 Safari/605.1.15"
176.65.132.19 - - [09/Mar/2026:13:46:24 +0000] "GET /wp-login.php?redirect_to=https%3A%2F%2Fhvmbertogarza.com%2Fwp-admin%2Findex.php&reauth=1 HTTP/1.1" 200 5797 "https://HVMBERTOGARZA.COM/wp-login.php" "Mozilla/5.0 (Macintosh; Intel Mac OS X 13_6_1) AppleWebKit/605.1.15 (KHTML, like Gecko) Version/17.2 Safari/605.1.15"
176.65.132.19 - - [09/Mar/2026:13:46:28 +0000] "POST /wp-login.php HTTP/1.1" 200 3833 "https://HVMBERTOGARZA.COM/wp-login.php" "Mozilla/5.0 (Macintosh; Intel Mac OS X 10_15_7) AppleWebKit/605.1.15 (KHTML, like Gecko) Version/17.2 Safari/605.1.15"
176.65.132.19 - - [09/Mar/2026:13:46:30 +0000] "GET /wp-admin/index.php HTTP/1.1" 302 525 "https://HVMBERTOGARZA.COM/wp-login.php" "Mozilla/5.0 (Windows NT 11.0; Win64; x64; rv:120.0) Gecko/20100101 Firefox/120.0"
176.65.132.19 - - [09/Mar/2026:13:46:32 +0000] "GET /wp-login.php?redirect_to=https%3A%2F%2Fhvmbertogarza.com%2Fwp-admin%2Findex.php&reauth=1 HTTP/1.1" 200 5797 "https://HVMBERTOGARZA.COM/wp-login.php" "Mozilla/5.0 (Windows NT 11.0; Win64; x64; rv:120.0) Gecko/20100101 Firefox/120.0"
176.65.132.19 - - [09/Mar/2026:13:46:35 +0000] "POST /wp-login.php HTTP/1.1" 200 3882 "https://HVMBERTOGARZA.COM/wp-login.php" "Mozilla/5.0 (Windows NT 10.0; Win64; x64) AppleWebKit/537.36 (KHTML, like Gecko) Chrome/119.0.0.0 Safari/537.36"
176.65.132.19 - - [09/Mar/2026:13:46:37 +0000] "GET /wp-admin/index.php HTTP/1.1" 302 525 "https://HVMBERTOGARZA.COM/wp-login.php" "Mozilla/5.0 (Macintosh; Intel Mac OS X 10_15_7; rv:118.0) Gecko/20100101 Firefox/118.0"
216.73.216.173 - - [09/Mar/2026:13:46:38 +0000] "GET /?p=2036 HTTP/1.1" 301 4180 "-" "Mozilla/5.0 AppleWebKit/537.36 (KHTML, like Gecko; compatible; ClaudeBot/1.0; +claudebot@anthropic.com)"
176.65.132.19 - - [09/Mar/2026:13:46:40 +0000] "GET /wp-login.php?redirect_to=https%3A%2F%2Fhvmbertogarza.com%2Fwp-admin%2Findex.php&reauth=1 HTTP/1.1" 200 5797 "https://HVMBERTOGARZA.COM/wp-login.php" "Mozilla/5.0 (Macintosh; Intel Mac OS X 10_15_7; rv:118.0) Gecko/20100101 Firefox/118.0"
216.73.216.173 - - [09/Mar/2026:13:46:40 +0000] "GET /zachem-lichnosti-neobhodimo-chuvstvovat-lichnoe-vkljuchennost/ HTTP/1.1" 200 45843 "https://hvmbertogarza.com/?p=2036" "Mozilla/5.0 AppleWebKit/537.36 (KHTML, like Gecko; compatible; ClaudeBot/1.0; +claudebot@anthropic.com)"
176.65.132.19 - - [09/Mar/2026:13:46:43 +0000] "POST /wp-login.php HTTP/1.1" 200 3881 "https://HVMBERTOGARZA.COM/wp-login.php" "Mozilla/5.0 (Macintosh; Intel Mac OS X 13_6_1) AppleWebKit/605.1.15 (KHTML, like Gecko) Version/16.6 Safari/605.1.15"
176.65.132.19 - - [09/Mar/2026:13:46:45 +0000] "GET /wp-admin/index.php HTTP/1.1" 302 525 "https://HVMBERTOGARZA.COM/wp-login.php" "Mozilla/5.0 (X11; Ubuntu; Linux x86_64) AppleWebKit/537.36 (KHTML, like Gecko) Chrome/118.0.0.0 Safari/537.36"
176.65.132.19 - - [09/Mar/2026:13:46:48 +0000] "GET /wp-login.php?redirect_to=https%3A%2F%2Fhvmbertogarza.com%2Fwp-admin%2Findex.php&reauth=1 HTTP/1.1" 200 5797 "https://HVMBERTOGARZA.COM/wp-login.php" "Mozilla/5.0 (X11; Ubuntu; Linux x86_64) AppleWebKit/537.36 (KHTML, like Gecko) Chrome/118.0.0.0 Safari/537.36"
74.208.176.140 - - [09/Mar/2026:13:46:52 +0000] "POST /wp-cron.php?doing_wp_cron=1773064012.5794939994812011718750 HTTP/1.1" 200 4101 "-" "WordPress/6.9.1; https://hvmbertogarza.com"
176.65.132.19 - - [09/Mar/2026:13:46:50 +0000] "POST /wp-login.php HTTP/1.1" 200 3882 "https://HVMBERTOGARZA.COM/wp-login.php" "Mozilla/5.0 (X11; Linux x86_64) AppleWebKit/537.36 (KHTML, like Gecko) Chrome/119.0.0.0 Safari/537.36"
176.65.132.19 - - [09/Mar/2026:13:46:53 +0000] "GET /wp-admin/index.php HTTP/1.1" 302 525 "https://HVMBERTOGARZA.COM/wp-login.php" "Mozilla/5.0 (Macintosh; Intel Mac OS X 13_6_1) AppleWebKit/537.36 (KHTML, like Gecko) Chrome/120.0.0.0 Safari/537.36"
176.65.132.19 - - [09/Mar/2026:13:46:55 +0000] "GET /wp-login.php?redirect_to=https%3A%2F%2Fhvmbertogarza.com%2Fwp-admin%2Findex.php&reauth=1 HTTP/1.1" 200 5797 "https://HVMBERTOGARZA.COM/wp-login.php" "Mozilla/5.0 (Macintosh; Intel Mac OS X 13_6_1) AppleWebKit/537.36 (KHTML, like Gecko) Chrome/120.0.0.0 Safari/537.36"
74.208.176.140 - - [09/Mar/2026:13:46:59 +0000] "POST /wp-cron.php?doing_wp_cron=1773064019.5768280029296875000000 HTTP/1.1" 200 4101 "-" "WordPress/6.9.1; https://hvmbertogarza.com"
176.65.132.19 - - [09/Mar/2026:13:46:57 +0000] "POST /wp-login.php HTTP/1.1" 200 3885 "https://HVMBERTOGARZA.COM/wp-login.php" "Mozilla/5.0 (Macintosh; Intel Mac OS X 10_15_7) AppleWebKit/537.36 (KHTML, like Gecko) Chrome/119.0.0.0 Safari/537.36"
176.65.132.19 - - [09/Mar/2026:13:46:59 +0000] "GET /wp-admin/index.php HTTP/1.1" 302 525 "https://HVMBERTOGARZA.COM/wp-login.php" "Mozilla/5.0 (Macintosh; Intel Mac OS X 10_15_7) AppleWebKit/537.36 (KHTML, like Gecko) Chrome/120.0.0.0 Safari/537.36"
176.65.132.19 - - [09/Mar/2026:13:47:02 +0000] "GET /wp-login.php?redirect_to=https%3A%2F%2Fhvmbertogarza.com%2Fwp-admin%2Findex.php&reauth=1 HTTP/1.1" 200 5797 "https://HVMBERTOGARZA.COM/wp-login.php" "Mozilla/5.0 (Macintosh; Intel Mac OS X 10_15_7) AppleWebKit/537.36 (KHTML, like Gecko) Chrome/120.0.0.0 Safari/537.36"
176.65.132.19 - - [09/Mar/2026:13:47:05 +0000] "POST /wp-login.php HTTP/1.1" 200 3884 "https://HVMBERTOGARZA.COM/wp-login.php" "Mozilla/5.0 (X11; Linux x86_64) AppleWebKit/537.36 (KHTML, like Gecko) Chrome/119.0.0.0 Safari/537.36"
176.65.132.19 - - [09/Mar/2026:13:47:07 +0000] "GET /wp-admin/index.php HTTP/1.1" 302 525 "https://HVMBERTOGARZA.COM/wp-login.php" "Mozilla/5.0 (Macintosh; Intel Mac OS X 13_6_1; rv:121.0) Gecko/20100101 Firefox/121.0"
176.65.132.19 - - [09/Mar/2026:13:47:10 +0000] "GET /wp-login.php?redirect_to=https%3A%2F%2Fhvmbertogarza.com%2Fwp-admin%2Findex.php&reauth=1 HTTP/1.1" 200 5797 "https://HVMBERTOGARZA.COM/wp-login.php" "Mozilla/5.0 (Macintosh; Intel Mac OS X 13_6_1; rv:121.0) Gecko/20100101 Firefox/121.0"
176.65.132.19 - - [09/Mar/2026:13:47:13 +0000] "POST /wp-login.php HTTP/1.1" 200 3888 "https://HVMBERTOGARZA.COM/wp-login.php" "Mozilla/5.0 (Macintosh; Intel Mac OS X 10_15_7) AppleWebKit/605.1.15 (KHTML, like Gecko) Version/17.0 Safari/605.1.15"
176.65.132.19 - - [09/Mar/2026:13:47:16 +0000] "GET /wp-admin/index.php HTTP/1.1" 302 525 "https://HVMBERTOGARZA.COM/wp-login.php" "Mozilla/5.0 (Windows NT 11.0; Win64; x64; rv:120.0) Gecko/20100101 Firefox/120.0"
74.208.176.140 - - [09/Mar/2026:13:47:21 +0000] "POST /wp-cron.php?doing_wp_cron=1773064041.8342270851135253906250 HTTP/1.1" 200 4101 "-" "WordPress/6.9.1; https://hvmbertogarza.com"
176.65.132.19 - - [09/Mar/2026:13:47:19 +0000] "GET /wp-login.php?redirect_to=https%3A%2F%2Fhvmbertogarza.com%2Fwp-admin%2Findex.php&reauth=1 HTTP/1.1" 200 5797 "https://HVMBERTOGARZA.COM/wp-login.php" "Mozilla/5.0 (Windows NT 11.0; Win64; x64; rv:120.0) Gecko/20100101 Firefox/120.0"
176.65.132.19 - - [09/Mar/2026:13:47:22 +0000] "POST /wp-login.php HTTP/1.1" 200 3888 "https://HVMBERTOGARZA.COM/wp-login.php" "Mozilla/5.0 (X11; Linux x86_64) AppleWebKit/537.36 (KHTML, like Gecko) Chrome/119.0.0.0 Safari/537.36"
176.65.132.19 - - [09/Mar/2026:13:47:25 +0000] "GET /wp-admin/index.php HTTP/1.1" 302 525 "https://HVMBERTOGARZA.COM/wp-login.php" "Mozilla/5.0 (Macintosh; Intel Mac OS X 10_15_7) AppleWebKit/605.1.15 (KHTML, like Gecko) Version/17.1 Safari/605.1.15"
176.65.132.19 - - [09/Mar/2026:13:47:27 +0000] "GET /wp-login.php?redirect_to=https%3A%2F%2Fhvmbertogarza.com%2Fwp-admin%2Findex.php&reauth=1 HTTP/1.1" 200 5797 "https://HVMBERTOGARZA.COM/wp-login.php" "Mozilla/5.0 (Macintosh; Intel Mac OS X 10_15_7) AppleWebKit/605.1.15 (KHTML, like Gecko) Version/17.1 Safari/605.1.15"
176.65.132.19 - - [09/Mar/2026:13:47:30 +0000] "POST /wp-login.php HTTP/1.1" 200 3886 "https://HVMBERTOGARZA.COM/wp-login.php" "Mozilla/5.0 (Windows NT 10.0; Win64; x64; rv:121.0) Gecko/20100101 Firefox/121.0"
176.65.132.19 - - [09/Mar/2026:13:47:32 +0000] "GET /wp-admin/index.php HTTP/1.1" 302 525 "https://HVMBERTOGARZA.COM/wp-login.php" "Mozilla/5.0 (Windows NT 11.0; Win64; x64) AppleWebKit/537.36 (KHTML, like Gecko) Chrome/120.0.0.0 Safari/537.36"
176.65.132.19 - - [09/Mar/2026:13:47:34 +0000] "GET /wp-login.php?redirect_to=https%3A%2F%2Fhvmbertogarza.com%2Fwp-admin%2Findex.php&reauth=1 HTTP/1.1" 200 5797 "https://HVMBERTOGARZA.COM/wp-login.php" "Mozilla/5.0 (Windows NT 11.0; Win64; x64) AppleWebKit/537.36 (KHTML, like Gecko) Chrome/120.0.0.0 Safari/537.36"
176.65.132.19 - - [09/Mar/2026:13:47:36 +0000] "POST /wp-login.php HTTP/1.1" 200 3878 "https://HVMBERTOGARZA.COM/wp-login.php" "Mozilla/5.0 (Windows NT 11.0; Win64; x64) AppleWebKit/537.36 (KHTML, like Gecko) Chrome/119.0.0.0 Safari/537.36"
176.65.132.19 - - [09/Mar/2026:13:47:38 +0000] "GET /wp-admin/index.php HTTP/1.1" 302 525 "https://HVMBERTOGARZA.COM/wp-login.php" "Mozilla/5.0 (X11; Linux x86_64) AppleWebKit/537.36 (KHTML, like Gecko) Chrome/119.0.0.0 Safari/537.36"
176.65.132.19 - - [09/Mar/2026:13:47:42 +0000] "GET /wp-login.php?redirect_to=https%3A%2F%2Fhvmbertogarza.com%2Fwp-admin%2Findex.php&reauth=1 HTTP/1.1" 200 5797 "https://HVMBERTOGARZA.COM/wp-login.php" "Mozilla/5.0 (X11; Linux x86_64) AppleWebKit/537.36 (KHTML, like Gecko) Chrome/119.0.0.0 Safari/537.36"
176.65.132.19 - - [09/Mar/2026:13:47:44 +0000] "POST /wp-login.php HTTP/1.1" 200 3880 "https://HVMBERTOGARZA.COM/wp-login.php" "Mozilla/5.0 (X11; Ubuntu; Linux x86_64) AppleWebKit/537.36 (KHTML, like Gecko) Chrome/118.0.0.0 Safari/537.36"
176.65.132.19 - - [09/Mar/2026:13:47:47 +0000] "GET /wp-admin/index.php HTTP/1.1" 302 525 "https://HVMBERTOGARZA.COM/wp-login.php" "Mozilla/5.0 (Macintosh; Intel Mac OS X 10_15_7) AppleWebKit/537.36 (KHTML, like Gecko) Chrome/118.0.0.0 Safari/537.36"
74.208.176.140 - - [09/Mar/2026:13:47:52 +0000] "POST /wp-cron.php?doing_wp_cron=1773064072.4338688850402832031250 HTTP/1.1" 200 4101 "-" "WordPress/6.9.1; https://hvmbertogarza.com"
176.65.132.19 - - [09/Mar/2026:13:47:50 +0000] "GET /wp-login.php?redirect_to=https%3A%2F%2Fhvmbertogarza.com%2Fwp-admin%2Findex.php&reauth=1 HTTP/1.1" 200 5797 "https://HVMBERTOGARZA.COM/wp-login.php" "Mozilla/5.0 (Macintosh; Intel Mac OS X 10_15_7) AppleWebKit/537.36 (KHTML, like Gecko) Chrome/118.0.0.0 Safari/537.36"
176.65.132.19 - - [09/Mar/2026:13:47:52 +0000] "POST /wp-login.php HTTP/1.1" 200 3879 "https://HVMBERTOGARZA.COM/wp-login.php" "Mozilla/5.0 (Windows NT 10.0; Win64; x64) AppleWebKit/537.36 (KHTML, like Gecko) Chrome/121.0.0.0 Safari/537.36"
176.65.132.19 - - [09/Mar/2026:13:47:55 +0000] "GET /wp-admin/index.php HTTP/1.1" 302 525 "https://HVMBERTOGARZA.COM/wp-login.php" "Mozilla/5.0 (Macintosh; Intel Mac OS X 10_15_7) AppleWebKit/605.1.15 (KHTML, like Gecko) Version/17.1 Safari/605.1.15"
176.65.132.19 - - [09/Mar/2026:13:47:57 +0000] "GET /wp-login.php?redirect_to=https%3A%2F%2Fhvmbertogarza.com%2Fwp-admin%2Findex.php&reauth=1 HTTP/1.1" 200 5797 "https://HVMBERTOGARZA.COM/wp-login.php" "Mozilla/5.0 (Macintosh; Intel Mac OS X 10_15_7) AppleWebKit/605.1.15 (KHTML, like Gecko) Version/17.1 Safari/605.1.15"
74.208.176.140 - - [09/Mar/2026:13:47:41 +0000] "POST /wp-admin/admin-ajax.php?action=as_async_request_queue_runner&nonce=71834224b9 HTTP/1.1" 200 4305 "-" "WordPress/6.9.1; https://hvmbertogarza.com"
176.65.132.19 - - [09/Mar/2026:13:48:00 +0000] "POST /wp-login.php HTTP/1.1" 200 3882 "https://HVMBERTOGARZA.COM/wp-login.php" "Mozilla/5.0 (Macintosh; Intel Mac OS X 10_15_7) AppleWebKit/605.1.15 (KHTML, like Gecko) Version/16.6 Safari/605.1.15"
176.65.132.19 - - [09/Mar/2026:13:48:02 +0000] "GET /wp-admin/index.php HTTP/1.1" 302 525 "https://HVMBERTOGARZA.COM/wp-login.php" "Mozilla/5.0 (X11; Ubuntu; Linux x86_64) AppleWebKit/537.36 (KHTML, like Gecko) Chrome/118.0.0.0 Safari/537.36"
176.65.132.19 - - [09/Mar/2026:13:48:05 +0000] "GET /wp-login.php?redirect_to=https%3A%2F%2Fhvmbertogarza.com%2Fwp-admin%2Findex.php&reauth=1 HTTP/1.1" 200 5797 "https://HVMBERTOGARZA.COM/wp-login.php" "Mozilla/5.0 (X11; Ubuntu; Linux x86_64) AppleWebKit/537.36 (KHTML, like Gecko) Chrome/118.0.0.0 Safari/537.36"
176.65.132.19 - - [09/Mar/2026:13:48:07 +0000] "POST /wp-login.php HTTP/1.1" 200 3883 "https://HVMBERTOGARZA.COM/wp-login.php" "Mozilla/5.0 (Windows NT 11.0; Win64; x64; rv:121.0) Gecko/20100101 Firefox/121.0"
176.65.132.19 - - [09/Mar/2026:13:48:11 +0000] "GET /wp-admin/index.php HTTP/1.1" 302 525 "https://HVMBERTOGARZA.COM/wp-login.php" "Mozilla/5.0 (Macintosh; Intel Mac OS X 10_15_7) AppleWebKit/537.36 (KHTML, like Gecko) Chrome/120.0.0.0 Safari/537.36"
176.65.132.19 - - [09/Mar/2026:13:48:13 +0000] "GET /wp-login.php?redirect_to=https%3A%2F%2Fhvmbertogarza.com%2Fwp-admin%2Findex.php&reauth=1 HTTP/1.1" 200 5797 "https://HVMBERTOGARZA.COM/wp-login.php" "Mozilla/5.0 (Macintosh; Intel Mac OS X 10_15_7) AppleWebKit/537.36 (KHTML, like Gecko) Chrome/120.0.0.0 Safari/537.36"
176.65.132.19 - - [09/Mar/2026:13:48:17 +0000] "POST /wp-login.php HTTP/1.1" 200 3884 "https://HVMBERTOGARZA.COM/wp-login.php" "Mozilla/5.0 (Macintosh; Intel Mac OS X 10_15_7; rv:121.0) Gecko/20100101 Firefox/121.0"
74.208.176.140 - - [09/Mar/2026:13:48:22 +0000] "POST /wp-cron.php?doing_wp_cron=1773064102.5769739151000976562500 HTTP/1.1" 200 4101 "-" "WordPress/6.9.1; https://hvmbertogarza.com"
176.65.132.19 - - [09/Mar/2026:13:48:20 +0000] "GET /wp-admin/index.php HTTP/1.1" 302 525 "https://HVMBERTOGARZA.COM/wp-login.php" "Mozilla/5.0 (Macintosh; Intel Mac OS X 10_15_7) AppleWebKit/605.1.15 (KHTML, like Gecko) Version/16.6 Safari/605.1.15"
176.65.132.19 - - [09/Mar/2026:13:48:22 +0000] "GET /wp-login.php?redirect_to=https%3A%2F%2Fhvmbertogarza.com%2Fwp-admin%2Findex.php&reauth=1 HTTP/1.1" 200 5797 "https://HVMBERTOGARZA.COM/wp-login.php" "Mozilla/5.0 (Macintosh; Intel Mac OS X 10_15_7) AppleWebKit/605.1.15 (KHTML, like Gecko) Version/16.6 Safari/605.1.15"
176.65.132.19 - - [09/Mar/2026:13:48:25 +0000] "POST /wp-login.php HTTP/1.1" 200 3878 "https://HVMBERTOGARZA.COM/wp-login.php" "Mozilla/5.0 (Windows NT 10.0; Win64; x64) AppleWebKit/537.36 (KHTML, like Gecko) Chrome/120.0.0.0 Safari/537.36"
176.65.132.19 - - [09/Mar/2026:13:48:27 +0000] "GET /wp-admin/index.php HTTP/1.1" 302 525 "https://HVMBERTOGARZA.COM/wp-login.php" "Mozilla/5.0 (X11; Linux x86_64) AppleWebKit/537.36 (KHTML, like Gecko) Chrome/121.0.0.0 Safari/537.36"
176.65.132.19 - - [09/Mar/2026:13:48:29 +0000] "GET /wp-login.php?redirect_to=https%3A%2F%2Fhvmbertogarza.com%2Fwp-admin%2Findex.php&reauth=1 HTTP/1.1" 200 5797 "https://HVMBERTOGARZA.COM/wp-login.php" "Mozilla/5.0 (X11; Linux x86_64) AppleWebKit/537.36 (KHTML, like Gecko) Chrome/121.0.0.0 Safari/537.36"
176.65.132.19 - - [09/Mar/2026:13:48:32 +0000] "POST /wp-login.php HTTP/1.1" 200 3883 "https://HVMBERTOGARZA.COM/wp-login.php" "Mozilla/5.0 (Windows NT 10.0; Win64; x64) AppleWebKit/537.36 (KHTML, like Gecko) Chrome/119.0.0.0 Safari/537.36"
176.65.132.19 - - [09/Mar/2026:13:48:34 +0000] "GET /wp-admin/index.php HTTP/1.1" 302 525 "https://HVMBERTOGARZA.COM/wp-login.php" "Mozilla/5.0 (Windows NT 11.0; Win64; x64; rv:118.0) Gecko/20100101 Firefox/118.0"
176.65.132.19 - - [09/Mar/2026:13:48:36 +0000] "GET /wp-login.php?redirect_to=https%3A%2F%2Fhvmbertogarza.com%2Fwp-admin%2Findex.php&reauth=1 HTTP/1.1" 200 5797 "https://HVMBERTOGARZA.COM/wp-login.php" "Mozilla/5.0 (Windows NT 11.0; Win64; x64; rv:118.0) Gecko/20100101 Firefox/118.0"
176.65.132.19 - - [09/Mar/2026:13:48:39 +0000] "POST /wp-login.php HTTP/1.1" 200 3885 "https://HVMBERTOGARZA.COM/wp-login.php" "Mozilla/5.0 (X11; Ubuntu; Linux x86_64) AppleWebKit/537.36 (KHTML, like Gecko) Chrome/121.0.0.0 Safari/537.36"
176.65.132.19 - - [09/Mar/2026:13:48:41 +0000] "GET /wp-admin/index.php HTTP/1.1" 302 525 "https://HVMBERTOGARZA.COM/wp-login.php" "Mozilla/5.0 (Windows NT 10.0; Win64; x64; rv:119.0) Gecko/20100101 Firefox/119.0"
176.65.132.19 - - [09/Mar/2026:13:48:44 +0000] "GET /wp-login.php?redirect_to=https%3A%2F%2Fhvmbertogarza.com%2Fwp-admin%2Findex.php&reauth=1 HTTP/1.1" 200 5797 "https://HVMBERTOGARZA.COM/wp-login.php" "Mozilla/5.0 (Windows NT 10.0; Win64; x64; rv:119.0) Gecko/20100101 Firefox/119.0"
176.65.132.19 - - [09/Mar/2026:13:48:46 +0000] "POST /wp-login.php HTTP/1.1" 200 3885 "https://HVMBERTOGARZA.COM/wp-login.php" "Mozilla/5.0 (Macintosh; Intel Mac OS X 10_15_7; rv:120.0) Gecko/20100101 Firefox/120.0"
176.65.132.19 - - [09/Mar/2026:13:48:48 +0000] "GET /wp-admin/index.php HTTP/1.1" 302 525 "https://HVMBERTOGARZA.COM/wp-login.php" "Mozilla/5.0 (Macintosh; Intel Mac OS X 13_6_1) AppleWebKit/537.36 (KHTML, like Gecko) Chrome/120.0.0.0 Safari/537.36"
74.208.176.140 - - [09/Mar/2026:13:48:52 +0000] "POST /wp-cron.php?doing_wp_cron=1773064132.8454930782318115234375 HTTP/1.1" 200 4101 "-" "WordPress/6.9.1; https://hvmbertogarza.com"
176.65.132.19 - - [09/Mar/2026:13:48:50 +0000] "GET /wp-login.php?redirect_to=https%3A%2F%2Fhvmbertogarza.com%2Fwp-admin%2Findex.php&reauth=1 HTTP/1.1" 200 5797 "https://HVMBERTOGARZA.COM/wp-login.php" "Mozilla/5.0 (Macintosh; Intel Mac OS X 13_6_1) AppleWebKit/537.36 (KHTML, like Gecko) Chrome/120.0.0.0 Safari/537.36"
176.65.132.19 - - [09/Mar/2026:13:48:53 +0000] "POST /wp-login.php HTTP/1.1" 200 3883 "https://HVMBERTOGARZA.COM/wp-login.php" "Mozilla/5.0 (Macintosh; Intel Mac OS X 13_6_1) AppleWebKit/537.36 (KHTML, like Gecko) Chrome/119.0.0.0 Safari/537.36"
176.65.132.19 - - [09/Mar/2026:13:48:55 +0000] "GET /wp-admin/index.php HTTP/1.1" 302 525 "https://HVMBERTOGARZA.COM/wp-login.php" "Mozilla/5.0 (X11; Ubuntu; Linux x86_64) AppleWebKit/537.36 (KHTML, like Gecko) Chrome/121.0.0.0 Safari/537.36"
74.208.176.140 - - [09/Mar/2026:13:48:59 +0000] "POST /wp-cron.php?doing_wp_cron=1773064139.9493939876556396484375 HTTP/1.1" 200 4101 "-" "WordPress/6.9.1; https://hvmbertogarza.com"
176.65.132.19 - - [09/Mar/2026:13:48:58 +0000] "GET /wp-login.php?redirect_to=https%3A%2F%2Fhvmbertogarza.com%2Fwp-admin%2Findex.php&reauth=1 HTTP/1.1" 200 5797 "https://HVMBERTOGARZA.COM/wp-login.php" "Mozilla/5.0 (X11; Ubuntu; Linux x86_64) AppleWebKit/537.36 (KHTML, like Gecko) Chrome/121.0.0.0 Safari/537.36"
176.65.132.19 - - [09/Mar/2026:13:49:00 +0000] "POST /wp-login.php HTTP/1.1" 200 3879 "https://HVMBERTOGARZA.COM/wp-login.php" "Mozilla/5.0 (Macintosh; Intel Mac OS X 10_15_7; rv:119.0) Gecko/20100101 Firefox/119.0"
176.65.132.19 - - [09/Mar/2026:13:49:03 +0000] "GET /wp-admin/index.php HTTP/1.1" 302 525 "https://HVMBERTOGARZA.COM/wp-login.php" "Mozilla/5.0 (Macintosh; Intel Mac OS X 10_15_7) AppleWebKit/605.1.15 (KHTML, like Gecko) Version/17.1 Safari/605.1.15"
176.65.132.19 - - [09/Mar/2026:13:49:05 +0000] "GET /wp-login.php?redirect_to=https%3A%2F%2Fhvmbertogarza.com%2Fwp-admin%2Findex.php&reauth=1 HTTP/1.1" 200 5797 "https://HVMBERTOGARZA.COM/wp-login.php" "Mozilla/5.0 (Macintosh; Intel Mac OS X 10_15_7) AppleWebKit/605.1.15 (KHTML, like Gecko) Version/17.1 Safari/605.1.15"
176.65.132.19 - - [09/Mar/2026:13:49:07 +0000] "POST /wp-login.php HTTP/1.1" 200 3881 "https://HVMBERTOGARZA.COM/wp-login.php" "Mozilla/5.0 (X11; Linux x86_64) AppleWebKit/537.36 (KHTML, like Gecko) Chrome/119.0.0.0 Safari/537.36"
176.65.132.19 - - [09/Mar/2026:13:49:10 +0000] "GET /wp-admin/index.php HTTP/1.1" 302 525 "https://HVMBERTOGARZA.COM/wp-login.php" "Mozilla/5.0 (Macintosh; Intel Mac OS X 10_15_7) AppleWebKit/537.36 (KHTML, like Gecko) Chrome/120.0.0.0 Safari/537.36"
176.65.132.19 - - [09/Mar/2026:13:49:12 +0000] "GET /wp-login.php?redirect_to=https%3A%2F%2Fhvmbertogarza.com%2Fwp-admin%2Findex.php&reauth=1 HTTP/1.1" 200 5797 "https://HVMBERTOGARZA.COM/wp-login.php" "Mozilla/5.0 (Macintosh; Intel Mac OS X 10_15_7) AppleWebKit/537.36 (KHTML, like Gecko) Chrome/120.0.0.0 Safari/537.36"
176.65.132.19 - - [09/Mar/2026:13:49:15 +0000] "POST /wp-login.php HTTP/1.1" 200 3889 "https://HVMBERTOGARZA.COM/wp-login.php" "Mozilla/5.0 (Windows NT 10.0; Win64; x64) AppleWebKit/537.36 (KHTML, like Gecko) Chrome/121.0.0.0 Safari/537.36"
176.65.132.19 - - [09/Mar/2026:13:49:17 +0000] "GET /wp-admin/index.php HTTP/1.1" 302 524 "https://HVMBERTOGARZA.COM/wp-login.php" "Mozilla/5.0 (Windows NT 11.0; Win64; x64; rv:119.0) Gecko/20100101 Firefox/119.0"
74.208.176.140 - - [09/Mar/2026:13:49:21 +0000] "POST /wp-cron.php?doing_wp_cron=1773064161.7548959255218505859375 HTTP/1.1" 200 4101 "-" "WordPress/6.9.1; https://hvmbertogarza.com"
51.89.129.190 - - [09/Mar/2026:13:49:19 +0000] "GET /bonusy-online-kasino/feed/ HTTP/1.1" 200 4859 "-" "Mozilla/5.0 (compatible; AhrefsBot/7.0; +http://ahrefs.com/robot/)"
176.65.132.19 - - [09/Mar/2026:13:49:19 +0000] "GET /wp-login.php?redirect_to=https%3A%2F%2Fhvmbertogarza.com%2Fwp-admin%2Findex.php&reauth=1 HTTP/1.1" 200 5796 "https://HVMBERTOGARZA.COM/wp-login.php" "Mozilla/5.0 (Windows NT 11.0; Win64; x64; rv:119.0) Gecko/20100101 Firefox/119.0"
176.65.132.19 - - [09/Mar/2026:13:49:22 +0000] "POST /wp-login.php HTTP/1.1" 200 3880 "https://HVMBERTOGARZA.COM/wp-login.php" "Mozilla/5.0 (Windows NT 10.0; Win64; x64) AppleWebKit/537.36 (KHTML, like Gecko) Chrome/119.0.0.0 Safari/537.36"
176.65.132.19 - - [09/Mar/2026:13:49:24 +0000] "GET /wp-admin/index.php HTTP/1.1" 302 524 "https://HVMBERTOGARZA.COM/wp-login.php" "Mozilla/5.0 (Macintosh; Intel Mac OS X 13_6_1) AppleWebKit/605.1.15 (KHTML, like Gecko) Version/17.0 Safari/605.1.15"
176.65.132.19 - - [09/Mar/2026:13:49:26 +0000] "GET /wp-login.php?redirect_to=https%3A%2F%2Fhvmbertogarza.com%2Fwp-admin%2Findex.php&reauth=1 HTTP/1.1" 200 5796 "https://HVMBERTOGARZA.COM/wp-login.php" "Mozilla/5.0 (Macintosh; Intel Mac OS X 13_6_1) AppleWebKit/605.1.15 (KHTML, like Gecko) Version/17.0 Safari/605.1.15"
176.65.132.19 - - [09/Mar/2026:13:49:29 +0000] "POST /wp-login.php HTTP/1.1" 200 3879 "https://HVMBERTOGARZA.COM/wp-login.php" "Mozilla/5.0 (Windows NT 10.0; Win64; x64; rv:118.0) Gecko/20100101 Firefox/118.0"
176.65.132.19 - - [09/Mar/2026:13:49:31 +0000] "GET /wp-admin/index.php HTTP/1.1" 302 524 "https://HVMBERTOGARZA.COM/wp-login.php" "Mozilla/5.0 (Windows NT 10.0; Win64; x64; rv:121.0) Gecko/20100101 Firefox/121.0"
176.65.132.19 - - [09/Mar/2026:13:49:33 +0000] "GET /wp-login.php?redirect_to=https%3A%2F%2Fhvmbertogarza.com%2Fwp-admin%2Findex.php&reauth=1 HTTP/1.1" 200 5796 "https://HVMBERTOGARZA.COM/wp-login.php" "Mozilla/5.0 (Windows NT 10.0; Win64; x64; rv:121.0) Gecko/20100101 Firefox/121.0"
176.65.132.19 - - [09/Mar/2026:13:49:36 +0000] "POST /wp-login.php HTTP/1.1" 200 3881 "https://HVMBERTOGARZA.COM/wp-login.php" "Mozilla/5.0 (Macintosh; Intel Mac OS X 10_15_7) AppleWebKit/537.36 (KHTML, like Gecko) Chrome/120.0.0.0 Safari/537.36"
176.65.132.19 - - [09/Mar/2026:13:49:38 +0000] "GET /wp-admin/index.php HTTP/1.1" 302 489 "https://HVMBERTOGARZA.COM/wp-login.php" "Mozilla/5.0 (Macintosh; Intel Mac OS X 13_6_1) AppleWebKit/605.1.15 (KHTML, like Gecko) Version/17.2 Safari/605.1.15"
216.73.216.173 - - [09/Mar/2026:13:49:39 +0000] "GET /?p=2034 HTTP/1.1" 301 4178 "-" "Mozilla/5.0 AppleWebKit/537.36 (KHTML, like Gecko; compatible; ClaudeBot/1.0; +claudebot@anthropic.com)"
176.65.132.19 - - [09/Mar/2026:13:49:41 +0000] "GET /wp-login.php?redirect_to=https%3A%2F%2Fhvmbertogarza.com%2Fwp-admin%2Findex.php&reauth=1 HTTP/1.1" 200 9584 "https://HVMBERTOGARZA.COM/wp-login.php" "Mozilla/5.0 (Macintosh; Intel Mac OS X 13_6_1) AppleWebKit/605.1.15 (KHTML, like Gecko) Version/17.2 Safari/605.1.15"
216.73.216.173 - - [09/Mar/2026:13:49:40 +0000] "GET /pochemu-cheloveku-kritichno-oschuschat-otvet-ot-okruzhenija/ HTTP/1.1" 200 46483 "https://hvmbertogarza.com/?p=2034" "Mozilla/5.0 AppleWebKit/537.36 (KHTML, like Gecko; compatible; ClaudeBot/1.0; +claudebot@anthropic.com)"
176.65.132.19 - - [09/Mar/2026:13:49:43 +0000] "POST /wp-login.php HTTP/1.1" 200 3879 "https://HVMBERTOGARZA.COM/wp-login.php" "Mozilla/5.0 (Macintosh; Intel Mac OS X 13_6_1; rv:118.0) Gecko/20100101 Firefox/118.0"
176.65.132.19 - - [09/Mar/2026:13:49:46 +0000] "GET /wp-admin/index.php HTTP/1.1" 302 525 "https://HVMBERTOGARZA.COM/wp-login.php" "Mozilla/5.0 (Macintosh; Intel Mac OS X 10_15_7) AppleWebKit/605.1.15 (KHTML, like Gecko) Version/17.2 Safari/605.1.15"
74.208.176.140 - - [09/Mar/2026:13:49:51 +0000] "POST /wp-cron.php?doing_wp_cron=1773064191.1397130489349365234375 HTTP/1.1" 200 4101 "-" "WordPress/6.9.1; https://hvmbertogarza.com"
216.73.216.173 - - [09/Mar/2026:13:49:48 +0000] "GET /?p=2038 HTTP/1.1" 301 4169 "-" "Mozilla/5.0 AppleWebKit/537.36 (KHTML, like Gecko; compatible; ClaudeBot/1.0; +claudebot@anthropic.com)"
176.65.132.19 - - [09/Mar/2026:13:49:49 +0000] "GET /wp-login.php?redirect_to=https%3A%2F%2Fhvmbertogarza.com%2Fwp-admin%2Findex.php&reauth=1 HTTP/1.1" 200 5797 "https://HVMBERTOGARZA.COM/wp-login.php" "Mozilla/5.0 (Macintosh; Intel Mac OS X 10_15_7) AppleWebKit/605.1.15 (KHTML, like Gecko) Version/17.2 Safari/605.1.15"
176.65.132.19 - - [09/Mar/2026:13:49:51 +0000] "POST /wp-login.php HTTP/1.1" 200 3879 "https://HVMBERTOGARZA.COM/wp-login.php" "Mozilla/5.0 (Macintosh; Intel Mac OS X 10_15_7) AppleWebKit/605.1.15 (KHTML, like Gecko) Version/17.1 Safari/605.1.15"
216.73.216.173 - - [09/Mar/2026:13:49:51 +0000] "GET /zachem-lichnosti-vazhno-ispytyvat-lichnoe-uchastie/ HTTP/1.1" 200 45851 "https://hvmbertogarza.com/?p=2038" "Mozilla/5.0 AppleWebKit/537.36 (KHTML, like Gecko; compatible; ClaudeBot/1.0; +claudebot@anthropic.com)"
176.65.132.19 - - [09/Mar/2026:13:49:54 +0000] "GET /wp-admin/index.php HTTP/1.1" 302 525 "https://HVMBERTOGARZA.COM/wp-login.php" "Mozilla/5.0 (X11; Ubuntu; Linux x86_64) AppleWebKit/537.36 (KHTML, like Gecko) Chrome/118.0.0.0 Safari/537.36"
176.65.132.19 - - [09/Mar/2026:13:49:57 +0000] "GET /wp-login.php?redirect_to=https%3A%2F%2Fhvmbertogarza.com%2Fwp-admin%2Findex.php&reauth=1 HTTP/1.1" 200 5797 "https://HVMBERTOGARZA.COM/wp-login.php" "Mozilla/5.0 (X11; Ubuntu; Linux x86_64) AppleWebKit/537.36 (KHTML, like Gecko) Chrome/118.0.0.0 Safari/537.36"
176.65.132.19 - - [09/Mar/2026:13:49:59 +0000] "POST /wp-login.php HTTP/1.1" 200 3881 "https://HVMBERTOGARZA.COM/wp-login.php" "Mozilla/5.0 (Macintosh; Intel Mac OS X 13_6_1) AppleWebKit/537.36 (KHTML, like Gecko) Chrome/120.0.0.0 Safari/537.36"
176.65.132.19 - - [09/Mar/2026:13:50:03 +0000] "GET /wp-admin/index.php HTTP/1.1" 302 525 "https://HVMBERTOGARZA.COM/wp-login.php" "Mozilla/5.0 (X11; Ubuntu; Linux x86_64) AppleWebKit/537.36 (KHTML, like Gecko) Chrome/118.0.0.0 Safari/537.36"
176.65.132.19 - - [09/Mar/2026:13:50:06 +0000] "GET /wp-login.php?redirect_to=https%3A%2F%2Fhvmbertogarza.com%2Fwp-admin%2Findex.php&reauth=1 HTTP/1.1" 200 5797 "https://HVMBERTOGARZA.COM/wp-login.php" "Mozilla/5.0 (X11; Ubuntu; Linux x86_64) AppleWebKit/537.36 (KHTML, like Gecko) Chrome/118.0.0.0 Safari/537.36"
74.208.176.140 - - [09/Mar/2026:13:49:48 +0000] "POST /wp-admin/admin-ajax.php?action=as_async_request_queue_runner&nonce=71834224b9 HTTP/1.1" 200 4305 "-" "WordPress/6.9.1; https://hvmbertogarza.com"
176.65.132.19 - - [09/Mar/2026:13:50:09 +0000] "POST /wp-login.php HTTP/1.1" 200 3885 "https://HVMBERTOGARZA.COM/wp-login.php" "Mozilla/5.0 (Macintosh; Intel Mac OS X 13_6_1) AppleWebKit/537.36 (KHTML, like Gecko) Chrome/119.0.0.0 Safari/537.36"
176.65.132.19 - - [09/Mar/2026:13:50:11 +0000] "GET /wp-admin/index.php HTTP/1.1" 302 525 "https://HVMBERTOGARZA.COM/wp-login.php" "Mozilla/5.0 (Windows NT 11.0; Win64; x64; rv:120.0) Gecko/20100101 Firefox/120.0"
176.65.132.19 - - [09/Mar/2026:13:50:14 +0000] "GET /wp-login.php?redirect_to=https%3A%2F%2Fhvmbertogarza.com%2Fwp-admin%2Findex.php&reauth=1 HTTP/1.1" 200 5797 "https://HVMBERTOGARZA.COM/wp-login.php" "Mozilla/5.0 (Windows NT 11.0; Win64; x64; rv:120.0) Gecko/20100101 Firefox/120.0"
176.65.132.19 - - [09/Mar/2026:13:50:16 +0000] "POST /wp-login.php HTTP/1.1" 200 3886 "https://HVMBERTOGARZA.COM/wp-login.php" "Mozilla/5.0 (X11; Linux x86_64) AppleWebKit/537.36 (KHTML, like Gecko) Chrome/121.0.0.0 Safari/537.36"
74.208.176.140 - - [09/Mar/2026:13:50:21 +0000] "POST /wp-cron.php?doing_wp_cron=1773064221.8292229175567626953125 HTTP/1.1" 200 4101 "-" "WordPress/6.9.1; https://hvmbertogarza.com"
176.65.132.19 - - [09/Mar/2026:13:50:19 +0000] "GET /wp-admin/index.php HTTP/1.1" 302 525 "https://HVMBERTOGARZA.COM/wp-login.php" "Mozilla/5.0 (Windows NT 11.0; Win64; x64) AppleWebKit/537.36 (KHTML, like Gecko) Chrome/120.0.0.0 Safari/537.36"
176.65.132.19 - - [09/Mar/2026:13:50:22 +0000] "GET /wp-login.php?redirect_to=https%3A%2F%2Fhvmbertogarza.com%2Fwp-admin%2Findex.php&reauth=1 HTTP/1.1" 200 5797 "https://HVMBERTOGARZA.COM/wp-login.php" "Mozilla/5.0 (Windows NT 11.0; Win64; x64) AppleWebKit/537.36 (KHTML, like Gecko) Chrome/120.0.0.0 Safari/537.36"
176.65.132.19 - - [09/Mar/2026:13:50:24 +0000] "POST /wp-login.php HTTP/1.1" 200 3879 "https://HVMBERTOGARZA.COM/wp-login.php" "Mozilla/5.0 (Windows NT 11.0; Win64; x64; rv:120.0) Gecko/20100101 Firefox/120.0"
176.65.132.19 - - [09/Mar/2026:13:50:27 +0000] "GET /wp-admin/index.php HTTP/1.1" 302 525 "https://HVMBERTOGARZA.COM/wp-login.php" "Mozilla/5.0 (Macintosh; Intel Mac OS X 10_15_7) AppleWebKit/605.1.15 (KHTML, like Gecko) Version/17.0 Safari/605.1.15"
176.65.132.19 - - [09/Mar/2026:13:50:29 +0000] "GET /wp-login.php?redirect_to=https%3A%2F%2Fhvmbertogarza.com%2Fwp-admin%2Findex.php&reauth=1 HTTP/1.1" 200 5797 "https://HVMBERTOGARZA.COM/wp-login.php" "Mozilla/5.0 (Macintosh; Intel Mac OS X 10_15_7) AppleWebKit/605.1.15 (KHTML, like Gecko) Version/17.0 Safari/605.1.15"
176.65.132.19 - - [09/Mar/2026:13:50:31 +0000] "POST /wp-login.php HTTP/1.1" 200 3882 "https://HVMBERTOGARZA.COM/wp-login.php" "Mozilla/5.0 (Macintosh; Intel Mac OS X 10_15_7) AppleWebKit/537.36 (KHTML, like Gecko) Chrome/120.0.0.0 Safari/537.36"
176.65.132.19 - - [09/Mar/2026:13:50:34 +0000] "GET /wp-admin/index.php HTTP/1.1" 302 525 "https://HVMBERTOGARZA.COM/wp-login.php" "Mozilla/5.0 (X11; Linux x86_64) AppleWebKit/537.36 (KHTML, like Gecko) Chrome/120.0.0.0 Safari/537.36"
176.65.132.19 - - [09/Mar/2026:13:50:37 +0000] "GET /wp-login.php?redirect_to=https%3A%2F%2Fhvmbertogarza.com%2Fwp-admin%2Findex.php&reauth=1 HTTP/1.1" 200 5797 "https://HVMBERTOGARZA.COM/wp-login.php" "Mozilla/5.0 (X11; Linux x86_64) AppleWebKit/537.36 (KHTML, like Gecko) Chrome/120.0.0.0 Safari/537.36"
176.65.132.19 - - [09/Mar/2026:13:50:39 +0000] "POST /wp-login.php HTTP/1.1" 200 3887 "https://HVMBERTOGARZA.COM/wp-login.php" "Mozilla/5.0 (Windows NT 10.0; Win64; x64; rv:119.0) Gecko/20100101 Firefox/119.0"
37.59.29.69 - - [09/Mar/2026:13:50:40 +0000] "POST /xmlrpc.php HTTP/1.1" 200 4248 "-" "Mozilla/5.0 (Macintosh; Intel Mac OS X 10_10_5) AppleWebKit/602.3.12 (KHTML, like Gecko) Version/10.0.2 Safari/602.3.12"
74.208.176.140 - - [09/Mar/2026:13:50:43 +0000] "POST /wp-cron.php?doing_wp_cron=1773064243.3866760730743408203125 HTTP/1.1" 200 4101 "-" "WordPress/6.9.1; https://hvmbertogarza.com"
176.65.132.19 - - [09/Mar/2026:13:50:41 +0000] "GET /wp-admin/index.php HTTP/1.1" 302 525 "https://HVMBERTOGARZA.COM/wp-login.php" "Mozilla/5.0 (Windows NT 11.0; Win64; x64) AppleWebKit/537.36 (KHTML, like Gecko) Chrome/119.0.0.0 Safari/537.36"
176.65.132.19 - - [09/Mar/2026:13:50:43 +0000] "GET /wp-login.php?redirect_to=https%3A%2F%2Fhvmbertogarza.com%2Fwp-admin%2Findex.php&reauth=1 HTTP/1.1" 200 5797 "https://HVMBERTOGARZA.COM/wp-login.php" "Mozilla/5.0 (Windows NT 11.0; Win64; x64) AppleWebKit/537.36 (KHTML, like Gecko) Chrome/119.0.0.0 Safari/537.36"
176.65.132.19 - - [09/Mar/2026:13:50:46 +0000] "POST /wp-login.php HTTP/1.1" 200 3882 "https://HVMBERTOGARZA.COM/wp-login.php" "Mozilla/5.0 (Windows NT 11.0; Win64; x64) AppleWebKit/537.36 (KHTML, like Gecko) Chrome/121.0.0.0 Safari/537.36"
151.80.133.111 - - [09/Mar/2026:13:50:47 +0000] "GET /2026/02/03/ HTTP/1.1" 200 40005 "-" "Mozilla/5.0 (Windows NT 10.0; Win64; x64) AppleWebKit/537.36 (KHTML, like Gecko) Chrome/139.0.0.0 Safari/537.36"
176.65.132.19 - - [09/Mar/2026:13:50:48 +0000] "GET /wp-admin/index.php HTTP/1.1" 302 525 "https://HVMBERTOGARZA.COM/wp-login.php" "Mozilla/5.0 (Macintosh; Intel Mac OS X 10_15_7; rv:119.0) Gecko/20100101 Firefox/119.0"
74.208.176.140 - - [09/Mar/2026:13:50:54 +0000] "POST /wp-cron.php?doing_wp_cron=1773064254.5693900585174560546875 HTTP/1.1" 200 4101 "-" "WordPress/6.9.1; https://hvmbertogarza.com"
176.65.132.19 - - [09/Mar/2026:13:50:52 +0000] "GET /wp-login.php?redirect_to=https%3A%2F%2Fhvmbertogarza.com%2Fwp-admin%2Findex.php&reauth=1 HTTP/1.1" 200 5797 "https://HVMBERTOGARZA.COM/wp-login.php" "Mozilla/5.0 (Macintosh; Intel Mac OS X 10_15_7; rv:119.0) Gecko/20100101 Firefox/119.0"
176.65.132.19 - - [09/Mar/2026:13:50:54 +0000] "POST /wp-login.php HTTP/1.1" 200 3881 "https://HVMBERTOGARZA.COM/wp-login.php" "Mozilla/5.0 (Macintosh; Intel Mac OS X 10_15_7) AppleWebKit/605.1.15 (KHTML, like Gecko) Version/17.2 Safari/605.1.15"
74.208.176.140 - - [09/Mar/2026:13:51:00 +0000] "POST /wp-cron.php?doing_wp_cron=1773064260.3492279052734375000000 HTTP/1.1" 200 4101 "-" "WordPress/6.9.1; https://hvmbertogarza.com"
176.65.132.19 - - [09/Mar/2026:13:50:58 +0000] "GET /wp-admin/index.php HTTP/1.1" 302 525 "https://HVMBERTOGARZA.COM/wp-login.php" "Mozilla/5.0 (X11; Ubuntu; Linux x86_64) AppleWebKit/537.36 (KHTML, like Gecko) Chrome/120.0.0.0 Safari/537.36"
176.65.132.19 - - [09/Mar/2026:13:51:00 +0000] "GET /wp-login.php?redirect_to=https%3A%2F%2Fhvmbertogarza.com%2Fwp-admin%2Findex.php&reauth=1 HTTP/1.1" 200 5797 "https://HVMBERTOGARZA.COM/wp-login.php" "Mozilla/5.0 (X11; Ubuntu; Linux x86_64) AppleWebKit/537.36 (KHTML, like Gecko) Chrome/120.0.0.0 Safari/537.36"
176.65.132.19 - - [09/Mar/2026:13:51:03 +0000] "POST /wp-login.php HTTP/1.1" 200 3883 "https://HVMBERTOGARZA.COM/wp-login.php" "Mozilla/5.0 (Windows NT 10.0; Win64; x64) AppleWebKit/537.36 (KHTML, like Gecko) Chrome/119.0.0.0 Safari/537.36"
176.65.132.19 - - [09/Mar/2026:13:51:06 +0000] "GET /wp-admin/index.php HTTP/1.1" 302 525 "https://HVMBERTOGARZA.COM/wp-login.php" "Mozilla/5.0 (Macintosh; Intel Mac OS X 13_6_1) AppleWebKit/605.1.15 (KHTML, like Gecko) Version/17.2 Safari/605.1.15"
176.65.132.19 - - [09/Mar/2026:13:51:08 +0000] "GET /wp-login.php?redirect_to=https%3A%2F%2Fhvmbertogarza.com%2Fwp-admin%2Findex.php&reauth=1 HTTP/1.1" 200 5797 "https://HVMBERTOGARZA.COM/wp-login.php" "Mozilla/5.0 (Macintosh; Intel Mac OS X 13_6_1) AppleWebKit/605.1.15 (KHTML, like Gecko) Version/17.2 Safari/605.1.15"
