187.190.144.105 - - [09/Mar/2026:16:56:59 +0000] "GET /wp-includes/js/jquery/ui/core.min.js?ver=1.13.3 HTTP/1.1" 200 7531 "https://hvmbertogarza.com/producto/t-shirt-caballero-playera-oficial-horror-fest-edicion-leyendas-de-mexico/" "Mozilla/5.0 (iPhone; CPU iPhone OS 18_7 like Mac OS X) AppleWebKit/605.1.15 (KHTML, like Gecko) Version/26.3 Mobile/15E148 Safari/604.1"
187.190.144.105 - - [09/Mar/2026:16:56:59 +0000] "GET /wp-content/plugins/elementor/assets/js/frontend-modules.min.js?ver=3.34.0 HTTP/1.1" 200 26150 "https://hvmbertogarza.com/producto/t-shirt-caballero-playera-oficial-horror-fest-edicion-leyendas-de-mexico/" "Mozilla/5.0 (iPhone; CPU iPhone OS 18_7 like Mac OS X) AppleWebKit/605.1.15 (KHTML, like Gecko) Version/26.3 Mobile/15E148 Safari/604.1"
187.190.144.105 - - [09/Mar/2026:16:56:59 +0000] "GET /wp-content/plugins/pro-elements/assets/lib/sticky/jquery.sticky.min.js?ver=3.34.0 HTTP/1.1" 200 1922 "https://hvmbertogarza.com/producto/t-shirt-caballero-playera-oficial-horror-fest-edicion-leyendas-de-mexico/" "Mozilla/5.0 (iPhone; CPU iPhone OS 18_7 like Mac OS X) AppleWebKit/605.1.15 (KHTML, like Gecko) Version/26.3 Mobile/15E148 Safari/604.1"
187.190.144.105 - - [09/Mar/2026:16:56:59 +0000] "GET /wp-content/plugins/shopengine/modules/swatches/loop-product-support/assets/swatches.js?ver=1515155 HTTP/1.1" 200 655 "https://hvmbertogarza.com/producto/t-shirt-caballero-playera-oficial-horror-fest-edicion-leyendas-de-mexico/" "Mozilla/5.0 (iPhone; CPU iPhone OS 18_7 like Mac OS X) AppleWebKit/605.1.15 (KHTML, like Gecko) Version/26.3 Mobile/15E148 Safari/604.1"
187.190.144.105 - - [09/Mar/2026:16:56:59 +0000] "GET /wp-content/plugins/pro-elements/assets/lib/smartmenus/jquery.smartmenus.min.js?ver=1.2.1 HTTP/1.1" 200 7512 "https://hvmbertogarza.com/producto/t-shirt-caballero-playera-oficial-horror-fest-edicion-leyendas-de-mexico/" "Mozilla/5.0 (iPhone; CPU iPhone OS 18_7 like Mac OS X) AppleWebKit/605.1.15 (KHTML, like Gecko) Version/26.3 Mobile/15E148 Safari/604.1"
187.190.144.105 - - [09/Mar/2026:16:56:59 +0000] "GET /wp-content/plugins/elementor/assets/js/frontend.min.js?ver=3.34.0 HTTP/1.1" 200 10773 "https://hvmbertogarza.com/producto/t-shirt-caballero-playera-oficial-horror-fest-edicion-leyendas-de-mexico/" "Mozilla/5.0 (iPhone; CPU iPhone OS 18_7 like Mac OS X) AppleWebKit/605.1.15 (KHTML, like Gecko) Version/26.3 Mobile/15E148 Safari/604.1"
187.190.144.105 - - [09/Mar/2026:16:56:59 +0000] "GET /wp-content/plugins/shopengine/modules/comparison/assets/js/comparison.js?ver=4.8.7 HTTP/1.1" 200 2023 "https://hvmbertogarza.com/producto/t-shirt-caballero-playera-oficial-horror-fest-edicion-leyendas-de-mexico/" "Mozilla/5.0 (iPhone; CPU iPhone OS 18_7 like Mac OS X) AppleWebKit/605.1.15 (KHTML, like Gecko) Version/26.3 Mobile/15E148 Safari/604.1"
187.190.144.105 - - [09/Mar/2026:16:56:59 +0000] "GET /wp-content/plugins/woocommerce/assets/js/sourcebuster/sourcebuster.min.js?ver=10.3.7 HTTP/1.1" 200 5232 "https://hvmbertogarza.com/producto/t-shirt-caballero-playera-oficial-horror-fest-edicion-leyendas-de-mexico/" "Mozilla/5.0 (iPhone; CPU iPhone OS 18_7 like Mac OS X) AppleWebKit/605.1.15 (KHTML, like Gecko) Version/26.3 Mobile/15E148 Safari/604.1"
187.190.144.105 - - [09/Mar/2026:16:56:59 +0000] "GET /wp-content/plugins/woocommerce/assets/js/frontend/cart-fragments.min.js?ver=10.3.7 HTTP/1.1" 200 1425 "https://hvmbertogarza.com/producto/t-shirt-caballero-playera-oficial-horror-fest-edicion-leyendas-de-mexico/" "Mozilla/5.0 (iPhone; CPU iPhone OS 18_7 like Mac OS X) AppleWebKit/605.1.15 (KHTML, like Gecko) Version/26.3 Mobile/15E148 Safari/604.1"
187.190.144.105 - - [09/Mar/2026:16:56:59 +0000] "GET /wp-includes/js/underscore.min.js?ver=1.13.7 HTTP/1.1" 200 7742 "https://hvmbertogarza.com/producto/t-shirt-caballero-playera-oficial-horror-fest-edicion-leyendas-de-mexico/" "Mozilla/5.0 (iPhone; CPU iPhone OS 18_7 like Mac OS X) AppleWebKit/605.1.15 (KHTML, like Gecko) Version/26.3 Mobile/15E148 Safari/604.1"
187.190.144.105 - - [09/Mar/2026:16:56:59 +0000] "GET /wp-content/plugins/woocommerce/assets/js/frontend/order-attribution.min.js?ver=10.3.7 HTTP/1.1" 200 1508 "https://hvmbertogarza.com/producto/t-shirt-caballero-playera-oficial-horror-fest-edicion-leyendas-de-mexico/" "Mozilla/5.0 (iPhone; CPU iPhone OS 18_7 like Mac OS X) AppleWebKit/605.1.15 (KHTML, like Gecko) Version/26.3 Mobile/15E148 Safari/604.1"
187.190.144.105 - - [09/Mar/2026:16:56:59 +0000] "GET /wp-content/plugins/shopengine/modules/swatches/assets/js/frontend.js?ver=4.8.7 HTTP/1.1" 200 1707 "https://hvmbertogarza.com/producto/t-shirt-caballero-playera-oficial-horror-fest-edicion-leyendas-de-mexico/" "Mozilla/5.0 (iPhone; CPU iPhone OS 18_7 like Mac OS X) AppleWebKit/605.1.15 (KHTML, like Gecko) Version/26.3 Mobile/15E148 Safari/604.1"
187.190.144.105 - - [09/Mar/2026:16:56:59 +0000] "GET /wp-includes/js/wp-util.min.js?ver=6.9.1 HTTP/1.1" 200 1135 "https://hvmbertogarza.com/producto/t-shirt-caballero-playera-oficial-horror-fest-edicion-leyendas-de-mexico/" "Mozilla/5.0 (iPhone; CPU iPhone OS 18_7 like Mac OS X) AppleWebKit/605.1.15 (KHTML, like Gecko) Version/26.3 Mobile/15E148 Safari/604.1"
187.190.144.105 - - [09/Mar/2026:16:56:59 +0000] "GET /wp-content/plugins/woocommerce/assets/js/frontend/add-to-cart-variation.min.js?ver=10.3.7 HTTP/1.1" 200 4365 "https://hvmbertogarza.com/producto/t-shirt-caballero-playera-oficial-horror-fest-edicion-leyendas-de-mexico/" "Mozilla/5.0 (iPhone; CPU iPhone OS 18_7 like Mac OS X) AppleWebKit/605.1.15 (KHTML, like Gecko) Version/26.3 Mobile/15E148 Safari/604.1"
187.190.144.105 - - [09/Mar/2026:16:56:59 +0000] "GET /wp-content/plugins/wp-whatsapp/assets/js/whatsapp-popup.js?ver=3.7.3 HTTP/1.1" 200 753 "https://hvmbertogarza.com/producto/t-shirt-caballero-playera-oficial-horror-fest-edicion-leyendas-de-mexico/" "Mozilla/5.0 (iPhone; CPU iPhone OS 18_7 like Mac OS X) AppleWebKit/605.1.15 (KHTML, like Gecko) Version/26.3 Mobile/15E148 Safari/604.1"
187.190.144.105 - - [09/Mar/2026:16:56:59 +0000] "GET /wp-content/plugins/pro-elements/assets/js/webpack-pro.runtime.min.js?ver=3.34.0 HTTP/1.1" 200 3283 "https://hvmbertogarza.com/producto/t-shirt-caballero-playera-oficial-horror-fest-edicion-leyendas-de-mexico/" "Mozilla/5.0 (iPhone; CPU iPhone OS 18_7 like Mac OS X) AppleWebKit/605.1.15 (KHTML, like Gecko) Version/26.3 Mobile/15E148 Safari/604.1"
187.190.144.105 - - [09/Mar/2026:16:56:59 +0000] "GET /wp-includes/js/dist/hooks.min.js?ver=dd5603f07f9220ed27f1 HTTP/1.1" 200 2366 "https://hvmbertogarza.com/producto/t-shirt-caballero-playera-oficial-horror-fest-edicion-leyendas-de-mexico/" "Mozilla/5.0 (iPhone; CPU iPhone OS 18_7 like Mac OS X) AppleWebKit/605.1.15 (KHTML, like Gecko) Version/26.3 Mobile/15E148 Safari/604.1"
187.190.144.105 - - [09/Mar/2026:16:56:59 +0000] "GET /wp-includes/js/dist/i18n.min.js?ver=c26c3dc7bed366793375 HTTP/1.1" 200 2654 "https://hvmbertogarza.com/producto/t-shirt-caballero-playera-oficial-horror-fest-edicion-leyendas-de-mexico/" "Mozilla/5.0 (iPhone; CPU iPhone OS 18_7 like Mac OS X) AppleWebKit/605.1.15 (KHTML, like Gecko) Version/26.3 Mobile/15E148 Safari/604.1"
187.190.144.105 - - [09/Mar/2026:16:56:59 +0000] "GET /wp-content/plugins/pro-elements/assets/js/frontend.min.js?ver=3.34.0 HTTP/1.1" 200 6862 "https://hvmbertogarza.com/producto/t-shirt-caballero-playera-oficial-horror-fest-edicion-leyendas-de-mexico/" "Mozilla/5.0 (iPhone; CPU iPhone OS 18_7 like Mac OS X) AppleWebKit/605.1.15 (KHTML, like Gecko) Version/26.3 Mobile/15E148 Safari/604.1"
187.190.144.105 - - [09/Mar/2026:16:56:59 +0000] "GET /wp-content/plugins/pro-elements/assets/js/elements-handlers.min.js?ver=3.34.0 HTTP/1.1" 200 11020 "https://hvmbertogarza.com/producto/t-shirt-caballero-playera-oficial-horror-fest-edicion-leyendas-de-mexico/" "Mozilla/5.0 (iPhone; CPU iPhone OS 18_7 like Mac OS X) AppleWebKit/605.1.15 (KHTML, like Gecko) Version/26.3 Mobile/15E148 Safari/604.1"
187.190.144.105 - - [09/Mar/2026:16:56:59 +0000] "GET /wp-content/plugins/shopengine/widgets/init/assets/js/widgets.js?ver=4.8.7 HTTP/1.1" 200 7625 "https://hvmbertogarza.com/producto/t-shirt-caballero-playera-oficial-horror-fest-edicion-leyendas-de-mexico/" "Mozilla/5.0 (iPhone; CPU iPhone OS 18_7 like Mac OS X) AppleWebKit/605.1.15 (KHTML, like Gecko) Version/26.3 Mobile/15E148 Safari/604.1"
187.190.144.105 - - [09/Mar/2026:16:56:59 +0000] "GET /wp-content/plugins/powerpack-elements/assets/js/min/frontend.min.js?ver=2.10.9 HTTP/1.1" 200 10641 "https://hvmbertogarza.com/producto/t-shirt-caballero-playera-oficial-horror-fest-edicion-leyendas-de-mexico/" "Mozilla/5.0 (iPhone; CPU iPhone OS 18_7 like Mac OS X) AppleWebKit/605.1.15 (KHTML, like Gecko) Version/26.3 Mobile/15E148 Safari/604.1"
187.190.144.105 - - [09/Mar/2026:16:56:59 +0000] "GET /wp-content/plugins/ajax-search-pro/js/min/plugin/optimized/asp-prereq.js HTTP/1.1" 200 7282 "https://hvmbertogarza.com/producto/t-shirt-caballero-playera-oficial-horror-fest-edicion-leyendas-de-mexico/" "Mozilla/5.0 (iPhone; CPU iPhone OS 18_7 like Mac OS X) AppleWebKit/605.1.15 (KHTML, like Gecko) Version/26.3 Mobile/15E148 Safari/604.1"
187.190.144.105 - - [09/Mar/2026:16:56:59 +0000] "GET /wp-content/plugins/powerpack-elements/assets/lib/tooltipster/tooltipster.min.js?ver=2.10.9 HTTP/1.1" 200 10410 "https://hvmbertogarza.com/producto/t-shirt-caballero-playera-oficial-horror-fest-edicion-leyendas-de-mexico/" "Mozilla/5.0 (iPhone; CPU iPhone OS 18_7 like Mac OS X) AppleWebKit/605.1.15 (KHTML, like Gecko) Version/26.3 Mobile/15E148 Safari/604.1"
187.190.144.105 - - [09/Mar/2026:16:56:59 +0000] "GET /wp-content/plugins/ajax-search-pro/js/min/plugin/optimized/asp-core.js HTTP/1.1" 200 15370 "https://hvmbertogarza.com/producto/t-shirt-caballero-playera-oficial-horror-fest-edicion-leyendas-de-mexico/" "Mozilla/5.0 (iPhone; CPU iPhone OS 18_7 like Mac OS X) AppleWebKit/605.1.15 (KHTML, like Gecko) Version/26.3 Mobile/15E148 Safari/604.1"
187.190.144.105 - - [09/Mar/2026:16:56:59 +0000] "GET /wp-content/plugins/ajax-search-pro/js/min/plugin/optimized/asp-compact.js HTTP/1.1" 200 1496 "https://hvmbertogarza.com/producto/t-shirt-caballero-playera-oficial-horror-fest-edicion-leyendas-de-mexico/" "Mozilla/5.0 (iPhone; CPU iPhone OS 18_7 like Mac OS X) AppleWebKit/605.1.15 (KHTML, like Gecko) Version/26.3 Mobile/15E148 Safari/604.1"
187.190.144.105 - - [09/Mar/2026:16:56:59 +0000] "GET /wp-content/plugins/ajax-search-pro/js/min/plugin/optimized/asp-results-vertical.js HTTP/1.1" 200 1158 "https://hvmbertogarza.com/producto/t-shirt-caballero-playera-oficial-horror-fest-edicion-leyendas-de-mexico/" "Mozilla/5.0 (iPhone; CPU iPhone OS 18_7 like Mac OS X) AppleWebKit/605.1.15 (KHTML, like Gecko) Version/26.3 Mobile/15E148 Safari/604.1"
187.190.144.105 - - [09/Mar/2026:16:56:59 +0000] "GET /wp-content/plugins/ajax-search-pro/js/min/plugin/optimized/asp-live.js HTTP/1.1" 200 2438 "https://hvmbertogarza.com/producto/t-shirt-caballero-playera-oficial-horror-fest-edicion-leyendas-de-mexico/" "Mozilla/5.0 (iPhone; CPU iPhone OS 18_7 like Mac OS X) AppleWebKit/605.1.15 (KHTML, like Gecko) Version/26.3 Mobile/15E148 Safari/604.1"
187.190.144.105 - - [09/Mar/2026:16:56:59 +0000] "GET /wp-content/plugins/ajax-search-pro/js/min/plugin/optimized/asp-autocomplete.js HTTP/1.1" 200 1348 "https://hvmbertogarza.com/producto/t-shirt-caballero-playera-oficial-horror-fest-edicion-leyendas-de-mexico/" "Mozilla/5.0 (iPhone; CPU iPhone OS 18_7 like Mac OS X) AppleWebKit/605.1.15 (KHTML, like Gecko) Version/26.3 Mobile/15E148 Safari/604.1"
187.190.144.105 - - [09/Mar/2026:16:56:59 +0000] "GET /wp-content/plugins/ajax-search-pro/js/min/plugin/optimized/asp-load.js HTTP/1.1" 200 449 "https://hvmbertogarza.com/producto/t-shirt-caballero-playera-oficial-horror-fest-edicion-leyendas-de-mexico/" "Mozilla/5.0 (iPhone; CPU iPhone OS 18_7 like Mac OS X) AppleWebKit/605.1.15 (KHTML, like Gecko) Version/26.3 Mobile/15E148 Safari/604.1"
187.190.144.105 - - [09/Mar/2026:16:56:59 +0000] "GET /wp-content/plugins/ajax-search-pro/js/min/plugin/optimized/asp-wrapper.js HTTP/1.1" 200 2331 "https://hvmbertogarza.com/producto/t-shirt-caballero-playera-oficial-horror-fest-edicion-leyendas-de-mexico/" "Mozilla/5.0 (iPhone; CPU iPhone OS 18_7 like Mac OS X) AppleWebKit/605.1.15 (KHTML, like Gecko) Version/26.3 Mobile/15E148 Safari/604.1"
187.190.144.105 - - [09/Mar/2026:16:56:59 +0000] "GET /wp-content/plugins/ajax-search-pro/js/min/plugin/optimized/asp-addons-elementor.js HTTP/1.1" 200 2068 "https://hvmbertogarza.com/producto/t-shirt-caballero-playera-oficial-horror-fest-edicion-leyendas-de-mexico/" "Mozilla/5.0 (iPhone; CPU iPhone OS 18_7 like Mac OS X) AppleWebKit/605.1.15 (KHTML, like Gecko) Version/26.3 Mobile/15E148 Safari/604.1"
187.190.144.105 - - [09/Mar/2026:16:57:00 +0000] "GET /wp-content/uploads/elementor/google-fonts/fonts/roboto-kfo7cnqeu92fr1me7ksn66agldtyluama3yuba.woff2 HTTP/1.1" 200 40512 "https://hvmbertogarza.com/producto/t-shirt-caballero-playera-oficial-horror-fest-edicion-leyendas-de-mexico/" "Mozilla/5.0 (iPhone; CPU iPhone OS 18_7 like Mac OS X) AppleWebKit/605.1.15 (KHTML, like Gecko) Version/26.3 Mobile/15E148 Safari/604.1"
187.190.144.105 - - [09/Mar/2026:16:57:00 +0000] "GET /wp-content/plugins/shopengine/assets/fonts/shopengine.woff HTTP/1.1" 200 26449 "https://hvmbertogarza.com/producto/t-shirt-caballero-playera-oficial-horror-fest-edicion-leyendas-de-mexico/" "Mozilla/5.0 (iPhone; CPU iPhone OS 18_7 like Mac OS X) AppleWebKit/605.1.15 (KHTML, like Gecko) Version/26.3 Mobile/15E148 Safari/604.1"
187.190.144.105 - - [09/Mar/2026:16:57:00 +0000] "GET /wp-content/uploads/elementor/google-fonts/fonts/roboto-kfo5cnqeu92fr1mu53zec9_vu3r1gihoszmkbnka.woff2 HTTP/1.1" 200 44576 "https://hvmbertogarza.com/producto/t-shirt-caballero-playera-oficial-horror-fest-edicion-leyendas-de-mexico/" "Mozilla/5.0 (iPhone; CPU iPhone OS 18_7 like Mac OS X) AppleWebKit/605.1.15 (KHTML, like Gecko) Version/26.3 Mobile/15E148 Safari/604.1"
187.190.144.105 - - [09/Mar/2026:16:57:00 +0000] "GET /wp-content/uploads/elementor/google-fonts/fonts/roboto-kfo7cnqeu92fr1me7ksn66agldtyluamaxkubgee.woff2 HTTP/1.1" 200 20770 "https://hvmbertogarza.com/producto/t-shirt-caballero-playera-oficial-horror-fest-edicion-leyendas-de-mexico/" "Mozilla/5.0 (iPhone; CPU iPhone OS 18_7 like Mac OS X) AppleWebKit/605.1.15 (KHTML, like Gecko) Version/26.3 Mobile/15E148 Safari/604.1"
187.190.144.105 - - [09/Mar/2026:16:57:00 +0000] "GET /wp-content/uploads/elementor/google-fonts/fonts/roboto-kfo7cnqeu92fr1me7ksn66agldtyluama3oubgee.woff2 HTTP/1.1" 200 13344 "https://hvmbertogarza.com/producto/t-shirt-caballero-playera-oficial-horror-fest-edicion-leyendas-de-mexico/" "Mozilla/5.0 (iPhone; CPU iPhone OS 18_7 like Mac OS X) AppleWebKit/605.1.15 (KHTML, like Gecko) Version/26.3 Mobile/15E148 Safari/604.1"
187.190.144.105 - - [09/Mar/2026:16:57:00 +0000] "GET /wp-content/plugins/elementor/assets/lib/dialog/dialog.min.js?ver=4.9.3 HTTP/1.1" 200 4207 "https://hvmbertogarza.com/producto/t-shirt-caballero-playera-oficial-horror-fest-edicion-leyendas-de-mexico/" "Mozilla/5.0 (iPhone; CPU iPhone OS 18_7 like Mac OS X) AppleWebKit/605.1.15 (KHTML, like Gecko) Version/26.3 Mobile/15E148 Safari/604.1"
187.190.144.105 - - [09/Mar/2026:16:57:00 +0000] "GET /wp-content/uploads/2025/11/playera8-1536x1536.jpg HTTP/1.1" 200 234492 "https://hvmbertogarza.com/producto/t-shirt-caballero-playera-oficial-horror-fest-edicion-leyendas-de-mexico/" "Mozilla/5.0 (iPhone; CPU iPhone OS 18_7 like Mac OS X) AppleWebKit/605.1.15 (KHTML, like Gecko) Version/26.3 Mobile/15E148 Safari/604.1"
187.190.144.105 - - [09/Mar/2026:16:57:00 +0000] "GET /wp-content/plugins/elementor/assets/js/lightbox.d1799e507b570f6b0496.bundle.min.js HTTP/1.1" 200 9924 "https://hvmbertogarza.com/producto/t-shirt-caballero-playera-oficial-horror-fest-edicion-leyendas-de-mexico/" "Mozilla/5.0 (iPhone; CPU iPhone OS 18_7 like Mac OS X) AppleWebKit/605.1.15 (KHTML, like Gecko) Version/26.3 Mobile/15E148 Safari/604.1"
187.190.144.105 - - [09/Mar/2026:16:57:00 +0000] "GET /wp-content/plugins/elementor/assets/lib/share-link/share-link.min.js?ver=3.34.0 HTTP/1.1" 200 1549 "https://hvmbertogarza.com/producto/t-shirt-caballero-playera-oficial-horror-fest-edicion-leyendas-de-mexico/" "Mozilla/5.0 (iPhone; CPU iPhone OS 18_7 like Mac OS X) AppleWebKit/605.1.15 (KHTML, like Gecko) Version/26.3 Mobile/15E148 Safari/604.1"
187.190.144.105 - - [09/Mar/2026:16:57:00 +0000] "GET /wp-content/plugins/elementor/assets/css/conditionals/lightbox.min.css?ver=3.34.0 HTTP/1.1" 200 2374 "https://hvmbertogarza.com/producto/t-shirt-caballero-playera-oficial-horror-fest-edicion-leyendas-de-mexico/" "Mozilla/5.0 (iPhone; CPU iPhone OS 18_7 like Mac OS X) AppleWebKit/605.1.15 (KHTML, like Gecko) Version/26.3 Mobile/15E148 Safari/604.1"
187.190.144.105 - - [09/Mar/2026:16:57:00 +0000] "GET /wp-content/plugins/elementor/assets/lib/swiper/v8/css/swiper.min.css?ver=8.4.5 HTTP/1.1" 200 4994 "https://hvmbertogarza.com/producto/t-shirt-caballero-playera-oficial-horror-fest-edicion-leyendas-de-mexico/" "Mozilla/5.0 (iPhone; CPU iPhone OS 18_7 like Mac OS X) AppleWebKit/605.1.15 (KHTML, like Gecko) Version/26.3 Mobile/15E148 Safari/604.1"
187.190.144.105 - - [09/Mar/2026:16:57:00 +0000] "GET /wp-content/plugins/elementor/assets/css/conditionals/dialog.min.css?ver=3.34.0 HTTP/1.1" 200 1945 "https://hvmbertogarza.com/producto/t-shirt-caballero-playera-oficial-horror-fest-edicion-leyendas-de-mexico/" "Mozilla/5.0 (iPhone; CPU iPhone OS 18_7 like Mac OS X) AppleWebKit/605.1.15 (KHTML, like Gecko) Version/26.3 Mobile/15E148 Safari/604.1"
187.190.144.105 - - [09/Mar/2026:16:57:00 +0000] "GET /wp-content/plugins/elementor/assets/js/section-frontend-handlers.d85ab872da118940910d.bundle.min.js HTTP/1.1" 200 648 "https://hvmbertogarza.com/producto/t-shirt-caballero-playera-oficial-horror-fest-edicion-leyendas-de-mexico/" "Mozilla/5.0 (iPhone; CPU iPhone OS 18_7 like Mac OS X) AppleWebKit/605.1.15 (KHTML, like Gecko) Version/26.3 Mobile/15E148 Safari/604.1"
187.190.144.105 - - [09/Mar/2026:16:57:00 +0000] "GET /wp-content/plugins/elementor/assets/js/shared-frontend-handlers.03caa53373b56d3bab67.bundle.min.js HTTP/1.1" 200 3069 "https://hvmbertogarza.com/producto/t-shirt-caballero-playera-oficial-horror-fest-edicion-leyendas-de-mexico/" "Mozilla/5.0 (iPhone; CPU iPhone OS 18_7 like Mac OS X) AppleWebKit/605.1.15 (KHTML, like Gecko) Version/26.3 Mobile/15E148 Safari/604.1"
187.190.144.105 - - [09/Mar/2026:16:57:00 +0000] "GET /wp-content/plugins/elementor/assets/js/text-editor.45609661e409413f1cef.bundle.min.js HTTP/1.1" 200 1027 "https://hvmbertogarza.com/producto/t-shirt-caballero-playera-oficial-horror-fest-edicion-leyendas-de-mexico/" "Mozilla/5.0 (iPhone; CPU iPhone OS 18_7 like Mac OS X) AppleWebKit/605.1.15 (KHTML, like Gecko) Version/26.3 Mobile/15E148 Safari/604.1"
187.190.144.105 - - [09/Mar/2026:16:57:00 +0000] "GET /wp-content/uploads/2025/11/playera8-300x300.jpg HTTP/1.1" 200 14520 "https://hvmbertogarza.com/producto/t-shirt-caballero-playera-oficial-horror-fest-edicion-leyendas-de-mexico/" "Mozilla/5.0 (iPhone; CPU iPhone OS 18_7 like Mac OS X) AppleWebKit/605.1.15 (KHTML, like Gecko) Version/26.3 Mobile/15E148 Safari/604.1"
187.190.144.105 - - [09/Mar/2026:16:57:00 +0000] "GET /wp-content/plugins/pro-elements/assets/js/nav-menu.8521a0597c50611efdc6.bundle.min.js HTTP/1.1" 200 2297 "https://hvmbertogarza.com/producto/t-shirt-caballero-playera-oficial-horror-fest-edicion-leyendas-de-mexico/" "Mozilla/5.0 (iPhone; CPU iPhone OS 18_7 like Mac OS X) AppleWebKit/605.1.15 (KHTML, like Gecko) Version/26.3 Mobile/15E148 Safari/604.1"
187.190.144.105 - - [09/Mar/2026:16:57:00 +0000] "GET /wp-content/plugins/pro-elements/assets/js/woocommerce-menu-cart.54f2e75f6769dce707e2.bundle.min.js HTTP/1.1" 200 1937 "https://hvmbertogarza.com/producto/t-shirt-caballero-playera-oficial-horror-fest-edicion-leyendas-de-mexico/" "Mozilla/5.0 (iPhone; CPU iPhone OS 18_7 like Mac OS X) AppleWebKit/605.1.15 (KHTML, like Gecko) Version/26.3 Mobile/15E148 Safari/604.1"
187.190.144.105 - - [09/Mar/2026:16:57:00 +0000] "GET /wp-content/plugins/pro-elements/assets/js/form.71055747203b48a65a24.bundle.min.js HTTP/1.1" 200 5616 "https://hvmbertogarza.com/producto/t-shirt-caballero-playera-oficial-horror-fest-edicion-leyendas-de-mexico/" "Mozilla/5.0 (iPhone; CPU iPhone OS 18_7 like Mac OS X) AppleWebKit/605.1.15 (KHTML, like Gecko) Version/26.3 Mobile/15E148 Safari/604.1"
187.190.144.105 - - [09/Mar/2026:16:57:00 +0000] "GET /wp-content/plugins/pro-elements/assets/js/popup.f7b15b2ca565b152bf98.bundle.min.js HTTP/1.1" 200 826 "https://hvmbertogarza.com/producto/t-shirt-caballero-playera-oficial-horror-fest-edicion-leyendas-de-mexico/" "Mozilla/5.0 (iPhone; CPU iPhone OS 18_7 like Mac OS X) AppleWebKit/605.1.15 (KHTML, like Gecko) Version/26.3 Mobile/15E148 Safari/604.1"
187.190.144.105 - - [09/Mar/2026:16:57:00 +0000] "GET /wp-includes/js/wp-emoji-release.min.js?ver=6.9.1 HTTP/1.1" 200 5800 "https://hvmbertogarza.com/producto/t-shirt-caballero-playera-oficial-horror-fest-edicion-leyendas-de-mexico/" "Mozilla/5.0 (iPhone; CPU iPhone OS 18_7 like Mac OS X) AppleWebKit/605.1.15 (KHTML, like Gecko) Version/26.3 Mobile/15E148 Safari/604.1"
187.190.144.105 - - [09/Mar/2026:16:57:00 +0000] "GET /wp-content/uploads/2024/02/tablaplayeraspsd.jpg HTTP/1.1" 200 3422835 "https://hvmbertogarza.com/producto/t-shirt-caballero-playera-oficial-horror-fest-edicion-leyendas-de-mexico/" "Mozilla/5.0 (iPhone; CPU iPhone OS 18_7 like Mac OS X) AppleWebKit/605.1.15 (KHTML, like Gecko) Version/26.3 Mobile/15E148 Safari/604.1"
187.190.144.105 - - [09/Mar/2026:16:57:01 +0000] "GET /wp-content/uploads/2024/02/BANNERPAGOSSEGUROSnegro.png HTTP/1.1" 200 16313 "https://hvmbertogarza.com/producto/t-shirt-caballero-playera-oficial-horror-fest-edicion-leyendas-de-mexico/" "Mozilla/5.0 (iPhone; CPU iPhone OS 18_7 like Mac OS X) AppleWebKit/605.1.15 (KHTML, like Gecko) Version/26.3 Mobile/15E148 Safari/604.1"
187.190.144.105 - - [09/Mar/2026:16:57:01 +0000] "GET /wp-content/plugins/instagram-feed/img/sbi-sprite.png HTTP/1.1" 200 4280 "https://hvmbertogarza.com/producto/t-shirt-caballero-playera-oficial-horror-fest-edicion-leyendas-de-mexico/" "Mozilla/5.0 (iPhone; CPU iPhone OS 18_7 like Mac OS X) AppleWebKit/605.1.15 (KHTML, like Gecko) Version/26.3 Mobile/15E148 Safari/604.1"
74.208.176.140 - - [09/Mar/2026:16:57:02 +0000] "POST /wp-cron.php?doing_wp_cron=1773075422.2547130584716796875000 HTTP/1.1" 200 4101 "-" "WordPress/6.9.1; https://hvmbertogarza.com"
74.7.242.14 - - [09/Mar/2026:16:56:58 +0000] "GET /shop/slated/drawnwork011769573898.html HTTP/1.1" 404 52016 "https://hvmbertogarza.com/wp-sitemap.xml" "Mozilla/5.0 AppleWebKit/537.36 (KHTML, like Gecko; compatible; GPTBot/1.3; +https://openai.com/gptbot)"
187.190.144.105 - - [09/Mar/2026:16:57:00 +0000] "POST /?wc-ajax=get_refreshed_fragments HTTP/1.1" 200 1711 "https://hvmbertogarza.com/producto/t-shirt-caballero-playera-oficial-horror-fest-edicion-leyendas-de-mexico/" "Mozilla/5.0 (iPhone; CPU iPhone OS 18_7 like Mac OS X) AppleWebKit/605.1.15 (KHTML, like Gecko) Version/26.3 Mobile/15E148 Safari/604.1"
66.249.66.10 - - [09/Mar/2026:16:57:05 +0000] "GET /producto/artprint-la-planchada/ HTTP/1.1" 200 34222 "-" "Mozilla/5.0 (Linux; Android 6.0.1; Nexus 5X Build/MMB29P) AppleWebKit/537.36 (KHTML, like Gecko) Chrome/145.0.7632.116 Mobile Safari/537.36 (compatible; Googlebot/2.1; +http://www.google.com/bot.html)"
74.7.242.14 - - [09/Mar/2026:16:57:02 +0000] "GET /shop/limitour/secancy013150259296.html HTTP/1.1" 404 119857 "https://hvmbertogarza.com/wp-sitemap.xml" "Mozilla/5.0 AppleWebKit/537.36 (KHTML, like Gecko; compatible; GPTBot/1.3; +https://openai.com/gptbot)"
74.7.242.14 - - [09/Mar/2026:16:57:06 +0000] "GET /shop/treasury/reinsurer014123204670.html HTTP/1.1" 404 57528 "https://hvmbertogarza.com/wp-sitemap.xml" "Mozilla/5.0 AppleWebKit/537.36 (KHTML, like Gecko; compatible; GPTBot/1.3; +https://openai.com/gptbot)"
74.7.242.14 - - [09/Mar/2026:16:57:09 +0000] "GET /shop/uncurtain/shirting012832902207.html HTTP/1.1" 404 57528 "https://hvmbertogarza.com/wp-sitemap.xml" "Mozilla/5.0 AppleWebKit/537.36 (KHTML, like Gecko; compatible; GPTBot/1.3; +https://openai.com/gptbot)"
74.7.242.14 - - [09/Mar/2026:16:57:12 +0000] "GET /shop/veratrate/armorist012890621478.html HTTP/1.1" 404 57528 "https://hvmbertogarza.com/wp-sitemap.xml" "Mozilla/5.0 AppleWebKit/537.36 (KHTML, like Gecko; compatible; GPTBot/1.3; +https://openai.com/gptbot)"
74.7.242.14 - - [09/Mar/2026:16:57:15 +0000] "GET /shop/magnifying/rafting012107497024.html HTTP/1.1" 404 52016 "https://hvmbertogarza.com/wp-sitemap.xml" "Mozilla/5.0 AppleWebKit/537.36 (KHTML, like Gecko; compatible; GPTBot/1.3; +https://openai.com/gptbot)"
74.208.176.140 - - [09/Mar/2026:16:57:22 +0000] "POST /wp-cron.php?doing_wp_cron=1773075442.7729558944702148437500 HTTP/1.1" 200 4101 "-" "WordPress/6.9.1; https://hvmbertogarza.com"
74.7.242.14 - - [09/Mar/2026:16:57:19 +0000] "GET /shop/helicine/macularia014141771823.html HTTP/1.1" 404 57528 "https://hvmbertogarza.com/wp-sitemap.xml" "Mozilla/5.0 AppleWebKit/537.36 (KHTML, like Gecko; compatible; GPTBot/1.3; +https://openai.com/gptbot)"
74.7.242.14 - - [09/Mar/2026:16:57:22 +0000] "GET /shop/friendlessness/bijuga012929476764.html HTTP/1.1" 404 52016 "https://hvmbertogarza.com/wp-sitemap.xml" "Mozilla/5.0 AppleWebKit/537.36 (KHTML, like Gecko; compatible; GPTBot/1.3; +https://openai.com/gptbot)"
74.7.242.14 - - [09/Mar/2026:16:57:26 +0000] "GET /shop/inconcocted/archbutler01527738614.html HTTP/1.1" 404 57528 "https://hvmbertogarza.com/wp-sitemap.xml" "Mozilla/5.0 AppleWebKit/537.36 (KHTML, like Gecko; compatible; GPTBot/1.3; +https://openai.com/gptbot)"
74.7.242.14 - - [09/Mar/2026:16:57:30 +0000] "GET /shop/astrachan/tellelamarna013318883158.html HTTP/1.1" 404 91978 "https://hvmbertogarza.com/wp-sitemap.xml" "Mozilla/5.0 AppleWebKit/537.36 (KHTML, like Gecko; compatible; GPTBot/1.3; +https://openai.com/gptbot)"
74.7.242.14 - - [09/Mar/2026:16:57:34 +0000] "GET /shop/oriel/smelt011959742342.html HTTP/1.1" 404 57528 "https://hvmbertogarza.com/wp-sitemap.xml" "Mozilla/5.0 AppleWebKit/537.36 (KHTML, like Gecko; compatible; GPTBot/1.3; +https://openai.com/gptbot)"
74.7.242.14 - - [09/Mar/2026:16:57:37 +0000] "GET /shop/patty/pilaris011179856324.html HTTP/1.1" 404 57528 "https://hvmbertogarza.com/wp-sitemap.xml" "Mozilla/5.0 AppleWebKit/537.36 (KHTML, like Gecko; compatible; GPTBot/1.3; +https://openai.com/gptbot)"
74.7.242.14 - - [09/Mar/2026:16:57:41 +0000] "GET /shop/acrobatically/diseasing011620607149.html HTTP/1.1" 404 57528 "https://hvmbertogarza.com/wp-sitemap.xml" "Mozilla/5.0 AppleWebKit/537.36 (KHTML, like Gecko; compatible; GPTBot/1.3; +https://openai.com/gptbot)"
74.7.242.14 - - [09/Mar/2026:16:57:44 +0000] "GET /shop/desolatory/phyllocyanine011895828364.html HTTP/1.1" 404 57528 "https://hvmbertogarza.com/wp-sitemap.xml" "Mozilla/5.0 AppleWebKit/537.36 (KHTML, like Gecko; compatible; GPTBot/1.3; +https://openai.com/gptbot)"
74.7.242.14 - - [09/Mar/2026:16:57:47 +0000] "GET /shop/dictaphone/liguliflorous011696286424.html HTTP/1.1" 404 136074 "https://hvmbertogarza.com/wp-sitemap.xml" "Mozilla/5.0 AppleWebKit/537.36 (KHTML, like Gecko; compatible; GPTBot/1.3; +https://openai.com/gptbot)"
74.208.176.140 - - [09/Mar/2026:16:57:53 +0000] "POST /wp-cron.php?doing_wp_cron=1773075473.3744709491729736328125 HTTP/1.1" 200 4101 "-" "WordPress/6.9.1; https://hvmbertogarza.com"
74.7.242.14 - - [09/Mar/2026:16:57:50 +0000] "GET /shop/angiography/shroudlaid012736884106.html HTTP/1.1" 404 57528 "https://hvmbertogarza.com/wp-sitemap.xml" "Mozilla/5.0 AppleWebKit/537.36 (KHTML, like Gecko; compatible; GPTBot/1.3; +https://openai.com/gptbot)"
74.7.242.14 - - [09/Mar/2026:16:57:53 +0000] "GET /shop/pentagonally/lightsensitive014067304615.html HTTP/1.1" 404 103325 "https://hvmbertogarza.com/wp-sitemap.xml" "Mozilla/5.0 AppleWebKit/537.36 (KHTML, like Gecko; compatible; GPTBot/1.3; +https://openai.com/gptbot)"
51.94.149.37 - - [09/Mar/2026:16:57:58 +0000] "POST /xmlrpc.php HTTP/1.1" 200 9549 "-" "Mozilla/5.0 (Windows NT 6.1) AppleWebKit/537.36 (KHTML, like Gecko) Chrome/49.0.2623.112 Safari/537.36"
74.7.242.14 - - [09/Mar/2026:16:57:57 +0000] "GET /shop/mesencephalic/unchasteness012495345976.html HTTP/1.1" 404 57528 "https://hvmbertogarza.com/wp-sitemap.xml" "Mozilla/5.0 AppleWebKit/537.36 (KHTML, like Gecko; compatible; GPTBot/1.3; +https://openai.com/gptbot)"
74.7.242.14 - - [09/Mar/2026:16:58:00 +0000] "GET /shop/cochleary/attentiongetting012270485720.html HTTP/1.1" 404 57528 "https://hvmbertogarza.com/wp-sitemap.xml" "Mozilla/5.0 AppleWebKit/537.36 (KHTML, like Gecko; compatible; GPTBot/1.3; +https://openai.com/gptbot)"
74.7.242.14 - - [09/Mar/2026:16:58:04 +0000] "GET /shop/substitutional/plagiochila012295576825.html HTTP/1.1" 404 137452 "https://hvmbertogarza.com/wp-sitemap.xml" "Mozilla/5.0 AppleWebKit/537.36 (KHTML, like Gecko; compatible; GPTBot/1.3; +https://openai.com/gptbot)"
74.7.242.14 - - [09/Mar/2026:16:58:08 +0000] "GET /shop/alcoholate/cylindrostachya011307927839.html HTTP/1.1" 404 52016 "https://hvmbertogarza.com/wp-sitemap.xml" "Mozilla/5.0 AppleWebKit/537.36 (KHTML, like Gecko; compatible; GPTBot/1.3; +https://openai.com/gptbot)"
74.208.176.140 - - [09/Mar/2026:16:58:14 +0000] "POST /wp-cron.php?doing_wp_cron=1773075494.0333919525146484375000 HTTP/1.1" 200 4101 "-" "WordPress/6.9.1; https://hvmbertogarza.com"
51.94.149.37 - - [09/Mar/2026:16:58:11 +0000] "POST /xmlrpc.php HTTP/1.1" 200 4136 "-" "Mozilla/5.0 (Windows NT 6.1) AppleWebKit/537.36 (KHTML, like Gecko) Chrome/49.0.2623.112 Safari/537.36"
74.7.242.14 - - [09/Mar/2026:16:58:11 +0000] "GET /shop/unsoldiered/offlicence013976662087.html HTTP/1.1" 404 52016 "https://hvmbertogarza.com/wp-sitemap.xml" "Mozilla/5.0 AppleWebKit/537.36 (KHTML, like Gecko; compatible; GPTBot/1.3; +https://openai.com/gptbot)"
198.244.183.114 - - [09/Mar/2026:16:58:15 +0000] "GET /producto/megaprint-monterrey-metal-fest-2022/ HTTP/1.1" 200 46631 "-" "Mozilla/5.0 (compatible; AhrefsBot/7.0; +http://ahrefs.com/robot/)"
74.7.242.14 - - [09/Mar/2026:16:58:15 +0000] "GET /shop/cruciation/forester0117365752.html HTTP/1.1" 404 52016 "https://hvmbertogarza.com/wp-sitemap.xml" "Mozilla/5.0 AppleWebKit/537.36 (KHTML, like Gecko; compatible; GPTBot/1.3; +https://openai.com/gptbot)"
74.208.176.140 - - [09/Mar/2026:16:58:23 +0000] "POST /wp-cron.php?doing_wp_cron=1773075503.4088699817657470703125 HTTP/1.1" 200 4101 "-" "WordPress/6.9.1; https://hvmbertogarza.com"
74.7.242.14 - - [09/Mar/2026:16:58:20 +0000] "GET /shop/ellwand/germination011175104029.html HTTP/1.1" 404 57528 "https://hvmbertogarza.com/wp-sitemap.xml" "Mozilla/5.0 AppleWebKit/537.36 (KHTML, like Gecko; compatible; GPTBot/1.3; +https://openai.com/gptbot)"
51.94.149.37 - - [09/Mar/2026:16:58:23 +0000] "POST /xmlrpc.php HTTP/1.1" 200 17691 "-" "Mozilla/5.0 (Windows NT 6.1) AppleWebKit/537.36 (KHTML, like Gecko) Chrome/49.0.2623.112 Safari/537.36"
74.7.242.14 - - [09/Mar/2026:16:58:23 +0000] "GET /shop/elaidin/ludicrously011036992221.html HTTP/1.1" 404 129184 "https://hvmbertogarza.com/wp-sitemap.xml" "Mozilla/5.0 AppleWebKit/537.36 (KHTML, like Gecko; compatible; GPTBot/1.3; +https://openai.com/gptbot)"
74.7.242.14 - - [09/Mar/2026:16:58:27 +0000] "GET /shop/adminicular/misintend011164761945.html HTTP/1.1" 404 57528 "https://hvmbertogarza.com/wp-sitemap.xml" "Mozilla/5.0 AppleWebKit/537.36 (KHTML, like Gecko; compatible; GPTBot/1.3; +https://openai.com/gptbot)"
74.7.242.14 - - [09/Mar/2026:16:58:30 +0000] "GET /shop/coercively/plumosite013335026129.html HTTP/1.1" 404 57528 "https://hvmbertogarza.com/wp-sitemap.xml" "Mozilla/5.0 AppleWebKit/537.36 (KHTML, like Gecko; compatible; GPTBot/1.3; +https://openai.com/gptbot)"
74.7.242.14 - - [09/Mar/2026:16:58:34 +0000] "GET /shop/craniota/deontology013516000884.html HTTP/1.1" 404 57528 "https://hvmbertogarza.com/wp-sitemap.xml" "Mozilla/5.0 AppleWebKit/537.36 (KHTML, like Gecko; compatible; GPTBot/1.3; +https://openai.com/gptbot)"
74.7.242.14 - - [09/Mar/2026:16:58:37 +0000] "GET /shop/confessionist/salutariness012198183134.html HTTP/1.1" 404 57528 "https://hvmbertogarza.com/wp-sitemap.xml" "Mozilla/5.0 AppleWebKit/537.36 (KHTML, like Gecko; compatible; GPTBot/1.3; +https://openai.com/gptbot)"
74.208.176.140 - - [09/Mar/2026:16:58:44 +0000] "POST /wp-cron.php?doing_wp_cron=1773075524.1442680358886718750000 HTTP/1.1" 200 4101 "-" "WordPress/6.9.1; https://hvmbertogarza.com"
74.7.242.14 - - [09/Mar/2026:16:58:41 +0000] "GET /shop/gravid/benignantly012178499967.html HTTP/1.1" 404 141586 "https://hvmbertogarza.com/wp-sitemap.xml" "Mozilla/5.0 AppleWebKit/537.36 (KHTML, like Gecko; compatible; GPTBot/1.3; +https://openai.com/gptbot)"
74.7.242.14 - - [09/Mar/2026:16:58:44 +0000] "GET /shop/destrer/investment013804801188.html HTTP/1.1" 404 122294 "https://hvmbertogarza.com/wp-sitemap.xml" "Mozilla/5.0 AppleWebKit/537.36 (KHTML, like Gecko; compatible; GPTBot/1.3; +https://openai.com/gptbot)"
57.141.4.41 - - [09/Mar/2026:16:58:47 +0000] "GET /1582-2/ HTTP/1.1" 200 207158 "-" "meta-externalagent/1.1 (+https://developers.facebook.com/docs/sharing/webmasters/crawler)"
74.208.176.140 - - [09/Mar/2026:16:58:51 +0000] "POST /wp-cron.php?doing_wp_cron=1773075531.1595389842987060546875 HTTP/1.1" 200 4101 "-" "WordPress/6.9.1; https://hvmbertogarza.com"
74.7.242.14 - - [09/Mar/2026:16:58:47 +0000] "GET /shop/smockless/vizierial01649101101.html HTTP/1.1" 404 141586 "https://hvmbertogarza.com/wp-sitemap.xml" "Mozilla/5.0 AppleWebKit/537.36 (KHTML, like Gecko; compatible; GPTBot/1.3; +https://openai.com/gptbot)"
74.7.242.14 - - [09/Mar/2026:16:58:51 +0000] "GET /shop/maritimal/comitial013438220707.html HTTP/1.1" 404 132045 "https://hvmbertogarza.com/wp-sitemap.xml" "Mozilla/5.0 AppleWebKit/537.36 (KHTML, like Gecko; compatible; GPTBot/1.3; +https://openai.com/gptbot)"
74.7.242.14 - - [09/Mar/2026:16:58:54 +0000] "GET /shop/bubbler/arcadia01289210278.html HTTP/1.1" 404 52016 "https://hvmbertogarza.com/wp-sitemap.xml" "Mozilla/5.0 AppleWebKit/537.36 (KHTML, like Gecko; compatible; GPTBot/1.3; +https://openai.com/gptbot)"
74.208.176.140 - - [09/Mar/2026:16:59:00 +0000] "POST /wp-cron.php?doing_wp_cron=1773075540.7176189422607421875000 HTTP/1.1" 200 4101 "-" "WordPress/6.9.1; https://hvmbertogarza.com"
74.7.242.14 - - [09/Mar/2026:16:58:57 +0000] "GET /shop/reduct/atlantes01166332517.html HTTP/1.1" 404 52016 "https://hvmbertogarza.com/wp-sitemap.xml" "Mozilla/5.0 AppleWebKit/537.36 (KHTML, like Gecko; compatible; GPTBot/1.3; +https://openai.com/gptbot)"
74.7.242.14 - - [09/Mar/2026:16:59:01 +0000] "GET /shop/heckling/cerote01941188336.html HTTP/1.1" 404 57528 "https://hvmbertogarza.com/wp-sitemap.xml" "Mozilla/5.0 AppleWebKit/537.36 (KHTML, like Gecko; compatible; GPTBot/1.3; +https://openai.com/gptbot)"
74.7.242.14 - - [09/Mar/2026:16:59:05 +0000] "GET /shop/weddahs/envolup01354336371.html HTTP/1.1" 404 52016 "https://hvmbertogarza.com/wp-sitemap.xml" "Mozilla/5.0 AppleWebKit/537.36 (KHTML, like Gecko; compatible; GPTBot/1.3; +https://openai.com/gptbot)"
57.141.4.2 - - [09/Mar/2026:16:59:07 +0000] "GET /methode-pyramidale-roulette/ HTTP/1.1" 200 208549 "-" "meta-externalagent/1.1 (+https://developers.facebook.com/docs/sharing/webmasters/crawler)"
74.7.242.14 - - [09/Mar/2026:16:59:08 +0000] "GET /shop/bitchy/sandpiper0118577867.html HTTP/1.1" 404 57528 "https://hvmbertogarza.com/wp-sitemap.xml" "Mozilla/5.0 AppleWebKit/537.36 (KHTML, like Gecko; compatible; GPTBot/1.3; +https://openai.com/gptbot)"
74.7.242.14 - - [09/Mar/2026:16:59:12 +0000] "GET /shop/erignathus/lozengemolding01986960507.html HTTP/1.1" 404 52016 "https://hvmbertogarza.com/wp-sitemap.xml" "Mozilla/5.0 AppleWebKit/537.36 (KHTML, like Gecko; compatible; GPTBot/1.3; +https://openai.com/gptbot)"
74.7.242.14 - - [09/Mar/2026:16:59:16 +0000] "GET /shop/refractor/nonparticulate01574633893.html HTTP/1.1" 404 57528 "https://hvmbertogarza.com/wp-sitemap.xml" "Mozilla/5.0 AppleWebKit/537.36 (KHTML, like Gecko; compatible; GPTBot/1.3; +https://openai.com/gptbot)"
74.208.176.140 - - [09/Mar/2026:16:59:24 +0000] "POST /wp-cron.php?doing_wp_cron=1773075564.2757890224456787109375 HTTP/1.1" 200 4101 "-" "WordPress/6.9.1; https://hvmbertogarza.com"
74.7.242.14 - - [09/Mar/2026:16:59:19 +0000] "GET /shop/sequestering/xylographus01539318835.html HTTP/1.1" 404 133318 "https://hvmbertogarza.com/wp-sitemap.xml" "Mozilla/5.0 AppleWebKit/537.36 (KHTML, like Gecko; compatible; GPTBot/1.3; +https://openai.com/gptbot)"
74.7.242.14 - - [09/Mar/2026:16:59:24 +0000] "GET /shop/toxicologically/impresses01819522674.html HTTP/1.1" 404 57528 "https://hvmbertogarza.com/wp-sitemap.xml" "Mozilla/5.0 AppleWebKit/537.36 (KHTML, like Gecko; compatible; GPTBot/1.3; +https://openai.com/gptbot)"
74.7.242.14 - - [09/Mar/2026:16:59:27 +0000] "GET /shop/nonappearance/pigwidgeon01843794613.html HTTP/1.1" 404 57528 "https://hvmbertogarza.com/wp-sitemap.xml" "Mozilla/5.0 AppleWebKit/537.36 (KHTML, like Gecko; compatible; GPTBot/1.3; +https://openai.com/gptbot)"
74.7.242.14 - - [09/Mar/2026:16:59:30 +0000] "GET /shop/comprehensive/twohand012138945488.html HTTP/1.1" 404 57528 "https://hvmbertogarza.com/wp-sitemap.xml" "Mozilla/5.0 AppleWebKit/537.36 (KHTML, like Gecko; compatible; GPTBot/1.3; +https://openai.com/gptbot)"
74.7.242.14 - - [09/Mar/2026:16:59:34 +0000] "GET /shop/discoursing/austerity011591066924.html HTTP/1.1" 404 128123 "https://hvmbertogarza.com/wp-sitemap.xml" "Mozilla/5.0 AppleWebKit/537.36 (KHTML, like Gecko; compatible; GPTBot/1.3; +https://openai.com/gptbot)"
74.7.242.14 - - [09/Mar/2026:16:59:37 +0000] "GET /shop/bandleader/fouroclock011790469180.html HTTP/1.1" 404 52016 "https://hvmbertogarza.com/wp-sitemap.xml" "Mozilla/5.0 AppleWebKit/537.36 (KHTML, like Gecko; compatible; GPTBot/1.3; +https://openai.com/gptbot)"
74.7.242.14 - - [09/Mar/2026:16:59:40 +0000] "GET /shop/bestrid/jackoftheclock012377057019.html HTTP/1.1" 404 57528 "https://hvmbertogarza.com/wp-sitemap.xml" "Mozilla/5.0 AppleWebKit/537.36 (KHTML, like Gecko; compatible; GPTBot/1.3; +https://openai.com/gptbot)"
74.7.242.14 - - [09/Mar/2026:16:59:43 +0000] "GET /shop/orcadian/cavalrysword011320694089.html HTTP/1.1" 404 128123 "https://hvmbertogarza.com/wp-sitemap.xml" "Mozilla/5.0 AppleWebKit/537.36 (KHTML, like Gecko; compatible; GPTBot/1.3; +https://openai.com/gptbot)"
74.7.242.14 - - [09/Mar/2026:16:59:46 +0000] "GET /shop/subtraction/disrelish013732076529.html HTTP/1.1" 404 52016 "https://hvmbertogarza.com/wp-sitemap.xml" "Mozilla/5.0 AppleWebKit/537.36 (KHTML, like Gecko; compatible; GPTBot/1.3; +https://openai.com/gptbot)"
74.7.242.14 - - [09/Mar/2026:16:59:50 +0000] "GET /shop/nonadhesive/engulfment011647303286.html HTTP/1.1" 404 57528 "https://hvmbertogarza.com/wp-sitemap.xml" "Mozilla/5.0 AppleWebKit/537.36 (KHTML, like Gecko; compatible; GPTBot/1.3; +https://openai.com/gptbot)"
74.208.176.140 - - [09/Mar/2026:16:59:52 +0000] "POST /wp-cron.php?doing_wp_cron=1773075592.7135059833526611328125 HTTP/1.1" 200 4101 "-" "WordPress/6.9.1; https://hvmbertogarza.com"
74.7.242.14 - - [09/Mar/2026:16:59:53 +0000] "GET /shop/humation/digitalization01895201965.html HTTP/1.1" 404 57528 "https://hvmbertogarza.com/wp-sitemap.xml" "Mozilla/5.0 AppleWebKit/537.36 (KHTML, like Gecko; compatible; GPTBot/1.3; +https://openai.com/gptbot)"
74.7.242.14 - - [09/Mar/2026:16:59:56 +0000] "GET /shop/agalagal/manageably012813775496.html HTTP/1.1" 404 133318 "https://hvmbertogarza.com/wp-sitemap.xml" "Mozilla/5.0 AppleWebKit/537.36 (KHTML, like Gecko; compatible; GPTBot/1.3; +https://openai.com/gptbot)"
74.7.242.14 - - [09/Mar/2026:16:59:59 +0000] "GET /shop/harpins/lathing0122118079.html HTTP/1.1" 404 52016 "https://hvmbertogarza.com/wp-sitemap.xml" "Mozilla/5.0 AppleWebKit/537.36 (KHTML, like Gecko; compatible; GPTBot/1.3; +https://openai.com/gptbot)"
74.7.242.14 - - [09/Mar/2026:17:00:04 +0000] "GET /shop/technographical/surveillant01610245815.html HTTP/1.1" 404 52016 "https://hvmbertogarza.com/wp-sitemap.xml" "Mozilla/5.0 AppleWebKit/537.36 (KHTML, like Gecko; compatible; GPTBot/1.3; +https://openai.com/gptbot)"
74.7.242.14 - - [09/Mar/2026:17:00:09 +0000] "GET /shop/aspergilliform/episcopating01983420279.html HTTP/1.1" 404 57528 "https://hvmbertogarza.com/wp-sitemap.xml" "Mozilla/5.0 AppleWebKit/537.36 (KHTML, like Gecko; compatible; GPTBot/1.3; +https://openai.com/gptbot)"
74.7.242.14 - - [09/Mar/2026:17:00:13 +0000] "GET /shop/ladino/eradiate011196440722.html HTTP/1.1" 404 132045 "https://hvmbertogarza.com/wp-sitemap.xml" "Mozilla/5.0 AppleWebKit/537.36 (KHTML, like Gecko; compatible; GPTBot/1.3; +https://openai.com/gptbot)"
74.7.242.14 - - [09/Mar/2026:17:00:16 +0000] "GET /shop/versute/attitudinarianism013929054587.html HTTP/1.1" 404 57528 "https://hvmbertogarza.com/wp-sitemap.xml" "Mozilla/5.0 AppleWebKit/537.36 (KHTML, like Gecko; compatible; GPTBot/1.3; +https://openai.com/gptbot)"
74.208.176.140 - - [09/Mar/2026:17:00:22 +0000] "POST /wp-cron.php?doing_wp_cron=1773075622.8729369640350341796875 HTTP/1.1" 200 4101 "-" "WordPress/6.9.1; https://hvmbertogarza.com"
74.7.242.14 - - [09/Mar/2026:17:00:19 +0000] "GET /shop/acquisitor/interadditive012893209215.html HTTP/1.1" 404 52016 "https://hvmbertogarza.com/wp-sitemap.xml" "Mozilla/5.0 AppleWebKit/537.36 (KHTML, like Gecko; compatible; GPTBot/1.3; +https://openai.com/gptbot)"
74.7.242.14 - - [09/Mar/2026:17:00:23 +0000] "GET /shop/silicispongiae/spheroid013837296045.html HTTP/1.1" 404 52016 "https://hvmbertogarza.com/wp-sitemap.xml" "Mozilla/5.0 AppleWebKit/537.36 (KHTML, like Gecko; compatible; GPTBot/1.3; +https://openai.com/gptbot)"
74.7.242.14 - - [09/Mar/2026:17:00:27 +0000] "GET /shop/gerenuk/geraniaceous013553480532.html HTTP/1.1" 404 52016 "https://hvmbertogarza.com/wp-sitemap.xml" "Mozilla/5.0 AppleWebKit/537.36 (KHTML, like Gecko; compatible; GPTBot/1.3; +https://openai.com/gptbot)"
74.7.242.14 - - [09/Mar/2026:17:00:31 +0000] "GET /shop/exanimous/amphitropous01625781621.html HTTP/1.1" 404 57528 "https://hvmbertogarza.com/wp-sitemap.xml" "Mozilla/5.0 AppleWebKit/537.36 (KHTML, like Gecko; compatible; GPTBot/1.3; +https://openai.com/gptbot)"
74.7.242.14 - - [09/Mar/2026:17:00:35 +0000] "GET /shop/waterretting/hydromagnesite01518397531.html HTTP/1.1" 404 52016 "https://hvmbertogarza.com/wp-sitemap.xml" "Mozilla/5.0 AppleWebKit/537.36 (KHTML, like Gecko; compatible; GPTBot/1.3; +https://openai.com/gptbot)"
74.7.242.14 - - [09/Mar/2026:17:00:38 +0000] "GET /shop/unsophisticatedness/gabarage01676356796.html HTTP/1.1" 404 57528 "https://hvmbertogarza.com/wp-sitemap.xml" "Mozilla/5.0 AppleWebKit/537.36 (KHTML, like Gecko; compatible; GPTBot/1.3; +https://openai.com/gptbot)"
74.208.176.140 - - [09/Mar/2026:17:00:44 +0000] "POST /wp-cron.php?doing_wp_cron=1773075644.4569349288940429687500 HTTP/1.1" 200 4101 "-" "WordPress/6.9.1; https://hvmbertogarza.com"
74.7.242.14 - - [09/Mar/2026:17:00:41 +0000] "GET /shop/feudatory/entomophthoraceae01327805940.html HTTP/1.1" 404 57528 "https://hvmbertogarza.com/wp-sitemap.xml" "Mozilla/5.0 AppleWebKit/537.36 (KHTML, like Gecko; compatible; GPTBot/1.3; +https://openai.com/gptbot)"
74.7.242.14 - - [09/Mar/2026:17:00:44 +0000] "GET /shop/collop/harmonium01304304673.html HTTP/1.1" 404 141586 "https://hvmbertogarza.com/wp-sitemap.xml" "Mozilla/5.0 AppleWebKit/537.36 (KHTML, like Gecko; compatible; GPTBot/1.3; +https://openai.com/gptbot)"
74.208.176.140 - - [09/Mar/2026:17:00:51 +0000] "POST /wp-cron.php?doing_wp_cron=1773075651.6416189670562744140625 HTTP/1.1" 200 4101 "-" "WordPress/6.9.1; https://hvmbertogarza.com"
74.7.242.14 - - [09/Mar/2026:17:00:48 +0000] "GET /shop/shortsighted/labarraques012011478939.html HTTP/1.1" 404 57528 "https://hvmbertogarza.com/wp-sitemap.xml" "Mozilla/5.0 AppleWebKit/537.36 (KHTML, like Gecko; compatible; GPTBot/1.3; +https://openai.com/gptbot)"
74.7.242.14 - - [09/Mar/2026:17:00:51 +0000] "GET /shop/overknowing/downandout012677107532.html HTTP/1.1" 404 57528 "https://hvmbertogarza.com/wp-sitemap.xml" "Mozilla/5.0 AppleWebKit/537.36 (KHTML, like Gecko; compatible; GPTBot/1.3; +https://openai.com/gptbot)"
74.7.242.14 - - [09/Mar/2026:17:00:55 +0000] "GET /shop/gutturine/sanderswood011984177836.html HTTP/1.1" 404 57528 "https://hvmbertogarza.com/wp-sitemap.xml" "Mozilla/5.0 AppleWebKit/537.36 (KHTML, like Gecko; compatible; GPTBot/1.3; +https://openai.com/gptbot)"
74.7.242.14 - - [09/Mar/2026:17:00:58 +0000] "GET /shop/puggaree/catchcropping011587690235.html HTTP/1.1" 404 127806 "https://hvmbertogarza.com/wp-sitemap.xml" "Mozilla/5.0 AppleWebKit/537.36 (KHTML, like Gecko; compatible; GPTBot/1.3; +https://openai.com/gptbot)"
74.208.176.140 - - [09/Mar/2026:17:01:02 +0000] "POST /wp-cron.php?doing_wp_cron=1773075662.0333740711212158203125 HTTP/1.1" 200 4101 "-" "WordPress/6.9.1; https://hvmbertogarza.com"
74.7.242.14 - - [09/Mar/2026:17:01:02 +0000] "GET /shop/strutting/tabefaction013796672204.html HTTP/1.1" 404 57528 "https://hvmbertogarza.com/wp-sitemap.xml" "Mozilla/5.0 AppleWebKit/537.36 (KHTML, like Gecko; compatible; GPTBot/1.3; +https://openai.com/gptbot)"
74.7.242.14 - - [09/Mar/2026:17:01:06 +0000] "GET /shop/bipinnate/mousecolored012426583602.html HTTP/1.1" 404 128123 "https://hvmbertogarza.com/wp-sitemap.xml" "Mozilla/5.0 AppleWebKit/537.36 (KHTML, like Gecko; compatible; GPTBot/1.3; +https://openai.com/gptbot)"
74.7.242.14 - - [09/Mar/2026:17:01:10 +0000] "GET /shop/lycopodia/superlative011227496237.html HTTP/1.1" 404 141586 "https://hvmbertogarza.com/wp-sitemap.xml" "Mozilla/5.0 AppleWebKit/537.36 (KHTML, like Gecko; compatible; GPTBot/1.3; +https://openai.com/gptbot)"
74.7.242.14 - - [09/Mar/2026:17:01:13 +0000] "GET /shop/excrementize/volcanian011547718935.html HTTP/1.1" 404 57528 "https://hvmbertogarza.com/wp-sitemap.xml" "Mozilla/5.0 AppleWebKit/537.36 (KHTML, like Gecko; compatible; GPTBot/1.3; +https://openai.com/gptbot)"
74.7.242.14 - - [09/Mar/2026:17:01:16 +0000] "GET /shop/mustard/unintelligence012389986792.html HTTP/1.1" 404 141586 "https://hvmbertogarza.com/wp-sitemap.xml" "Mozilla/5.0 AppleWebKit/537.36 (KHTML, like Gecko; compatible; GPTBot/1.3; +https://openai.com/gptbot)"
74.208.176.140 - - [09/Mar/2026:17:01:22 +0000] "POST /wp-cron.php?doing_wp_cron=1773075682.9534080028533935546875 HTTP/1.1" 200 4101 "-" "WordPress/6.9.1; https://hvmbertogarza.com"
74.7.242.14 - - [09/Mar/2026:17:01:20 +0000] "GET /shop/unilocular/preaudience012961484770.html HTTP/1.1" 404 57528 "https://hvmbertogarza.com/wp-sitemap.xml" "Mozilla/5.0 AppleWebKit/537.36 (KHTML, like Gecko; compatible; GPTBot/1.3; +https://openai.com/gptbot)"
74.7.242.14 - - [09/Mar/2026:17:01:23 +0000] "GET /shop/anenterous/unequivocal011230872926.html HTTP/1.1" 404 57528 "https://hvmbertogarza.com/wp-sitemap.xml" "Mozilla/5.0 AppleWebKit/537.36 (KHTML, like Gecko; compatible; GPTBot/1.3; +https://openai.com/gptbot)"
74.7.242.14 - - [09/Mar/2026:17:01:26 +0000] "GET /shop/crisscrossrow/sensuousness01282033769.html HTTP/1.1" 404 131940 "https://hvmbertogarza.com/wp-sitemap.xml" "Mozilla/5.0 AppleWebKit/537.36 (KHTML, like Gecko; compatible; GPTBot/1.3; +https://openai.com/gptbot)"
74.7.242.14 - - [09/Mar/2026:17:01:30 +0000] "GET /shop/indenting/melolonthidian01521774220.html HTTP/1.1" 404 57528 "https://hvmbertogarza.com/wp-sitemap.xml" "Mozilla/5.0 AppleWebKit/537.36 (KHTML, like Gecko; compatible; GPTBot/1.3; +https://openai.com/gptbot)"
74.7.242.14 - - [09/Mar/2026:17:01:33 +0000] "GET /shop/preresolve/nonexploratory01446094929.html HTTP/1.1" 404 57528 "https://hvmbertogarza.com/wp-sitemap.xml" "Mozilla/5.0 AppleWebKit/537.36 (KHTML, like Gecko; compatible; GPTBot/1.3; +https://openai.com/gptbot)"
74.7.242.14 - - [09/Mar/2026:17:01:36 +0000] "GET /shop/grane/proproctor01165120434.html HTTP/1.1" 404 52016 "https://hvmbertogarza.com/wp-sitemap.xml" "Mozilla/5.0 AppleWebKit/537.36 (KHTML, like Gecko; compatible; GPTBot/1.3; +https://openai.com/gptbot)"
74.7.242.14 - - [09/Mar/2026:17:01:39 +0000] "GET /shop/pungently/heliangelos0139473133.html HTTP/1.1" 404 141586 "https://hvmbertogarza.com/wp-sitemap.xml" "Mozilla/5.0 AppleWebKit/537.36 (KHTML, like Gecko; compatible; GPTBot/1.3; +https://openai.com/gptbot)"
74.7.242.14 - - [09/Mar/2026:17:01:43 +0000] "GET /shop/fraulein/semivowel011128890431.html HTTP/1.1" 404 52016 "https://hvmbertogarza.com/wp-sitemap.xml" "Mozilla/5.0 AppleWebKit/537.36 (KHTML, like Gecko; compatible; GPTBot/1.3; +https://openai.com/gptbot)"
74.7.242.14 - - [09/Mar/2026:17:01:46 +0000] "GET /shop/debarb/instability011125513742.html HTTP/1.1" 404 57528 "https://hvmbertogarza.com/wp-sitemap.xml" "Mozilla/5.0 AppleWebKit/537.36 (KHTML, like Gecko; compatible; GPTBot/1.3; +https://openai.com/gptbot)"
74.7.242.14 - - [09/Mar/2026:17:01:49 +0000] "GET /shop/dumpier/concurrent011690485553.html HTTP/1.1" 404 57528 "https://hvmbertogarza.com/wp-sitemap.xml" "Mozilla/5.0 AppleWebKit/537.36 (KHTML, like Gecko; compatible; GPTBot/1.3; +https://openai.com/gptbot)"
74.208.176.140 - - [09/Mar/2026:17:01:52 +0000] "POST /wp-cron.php?doing_wp_cron=1773075712.2219619750976562500000 HTTP/1.1" 200 4101 "-" "WordPress/6.9.1; https://hvmbertogarza.com"
74.7.242.14 - - [09/Mar/2026:17:01:52 +0000] "GET /shop/accessory/pensived013339614901.html HTTP/1.1" 404 57528 "https://hvmbertogarza.com/wp-sitemap.xml" "Mozilla/5.0 AppleWebKit/537.36 (KHTML, like Gecko; compatible; GPTBot/1.3; +https://openai.com/gptbot)"
74.7.242.14 - - [09/Mar/2026:17:01:56 +0000] "GET /shop/circumstant/iodide011134854825.html HTTP/1.1" 404 52016 "https://hvmbertogarza.com/wp-sitemap.xml" "Mozilla/5.0 AppleWebKit/537.36 (KHTML, like Gecko; compatible; GPTBot/1.3; +https://openai.com/gptbot)"
74.7.242.14 - - [09/Mar/2026:17:01:59 +0000] "GET /shop/subularia/vauntful013299970663.html HTTP/1.1" 404 52016 "https://hvmbertogarza.com/wp-sitemap.xml" "Mozilla/5.0 AppleWebKit/537.36 (KHTML, like Gecko; compatible; GPTBot/1.3; +https://openai.com/gptbot)"
