201.141.98.42 - - [09/Mar/2026:06:48:45 +0000] "GET /wp-content/plugins/elementor/assets/js/section-frontend-handlers.d85ab872da118940910d.bundle.min.js HTTP/1.1" 200 648 "https://hvmbertogarza.com/?utm_source=ig&utm_medium=social&utm_content=link_in_bio&fbclid=PAZXh0bgNhZW0CMTEAc3J0YwZhcHBfaWQPNTY3MDY3MzQzMzUyNDI3AAGnuIVS55i0ZW024VLHMBNsWjavvd0fgo8BvbQb1EN1CqeMsyh93MYgG6xKGTw_aem_MceQIxbq-1qTQ5hMEP5POQ" "Mozilla/5.0 (Linux; Android 16; SM-S928B Build/BP2A.250605.031.A3; wv) AppleWebKit/537.36 (KHTML, like Gecko) Version/4.0 Chrome/145.0.7632.154 Mobile Safari/537.36 Instagram 419.0.0.49.71 Android (36/16; 600dpi; 1440x3120; samsung; SM-S928B; e3q; qcom; es_US; 896334238; IABMV/1)"
201.141.98.42 - - [09/Mar/2026:06:48:45 +0000] "GET /wp-content/plugins/elementor/assets/js/shared-frontend-handlers.03caa53373b56d3bab67.bundle.min.js HTTP/1.1" 200 3069 "https://hvmbertogarza.com/?utm_source=ig&utm_medium=social&utm_content=link_in_bio&fbclid=PAZXh0bgNhZW0CMTEAc3J0YwZhcHBfaWQPNTY3MDY3MzQzMzUyNDI3AAGnuIVS55i0ZW024VLHMBNsWjavvd0fgo8BvbQb1EN1CqeMsyh93MYgG6xKGTw_aem_MceQIxbq-1qTQ5hMEP5POQ" "Mozilla/5.0 (Linux; Android 16; SM-S928B Build/BP2A.250605.031.A3; wv) AppleWebKit/537.36 (KHTML, like Gecko) Version/4.0 Chrome/145.0.7632.154 Mobile Safari/537.36 Instagram 419.0.0.49.71 Android (36/16; 600dpi; 1440x3120; samsung; SM-S928B; e3q; qcom; es_US; 896334238; IABMV/1)"
201.141.98.42 - - [09/Mar/2026:06:48:45 +0000] "GET /wp-content/plugins/elementor/assets/js/text-editor.45609661e409413f1cef.bundle.min.js HTTP/1.1" 200 1027 "https://hvmbertogarza.com/?utm_source=ig&utm_medium=social&utm_content=link_in_bio&fbclid=PAZXh0bgNhZW0CMTEAc3J0YwZhcHBfaWQPNTY3MDY3MzQzMzUyNDI3AAGnuIVS55i0ZW024VLHMBNsWjavvd0fgo8BvbQb1EN1CqeMsyh93MYgG6xKGTw_aem_MceQIxbq-1qTQ5hMEP5POQ" "Mozilla/5.0 (Linux; Android 16; SM-S928B Build/BP2A.250605.031.A3; wv) AppleWebKit/537.36 (KHTML, like Gecko) Version/4.0 Chrome/145.0.7632.154 Mobile Safari/537.36 Instagram 419.0.0.49.71 Android (36/16; 600dpi; 1440x3120; samsung; SM-S928B; e3q; qcom; es_US; 896334238; IABMV/1)"
201.141.98.42 - - [09/Mar/2026:06:48:45 +0000] "GET /wp-content/plugins/pro-elements/assets/js/nav-menu.8521a0597c50611efdc6.bundle.min.js HTTP/1.1" 200 2297 "https://hvmbertogarza.com/?utm_source=ig&utm_medium=social&utm_content=link_in_bio&fbclid=PAZXh0bgNhZW0CMTEAc3J0YwZhcHBfaWQPNTY3MDY3MzQzMzUyNDI3AAGnuIVS55i0ZW024VLHMBNsWjavvd0fgo8BvbQb1EN1CqeMsyh93MYgG6xKGTw_aem_MceQIxbq-1qTQ5hMEP5POQ" "Mozilla/5.0 (Linux; Android 16; SM-S928B Build/BP2A.250605.031.A3; wv) AppleWebKit/537.36 (KHTML, like Gecko) Version/4.0 Chrome/145.0.7632.154 Mobile Safari/537.36 Instagram 419.0.0.49.71 Android (36/16; 600dpi; 1440x3120; samsung; SM-S928B; e3q; qcom; es_US; 896334238; IABMV/1)"
201.141.98.42 - - [09/Mar/2026:06:48:45 +0000] "GET /wp-content/plugins/pro-elements/assets/js/woocommerce-menu-cart.54f2e75f6769dce707e2.bundle.min.js HTTP/1.1" 200 1937 "https://hvmbertogarza.com/?utm_source=ig&utm_medium=social&utm_content=link_in_bio&fbclid=PAZXh0bgNhZW0CMTEAc3J0YwZhcHBfaWQPNTY3MDY3MzQzMzUyNDI3AAGnuIVS55i0ZW024VLHMBNsWjavvd0fgo8BvbQb1EN1CqeMsyh93MYgG6xKGTw_aem_MceQIxbq-1qTQ5hMEP5POQ" "Mozilla/5.0 (Linux; Android 16; SM-S928B Build/BP2A.250605.031.A3; wv) AppleWebKit/537.36 (KHTML, like Gecko) Version/4.0 Chrome/145.0.7632.154 Mobile Safari/537.36 Instagram 419.0.0.49.71 Android (36/16; 600dpi; 1440x3120; samsung; SM-S928B; e3q; qcom; es_US; 896334238; IABMV/1)"
201.141.98.42 - - [09/Mar/2026:06:48:45 +0000] "GET /wp-content/plugins/pro-elements/assets/js/slides.c0029640cbdb48199471.bundle.min.js HTTP/1.1" 200 1850 "https://hvmbertogarza.com/?utm_source=ig&utm_medium=social&utm_content=link_in_bio&fbclid=PAZXh0bgNhZW0CMTEAc3J0YwZhcHBfaWQPNTY3MDY3MzQzMzUyNDI3AAGnuIVS55i0ZW024VLHMBNsWjavvd0fgo8BvbQb1EN1CqeMsyh93MYgG6xKGTw_aem_MceQIxbq-1qTQ5hMEP5POQ" "Mozilla/5.0 (Linux; Android 16; SM-S928B Build/BP2A.250605.031.A3; wv) AppleWebKit/537.36 (KHTML, like Gecko) Version/4.0 Chrome/145.0.7632.154 Mobile Safari/537.36 Instagram 419.0.0.49.71 Android (36/16; 600dpi; 1440x3120; samsung; SM-S928B; e3q; qcom; es_US; 896334238; IABMV/1)"
201.141.98.42 - - [09/Mar/2026:06:48:45 +0000] "GET /wp-content/plugins/pro-elements/assets/js/form.71055747203b48a65a24.bundle.min.js HTTP/1.1" 200 5616 "https://hvmbertogarza.com/?utm_source=ig&utm_medium=social&utm_content=link_in_bio&fbclid=PAZXh0bgNhZW0CMTEAc3J0YwZhcHBfaWQPNTY3MDY3MzQzMzUyNDI3AAGnuIVS55i0ZW024VLHMBNsWjavvd0fgo8BvbQb1EN1CqeMsyh93MYgG6xKGTw_aem_MceQIxbq-1qTQ5hMEP5POQ" "Mozilla/5.0 (Linux; Android 16; SM-S928B Build/BP2A.250605.031.A3; wv) AppleWebKit/537.36 (KHTML, like Gecko) Version/4.0 Chrome/145.0.7632.154 Mobile Safari/537.36 Instagram 419.0.0.49.71 Android (36/16; 600dpi; 1440x3120; samsung; SM-S928B; e3q; qcom; es_US; 896334238; IABMV/1)"
201.141.98.42 - - [09/Mar/2026:06:48:45 +0000] "GET /wp-content/plugins/pro-elements/assets/js/popup.f7b15b2ca565b152bf98.bundle.min.js HTTP/1.1" 200 826 "https://hvmbertogarza.com/?utm_source=ig&utm_medium=social&utm_content=link_in_bio&fbclid=PAZXh0bgNhZW0CMTEAc3J0YwZhcHBfaWQPNTY3MDY3MzQzMzUyNDI3AAGnuIVS55i0ZW024VLHMBNsWjavvd0fgo8BvbQb1EN1CqeMsyh93MYgG6xKGTw_aem_MceQIxbq-1qTQ5hMEP5POQ" "Mozilla/5.0 (Linux; Android 16; SM-S928B Build/BP2A.250605.031.A3; wv) AppleWebKit/537.36 (KHTML, like Gecko) Version/4.0 Chrome/145.0.7632.154 Mobile Safari/537.36 Instagram 419.0.0.49.71 Android (36/16; 600dpi; 1440x3120; samsung; SM-S928B; e3q; qcom; es_US; 896334238; IABMV/1)"
201.141.98.42 - - [09/Mar/2026:06:48:45 +0000] "GET /wp-includes/js/wp-emoji-release.min.js?ver=6.9.1 HTTP/1.1" 200 5800 "https://hvmbertogarza.com/?utm_source=ig&utm_medium=social&utm_content=link_in_bio&fbclid=PAZXh0bgNhZW0CMTEAc3J0YwZhcHBfaWQPNTY3MDY3MzQzMzUyNDI3AAGnuIVS55i0ZW024VLHMBNsWjavvd0fgo8BvbQb1EN1CqeMsyh93MYgG6xKGTw_aem_MceQIxbq-1qTQ5hMEP5POQ" "Mozilla/5.0 (Linux; Android 16; SM-S928B Build/BP2A.250605.031.A3; wv) AppleWebKit/537.36 (KHTML, like Gecko) Version/4.0 Chrome/145.0.7632.154 Mobile Safari/537.36 Instagram 419.0.0.49.71 Android (36/16; 600dpi; 1440x3120; samsung; SM-S928B; e3q; qcom; es_US; 896334238; IABMV/1)"
201.141.98.42 - - [09/Mar/2026:06:48:42 +0000] "GET /wp-content/uploads/2024/02/librorender3.jpg HTTP/1.1" 200 4934042 "https://hvmbertogarza.com/?utm_source=ig&utm_medium=social&utm_content=link_in_bio&fbclid=PAZXh0bgNhZW0CMTEAc3J0YwZhcHBfaWQPNTY3MDY3MzQzMzUyNDI3AAGnuIVS55i0ZW024VLHMBNsWjavvd0fgo8BvbQb1EN1CqeMsyh93MYgG6xKGTw_aem_MceQIxbq-1qTQ5hMEP5POQ" "Mozilla/5.0 (Linux; Android 16; SM-S928B Build/BP2A.250605.031.A3; wv) AppleWebKit/537.36 (KHTML, like Gecko) Version/4.0 Chrome/145.0.7632.154 Mobile Safari/537.36 Instagram 419.0.0.49.71 Android (36/16; 600dpi; 1440x3120; samsung; SM-S928B; e3q; qcom; es_US; 896334238; IABMV/1)"
201.141.98.42 - - [09/Mar/2026:06:48:46 +0000] "GET /wp-content/uploads/2024/02/Favicon-Hvmberto-Garza-512x512-1-300x300.jpg HTTP/1.1" 200 682528 "https://hvmbertogarza.com/?utm_source=ig&utm_medium=social&utm_content=link_in_bio&fbclid=PAZXh0bgNhZW0CMTEAc3J0YwZhcHBfaWQPNTY3MDY3MzQzMzUyNDI3AAGnuIVS55i0ZW024VLHMBNsWjavvd0fgo8BvbQb1EN1CqeMsyh93MYgG6xKGTw_aem_MceQIxbq-1qTQ5hMEP5POQ" "Mozilla/5.0 (Linux; Android 16; SM-S928B Build/BP2A.250605.031.A3; wv) AppleWebKit/537.36 (KHTML, like Gecko) Version/4.0 Chrome/145.0.7632.154 Mobile Safari/537.36 Instagram 419.0.0.49.71 Android (36/16; 600dpi; 1440x3120; samsung; SM-S928B; e3q; qcom; es_US; 896334238; IABMV/1)"
201.141.98.42 - - [09/Mar/2026:06:48:46 +0000] "GET /wp-content/uploads/2024/02/Favicon-Hvmberto-Garza-512x512-1-100x100.jpg HTTP/1.1" 200 671125 "https://hvmbertogarza.com/?utm_source=ig&utm_medium=social&utm_content=link_in_bio&fbclid=PAZXh0bgNhZW0CMTEAc3J0YwZhcHBfaWQPNTY3MDY3MzQzMzUyNDI3AAGnuIVS55i0ZW024VLHMBNsWjavvd0fgo8BvbQb1EN1CqeMsyh93MYgG6xKGTw_aem_MceQIxbq-1qTQ5hMEP5POQ" "Mozilla/5.0 (Linux; Android 16; SM-S928B Build/BP2A.250605.031.A3; wv) AppleWebKit/537.36 (KHTML, like Gecko) Version/4.0 Chrome/145.0.7632.154 Mobile Safari/537.36 Instagram 419.0.0.49.71 Android (36/16; 600dpi; 1440x3120; samsung; SM-S928B; e3q; qcom; es_US; 896334238; IABMV/1)"
74.7.242.14 - - [09/Mar/2026:06:48:45 +0000] "GET /%22https:/hvmbertogarza.com/casino-spielautomaten-gewinnchance/%22 HTTP/1.1" 301 4243 "https://hvmbertogarza.com/wp-json/oembed/1.0/embed?format=xml&url=https%3A%2F%2Fhvmbertogarza.com%2Fcasino-spielautomaten-gewinnchance%2F" "Mozilla/5.0 AppleWebKit/537.36 (KHTML, like Gecko; compatible; GPTBot/1.3; +https://openai.com/gptbot)"
74.7.242.14 - - [09/Mar/2026:06:48:46 +0000] "GET /%22https:/hvmbertogarza.com/casino-spielautomaten-gewinnchance/ HTTP/1.1" 404 50986 "https://hvmbertogarza.com/%22https:/hvmbertogarza.com/casino-spielautomaten-gewinnchance/%22" "Mozilla/5.0 AppleWebKit/537.36 (KHTML, like Gecko; compatible; GPTBot/1.3; +https://openai.com/gptbot)"
201.141.98.42 - - [09/Mar/2026:06:48:47 +0000] "GET /pagina-de-pago/ HTTP/1.1" 200 42546 "https://hvmbertogarza.com/?utm_source=ig&utm_medium=social&utm_content=link_in_bio&fbclid=PAZXh0bgNhZW0CMTEAc3J0YwZhcHBfaWQPNTY3MDY3MzQzMzUyNDI3AAGnuIVS55i0ZW024VLHMBNsWjavvd0fgo8BvbQb1EN1CqeMsyh93MYgG6xKGTw_aem_MceQIxbq-1qTQ5hMEP5POQ" "Mozilla/5.0 (Linux; Android 16; SM-S928B Build/BP2A.250605.031.A3; wv) AppleWebKit/537.36 (KHTML, like Gecko) Version/4.0 Chrome/145.0.7632.154 Mobile Safari/537.36"
201.141.98.42 - - [09/Mar/2026:06:48:50 +0000] "GET /wp-content/plugins/woocommerce/assets/css/select2.css?ver=10.3.7 HTTP/1.1" 200 2321 "https://hvmbertogarza.com/pagina-de-pago/" "Mozilla/5.0 (Linux; Android 16; SM-S928B Build/BP2A.250605.031.A3; wv) AppleWebKit/537.36 (KHTML, like Gecko) Version/4.0 Chrome/145.0.7632.154 Mobile Safari/537.36 Instagram 419.0.0.49.71 Android (36/16; 600dpi; 1440x3120; samsung; SM-S928B; e3q; qcom; es_US; 896334238; IABMV/1)"
201.141.98.42 - - [09/Mar/2026:06:48:50 +0000] "GET /wp-content/uploads/elementor/css/post-212.css?ver=1772939584 HTTP/1.1" 200 1304 "https://hvmbertogarza.com/pagina-de-pago/" "Mozilla/5.0 (Linux; Android 16; SM-S928B Build/BP2A.250605.031.A3; wv) AppleWebKit/537.36 (KHTML, like Gecko) Version/4.0 Chrome/145.0.7632.154 Mobile Safari/537.36 Instagram 419.0.0.49.71 Android (36/16; 600dpi; 1440x3120; samsung; SM-S928B; e3q; qcom; es_US; 896334238; IABMV/1)"
201.141.98.42 - - [09/Mar/2026:06:48:50 +0000] "GET /wp-content/plugins/shopengine/modules/swatches/loop-product-support/assets/swatches.css?ver=1773038929 HTTP/1.1" 200 309 "https://hvmbertogarza.com/pagina-de-pago/" "Mozilla/5.0 (Linux; Android 16; SM-S928B Build/BP2A.250605.031.A3; wv) AppleWebKit/537.36 (KHTML, like Gecko) Version/4.0 Chrome/145.0.7632.154 Mobile Safari/537.36 Instagram 419.0.0.49.71 Android (36/16; 600dpi; 1440x3120; samsung; SM-S928B; e3q; qcom; es_US; 896334238; IABMV/1)"
201.141.98.42 - - [09/Mar/2026:06:48:50 +0000] "GET /wp-content/plugins/shopmagic-for-woocommerce/assets/js/presubmit.js?ver=4.7.4 HTTP/1.1" 200 1477 "https://hvmbertogarza.com/pagina-de-pago/" "Mozilla/5.0 (Linux; Android 16; SM-S928B Build/BP2A.250605.031.A3; wv) AppleWebKit/537.36 (KHTML, like Gecko) Version/4.0 Chrome/145.0.7632.154 Mobile Safari/537.36 Instagram 419.0.0.49.71 Android (36/16; 600dpi; 1440x3120; samsung; SM-S928B; e3q; qcom; es_US; 896334238; IABMV/1)"
201.141.98.42 - - [09/Mar/2026:06:48:50 +0000] "GET /wp-content/plugins/woocommerce/assets/js/selectWoo/selectWoo.full.min.js?ver=1.0.9-wc.10.3.7 HTTP/1.1" 200 22350 "https://hvmbertogarza.com/pagina-de-pago/" "Mozilla/5.0 (Linux; Android 16; SM-S928B Build/BP2A.250605.031.A3; wv) AppleWebKit/537.36 (KHTML, like Gecko) Version/4.0 Chrome/145.0.7632.154 Mobile Safari/537.36 Instagram 419.0.0.49.71 Android (36/16; 600dpi; 1440x3120; samsung; SM-S928B; e3q; qcom; es_US; 896334238; IABMV/1)"
201.141.98.42 - - [09/Mar/2026:06:48:50 +0000] "GET /wp-content/plugins/woocommerce/assets/js/frontend/country-select.min.js?ver=10.3.7 HTTP/1.1" 200 1510 "https://hvmbertogarza.com/pagina-de-pago/" "Mozilla/5.0 (Linux; Android 16; SM-S928B Build/BP2A.250605.031.A3; wv) AppleWebKit/537.36 (KHTML, like Gecko) Version/4.0 Chrome/145.0.7632.154 Mobile Safari/537.36 Instagram 419.0.0.49.71 Android (36/16; 600dpi; 1440x3120; samsung; SM-S928B; e3q; qcom; es_US; 896334238; IABMV/1)"
201.141.98.42 - - [09/Mar/2026:06:48:50 +0000] "GET /wp-content/plugins/woocommerce/assets/js/frontend/address-i18n.min.js?ver=10.3.7 HTTP/1.1" 200 1362 "https://hvmbertogarza.com/pagina-de-pago/" "Mozilla/5.0 (Linux; Android 16; SM-S928B Build/BP2A.250605.031.A3; wv) AppleWebKit/537.36 (KHTML, like Gecko) Version/4.0 Chrome/145.0.7632.154 Mobile Safari/537.36 Instagram 419.0.0.49.71 Android (36/16; 600dpi; 1440x3120; samsung; SM-S928B; e3q; qcom; es_US; 896334238; IABMV/1)"
201.141.98.42 - - [09/Mar/2026:06:48:50 +0000] "GET /wp-content/plugins/woocommerce/assets/js/frontend/checkout.min.js?ver=10.3.7 HTTP/1.1" 200 5444 "https://hvmbertogarza.com/pagina-de-pago/" "Mozilla/5.0 (Linux; Android 16; SM-S928B Build/BP2A.250605.031.A3; wv) AppleWebKit/537.36 (KHTML, like Gecko) Version/4.0 Chrome/145.0.7632.154 Mobile Safari/537.36 Instagram 419.0.0.49.71 Android (36/16; 600dpi; 1440x3120; samsung; SM-S928B; e3q; qcom; es_US; 896334238; IABMV/1)"
201.141.98.42 - - [09/Mar/2026:06:48:50 +0000] "GET /wp-content/plugins/woocommerce/assets/fonts/WooCommerce.woff2 HTTP/1.1" 200 6827 "https://hvmbertogarza.com/wp-content/plugins/woocommerce/assets/css/woocommerce.css?ver=10.3.7" "Mozilla/5.0 (Linux; Android 16; SM-S928B Build/BP2A.250605.031.A3; wv) AppleWebKit/537.36 (KHTML, like Gecko) Version/4.0 Chrome/145.0.7632.154 Mobile Safari/537.36 Instagram 419.0.0.49.71 Android (36/16; 600dpi; 1440x3120; samsung; SM-S928B; e3q; qcom; es_US; 896334238; IABMV/1)"
201.141.98.42 - - [09/Mar/2026:06:48:50 +0000] "GET /wp-content/uploads/elementor/thumbs/PROFECO-qjvmsuybqvq2apry3ufohikkik4tg430ynb65zrm68.png HTTP/1.1" 200 6096 "https://hvmbertogarza.com/pagina-de-pago/" "Mozilla/5.0 (Linux; Android 16; SM-S928B Build/BP2A.250605.031.A3; wv) AppleWebKit/537.36 (KHTML, like Gecko) Version/4.0 Chrome/145.0.7632.154 Mobile Safari/537.36 Instagram 419.0.0.49.71 Android (36/16; 600dpi; 1440x3120; samsung; SM-S928B; e3q; qcom; es_US; 896334238; IABMV/1)"
201.141.98.42 - - [09/Mar/2026:06:48:50 +0000] "GET /wp-content/uploads/elementor/thumbs/condusef-qjvmqpvk6gsjuovwlx49t20rsyopwxl1c1tctaxwcg.png HTTP/1.1" 200 6347 "https://hvmbertogarza.com/pagina-de-pago/" "Mozilla/5.0 (Linux; Android 16; SM-S928B Build/BP2A.250605.031.A3; wv) AppleWebKit/537.36 (KHTML, like Gecko) Version/4.0 Chrome/145.0.7632.154 Mobile Safari/537.36 Instagram 419.0.0.49.71 Android (36/16; 600dpi; 1440x3120; samsung; SM-S928B; e3q; qcom; es_US; 896334238; IABMV/1)"
201.141.98.42 - - [09/Mar/2026:06:48:50 +0000] "GET /wp-content/plugins/woocommerce/assets/images/icons/loader.svg HTTP/1.1" 200 475 "https://hvmbertogarza.com/wp-content/plugins/woocommerce/assets/css/woocommerce.css?ver=10.3.7" "Mozilla/5.0 (Linux; Android 16; SM-S928B Build/BP2A.250605.031.A3; wv) AppleWebKit/537.36 (KHTML, like Gecko) Version/4.0 Chrome/145.0.7632.154 Mobile Safari/537.36 Instagram 419.0.0.49.71 Android (36/16; 600dpi; 1440x3120; samsung; SM-S928B; e3q; qcom; es_US; 896334238; IABMV/1)"
74.208.176.140 - - [09/Mar/2026:06:48:52 +0000] "POST /wp-cron.php?doing_wp_cron=1773038932.2757780551910400390625 HTTP/1.1" 200 4101 "-" "WordPress/6.9.1; https://hvmbertogarza.com"
74.7.242.14 - - [09/Mar/2026:06:48:49 +0000] "GET /roulette-gewinn-maximieren/ HTTP/1.1" 200 45625 "https://hvmbertogarza.com/author/israel-arriaga/page/33/" "Mozilla/5.0 AppleWebKit/537.36 (KHTML, like Gecko; compatible; GPTBot/1.3; +https://openai.com/gptbot)"
74.7.242.14 - - [09/Mar/2026:06:48:52 +0000] "GET /wp-content/uploads/elementor/google-fonts/css/sairacondensed.css?ver=1749508142 HTTP/1.1" 200 1001 "https://hvmbertogarza.com/?p=1748" "Mozilla/5.0 AppleWebKit/537.36 (KHTML, like Gecko; compatible; GPTBot/1.3; +https://openai.com/gptbot)"
201.141.98.42 - - [09/Mar/2026:06:48:50 +0000] "POST /?wc-ajax=update_order_review HTTP/1.1" 200 6232 "https://hvmbertogarza.com/pagina-de-pago/" "Mozilla/5.0 (Linux; Android 16; SM-S928B Build/BP2A.250605.031.A3; wv) AppleWebKit/537.36 (KHTML, like Gecko) Version/4.0 Chrome/145.0.7632.154 Mobile Safari/537.36 Instagram 419.0.0.49.71 Android (36/16; 600dpi; 1440x3120; samsung; SM-S928B; e3q; qcom; es_US; 896334238; IABMV/1)"
74.7.242.14 - - [09/Mar/2026:06:48:53 +0000] "GET /%22https:/hvmbertogarza.com/top-online-casinos-uk-real-money/embed/ HTTP/1.1" 404 78546 "https://hvmbertogarza.com/wp-json/oembed/1.0/embed?format=xml&url=https%3A%2F%2Fhvmbertogarza.com%2Ftop-online-casinos-uk-real-money%2F" "Mozilla/5.0 AppleWebKit/537.36 (KHTML, like Gecko; compatible; GPTBot/1.3; +https://openai.com/gptbot)"
74.7.242.14 - - [09/Mar/2026:06:48:55 +0000] "GET /%22https:/hvmbertogarza.com/free-united-kingdom-eagle-slots/embed/ HTTP/1.1" 404 52016 "https://hvmbertogarza.com/wp-json/oembed/1.0/embed?format=xml&url=https%3A%2F%2Fhvmbertogarza.com%2Ffree-united-kingdom-eagle-slots%2F" "Mozilla/5.0 AppleWebKit/537.36 (KHTML, like Gecko; compatible; GPTBot/1.3; +https://openai.com/gptbot)"
74.208.176.140 - - [09/Mar/2026:06:48:59 +0000] "POST /wp-cron.php?doing_wp_cron=1773038939.7938809394836425781250 HTTP/1.1" 200 4101 "-" "WordPress/6.9.1; https://hvmbertogarza.com"
74.7.242.14 - - [09/Mar/2026:06:48:58 +0000] "GET /wp-json/wp/v2/posts/1744 HTTP/1.1" 200 8582 "https://hvmbertogarza.com/inbet-casino-no-deposit-bonus-codes-for-free-spins-2026/" "Mozilla/5.0 AppleWebKit/537.36 (KHTML, like Gecko; compatible; GPTBot/1.3; +https://openai.com/gptbot)"
74.7.242.14 - - [09/Mar/2026:06:48:59 +0000] "GET /wp-json/oembed/1.0/embed?format=xml&url=https%3A%2F%2Fhvmbertogarza.com%2Fleo-vegas-casino-codigo-promocional-y-bonus-code-2026%2F HTTP/1.1" 200 2218 "https://hvmbertogarza.com/leo-vegas-casino-codigo-promocional-y-bonus-code-2026/" "Mozilla/5.0 AppleWebKit/537.36 (KHTML, like Gecko; compatible; GPTBot/1.3; +https://openai.com/gptbot)"
74.7.242.14 - - [09/Mar/2026:06:49:02 +0000] "GET /wp-json/wp/v2/posts/1511 HTTP/1.1" 200 5680 "https://hvmbertogarza.com/leo-vegas-casino-codigo-promocional-y-bonus-code-2026/" "Mozilla/5.0 AppleWebKit/537.36 (KHTML, like Gecko; compatible; GPTBot/1.3; +https://openai.com/gptbot)"
74.7.242.14 - - [09/Mar/2026:06:49:04 +0000] "GET /?p=1744 HTTP/1.1" 301 388 "https://hvmbertogarza.com/inbet-casino-no-deposit-bonus-codes-for-free-spins-2026/" "Mozilla/5.0 AppleWebKit/537.36 (KHTML, like Gecko; compatible; GPTBot/1.3; +https://openai.com/gptbot)"
201.141.98.42 - - [09/Mar/2026:06:49:04 +0000] "POST /?wc-ajax=apply_coupon HTTP/1.1" 200 1234 "https://hvmbertogarza.com/pagina-de-pago/" "Mozilla/5.0 (Linux; Android 16; SM-S928B Build/BP2A.250605.031.A3; wv) AppleWebKit/537.36 (KHTML, like Gecko) Version/4.0 Chrome/145.0.7632.154 Mobile Safari/537.36 Instagram 419.0.0.49.71 Android (36/16; 600dpi; 1440x3120; samsung; SM-S928B; e3q; qcom; es_US; 896334238; IABMV/1)"
201.141.98.42 - - [09/Mar/2026:06:49:06 +0000] "POST /?wc-ajax=update_order_review HTTP/1.1" 200 6232 "https://hvmbertogarza.com/pagina-de-pago/" "Mozilla/5.0 (Linux; Android 16; SM-S928B Build/BP2A.250605.031.A3; wv) AppleWebKit/537.36 (KHTML, like Gecko) Version/4.0 Chrome/145.0.7632.154 Mobile Safari/537.36 Instagram 419.0.0.49.71 Android (36/16; 600dpi; 1440x3120; samsung; SM-S928B; e3q; qcom; es_US; 896334238; IABMV/1)"
74.7.242.14 - - [09/Mar/2026:06:49:06 +0000] "GET /inbet-casino-no-deposit-bonus-codes-for-free-spins-2026/ HTTP/1.1" 200 41787 "https://hvmbertogarza.com/?p=1744" "Mozilla/5.0 AppleWebKit/537.36 (KHTML, like Gecko; compatible; GPTBot/1.3; +https://openai.com/gptbot)"
74.7.242.14 - - [09/Mar/2026:06:49:09 +0000] "GET /wp-json/oembed/1.0/embed?url=https%3A%2F%2Fhvmbertogarza.com%2Finbet-casino-no-deposit-bonus-codes-for-free-spins-2026%2F HTTP/1.1" 200 3007 "https://hvmbertogarza.com/inbet-casino-no-deposit-bonus-codes-for-free-spins-2026/" "Mozilla/5.0 AppleWebKit/537.36 (KHTML, like Gecko; compatible; GPTBot/1.3; +https://openai.com/gptbot)"
201.141.98.42 - - [09/Mar/2026:06:49:12 +0000] "POST /?wc-ajax=apply_coupon HTTP/1.1" 200 704 "https://hvmbertogarza.com/pagina-de-pago/" "Mozilla/5.0 (Linux; Android 16; SM-S928B Build/BP2A.250605.031.A3; wv) AppleWebKit/537.36 (KHTML, like Gecko) Version/4.0 Chrome/145.0.7632.154 Mobile Safari/537.36 Instagram 419.0.0.49.71 Android (36/16; 600dpi; 1440x3120; samsung; SM-S928B; e3q; qcom; es_US; 896334238; IABMV/1)"
74.7.242.14 - - [09/Mar/2026:06:49:11 +0000] "GET /wp-json/oembed/1.0/embed?url=https%3A%2F%2Fhvmbertogarza.com%2Fleo-vegas-casino-codigo-promocional-y-bonus-code-2026%2F HTTP/1.1" 200 2997 "https://hvmbertogarza.com/leo-vegas-casino-codigo-promocional-y-bonus-code-2026/" "Mozilla/5.0 AppleWebKit/537.36 (KHTML, like Gecko; compatible; GPTBot/1.3; +https://openai.com/gptbot)"
201.141.98.42 - - [09/Mar/2026:06:49:13 +0000] "POST /?wc-ajax=update_order_review HTTP/1.1" 200 6232 "https://hvmbertogarza.com/pagina-de-pago/" "Mozilla/5.0 (Linux; Android 16; SM-S928B Build/BP2A.250605.031.A3; wv) AppleWebKit/537.36 (KHTML, like Gecko) Version/4.0 Chrome/145.0.7632.154 Mobile Safari/537.36 Instagram 419.0.0.49.71 Android (36/16; 600dpi; 1440x3120; samsung; SM-S928B; e3q; qcom; es_US; 896334238; IABMV/1)"
74.7.242.14 - - [09/Mar/2026:06:49:14 +0000] "GET /2025/08/20/ HTTP/1.1" 200 36300 "https://hvmbertogarza.com/inbet-casino-no-deposit-bonus-codes-for-free-spins-2026/" "Mozilla/5.0 AppleWebKit/537.36 (KHTML, like Gecko; compatible; GPTBot/1.3; +https://openai.com/gptbot)"
74.7.242.14 - - [09/Mar/2026:06:49:16 +0000] "GET /wp-json/oembed/1.0/embed?format=xml&url=https%3A%2F%2Fhvmbertogarza.com%2Finbet-casino-no-deposit-bonus-codes-for-free-spins-2026%2F HTTP/1.1" 200 2227 "https://hvmbertogarza.com/inbet-casino-no-deposit-bonus-codes-for-free-spins-2026/" "Mozilla/5.0 AppleWebKit/537.36 (KHTML, like Gecko; compatible; GPTBot/1.3; +https://openai.com/gptbot)"
74.208.176.140 - - [09/Mar/2026:06:49:21 +0000] "POST /wp-cron.php?doing_wp_cron=1773038961.7427489757537841796875 HTTP/1.1" 200 4101 "-" "WordPress/6.9.1; https://hvmbertogarza.com"
74.7.242.14 - - [09/Mar/2026:06:49:19 +0000] "GET /wp-json/wp/v2/posts/1688 HTTP/1.1" 200 4950 "https://hvmbertogarza.com/roulette-gewinn-maximieren/" "Mozilla/5.0 AppleWebKit/537.36 (KHTML, like Gecko; compatible; GPTBot/1.3; +https://openai.com/gptbot)"
74.7.242.14 - - [09/Mar/2026:06:49:21 +0000] "GET /?p=1688 HTTP/1.1" 301 359 "https://hvmbertogarza.com/roulette-gewinn-maximieren/" "Mozilla/5.0 AppleWebKit/537.36 (KHTML, like Gecko; compatible; GPTBot/1.3; +https://openai.com/gptbot)"
74.7.242.14 - - [09/Mar/2026:06:49:23 +0000] "GET /roulette-gewinn-maximieren/ HTTP/1.1" 200 41838 "https://hvmbertogarza.com/?p=1688" "Mozilla/5.0 AppleWebKit/537.36 (KHTML, like Gecko; compatible; GPTBot/1.3; +https://openai.com/gptbot)"
74.7.242.14 - - [09/Mar/2026:06:49:27 +0000] "GET /wp-json/oembed/1.0/embed?format=xml&url=https%3A%2F%2Fhvmbertogarza.com%2Froulette-gewinn-maximieren%2F HTTP/1.1" 200 2173 "https://hvmbertogarza.com/roulette-gewinn-maximieren/" "Mozilla/5.0 AppleWebKit/537.36 (KHTML, like Gecko; compatible; GPTBot/1.3; +https://openai.com/gptbot)"
74.7.242.14 - - [09/Mar/2026:06:49:29 +0000] "GET /roulette-gewinn-maximieren/feed/ HTTP/1.1" 200 1076 "https://hvmbertogarza.com/roulette-gewinn-maximieren/" "Mozilla/5.0 AppleWebKit/537.36 (KHTML, like Gecko; compatible; GPTBot/1.3; +https://openai.com/gptbot)"
74.7.242.14 - - [09/Mar/2026:06:49:30 +0000] "GET /%22https:/hvmbertogarza.com/leo-vegas-casino-codigo-promocional-y-bonus-code-2026/embed/ HTTP/1.1" 404 73034 "https://hvmbertogarza.com/wp-json/oembed/1.0/embed?format=xml&url=https%3A%2F%2Fhvmbertogarza.com%2Fleo-vegas-casino-codigo-promocional-y-bonus-code-2026%2F" "Mozilla/5.0 AppleWebKit/537.36 (KHTML, like Gecko; compatible; GPTBot/1.3; +https://openai.com/gptbot)"
74.7.242.14 - - [09/Mar/2026:06:49:32 +0000] "GET /%22https:/hvmbertogarza.com/leo-vegas-casino-codigo-promocional-y-bonus-code-2026/%22 HTTP/1.1" 301 4262 "https://hvmbertogarza.com/wp-json/oembed/1.0/embed?format=xml&url=https%3A%2F%2Fhvmbertogarza.com%2Fleo-vegas-casino-codigo-promocional-y-bonus-code-2026%2F" "Mozilla/5.0 AppleWebKit/537.36 (KHTML, like Gecko; compatible; GPTBot/1.3; +https://openai.com/gptbot)"
74.7.242.14 - - [09/Mar/2026:06:49:34 +0000] "GET /%22https:/hvmbertogarza.com/leo-vegas-casino-codigo-promocional-y-bonus-code-2026/ HTTP/1.1" 404 56498 "https://hvmbertogarza.com/%22https:/hvmbertogarza.com/leo-vegas-casino-codigo-promocional-y-bonus-code-2026/%22" "Mozilla/5.0 AppleWebKit/537.36 (KHTML, like Gecko; compatible; GPTBot/1.3; +https://openai.com/gptbot)"
74.7.242.14 - - [09/Mar/2026:06:49:37 +0000] "GET /wp-json/oembed/1.0/embed?url=https%3A%2F%2Fhvmbertogarza.com%2Froulette-gewinn-maximieren%2F HTTP/1.1" 200 6648 "https://hvmbertogarza.com/roulette-gewinn-maximieren/" "Mozilla/5.0 AppleWebKit/537.36 (KHTML, like Gecko; compatible; GPTBot/1.3; +https://openai.com/gptbot)"
74.7.242.14 - - [09/Mar/2026:06:49:38 +0000] "GET /?p=1511 HTTP/1.1" 301 386 "https://hvmbertogarza.com/leo-vegas-casino-codigo-promocional-y-bonus-code-2026/" "Mozilla/5.0 AppleWebKit/537.36 (KHTML, like Gecko; compatible; GPTBot/1.3; +https://openai.com/gptbot)"
103.42.198.211 - - [09/Mar/2026:06:49:40 +0000] "POST /xmlrpc.php HTTP/1.1" 200 4454 "-" "Mozilla/5.0 (Windows NT 10.0; Win64; x64) AppleWebKit/537.36 (KHTML, like Gecko) Chrome/91.0.4472.124 Safari/537.36"
74.7.242.14 - - [09/Mar/2026:06:49:40 +0000] "GET /leo-vegas-casino-codigo-promocional-y-bonus-code-2026/ HTTP/1.1" 200 42179 "https://hvmbertogarza.com/?p=1511" "Mozilla/5.0 AppleWebKit/537.36 (KHTML, like Gecko; compatible; GPTBot/1.3; +https://openai.com/gptbot)"
74.7.242.14 - - [09/Mar/2026:06:49:43 +0000] "GET /inbet-casino-no-deposit-bonus-codes-for-free-spins-2026/feed/ HTTP/1.1" 200 1119 "https://hvmbertogarza.com/inbet-casino-no-deposit-bonus-codes-for-free-spins-2026/" "Mozilla/5.0 AppleWebKit/537.36 (KHTML, like Gecko; compatible; GPTBot/1.3; +https://openai.com/gptbot)"
74.7.242.14 - - [09/Mar/2026:06:49:45 +0000] "GET /wp-content/plugins/shopengine/modules/swatches/loop-product-support/assets/swatches.css?ver=1773038956 HTTP/1.1" 200 254 "https://hvmbertogarza.com/2025/08/20/" "Mozilla/5.0 AppleWebKit/537.36 (KHTML, like Gecko; compatible; GPTBot/1.3; +https://openai.com/gptbot)"
74.7.242.14 - - [09/Mar/2026:06:49:45 +0000] "GET /%22https:/hvmbertogarza.com/inbet-casino-no-deposit-bonus-codes-for-free-spins-2026/embed/ HTTP/1.1" 404 78546 "https://hvmbertogarza.com/wp-json/oembed/1.0/embed?format=xml&url=https%3A%2F%2Fhvmbertogarza.com%2Finbet-casino-no-deposit-bonus-codes-for-free-spins-2026%2F" "Mozilla/5.0 AppleWebKit/537.36 (KHTML, like Gecko; compatible; GPTBot/1.3; +https://openai.com/gptbot)"
74.7.242.14 - - [09/Mar/2026:06:49:47 +0000] "GET /%22https:/hvmbertogarza.com/inbet-casino-no-deposit-bonus-codes-for-free-spins-2026/%22 HTTP/1.1" 301 4264 "https://hvmbertogarza.com/wp-json/oembed/1.0/embed?format=xml&url=https%3A%2F%2Fhvmbertogarza.com%2Finbet-casino-no-deposit-bonus-codes-for-free-spins-2026%2F" "Mozilla/5.0 AppleWebKit/537.36 (KHTML, like Gecko; compatible; GPTBot/1.3; +https://openai.com/gptbot)"
74.208.176.140 - - [09/Mar/2026:06:49:51 +0000] "POST /wp-cron.php?doing_wp_cron=1773038991.4149749279022216796875 HTTP/1.1" 200 4101 "-" "WordPress/6.9.1; https://hvmbertogarza.com"
74.7.242.14 - - [09/Mar/2026:06:49:49 +0000] "GET /%22https:/hvmbertogarza.com/inbet-casino-no-deposit-bonus-codes-for-free-spins-2026/ HTTP/1.1" 404 124337 "https://hvmbertogarza.com/%22https:/hvmbertogarza.com/inbet-casino-no-deposit-bonus-codes-for-free-spins-2026/%22" "Mozilla/5.0 AppleWebKit/537.36 (KHTML, like Gecko; compatible; GPTBot/1.3; +https://openai.com/gptbot)"
74.7.242.14 - - [09/Mar/2026:06:49:51 +0000] "GET /wp-content/plugins/shopengine/modules/swatches/loop-product-support/assets/swatches.css?ver=1773038913 HTTP/1.1" 200 4040 "https://hvmbertogarza.com/leo-vegas-casino-codigo-promocional-y-bonus-code-2026/" "Mozilla/5.0 AppleWebKit/537.36 (KHTML, like Gecko; compatible; GPTBot/1.3; +https://openai.com/gptbot)"
74.7.242.14 - - [09/Mar/2026:06:49:52 +0000] "GET /%22https:/hvmbertogarza.com/roulette-gewinn-maximieren/%22 HTTP/1.1" 301 449 "https://hvmbertogarza.com/wp-json/oembed/1.0/embed?format=xml&url=https%3A%2F%2Fhvmbertogarza.com%2Froulette-gewinn-maximieren%2F" "Mozilla/5.0 AppleWebKit/537.36 (KHTML, like Gecko; compatible; GPTBot/1.3; +https://openai.com/gptbot)"
201.141.98.42 - - [09/Mar/2026:06:49:53 +0000] "GET / HTTP/1.1" 200 54379 "-" "Mozilla/5.0 (Linux; Android 10; K) AppleWebKit/537.36 (KHTML, like Gecko) Chrome/145.0.0.0 Mobile Safari/537.36"
74.7.242.14 - - [09/Mar/2026:06:49:53 +0000] "GET /%22https:/hvmbertogarza.com/roulette-gewinn-maximieren/ HTTP/1.1" 404 56498 "https://hvmbertogarza.com/%22https:/hvmbertogarza.com/roulette-gewinn-maximieren/%22" "Mozilla/5.0 AppleWebKit/537.36 (KHTML, like Gecko; compatible; GPTBot/1.3; +https://openai.com/gptbot)"
74.7.242.14 - - [09/Mar/2026:06:49:56 +0000] "GET /%22https:/hvmbertogarza.com/roulette-gewinn-maximieren/embed/ HTTP/1.1" 404 57528 "https://hvmbertogarza.com/wp-json/oembed/1.0/embed?format=xml&url=https%3A%2F%2Fhvmbertogarza.com%2Froulette-gewinn-maximieren%2F" "Mozilla/5.0 AppleWebKit/537.36 (KHTML, like Gecko; compatible; GPTBot/1.3; +https://openai.com/gptbot)"
74.7.242.14 - - [09/Mar/2026:06:49:59 +0000] "GET /wp-content/plugins/shopengine/modules/swatches/loop-product-support/assets/swatches.css?ver=1773038911 HTTP/1.1" 200 4040 "https://hvmbertogarza.com/inbet-casino-no-deposit-bonus-codes-for-free-spins-2026/" "Mozilla/5.0 AppleWebKit/537.36 (KHTML, like Gecko; compatible; GPTBot/1.3; +https://openai.com/gptbot)"
74.7.242.14 - - [09/Mar/2026:06:50:00 +0000] "GET /wp-content/plugins/shopengine/modules/swatches/loop-product-support/assets/swatches.css?ver=1773038932 HTTP/1.1" 200 254 "https://hvmbertogarza.com/roulette-gewinn-maximieren/" "Mozilla/5.0 AppleWebKit/537.36 (KHTML, like Gecko; compatible; GPTBot/1.3; +https://openai.com/gptbot)"
74.7.242.14 - - [09/Mar/2026:06:50:00 +0000] "GET /wp-content/plugins/shopengine/modules/swatches/loop-product-support/assets/swatches.css?ver=1773038948 HTTP/1.1" 200 254 "https://hvmbertogarza.com/?p=1744" "Mozilla/5.0 AppleWebKit/537.36 (KHTML, like Gecko; compatible; GPTBot/1.3; +https://openai.com/gptbot)"
74.7.242.14 - - [09/Mar/2026:06:50:01 +0000] "GET /wp-content/plugins/shopengine/modules/swatches/loop-product-support/assets/swatches.css?ver=1773038982 HTTP/1.1" 200 254 "https://hvmbertogarza.com/?p=1511" "Mozilla/5.0 AppleWebKit/537.36 (KHTML, like Gecko; compatible; GPTBot/1.3; +https://openai.com/gptbot)"
74.7.242.14 - - [09/Mar/2026:06:50:01 +0000] "GET /wp-content/plugins/shopengine/modules/swatches/loop-product-support/assets/swatches.css?ver=1773038966 HTTP/1.1" 200 254 "https://hvmbertogarza.com/?p=1688" "Mozilla/5.0 AppleWebKit/537.36 (KHTML, like Gecko; compatible; GPTBot/1.3; +https://openai.com/gptbot)"
201.141.98.42 - - [09/Mar/2026:06:49:58 +0000] "GET / HTTP/1.1" 200 54367 "-" "Mozilla/5.0 (Linux; Android 10; K) AppleWebKit/537.36 (KHTML, like Gecko) Chrome/145.0.0.0 Mobile Safari/537.36"
201.141.98.42 - - [09/Mar/2026:06:50:02 +0000] "GET /wp-content/plugins/instagram-feed/css/sbi-styles.min.css?ver=6.10.0 HTTP/1.1" 200 9232 "https://hvmbertogarza.com/" "Mozilla/5.0 (Linux; Android 10; K) AppleWebKit/537.36 (KHTML, like Gecko) Chrome/145.0.0.0 Mobile Safari/537.36"
201.141.98.42 - - [09/Mar/2026:06:50:02 +0000] "GET /wp-content/plugins/shopengine/assets/css/shopengine-public.css?ver=4.8.7 HTTP/1.1" 200 4292 "https://hvmbertogarza.com/" "Mozilla/5.0 (Linux; Android 10; K) AppleWebKit/537.36 (KHTML, like Gecko) Chrome/145.0.0.0 Mobile Safari/537.36"
201.141.98.42 - - [09/Mar/2026:06:50:02 +0000] "GET /wp-content/plugins/wp-whatsapp/assets/dist/css/style.css?ver=6.9.1 HTTP/1.1" 200 9402 "https://hvmbertogarza.com/" "Mozilla/5.0 (Linux; Android 10; K) AppleWebKit/537.36 (KHTML, like Gecko) Chrome/145.0.0.0 Mobile Safari/537.36"
201.141.98.42 - - [09/Mar/2026:06:50:02 +0000] "GET /wp-content/plugins/woocommerce/assets/css/woocommerce-smallscreen.css?ver=10.3.7 HTTP/1.1" 200 5385 "https://hvmbertogarza.com/" "Mozilla/5.0 (Linux; Android 10; K) AppleWebKit/537.36 (KHTML, like Gecko) Chrome/145.0.0.0 Mobile Safari/537.36"
201.141.98.42 - - [09/Mar/2026:06:50:02 +0000] "GET /wp-content/plugins/woocommerce/assets/css/woocommerce-layout.css?ver=10.3.7 HTTP/1.1" 200 7564 "https://hvmbertogarza.com/" "Mozilla/5.0 (Linux; Android 10; K) AppleWebKit/537.36 (KHTML, like Gecko) Chrome/145.0.0.0 Mobile Safari/537.36"
201.141.98.42 - - [09/Mar/2026:06:50:02 +0000] "GET /wp-content/plugins/elementor/assets/lib/font-awesome/css/all.css?ver=4.8.7 HTTP/1.1" 200 17551 "https://hvmbertogarza.com/" "Mozilla/5.0 (Linux; Android 10; K) AppleWebKit/537.36 (KHTML, like Gecko) Chrome/145.0.0.0 Mobile Safari/537.36"
201.141.98.42 - - [09/Mar/2026:06:50:02 +0000] "GET /wp-content/plugins/woocommerce/assets/css/woocommerce.css?ver=10.3.7 HTTP/1.1" 200 11411 "https://hvmbertogarza.com/" "Mozilla/5.0 (Linux; Android 10; K) AppleWebKit/537.36 (KHTML, like Gecko) Chrome/145.0.0.0 Mobile Safari/537.36"
201.141.98.42 - - [09/Mar/2026:06:50:02 +0000] "GET /wp-content/plugins/shopengine/widgets/init/assets/css/widget-frontend.css?ver=4.8.7 HTTP/1.1" 200 35555 "https://hvmbertogarza.com/" "Mozilla/5.0 (Linux; Android 10; K) AppleWebKit/537.36 (KHTML, like Gecko) Chrome/145.0.0.0 Mobile Safari/537.36"
201.141.98.42 - - [09/Mar/2026:06:50:02 +0000] "GET /wp-content/plugins/woocommerce/assets/css/brands.css?ver=10.3.7 HTTP/1.1" 200 1049 "https://hvmbertogarza.com/" "Mozilla/5.0 (Linux; Android 10; K) AppleWebKit/537.36 (KHTML, like Gecko) Chrome/145.0.0.0 Mobile Safari/537.36"
201.141.98.42 - - [09/Mar/2026:06:50:02 +0000] "GET /wp-content/themes/hello-elementor/assets/css/reset.css?ver=3.4.5 HTTP/1.1" 200 2203 "https://hvmbertogarza.com/" "Mozilla/5.0 (Linux; Android 10; K) AppleWebKit/537.36 (KHTML, like Gecko) Chrome/145.0.0.0 Mobile Safari/537.36"
201.141.98.42 - - [09/Mar/2026:06:50:02 +0000] "GET /wp-content/themes/hello-elementor/assets/css/theme.css?ver=3.4.5 HTTP/1.1" 200 1638 "https://hvmbertogarza.com/" "Mozilla/5.0 (Linux; Android 10; K) AppleWebKit/537.36 (KHTML, like Gecko) Chrome/145.0.0.0 Mobile Safari/537.36"
201.141.98.42 - - [09/Mar/2026:06:50:02 +0000] "GET /wp-content/themes/hello-elementor/assets/css/header-footer.css?ver=3.4.5 HTTP/1.1" 200 1790 "https://hvmbertogarza.com/" "Mozilla/5.0 (Linux; Android 10; K) AppleWebKit/537.36 (KHTML, like Gecko) Chrome/145.0.0.0 Mobile Safari/537.36"
201.141.98.42 - - [09/Mar/2026:06:50:02 +0000] "GET /wp-content/plugins/elementor/assets/css/frontend.min.css?ver=3.34.0 HTTP/1.1" 200 7655 "https://hvmbertogarza.com/" "Mozilla/5.0 (Linux; Android 10; K) AppleWebKit/537.36 (KHTML, like Gecko) Chrome/145.0.0.0 Mobile Safari/537.36"
201.141.98.42 - - [09/Mar/2026:06:50:02 +0000] "GET /wp-content/uploads/elementor/css/post-13.css?ver=1772840573 HTTP/1.1" 200 947 "https://hvmbertogarza.com/" "Mozilla/5.0 (Linux; Android 10; K) AppleWebKit/537.36 (KHTML, like Gecko) Chrome/145.0.0.0 Mobile Safari/537.36"
201.141.98.42 - - [09/Mar/2026:06:50:02 +0000] "GET /wp-content/plugins/elementor/assets/css/widget-image.min.css?ver=3.34.0 HTTP/1.1" 200 499 "https://hvmbertogarza.com/" "Mozilla/5.0 (Linux; Android 10; K) AppleWebKit/537.36 (KHTML, like Gecko) Chrome/145.0.0.0 Mobile Safari/537.36"
201.141.98.42 - - [09/Mar/2026:06:50:02 +0000] "GET /wp-content/plugins/pro-elements/assets/css/modules/motion-fx.min.css?ver=3.34.0 HTTP/1.1" 200 675 "https://hvmbertogarza.com/" "Mozilla/5.0 (Linux; Android 10; K) AppleWebKit/537.36 (KHTML, like Gecko) Chrome/145.0.0.0 Mobile Safari/537.36"
201.141.98.42 - - [09/Mar/2026:06:50:02 +0000] "GET /wp-content/plugins/pro-elements/assets/css/modules/sticky.min.css?ver=3.34.0 HTTP/1.1" 200 480 "https://hvmbertogarza.com/" "Mozilla/5.0 (Linux; Android 10; K) AppleWebKit/537.36 (KHTML, like Gecko) Chrome/145.0.0.0 Mobile Safari/537.36"
201.141.98.42 - - [09/Mar/2026:06:50:02 +0000] "GET /wp-content/plugins/elementor/assets/css/widget-icon-list.min.css?ver=3.34.0 HTTP/1.1" 200 1390 "https://hvmbertogarza.com/" "Mozilla/5.0 (Linux; Android 10; K) AppleWebKit/537.36 (KHTML, like Gecko) Chrome/145.0.0.0 Mobile Safari/537.36"
201.141.98.42 - - [09/Mar/2026:06:50:02 +0000] "GET /wp-content/plugins/pro-elements/assets/css/widget-woocommerce-menu-cart.min.css?ver=3.34.0 HTTP/1.1" 200 2961 "https://hvmbertogarza.com/" "Mozilla/5.0 (Linux; Android 10; K) AppleWebKit/537.36 (KHTML, like Gecko) Chrome/145.0.0.0 Mobile Safari/537.36"
201.141.98.42 - - [09/Mar/2026:06:50:02 +0000] "GET /wp-content/plugins/pro-elements/assets/css/widget-form.min.css?ver=3.34.0 HTTP/1.1" 200 1950 "https://hvmbertogarza.com/" "Mozilla/5.0 (Linux; Android 10; K) AppleWebKit/537.36 (KHTML, like Gecko) Chrome/145.0.0.0 Mobile Safari/537.36"
201.141.98.42 - - [09/Mar/2026:06:50:02 +0000] "GET /wp-content/plugins/pro-elements/assets/css/widget-nav-menu.min.css?ver=3.34.0 HTTP/1.1" 200 3862 "https://hvmbertogarza.com/" "Mozilla/5.0 (Linux; Android 10; K) AppleWebKit/537.36 (KHTML, like Gecko) Chrome/145.0.0.0 Mobile Safari/537.36"
201.141.98.42 - - [09/Mar/2026:06:50:02 +0000] "GET /wp-content/plugins/elementor/assets/css/conditionals/apple-webkit.min.css?ver=3.34.0 HTTP/1.1" 200 913 "https://hvmbertogarza.com/" "Mozilla/5.0 (Linux; Android 10; K) AppleWebKit/537.36 (KHTML, like Gecko) Chrome/145.0.0.0 Mobile Safari/537.36"
201.141.98.42 - - [09/Mar/2026:06:50:02 +0000] "GET /wp-content/plugins/elementor/assets/css/widget-social-icons.min.css?ver=3.34.0 HTTP/1.1" 200 1509 "https://hvmbertogarza.com/" "Mozilla/5.0 (Linux; Android 10; K) AppleWebKit/537.36 (KHTML, like Gecko) Chrome/145.0.0.0 Mobile Safari/537.36"
201.141.98.42 - - [09/Mar/2026:06:50:02 +0000] "GET /wp-content/plugins/elementor/assets/css/widget-heading.min.css?ver=3.34.0 HTTP/1.1" 200 525 "https://hvmbertogarza.com/" "Mozilla/5.0 (Linux; Android 10; K) AppleWebKit/537.36 (KHTML, like Gecko) Chrome/145.0.0.0 Mobile Safari/537.36"
201.141.98.42 - - [09/Mar/2026:06:50:02 +0000] "GET /wp-content/plugins/pro-elements/assets/css/conditionals/popup.min.css?ver=3.34.0 HTTP/1.1" 200 785 "https://hvmbertogarza.com/" "Mozilla/5.0 (Linux; Android 10; K) AppleWebKit/537.36 (KHTML, like Gecko) Chrome/145.0.0.0 Mobile Safari/537.36"
201.141.98.42 - - [09/Mar/2026:06:50:02 +0000] "GET /wp-content/plugins/elementor/assets/lib/animations/styles/zoomIn.min.css?ver=3.34.0 HTTP/1.1" 200 469 "https://hvmbertogarza.com/" "Mozilla/5.0 (Linux; Android 10; K) AppleWebKit/537.36 (KHTML, like Gecko) Chrome/145.0.0.0 Mobile Safari/537.36"
201.141.98.42 - - [09/Mar/2026:06:50:02 +0000] "GET /wp-content/plugins/elementor/assets/lib/animations/styles/fadeInUp.min.css?ver=3.34.0 HTTP/1.1" 200 481 "https://hvmbertogarza.com/" "Mozilla/5.0 (Linux; Android 10; K) AppleWebKit/537.36 (KHTML, like Gecko) Chrome/145.0.0.0 Mobile Safari/537.36"
201.141.98.42 - - [09/Mar/2026:06:50:02 +0000] "GET /wp-content/plugins/elementor/assets/lib/swiper/v8/css/swiper.min.css?ver=8.4.5 HTTP/1.1" 200 4994 "https://hvmbertogarza.com/" "Mozilla/5.0 (Linux; Android 10; K) AppleWebKit/537.36 (KHTML, like Gecko) Chrome/145.0.0.0 Mobile Safari/537.36"
201.141.98.42 - - [09/Mar/2026:06:50:02 +0000] "GET /wp-content/plugins/elementor/assets/css/conditionals/e-swiper.min.css?ver=3.34.0 HTTP/1.1" 200 1165 "https://hvmbertogarza.com/" "Mozilla/5.0 (Linux; Android 10; K) AppleWebKit/537.36 (KHTML, like Gecko) Chrome/145.0.0.0 Mobile Safari/537.36"
201.141.98.42 - - [09/Mar/2026:06:50:02 +0000] "GET /wp-content/plugins/powerpack-elements/assets/css/min/frontend.min.css?ver=2.10.9 HTTP/1.1" 200 40928 "https://hvmbertogarza.com/" "Mozilla/5.0 (Linux; Android 10; K) AppleWebKit/537.36 (KHTML, like Gecko) Chrome/145.0.0.0 Mobile Safari/537.36"
201.141.98.42 - - [09/Mar/2026:06:50:02 +0000] "GET /wp-content/plugins/elementor/assets/lib/animations/styles/fadeInDown.min.css?ver=3.34.0 HTTP/1.1" 200 484 "https://hvmbertogarza.com/" "Mozilla/5.0 (Linux; Android 10; K) AppleWebKit/537.36 (KHTML, like Gecko) Chrome/145.0.0.0 Mobile Safari/537.36"
201.141.98.42 - - [09/Mar/2026:06:50:02 +0000] "GET /wp-content/plugins/pro-elements/assets/css/widget-slides.min.css?ver=3.34.0 HTTP/1.1" 200 989 "https://hvmbertogarza.com/" "Mozilla/5.0 (Linux; Android 10; K) AppleWebKit/537.36 (KHTML, like Gecko) Chrome/145.0.0.0 Mobile Safari/537.36"
201.141.98.42 - - [09/Mar/2026:06:50:02 +0000] "GET /wp-content/plugins/elementor/assets/lib/animations/styles/fadeInRight.min.css?ver=3.34.0 HTTP/1.1" 200 484 "https://hvmbertogarza.com/" "Mozilla/5.0 (Linux; Android 10; K) AppleWebKit/537.36 (KHTML, like Gecko) Chrome/145.0.0.0 Mobile Safari/537.36"
201.141.98.42 - - [09/Mar/2026:06:50:02 +0000] "GET /wp-content/uploads/elementor/css/post-193.css?ver=1772840945 HTTP/1.1" 200 2374 "https://hvmbertogarza.com/" "Mozilla/5.0 (Linux; Android 10; K) AppleWebKit/537.36 (KHTML, like Gecko) Chrome/145.0.0.0 Mobile Safari/537.36"
201.141.98.42 - - [09/Mar/2026:06:50:02 +0000] "GET /wp-content/plugins/powerpack-elements/assets/css/min/pp-woocommerce.min.css?ver=2.10.9 HTTP/1.1" 200 12248 "https://hvmbertogarza.com/" "Mozilla/5.0 (Linux; Android 10; K) AppleWebKit/537.36 (KHTML, like Gecko) Chrome/145.0.0.0 Mobile Safari/537.36"
201.141.98.42 - - [09/Mar/2026:06:50:02 +0000] "GET /wp-content/uploads/elementor/css/post-121.css?ver=1772840574 HTTP/1.1" 200 3555 "https://hvmbertogarza.com/" "Mozilla/5.0 (Linux; Android 10; K) AppleWebKit/537.36 (KHTML, like Gecko) Chrome/145.0.0.0 Mobile Safari/537.36"
201.141.98.42 - - [09/Mar/2026:06:50:02 +0000] "GET /wp-content/uploads/elementor/css/post-109.css?ver=1772840574 HTTP/1.1" 200 1517 "https://hvmbertogarza.com/" "Mozilla/5.0 (Linux; Android 10; K) AppleWebKit/537.36 (KHTML, like Gecko) Chrome/145.0.0.0 Mobile Safari/537.36"
201.141.98.42 - - [09/Mar/2026:06:50:02 +0000] "GET /wp-content/uploads/elementor/css/post-66.css?ver=1772840574 HTTP/1.1" 200 2863 "https://hvmbertogarza.com/" "Mozilla/5.0 (Linux; Android 10; K) AppleWebKit/537.36 (KHTML, like Gecko) Chrome/145.0.0.0 Mobile Safari/537.36"
201.141.98.42 - - [09/Mar/2026:06:50:02 +0000] "GET /wp-content/plugins/shopengine/modules/swatches/loop-product-support/assets/swatches.css?ver=1773039000 HTTP/1.1" 200 309 "https://hvmbertogarza.com/" "Mozilla/5.0 (Linux; Android 10; K) AppleWebKit/537.36 (KHTML, like Gecko) Chrome/145.0.0.0 Mobile Safari/537.36"
201.141.98.42 - - [09/Mar/2026:06:50:02 +0000] "GET /wp-admin/css/color-picker.min.css?ver=6.9.1 HTTP/1.1" 200 1228 "https://hvmbertogarza.com/" "Mozilla/5.0 (Linux; Android 10; K) AppleWebKit/537.36 (KHTML, like Gecko) Chrome/145.0.0.0 Mobile Safari/537.36"
201.141.98.42 - - [09/Mar/2026:06:50:02 +0000] "GET /wp-content/plugins/shopengine/assets/css/shopengine-modal.css?ver=4.8.7 HTTP/1.1" 200 2366 "https://hvmbertogarza.com/" "Mozilla/5.0 (Linux; Android 10; K) AppleWebKit/537.36 (KHTML, like Gecko) Chrome/145.0.0.0 Mobile Safari/537.36"
201.141.98.42 - - [09/Mar/2026:06:50:03 +0000] "GET /wp-content/plugins/shopengine/modules/wishlist/assets/css/wishlist.css?ver=4.8.7 HTTP/1.1" 200 961 "https://hvmbertogarza.com/" "Mozilla/5.0 (Linux; Android 10; K) AppleWebKit/537.36 (KHTML, like Gecko) Chrome/145.0.0.0 Mobile Safari/537.36"
201.141.98.42 - - [09/Mar/2026:06:50:03 +0000] "GET /wp-content/plugins/shopengine/modules/comparison/assets/css/comparison.css?ver=6.9.1 HTTP/1.1" 200 2156 "https://hvmbertogarza.com/" "Mozilla/5.0 (Linux; Android 10; K) AppleWebKit/537.36 (KHTML, like Gecko) Chrome/145.0.0.0 Mobile Safari/537.36"
201.141.98.42 - - [09/Mar/2026:06:50:03 +0000] "GET /wp-content/plugins/shopengine/modules/swatches/assets/css/frontend.css?ver=4.8.7 HTTP/1.1" 200 1480 "https://hvmbertogarza.com/" "Mozilla/5.0 (Linux; Android 10; K) AppleWebKit/537.36 (KHTML, like Gecko) Chrome/145.0.0.0 Mobile Safari/537.36"
201.141.98.42 - - [09/Mar/2026:06:50:03 +0000] "GET /wp-content/uploads/elementor/google-fonts/css/robotoslab.css?ver=1749497380 HTTP/1.1" 200 1326 "https://hvmbertogarza.com/" "Mozilla/5.0 (Linux; Android 10; K) AppleWebKit/537.36 (KHTML, like Gecko) Chrome/145.0.0.0 Mobile Safari/537.36"
201.141.98.42 - - [09/Mar/2026:06:50:03 +0000] "GET /wp-content/uploads/elementor/google-fonts/css/niramit.css?ver=1749497384 HTTP/1.1" 200 1248 "https://hvmbertogarza.com/" "Mozilla/5.0 (Linux; Android 10; K) AppleWebKit/537.36 (KHTML, like Gecko) Chrome/145.0.0.0 Mobile Safari/537.36"
201.141.98.42 - - [09/Mar/2026:06:50:03 +0000] "GET /wp-content/uploads/elementor/google-fonts/css/roboto.css?ver=1749497619 HTTP/1.1" 200 3281 "https://hvmbertogarza.com/" "Mozilla/5.0 (Linux; Android 10; K) AppleWebKit/537.36 (KHTML, like Gecko) Chrome/145.0.0.0 Mobile Safari/537.36"
201.141.98.42 - - [09/Mar/2026:06:50:03 +0000] "GET /wp-content/uploads/elementor/google-fonts/css/lato.css?ver=1749497385 HTTP/1.1" 200 965 "https://hvmbertogarza.com/" "Mozilla/5.0 (Linux; Android 10; K) AppleWebKit/537.36 (KHTML, like Gecko) Chrome/145.0.0.0 Mobile Safari/537.36"
201.141.98.42 - - [09/Mar/2026:06:50:03 +0000] "GET /wp-content/uploads/elementor/google-fonts/css/ledger.css?ver=1749497386 HTTP/1.1" 200 802 "https://hvmbertogarza.com/" "Mozilla/5.0 (Linux; Android 10; K) AppleWebKit/537.36 (KHTML, like Gecko) Chrome/145.0.0.0 Mobile Safari/537.36"
201.141.98.42 - - [09/Mar/2026:06:50:03 +0000] "GET /wp-content/uploads/elementor/google-fonts/css/juliussansone.css?ver=1749497386 HTTP/1.1" 200 783 "https://hvmbertogarza.com/" "Mozilla/5.0 (Linux; Android 10; K) AppleWebKit/537.36 (KHTML, like Gecko) Chrome/145.0.0.0 Mobile Safari/537.36"
201.141.98.42 - - [09/Mar/2026:06:50:03 +0000] "GET /wp-content/plugins/shopengine/assets/js/shopengine-modal.js?ver=4.8.7 HTTP/1.1" 200 2265 "https://hvmbertogarza.com/" "Mozilla/5.0 (Linux; Android 10; K) AppleWebKit/537.36 (KHTML, like Gecko) Chrome/145.0.0.0 Mobile Safari/537.36"
201.141.98.42 - - [09/Mar/2026:06:50:03 +0000] "GET /wp-includes/js/jquery/jquery-migrate.min.js?ver=3.4.1 HTTP/1.1" 200 5297 "https://hvmbertogarza.com/" "Mozilla/5.0 (Linux; Android 10; K) AppleWebKit/537.36 (KHTML, like Gecko) Chrome/145.0.0.0 Mobile Safari/537.36"
201.141.98.42 - - [09/Mar/2026:06:50:03 +0000] "GET /wp-includes/js/jquery/jquery.min.js?ver=3.7.1 HTTP/1.1" 200 30861 "https://hvmbertogarza.com/" "Mozilla/5.0 (Linux; Android 10; K) AppleWebKit/537.36 (KHTML, like Gecko) Chrome/145.0.0.0 Mobile Safari/537.36"
201.141.98.42 - - [09/Mar/2026:06:50:03 +0000] "GET /wp-content/plugins/shopengine/modules/quick-view/assets/js/script.js?ver=6.9.1 HTTP/1.1" 200 723 "https://hvmbertogarza.com/" "Mozilla/5.0 (Linux; Android 10; K) AppleWebKit/537.36 (KHTML, like Gecko) Chrome/145.0.0.0 Mobile Safari/537.36"
201.141.98.42 - - [09/Mar/2026:06:50:03 +0000] "GET /wp-content/plugins/shopengine/modules/wishlist/assets/js/wishlist.js?ver=6.9.1 HTTP/1.1" 200 1011 "https://hvmbertogarza.com/" "Mozilla/5.0 (Linux; Android 10; K) AppleWebKit/537.36 (KHTML, like Gecko) Chrome/145.0.0.0 Mobile Safari/537.36"
201.141.98.42 - - [09/Mar/2026:06:50:03 +0000] "GET /wp-content/uploads/2024/02/LOGO-Individual-vector-01.png HTTP/1.1" 200 44646 "https://hvmbertogarza.com/" "Mozilla/5.0 (Linux; Android 10; K) AppleWebKit/537.36 (KHTML, like Gecko) Chrome/145.0.0.0 Mobile Safari/537.36"
201.141.98.42 - - [09/Mar/2026:06:50:03 +0000] "GET /wp-content/uploads/2024/02/Mortem-2022-Web-Recursos-Metodos-de-Pago.png HTTP/1.1" 200 2938 "https://hvmbertogarza.com/" "Mozilla/5.0 (Linux; Android 10; K) AppleWebKit/537.36 (KHTML, like Gecko) Chrome/145.0.0.0 Mobile Safari/537.36"
201.141.98.42 - - [09/Mar/2026:06:50:03 +0000] "GET /wp-content/plugins/woocommerce/assets/client/blocks/wc-blocks.css?ver=wc-10.3.7 HTTP/1.1" 200 3029 "https://hvmbertogarza.com/" "Mozilla/5.0 (Linux; Android 10; K) AppleWebKit/537.36 (KHTML, like Gecko) Chrome/145.0.0.0 Mobile Safari/537.36"
201.141.98.42 - - [09/Mar/2026:06:50:03 +0000] "GET /wp-content/plugins/wp-whatsapp/assets/js/whatsapp-button.js?ver=3.7.3 HTTP/1.1" 200 885 "https://hvmbertogarza.com/" "Mozilla/5.0 (Linux; Android 10; K) AppleWebKit/537.36 (KHTML, like Gecko) Chrome/145.0.0.0 Mobile Safari/537.36"
201.141.98.42 - - [09/Mar/2026:06:50:03 +0000] "GET /wp-content/plugins/shopengine/assets/js/simple-scrollbar.js?ver=4.8.7 HTTP/1.1" 200 1459 "https://hvmbertogarza.com/" "Mozilla/5.0 (Linux; Android 10; K) AppleWebKit/537.36 (KHTML, like Gecko) Chrome/145.0.0.0 Mobile Safari/537.36"
201.141.98.42 - - [09/Mar/2026:06:50:03 +0000] "GET /wp-content/plugins/wp-whatsapp/assets/dist/js/njt-whatsapp.js?ver=3.7.3 HTTP/1.1" 200 19002 "https://hvmbertogarza.com/" "Mozilla/5.0 (Linux; Android 10; K) AppleWebKit/537.36 (KHTML, like Gecko) Chrome/145.0.0.0 Mobile Safari/537.36"
201.141.98.42 - - [09/Mar/2026:06:50:03 +0000] "GET /wp-content/uploads/elementor/google-fonts/fonts/roboto-kfo7cnqeu92fr1me7ksn66agldtyluamaxkubgee.woff2 HTTP/1.1" 200 20770 "https://hvmbertogarza.com/wp-content/uploads/elementor/google-fonts/css/roboto.css?ver=1749497619" "Mozilla/5.0 (Linux; Android 10; K) AppleWebKit/537.36 (KHTML, like Gecko) Chrome/145.0.0.0 Mobile Safari/537.36"
201.141.98.42 - - [09/Mar/2026:06:50:03 +0000] "GET /wp-content/uploads/elementor/google-fonts/fonts/roboto-kfo7cnqeu92fr1me7ksn66agldtyluama3yuba.woff2 HTTP/1.1" 200 40512 "https://hvmbertogarza.com/wp-content/uploads/elementor/google-fonts/css/roboto.css?ver=1749497619" "Mozilla/5.0 (Linux; Android 10; K) AppleWebKit/537.36 (KHTML, like Gecko) Chrome/145.0.0.0 Mobile Safari/537.36"
201.141.98.42 - - [09/Mar/2026:06:50:03 +0000] "GET /wp-content/uploads/elementor/google-fonts/fonts/niramit-i_urmpwdvgldnxvlvqh_hi-org.woff2 HTTP/1.1" 200 12840 "https://hvmbertogarza.com/wp-content/uploads/elementor/google-fonts/css/niramit.css?ver=1749497384" "Mozilla/5.0 (Linux; Android 10; K) AppleWebKit/537.36 (KHTML, like Gecko) Chrome/145.0.0.0 Mobile Safari/537.36"
