66.249.92.136 - - [09/Mar/2026:17:14:35 +0000] "POST /?wc-ajax=get_refreshed_fragments HTTP/1.1" 200 5435 "https://hvmbertogarza.com/producto/t-shirt-caballero-playera-oficial-horror-fest-edicion-leyendas-de-mexico/" "Mozilla/5.0 (X11; Linux x86_64) AppleWebKit/537.36 (KHTML, like Gecko) Chrome/145.0.7632.116 Safari/537.36"
74.7.242.14 - - [09/Mar/2026:17:14:38 +0000] "GET /shop/derisiveness/hoarse011468189163.html HTTP/1.1" 404 52016 "https://hvmbertogarza.com/wp-sitemap.xml" "Mozilla/5.0 AppleWebKit/537.36 (KHTML, like Gecko; compatible; GPTBot/1.3; +https://openai.com/gptbot)"
74.7.242.14 - - [09/Mar/2026:17:14:41 +0000] "GET /shop/grammatist/polyandrian014101964062.html HTTP/1.1" 404 57528 "https://hvmbertogarza.com/wp-sitemap.xml" "Mozilla/5.0 AppleWebKit/537.36 (KHTML, like Gecko; compatible; GPTBot/1.3; +https://openai.com/gptbot)"
57.141.4.43 - - [09/Mar/2026:17:14:42 +0000] "GET /casino-bonus-uk-no-deposit/ HTTP/1.1" 200 207438 "-" "meta-externalagent/1.1 (+https://developers.facebook.com/docs/sharing/webmasters/crawler)"
74.7.242.14 - - [09/Mar/2026:17:14:44 +0000] "GET /shop/forementioned/schetic011808169560.html HTTP/1.1" 404 52016 "https://hvmbertogarza.com/wp-sitemap.xml" "Mozilla/5.0 AppleWebKit/537.36 (KHTML, like Gecko; compatible; GPTBot/1.3; +https://openai.com/gptbot)"
74.7.242.14 - - [09/Mar/2026:17:14:48 +0000] "GET /shop/decompress/nitrophnol011016867627.html HTTP/1.1" 404 57528 "https://hvmbertogarza.com/wp-sitemap.xml" "Mozilla/5.0 AppleWebKit/537.36 (KHTML, like Gecko; compatible; GPTBot/1.3; +https://openai.com/gptbot)"
74.208.176.140 - - [09/Mar/2026:17:14:53 +0000] "POST /wp-cron.php?doing_wp_cron=1773076493.0423491001129150390625 HTTP/1.1" 200 4101 "-" "WordPress/6.9.1; https://hvmbertogarza.com"
66.249.92.197 - - [09/Mar/2026:17:14:51 +0000] "POST /?wc-ajax=get_refreshed_fragments HTTP/1.1" 200 5435 "https://hvmbertogarza.com/producto/t-shirt-caballero-playera-oficial-horror-fest-edicion-leyendas-de-mexico/" "Mozilla/5.0 (X11; Linux x86_64) AppleWebKit/537.36 (KHTML, like Gecko) Chrome/145.0.7632.116 Safari/537.36"
74.7.242.14 - - [09/Mar/2026:17:14:51 +0000] "GET /shop/penanceless/stealthful011679538519.html HTTP/1.1" 404 57528 "https://hvmbertogarza.com/wp-sitemap.xml" "Mozilla/5.0 AppleWebKit/537.36 (KHTML, like Gecko; compatible; GPTBot/1.3; +https://openai.com/gptbot)"
51.89.129.202 - - [09/Mar/2026:17:14:54 +0000] "GET /producto/libro-monsters-creatures-ghouls-vol-1/ HTTP/1.1" 200 46716 "-" "Mozilla/5.0 (compatible; AhrefsBot/7.0; +http://ahrefs.com/robot/)"
74.7.242.14 - - [09/Mar/2026:17:14:54 +0000] "GET /shop/eschericia/nitrified011913087317.html HTTP/1.1" 404 57528 "https://hvmbertogarza.com/wp-sitemap.xml" "Mozilla/5.0 AppleWebKit/537.36 (KHTML, like Gecko; compatible; GPTBot/1.3; +https://openai.com/gptbot)"
74.208.176.140 - - [09/Mar/2026:17:15:01 +0000] "POST /wp-cron.php?doing_wp_cron=1773076501.6724340915679931640625 HTTP/1.1" 200 4101 "-" "WordPress/6.9.1; https://hvmbertogarza.com"
74.7.242.14 - - [09/Mar/2026:17:14:58 +0000] "GET /shop/misinstruct/spector013908159305.html HTTP/1.1" 404 136074 "https://hvmbertogarza.com/wp-sitemap.xml" "Mozilla/5.0 AppleWebKit/537.36 (KHTML, like Gecko; compatible; GPTBot/1.3; +https://openai.com/gptbot)"
74.208.176.140 - - [09/Mar/2026:17:15:04 +0000] "POST /wp-cron.php?doing_wp_cron=1773076504.9471321105957031250000 HTTP/1.1" 200 4101 "-" "WordPress/6.9.1; https://hvmbertogarza.com"
66.249.92.163 - - [09/Mar/2026:17:15:01 +0000] "POST /?wc-ajax=get_refreshed_fragments HTTP/1.1" 200 5435 "https://hvmbertogarza.com/producto/t-shirt-caballero-playera-oficial-horror-fest-edicion-leyendas-de-mexico/" "Mozilla/5.0 (X11; Linux x86_64) AppleWebKit/537.36 (KHTML, like Gecko) Chrome/145.0.7632.116 Safari/537.36"
74.7.242.14 - - [09/Mar/2026:17:15:01 +0000] "GET /shop/suicidical/labdanum011371614606.html HTTP/1.1" 404 57528 "https://hvmbertogarza.com/wp-sitemap.xml" "Mozilla/5.0 AppleWebKit/537.36 (KHTML, like Gecko; compatible; GPTBot/1.3; +https://openai.com/gptbot)"
74.7.242.14 - - [09/Mar/2026:17:15:06 +0000] "GET /shop/underniceness/deepread013748824434.html HTTP/1.1" 404 57528 "https://hvmbertogarza.com/wp-sitemap.xml" "Mozilla/5.0 AppleWebKit/537.36 (KHTML, like Gecko; compatible; GPTBot/1.3; +https://openai.com/gptbot)"
74.7.242.14 - - [09/Mar/2026:17:15:10 +0000] "GET /shop/encyclopedy/heterogene012651018528.html HTTP/1.1" 404 52016 "https://hvmbertogarza.com/wp-sitemap.xml" "Mozilla/5.0 AppleWebKit/537.36 (KHTML, like Gecko; compatible; GPTBot/1.3; +https://openai.com/gptbot)"
89.167.59.5 - - [09/Mar/2026:17:15:12 +0000] "POST /xmlrpc.php HTTP/1.1" 200 4173 "-" "Mozilla/5.0 (Windows NT 10.0; Win64; x64) AppleWebKit/537.36 (KHTML, like Gecko) Chrome/108.0.0.0 Safari/537.36"
74.7.242.14 - - [09/Mar/2026:17:15:14 +0000] "GET /shop/reflected/swallowtail011285215508.html HTTP/1.1" 404 57528 "https://hvmbertogarza.com/wp-sitemap.xml" "Mozilla/5.0 AppleWebKit/537.36 (KHTML, like Gecko; compatible; GPTBot/1.3; +https://openai.com/gptbot)"
66.249.92.10 - - [09/Mar/2026:17:15:17 +0000] "POST /?wc-ajax=get_refreshed_fragments HTTP/1.1" 200 5435 "https://hvmbertogarza.com/producto/t-shirt-caballero-playera-oficial-horror-fest-edicion-leyendas-de-mexico/" "Mozilla/5.0 (X11; Linux x86_64) AppleWebKit/537.36 (KHTML, like Gecko) Chrome/145.0.7632.116 Safari/537.36"
74.7.242.14 - - [09/Mar/2026:17:15:18 +0000] "GET /shop/wittier/reciprocornous012008102234.html HTTP/1.1" 404 57528 "https://hvmbertogarza.com/wp-sitemap.xml" "Mozilla/5.0 AppleWebKit/537.36 (KHTML, like Gecko; compatible; GPTBot/1.3; +https://openai.com/gptbot)"
89.167.59.5 - - [09/Mar/2026:17:15:20 +0000] "POST /xmlrpc.php HTTP/1.1" 200 4171 "-" "Mozilla/5.0 (Windows NT 10.0; Win64; x64) AppleWebKit/537.36 (KHTML, like Gecko) Chrome/108.0.0.0 Safari/537.36"
74.7.242.14 - - [09/Mar/2026:17:15:21 +0000] "GET /shop/pronghorn/carnation012316308568.html HTTP/1.1" 404 57528 "https://hvmbertogarza.com/wp-sitemap.xml" "Mozilla/5.0 AppleWebKit/537.36 (KHTML, like Gecko; compatible; GPTBot/1.3; +https://openai.com/gptbot)"
74.7.242.14 - - [09/Mar/2026:17:15:25 +0000] "GET /shop/ruralist/ontologically011327611006.html HTTP/1.1" 404 52016 "https://hvmbertogarza.com/wp-sitemap.xml" "Mozilla/5.0 AppleWebKit/537.36 (KHTML, like Gecko; compatible; GPTBot/1.3; +https://openai.com/gptbot)"
66.249.92.9 - - [09/Mar/2026:17:15:29 +0000] "POST /?wc-ajax=get_refreshed_fragments HTTP/1.1" 200 5435 "https://hvmbertogarza.com/producto/t-shirt-caballero-playera-oficial-horror-fest-edicion-leyendas-de-mexico/" "Mozilla/5.0 (X11; Linux x86_64) AppleWebKit/537.36 (KHTML, like Gecko) Chrome/145.0.7632.116 Safari/537.36"
74.7.242.14 - - [09/Mar/2026:17:15:28 +0000] "GET /shop/filthiest/astroscope011209536217.html HTTP/1.1" 404 136074 "https://hvmbertogarza.com/wp-sitemap.xml" "Mozilla/5.0 AppleWebKit/537.36 (KHTML, like Gecko; compatible; GPTBot/1.3; +https://openai.com/gptbot)"
74.7.242.14 - - [09/Mar/2026:17:15:32 +0000] "GET /shop/leopoldinia/remitment012076377805.html HTTP/1.1" 404 57528 "https://hvmbertogarza.com/wp-sitemap.xml" "Mozilla/5.0 AppleWebKit/537.36 (KHTML, like Gecko; compatible; GPTBot/1.3; +https://openai.com/gptbot)"
74.7.242.14 - - [09/Mar/2026:17:15:36 +0000] "GET /shop/chute/nonrecombinant012620551850.html HTTP/1.1" 404 127806 "https://hvmbertogarza.com/wp-sitemap.xml" "Mozilla/5.0 AppleWebKit/537.36 (KHTML, like Gecko; compatible; GPTBot/1.3; +https://openai.com/gptbot)"
74.7.242.14 - - [09/Mar/2026:17:15:39 +0000] "GET /shop/annihilative/nailery012461898644.html HTTP/1.1" 404 57528 "https://hvmbertogarza.com/wp-sitemap.xml" "Mozilla/5.0 AppleWebKit/537.36 (KHTML, like Gecko; compatible; GPTBot/1.3; +https://openai.com/gptbot)"
66.249.92.197 - - [09/Mar/2026:17:15:41 +0000] "POST /?wc-ajax=get_refreshed_fragments HTTP/1.1" 200 5435 "https://hvmbertogarza.com/producto/t-shirt-caballero-playera-oficial-horror-fest-edicion-leyendas-de-mexico/" "Mozilla/5.0 (X11; Linux x86_64) AppleWebKit/537.36 (KHTML, like Gecko) Chrome/145.0.7632.116 Safari/537.36"
74.7.242.14 - - [09/Mar/2026:17:15:42 +0000] "GET /shop/phasianellus/bestar013492336094.html HTTP/1.1" 404 57528 "https://hvmbertogarza.com/wp-sitemap.xml" "Mozilla/5.0 AppleWebKit/537.36 (KHTML, like Gecko; compatible; GPTBot/1.3; +https://openai.com/gptbot)"
74.7.242.14 - - [09/Mar/2026:17:15:45 +0000] "GET /shop/mnemotechnical/galea012235266763.html HTTP/1.1" 404 57528 "https://hvmbertogarza.com/wp-sitemap.xml" "Mozilla/5.0 AppleWebKit/537.36 (KHTML, like Gecko; compatible; GPTBot/1.3; +https://openai.com/gptbot)"
74.7.242.14 - - [09/Mar/2026:17:15:49 +0000] "GET /shop/coexecutrix/percheron013364706006.html HTTP/1.1" 404 132045 "https://hvmbertogarza.com/wp-sitemap.xml" "Mozilla/5.0 AppleWebKit/537.36 (KHTML, like Gecko; compatible; GPTBot/1.3; +https://openai.com/gptbot)"
66.249.92.136 - - [09/Mar/2026:17:15:52 +0000] "POST /?wc-ajax=get_refreshed_fragments HTTP/1.1" 200 5435 "https://hvmbertogarza.com/producto/t-shirt-caballero-playera-oficial-horror-fest-edicion-leyendas-de-mexico/" "Mozilla/5.0 (X11; Linux x86_64) AppleWebKit/537.36 (KHTML, like Gecko) Chrome/145.0.7632.116 Safari/537.36"
74.7.242.14 - - [09/Mar/2026:17:15:52 +0000] "GET /shop/busheling/saltmouth013947967066.html HTTP/1.1" 404 131940 "https://hvmbertogarza.com/wp-sitemap.xml" "Mozilla/5.0 AppleWebKit/537.36 (KHTML, like Gecko; compatible; GPTBot/1.3; +https://openai.com/gptbot)"
74.7.242.14 - - [09/Mar/2026:17:15:55 +0000] "GET /shop/anchoritess/toothlet013558674286.html HTTP/1.1" 404 57528 "https://hvmbertogarza.com/wp-sitemap.xml" "Mozilla/5.0 AppleWebKit/537.36 (KHTML, like Gecko; compatible; GPTBot/1.3; +https://openai.com/gptbot)"
74.7.242.14 - - [09/Mar/2026:17:15:58 +0000] "GET /shop/septembrist/crowberry013531191348.html HTTP/1.1" 404 57528 "https://hvmbertogarza.com/wp-sitemap.xml" "Mozilla/5.0 AppleWebKit/537.36 (KHTML, like Gecko; compatible; GPTBot/1.3; +https://openai.com/gptbot)"
74.7.242.14 - - [09/Mar/2026:17:16:01 +0000] "GET /shop/aspirating/phosphene012950976964.html HTTP/1.1" 404 57528 "https://hvmbertogarza.com/wp-sitemap.xml" "Mozilla/5.0 AppleWebKit/537.36 (KHTML, like Gecko; compatible; GPTBot/1.3; +https://openai.com/gptbot)"
74.208.176.140 - - [09/Mar/2026:17:16:05 +0000] "POST /wp-cron.php?doing_wp_cron=1773076565.2760570049285888671875 HTTP/1.1" 200 4101 "-" "WordPress/6.9.1; https://hvmbertogarza.com"
66.249.92.138 - - [09/Mar/2026:17:16:05 +0000] "POST /?wc-ajax=get_refreshed_fragments HTTP/1.1" 200 5435 "https://hvmbertogarza.com/producto/t-shirt-caballero-playera-oficial-horror-fest-edicion-leyendas-de-mexico/" "Mozilla/5.0 (X11; Linux x86_64) AppleWebKit/537.36 (KHTML, like Gecko) Chrome/145.0.7632.116 Safari/537.36"
74.7.242.14 - - [09/Mar/2026:17:16:05 +0000] "GET /shop/disafforest/torrefied014263601008.html HTTP/1.1" 404 141586 "https://hvmbertogarza.com/wp-sitemap.xml" "Mozilla/5.0 AppleWebKit/537.36 (KHTML, like Gecko; compatible; GPTBot/1.3; +https://openai.com/gptbot)"
74.7.242.14 - - [09/Mar/2026:17:16:09 +0000] "GET /shop/sideral/electrolier013674193703.html HTTP/1.1" 404 57528 "https://hvmbertogarza.com/wp-sitemap.xml" "Mozilla/5.0 AppleWebKit/537.36 (KHTML, like Gecko; compatible; GPTBot/1.3; +https://openai.com/gptbot)"
74.7.242.14 - - [09/Mar/2026:17:16:13 +0000] "GET /shop/wawaskeesh/deltoides013759029017.html HTTP/1.1" 404 141586 "https://hvmbertogarza.com/wp-sitemap.xml" "Mozilla/5.0 AppleWebKit/537.36 (KHTML, like Gecko; compatible; GPTBot/1.3; +https://openai.com/gptbot)"
66.249.92.197 - - [09/Mar/2026:17:16:17 +0000] "POST /?wc-ajax=get_refreshed_fragments HTTP/1.1" 200 5435 "https://hvmbertogarza.com/producto/t-shirt-caballero-playera-oficial-horror-fest-edicion-leyendas-de-mexico/" "Mozilla/5.0 (X11; Linux x86_64) AppleWebKit/537.36 (KHTML, like Gecko) Chrome/145.0.7632.116 Safari/537.36"
74.7.242.14 - - [09/Mar/2026:17:16:19 +0000] "GET /shop/whitelivered/homely012770167931.html HTTP/1.1" 404 57528 "https://hvmbertogarza.com/wp-sitemap.xml" "Mozilla/5.0 AppleWebKit/537.36 (KHTML, like Gecko; compatible; GPTBot/1.3; +https://openai.com/gptbot)"
74.7.242.14 - - [09/Mar/2026:17:16:24 +0000] "GET /shop/hypermyriorama/misfit014076645730.html HTTP/1.1" 404 57528 "https://hvmbertogarza.com/wp-sitemap.xml" "Mozilla/5.0 AppleWebKit/537.36 (KHTML, like Gecko; compatible; GPTBot/1.3; +https://openai.com/gptbot)"
74.208.176.140 - - [09/Mar/2026:17:16:30 +0000] "POST /wp-cron.php?doing_wp_cron=1773076590.8667759895324707031250 HTTP/1.1" 200 4101 "-" "WordPress/6.9.1; https://hvmbertogarza.com"
74.7.242.14 - - [09/Mar/2026:17:16:28 +0000] "GET /shop/cogitative/infinituple013715770035.html HTTP/1.1" 404 52016 "https://hvmbertogarza.com/wp-sitemap.xml" "Mozilla/5.0 AppleWebKit/537.36 (KHTML, like Gecko; compatible; GPTBot/1.3; +https://openai.com/gptbot)"
74.7.242.14 - - [09/Mar/2026:17:16:31 +0000] "GET /shop/gainage/haematoblast011891239560.html HTTP/1.1" 404 136074 "https://hvmbertogarza.com/wp-sitemap.xml" "Mozilla/5.0 AppleWebKit/537.36 (KHTML, like Gecko; compatible; GPTBot/1.3; +https://openai.com/gptbot)"
74.7.242.14 - - [09/Mar/2026:17:16:34 +0000] "GET /shop/pepperwort/thionoline013762569245.html HTTP/1.1" 404 57528 "https://hvmbertogarza.com/wp-sitemap.xml" "Mozilla/5.0 AppleWebKit/537.36 (KHTML, like Gecko; compatible; GPTBot/1.3; +https://openai.com/gptbot)"
66.249.92.9 - - [09/Mar/2026:17:16:36 +0000] "POST /?wc-ajax=get_refreshed_fragments HTTP/1.1" 200 5435 "https://hvmbertogarza.com/producto/t-shirt-caballero-playera-oficial-horror-fest-edicion-leyendas-de-mexico/" "Mozilla/5.0 (X11; Linux x86_64) AppleWebKit/537.36 (KHTML, like Gecko) Chrome/145.0.7632.116 Safari/537.36"
185.191.171.9 - - [09/Mar/2026:17:16:36 +0000] "GET /1333-2/ HTTP/1.1" 200 44561 "-" "Mozilla/5.0 (compatible; SemrushBot/7~bl; +http://www.semrush.com/bot.html)"
74.7.242.14 - - [09/Mar/2026:17:16:38 +0000] "GET /shop/youthy/electricities013368246218.html HTTP/1.1" 404 128123 "https://hvmbertogarza.com/wp-sitemap.xml" "Mozilla/5.0 AppleWebKit/537.36 (KHTML, like Gecko; compatible; GPTBot/1.3; +https://openai.com/gptbot)"
74.7.242.14 - - [09/Mar/2026:17:16:41 +0000] "GET /shop/debuscope/choiceness012730919712.html HTTP/1.1" 404 57528 "https://hvmbertogarza.com/wp-sitemap.xml" "Mozilla/5.0 AppleWebKit/537.36 (KHTML, like Gecko; compatible; GPTBot/1.3; +https://openai.com/gptbot)"
74.7.242.14 - - [09/Mar/2026:17:16:45 +0000] "GET /shop/crotaphite/complexed011565582854.html HTTP/1.1" 404 91978 "https://hvmbertogarza.com/wp-sitemap.xml" "Mozilla/5.0 AppleWebKit/537.36 (KHTML, like Gecko; compatible; GPTBot/1.3; +https://openai.com/gptbot)"
74.7.242.14 - - [09/Mar/2026:17:16:48 +0000] "GET /shop/finishing/homoeopath013221703651.html HTTP/1.1" 404 52016 "https://hvmbertogarza.com/wp-sitemap.xml" "Mozilla/5.0 AppleWebKit/537.36 (KHTML, like Gecko; compatible; GPTBot/1.3; +https://openai.com/gptbot)"
74.208.176.140 - - [09/Mar/2026:17:16:51 +0000] "POST /wp-cron.php?doing_wp_cron=1773076611.6821320056915283203125 HTTP/1.1" 200 4101 "-" "WordPress/6.9.1; https://hvmbertogarza.com"
66.249.92.197 - - [09/Mar/2026:17:16:51 +0000] "POST /?wc-ajax=get_refreshed_fragments HTTP/1.1" 200 5435 "https://hvmbertogarza.com/producto/t-shirt-caballero-playera-oficial-horror-fest-edicion-leyendas-de-mexico/" "Mozilla/5.0 (X11; Linux x86_64) AppleWebKit/537.36 (KHTML, like Gecko) Chrome/145.0.7632.116 Safari/537.36"
74.7.242.14 - - [09/Mar/2026:17:16:51 +0000] "GET /shop/pulpitically/cheeselep013512460688.html HTTP/1.1" 404 57528 "https://hvmbertogarza.com/wp-sitemap.xml" "Mozilla/5.0 AppleWebKit/537.36 (KHTML, like Gecko; compatible; GPTBot/1.3; +https://openai.com/gptbot)"
74.7.242.14 - - [09/Mar/2026:17:16:55 +0000] "GET /shop/coracoid/tolutation013491123995.html HTTP/1.1" 404 57528 "https://hvmbertogarza.com/wp-sitemap.xml" "Mozilla/5.0 AppleWebKit/537.36 (KHTML, like Gecko; compatible; GPTBot/1.3; +https://openai.com/gptbot)"
74.7.242.14 - - [09/Mar/2026:17:16:58 +0000] "GET /shop/mantuamaker/torgoch013873727117.html HTTP/1.1" 404 57528 "https://hvmbertogarza.com/wp-sitemap.xml" "Mozilla/5.0 AppleWebKit/537.36 (KHTML, like Gecko; compatible; GPTBot/1.3; +https://openai.com/gptbot)"
74.208.176.140 - - [09/Mar/2026:17:17:01 +0000] "POST /wp-cron.php?doing_wp_cron=1773076621.9115390777587890625000 HTTP/1.1" 200 4101 "-" "WordPress/6.9.1; https://hvmbertogarza.com"
74.7.242.14 - - [09/Mar/2026:17:17:02 +0000] "GET /shop/dynasties/succinimide012610605801.html HTTP/1.1" 404 57528 "https://hvmbertogarza.com/wp-sitemap.xml" "Mozilla/5.0 AppleWebKit/537.36 (KHTML, like Gecko; compatible; GPTBot/1.3; +https://openai.com/gptbot)"
66.249.92.197 - - [09/Mar/2026:17:17:05 +0000] "POST /?wc-ajax=get_refreshed_fragments HTTP/1.1" 200 5435 "https://hvmbertogarza.com/producto/t-shirt-caballero-playera-oficial-horror-fest-edicion-leyendas-de-mexico/" "Mozilla/5.0 (X11; Linux x86_64) AppleWebKit/537.36 (KHTML, like Gecko) Chrome/145.0.7632.116 Safari/537.36"
74.7.242.14 - - [09/Mar/2026:17:17:06 +0000] "GET /shop/pneumatometer/cymose014143147429.html HTTP/1.1" 404 57528 "https://hvmbertogarza.com/wp-sitemap.xml" "Mozilla/5.0 AppleWebKit/537.36 (KHTML, like Gecko; compatible; GPTBot/1.3; +https://openai.com/gptbot)"
57.141.4.24 - - [09/Mar/2026:17:17:06 +0000] "GET /1542-2/ HTTP/1.1" 200 207490 "-" "meta-externalagent/1.1 (+https://developers.facebook.com/docs/sharing/webmasters/crawler)"
74.7.242.14 - - [09/Mar/2026:17:17:11 +0000] "GET /shop/secreness/ministrant012192478332.html HTTP/1.1" 404 57528 "https://hvmbertogarza.com/wp-sitemap.xml" "Mozilla/5.0 AppleWebKit/537.36 (KHTML, like Gecko; compatible; GPTBot/1.3; +https://openai.com/gptbot)"
74.7.242.14 - - [09/Mar/2026:17:17:14 +0000] "GET /shop/antielectron/trigyn012081408004.html HTTP/1.1" 404 95059 "https://hvmbertogarza.com/wp-sitemap.xml" "Mozilla/5.0 AppleWebKit/537.36 (KHTML, like Gecko; compatible; GPTBot/1.3; +https://openai.com/gptbot)"
74.208.176.140 - - [09/Mar/2026:17:17:21 +0000] "POST /wp-cron.php?doing_wp_cron=1773076641.1528120040893554687500 HTTP/1.1" 200 4101 "-" "WordPress/6.9.1; https://hvmbertogarza.com"
74.7.242.14 - - [09/Mar/2026:17:17:18 +0000] "GET /shop/achorman/pantomimist012533941638.html HTTP/1.1" 404 141586 "https://hvmbertogarza.com/wp-sitemap.xml" "Mozilla/5.0 AppleWebKit/537.36 (KHTML, like Gecko; compatible; GPTBot/1.3; +https://openai.com/gptbot)"
66.249.92.197 - - [09/Mar/2026:17:17:22 +0000] "POST /?wc-ajax=get_refreshed_fragments HTTP/1.1" 200 5435 "https://hvmbertogarza.com/producto/t-shirt-caballero-playera-oficial-horror-fest-edicion-leyendas-de-mexico/" "Mozilla/5.0 (X11; Linux x86_64) AppleWebKit/537.36 (KHTML, like Gecko) Chrome/145.0.7632.116 Safari/537.36"
74.7.242.14 - - [09/Mar/2026:17:17:21 +0000] "GET /shop/sourkrout/tamarindus011775278716.html HTTP/1.1" 404 57528 "https://hvmbertogarza.com/wp-sitemap.xml" "Mozilla/5.0 AppleWebKit/537.36 (KHTML, like Gecko; compatible; GPTBot/1.3; +https://openai.com/gptbot)"
74.7.242.14 - - [09/Mar/2026:17:17:25 +0000] "GET /shop/multiplicity/perichete011983225345.html HTTP/1.1" 404 97490 "https://hvmbertogarza.com/wp-sitemap.xml" "Mozilla/5.0 AppleWebKit/537.36 (KHTML, like Gecko; compatible; GPTBot/1.3; +https://openai.com/gptbot)"
74.7.242.14 - - [09/Mar/2026:17:17:29 +0000] "GET /shop/foretopmast/loxodonta013408313587.html HTTP/1.1" 404 57528 "https://hvmbertogarza.com/wp-sitemap.xml" "Mozilla/5.0 AppleWebKit/537.36 (KHTML, like Gecko; compatible; GPTBot/1.3; +https://openai.com/gptbot)"
74.7.242.14 - - [09/Mar/2026:17:17:32 +0000] "GET /shop/devotedly/typography012019822139.html HTTP/1.1" 404 137452 "https://hvmbertogarza.com/wp-sitemap.xml" "Mozilla/5.0 AppleWebKit/537.36 (KHTML, like Gecko; compatible; GPTBot/1.3; +https://openai.com/gptbot)"
66.249.92.136 - - [09/Mar/2026:17:17:35 +0000] "POST /?wc-ajax=get_refreshed_fragments HTTP/1.1" 200 5435 "https://hvmbertogarza.com/producto/t-shirt-caballero-playera-oficial-horror-fest-edicion-leyendas-de-mexico/" "Mozilla/5.0 (X11; Linux x86_64) AppleWebKit/537.36 (KHTML, like Gecko) Chrome/145.0.7632.116 Safari/537.36"
74.7.242.14 - - [09/Mar/2026:17:17:35 +0000] "GET /shop/remunerative/ericaceae013219185193.html HTTP/1.1" 404 57528 "https://hvmbertogarza.com/wp-sitemap.xml" "Mozilla/5.0 AppleWebKit/537.36 (KHTML, like Gecko; compatible; GPTBot/1.3; +https://openai.com/gptbot)"
74.7.242.14 - - [09/Mar/2026:17:17:39 +0000] "GET /shop/cheesiness/prosecutrix011966918851.html HTTP/1.1" 404 57528 "https://hvmbertogarza.com/wp-sitemap.xml" "Mozilla/5.0 AppleWebKit/537.36 (KHTML, like Gecko; compatible; GPTBot/1.3; +https://openai.com/gptbot)"
74.7.242.14 - - [09/Mar/2026:17:17:42 +0000] "GET /shop/hooky/trumpetshaped012371256116.html HTTP/1.1" 404 57528 "https://hvmbertogarza.com/wp-sitemap.xml" "Mozilla/5.0 AppleWebKit/537.36 (KHTML, like Gecko; compatible; GPTBot/1.3; +https://openai.com/gptbot)"
74.7.242.14 - - [09/Mar/2026:17:17:45 +0000] "GET /shop/illfated/siliginose012408899287.html HTTP/1.1" 404 52016 "https://hvmbertogarza.com/wp-sitemap.xml" "Mozilla/5.0 AppleWebKit/537.36 (KHTML, like Gecko; compatible; GPTBot/1.3; +https://openai.com/gptbot)"
66.249.92.9 - - [09/Mar/2026:17:17:48 +0000] "POST /?wc-ajax=get_refreshed_fragments HTTP/1.1" 200 5435 "https://hvmbertogarza.com/producto/t-shirt-caballero-playera-oficial-horror-fest-edicion-leyendas-de-mexico/" "Mozilla/5.0 (X11; Linux x86_64) AppleWebKit/537.36 (KHTML, like Gecko) Chrome/145.0.7632.116 Safari/537.36"
74.208.176.140 - - [09/Mar/2026:17:17:51 +0000] "POST /wp-cron.php?doing_wp_cron=1773076671.8102350234985351562500 HTTP/1.1" 200 4101 "-" "WordPress/6.9.1; https://hvmbertogarza.com"
74.7.242.14 - - [09/Mar/2026:17:17:48 +0000] "GET /shop/robalo/processionalist013038376160.html HTTP/1.1" 404 133318 "https://hvmbertogarza.com/wp-sitemap.xml" "Mozilla/5.0 AppleWebKit/537.36 (KHTML, like Gecko; compatible; GPTBot/1.3; +https://openai.com/gptbot)"
74.7.242.14 - - [09/Mar/2026:17:17:52 +0000] "GET /shop/arthropathy/youngish012413488091.html HTTP/1.1" 404 136074 "https://hvmbertogarza.com/wp-sitemap.xml" "Mozilla/5.0 AppleWebKit/537.36 (KHTML, like Gecko; compatible; GPTBot/1.3; +https://openai.com/gptbot)"
74.7.242.14 - - [09/Mar/2026:17:17:55 +0000] "GET /shop/osteology/truceless012863138572.html HTTP/1.1" 404 57528 "https://hvmbertogarza.com/wp-sitemap.xml" "Mozilla/5.0 AppleWebKit/537.36 (KHTML, like Gecko; compatible; GPTBot/1.3; +https://openai.com/gptbot)"
66.249.92.197 - - [09/Mar/2026:17:17:57 +0000] "POST /?wc-ajax=get_refreshed_fragments HTTP/1.1" 200 5435 "https://hvmbertogarza.com/producto/t-shirt-caballero-playera-oficial-horror-fest-edicion-leyendas-de-mexico/" "Mozilla/5.0 (X11; Linux x86_64) AppleWebKit/537.36 (KHTML, like Gecko) Chrome/145.0.7632.116 Safari/537.36"
74.7.242.14 - - [09/Mar/2026:17:17:58 +0000] "GET /shop/nephritis/actionary013478191991.html HTTP/1.1" 404 52016 "https://hvmbertogarza.com/wp-sitemap.xml" "Mozilla/5.0 AppleWebKit/537.36 (KHTML, like Gecko; compatible; GPTBot/1.3; +https://openai.com/gptbot)"
74.7.242.14 - - [09/Mar/2026:17:18:02 +0000] "GET /shop/starching/animation013878315905.html HTTP/1.1" 404 136074 "https://hvmbertogarza.com/wp-sitemap.xml" "Mozilla/5.0 AppleWebKit/537.36 (KHTML, like Gecko; compatible; GPTBot/1.3; +https://openai.com/gptbot)"
74.7.242.14 - - [09/Mar/2026:17:18:05 +0000] "GET /shop/ritratto/impersonal013120793587.html HTTP/1.1" 404 52016 "https://hvmbertogarza.com/wp-sitemap.xml" "Mozilla/5.0 AppleWebKit/537.36 (KHTML, like Gecko; compatible; GPTBot/1.3; +https://openai.com/gptbot)"
66.249.92.45 - - [09/Mar/2026:17:18:08 +0000] "POST /?wc-ajax=get_refreshed_fragments HTTP/1.1" 200 5435 "https://hvmbertogarza.com/producto/t-shirt-caballero-playera-oficial-horror-fest-edicion-leyendas-de-mexico/" "Mozilla/5.0 (X11; Linux x86_64) AppleWebKit/537.36 (KHTML, like Gecko) Chrome/145.0.7632.116 Safari/537.36"
74.7.242.14 - - [09/Mar/2026:17:18:09 +0000] "GET /shop/hemialbumose/ambuscade012199395233.html HTTP/1.1" 404 52016 "https://hvmbertogarza.com/wp-sitemap.xml" "Mozilla/5.0 AppleWebKit/537.36 (KHTML, like Gecko; compatible; GPTBot/1.3; +https://openai.com/gptbot)"
74.7.242.14 - - [09/Mar/2026:17:18:12 +0000] "GET /shop/unweetingly/litterer013994017141.html HTTP/1.1" 404 97490 "https://hvmbertogarza.com/wp-sitemap.xml" "Mozilla/5.0 AppleWebKit/537.36 (KHTML, like Gecko; compatible; GPTBot/1.3; +https://openai.com/gptbot)"
74.7.242.14 - - [09/Mar/2026:17:18:15 +0000] "GET /shop/lunet/transmittible014170403124.html HTTP/1.1" 404 57528 "https://hvmbertogarza.com/wp-sitemap.xml" "Mozilla/5.0 AppleWebKit/537.36 (KHTML, like Gecko; compatible; GPTBot/1.3; +https://openai.com/gptbot)"
74.208.176.140 - - [09/Mar/2026:17:18:21 +0000] "POST /wp-cron.php?doing_wp_cron=1773076701.6599791049957275390625 HTTP/1.1" 200 4101 "-" "WordPress/6.9.1; https://hvmbertogarza.com"
74.7.242.14 - - [09/Mar/2026:17:18:18 +0000] "GET /shop/deferment/mainswear013321307372.html HTTP/1.1" 404 141586 "https://hvmbertogarza.com/wp-sitemap.xml" "Mozilla/5.0 AppleWebKit/537.36 (KHTML, like Gecko; compatible; GPTBot/1.3; +https://openai.com/gptbot)"
66.249.92.136 - - [09/Mar/2026:17:18:23 +0000] "POST /?wc-ajax=get_refreshed_fragments HTTP/1.1" 200 5435 "https://hvmbertogarza.com/producto/t-shirt-caballero-playera-oficial-horror-fest-edicion-leyendas-de-mexico/" "Mozilla/5.0 (X11; Linux x86_64) AppleWebKit/537.36 (KHTML, like Gecko) Chrome/145.0.7632.116 Safari/537.36"
74.7.242.14 - - [09/Mar/2026:17:18:21 +0000] "GET /shop/coachhorse/downstair011821492298.html HTTP/1.1" 404 57528 "https://hvmbertogarza.com/wp-sitemap.xml" "Mozilla/5.0 AppleWebKit/537.36 (KHTML, like Gecko; compatible; GPTBot/1.3; +https://openai.com/gptbot)"
74.7.242.14 - - [09/Mar/2026:17:18:25 +0000] "GET /shop/elementalism/sparse013217809571.html HTTP/1.1" 404 57528 "https://hvmbertogarza.com/wp-sitemap.xml" "Mozilla/5.0 AppleWebKit/537.36 (KHTML, like Gecko; compatible; GPTBot/1.3; +https://openai.com/gptbot)"
74.7.242.14 - - [09/Mar/2026:17:18:29 +0000] "GET /shop/nonemphatical/pomely014105504274.html HTTP/1.1" 404 57528 "https://hvmbertogarza.com/wp-sitemap.xml" "Mozilla/5.0 AppleWebKit/537.36 (KHTML, like Gecko; compatible; GPTBot/1.3; +https://openai.com/gptbot)"
74.7.242.14 - - [09/Mar/2026:17:18:32 +0000] "GET /shop/depainted/assumpsit011475202133.html HTTP/1.1" 404 52016 "https://hvmbertogarza.com/wp-sitemap.xml" "Mozilla/5.0 AppleWebKit/537.36 (KHTML, like Gecko; compatible; GPTBot/1.3; +https://openai.com/gptbot)"
66.249.92.136 - - [09/Mar/2026:17:18:34 +0000] "POST /?wc-ajax=get_refreshed_fragments HTTP/1.1" 200 5435 "https://hvmbertogarza.com/producto/t-shirt-caballero-playera-oficial-horror-fest-edicion-leyendas-de-mexico/" "Mozilla/5.0 (X11; Linux x86_64) AppleWebKit/537.36 (KHTML, like Gecko) Chrome/145.0.7632.116 Safari/537.36"
74.7.242.14 - - [09/Mar/2026:17:18:35 +0000] "GET /shop/illampu/nonrecurrent011203617231.html HTTP/1.1" 404 141586 "https://hvmbertogarza.com/wp-sitemap.xml" "Mozilla/5.0 AppleWebKit/537.36 (KHTML, like Gecko; compatible; GPTBot/1.3; +https://openai.com/gptbot)"
74.7.242.14 - - [09/Mar/2026:17:18:39 +0000] "GET /shop/colonnaded/springiness012128392290.html HTTP/1.1" 404 57528 "https://hvmbertogarza.com/wp-sitemap.xml" "Mozilla/5.0 AppleWebKit/537.36 (KHTML, like Gecko; compatible; GPTBot/1.3; +https://openai.com/gptbot)"
74.7.242.14 - - [09/Mar/2026:17:18:42 +0000] "GET /shop/dissecting/peritomous011087870571.html HTTP/1.1" 404 57528 "https://hvmbertogarza.com/wp-sitemap.xml" "Mozilla/5.0 AppleWebKit/537.36 (KHTML, like Gecko; compatible; GPTBot/1.3; +https://openai.com/gptbot)"
66.249.92.163 - - [09/Mar/2026:17:18:45 +0000] "POST /?wc-ajax=get_refreshed_fragments HTTP/1.1" 200 5435 "https://hvmbertogarza.com/producto/t-shirt-caballero-playera-oficial-horror-fest-edicion-leyendas-de-mexico/" "Mozilla/5.0 (X11; Linux x86_64) AppleWebKit/537.36 (KHTML, like Gecko) Chrome/145.0.7632.116 Safari/537.36"
74.7.242.14 - - [09/Mar/2026:17:18:45 +0000] "GET /shop/storyteller/polished013456691791.html HTTP/1.1" 404 57528 "https://hvmbertogarza.com/wp-sitemap.xml" "Mozilla/5.0 AppleWebKit/537.36 (KHTML, like Gecko; compatible; GPTBot/1.3; +https://openai.com/gptbot)"
74.208.176.140 - - [09/Mar/2026:17:18:51 +0000] "POST /wp-cron.php?doing_wp_cron=1773076731.6181728839874267578125 HTTP/1.1" 200 4101 "-" "WordPress/6.9.1; https://hvmbertogarza.com"
74.7.242.14 - - [09/Mar/2026:17:18:48 +0000] "GET /shop/encounterer/necrology011698710638.html HTTP/1.1" 404 57528 "https://hvmbertogarza.com/wp-sitemap.xml" "Mozilla/5.0 AppleWebKit/537.36 (KHTML, like Gecko; compatible; GPTBot/1.3; +https://openai.com/gptbot)"
74.7.242.14 - - [09/Mar/2026:17:18:52 +0000] "GET /shop/toluric/incoherence013483992894.html HTTP/1.1" 404 52016 "https://hvmbertogarza.com/wp-sitemap.xml" "Mozilla/5.0 AppleWebKit/537.36 (KHTML, like Gecko; compatible; GPTBot/1.3; +https://openai.com/gptbot)"
74.7.242.14 - - [09/Mar/2026:17:18:55 +0000] "GET /shop/bimarginate/sparkliness01919637427.html HTTP/1.1" 404 136074 "https://hvmbertogarza.com/wp-sitemap.xml" "Mozilla/5.0 AppleWebKit/537.36 (KHTML, like Gecko; compatible; GPTBot/1.3; +https://openai.com/gptbot)"
74.208.176.140 - - [09/Mar/2026:17:18:59 +0000] "POST /wp-cron.php?doing_wp_cron=1773076739.6559350490570068359375 HTTP/1.1" 200 4101 "-" "WordPress/6.9.1; https://hvmbertogarza.com"
54.157.84.74 - - [09/Mar/2026:17:18:57 +0000] "GET /wp-json/oembed/1.0/embed?url=https://hvmbertogarza.com/producto/megaprint-paul-dianno/ HTTP/1.1" 200 6926 "-" "Mozilla/5.0 AppleWebKit/537.36 (KHTML, like Gecko; compatible; Amazonbot/0.1; +https://developer.amazon.com/support/amazonbot) Chrome/119.0.6045.214 Safari/537.36"
216.73.216.173 - - [09/Mar/2026:17:19:00 +0000] "GET /robots.txt HTTP/1.1" 200 4194 "-" "Mozilla/5.0 AppleWebKit/537.36 (KHTML, like Gecko; compatible; ClaudeBot/1.0; +claudebot@anthropic.com)"
66.249.92.136 - - [09/Mar/2026:17:18:59 +0000] "POST /?wc-ajax=get_refreshed_fragments HTTP/1.1" 200 5435 "https://hvmbertogarza.com/producto/t-shirt-caballero-playera-oficial-horror-fest-edicion-leyendas-de-mexico/" "Mozilla/5.0 (X11; Linux x86_64) AppleWebKit/537.36 (KHTML, like Gecko) Chrome/145.0.7632.116 Safari/537.36"
216.73.216.173 - - [09/Mar/2026:17:19:00 +0000] "GET /pochemu-individu-neobhodimo-ispytyvat-ljubopytstvo/feed HTTP/1.1" 301 486 "-" "Mozilla/5.0 AppleWebKit/537.36 (KHTML, like Gecko; compatible; ClaudeBot/1.0; +claudebot@anthropic.com)"
74.7.242.14 - - [09/Mar/2026:17:18:58 +0000] "GET /shop/scrutineer/arachnidial01873865256.html HTTP/1.1" 404 128123 "https://hvmbertogarza.com/wp-sitemap.xml" "Mozilla/5.0 AppleWebKit/537.36 (KHTML, like Gecko; compatible; GPTBot/1.3; +https://openai.com/gptbot)"
74.208.176.140 - - [09/Mar/2026:17:19:02 +0000] "POST /wp-cron.php?doing_wp_cron=1773076742.9567580223083496093750 HTTP/1.1" 200 4101 "-" "WordPress/6.9.1; https://hvmbertogarza.com"
216.73.216.173 - - [09/Mar/2026:17:19:02 +0000] "GET /pochemu-individu-neobhodimo-ispytyvat-ljubopytstvo/feed/ HTTP/1.1" 200 1178 "https://hvmbertogarza.com/pochemu-individu-neobhodimo-ispytyvat-ljubopytstvo/feed" "Mozilla/5.0 AppleWebKit/537.36 (KHTML, like Gecko; compatible; ClaudeBot/1.0; +claudebot@anthropic.com)"
74.7.242.14 - - [09/Mar/2026:17:19:03 +0000] "GET /shop/dishing/jelerang012736720583.html HTTP/1.1" 404 57528 "https://hvmbertogarza.com/wp-sitemap.xml" "Mozilla/5.0 AppleWebKit/537.36 (KHTML, like Gecko; compatible; GPTBot/1.3; +https://openai.com/gptbot)"
74.7.242.14 - - [09/Mar/2026:17:19:06 +0000] "GET /shop/persecuted/oones01971866128.html HTTP/1.1" 404 52016 "https://hvmbertogarza.com/wp-sitemap.xml" "Mozilla/5.0 AppleWebKit/537.36 (KHTML, like Gecko; compatible; GPTBot/1.3; +https://openai.com/gptbot)"
74.7.242.14 - - [09/Mar/2026:17:19:09 +0000] "GET /shop/geomancer/ammite01278657080.html HTTP/1.1" 404 52016 "https://hvmbertogarza.com/wp-sitemap.xml" "Mozilla/5.0 AppleWebKit/537.36 (KHTML, like Gecko; compatible; GPTBot/1.3; +https://openai.com/gptbot)"
66.249.92.163 - - [09/Mar/2026:17:19:11 +0000] "POST /?wc-ajax=get_refreshed_fragments HTTP/1.1" 200 5435 "https://hvmbertogarza.com/producto/t-shirt-caballero-playera-oficial-horror-fest-edicion-leyendas-de-mexico/" "Mozilla/5.0 (X11; Linux x86_64) AppleWebKit/537.36 (KHTML, like Gecko) Chrome/145.0.7632.116 Safari/537.36"
74.7.242.14 - - [09/Mar/2026:17:19:13 +0000] "GET /shop/landgak/trossers01500878938.html HTTP/1.1" 404 57528 "https://hvmbertogarza.com/wp-sitemap.xml" "Mozilla/5.0 AppleWebKit/537.36 (KHTML, like Gecko; compatible; GPTBot/1.3; +https://openai.com/gptbot)"
74.7.242.14 - - [09/Mar/2026:17:19:16 +0000] "GET /shop/driver/highlight013654250944.html HTTP/1.1" 404 136074 "https://hvmbertogarza.com/wp-sitemap.xml" "Mozilla/5.0 AppleWebKit/537.36 (KHTML, like Gecko; compatible; GPTBot/1.3; +https://openai.com/gptbot)"
74.7.242.14 - - [09/Mar/2026:17:19:19 +0000] "GET /shop/chasing/sharpset013157877232.html HTTP/1.1" 404 57528 "https://hvmbertogarza.com/wp-sitemap.xml" "Mozilla/5.0 AppleWebKit/537.36 (KHTML, like Gecko; compatible; GPTBot/1.3; +https://openai.com/gptbot)"
74.7.242.14 - - [09/Mar/2026:17:19:23 +0000] "GET /shop/varisse/votaries013760404655.html HTTP/1.1" 404 57528 "https://hvmbertogarza.com/wp-sitemap.xml" "Mozilla/5.0 AppleWebKit/537.36 (KHTML, like Gecko; compatible; GPTBot/1.3; +https://openai.com/gptbot)"
66.249.92.164 - - [09/Mar/2026:17:19:24 +0000] "POST /?wc-ajax=get_refreshed_fragments HTTP/1.1" 200 5435 "https://hvmbertogarza.com/producto/t-shirt-caballero-playera-oficial-horror-fest-edicion-leyendas-de-mexico/" "Mozilla/5.0 (X11; Linux x86_64) AppleWebKit/537.36 (KHTML, like Gecko) Chrome/145.0.7632.116 Safari/537.36"
74.7.242.14 - - [09/Mar/2026:17:19:26 +0000] "GET /shop/ponderability/intuitionalist011444524341.html HTTP/1.1" 404 103325 "https://hvmbertogarza.com/wp-sitemap.xml" "Mozilla/5.0 AppleWebKit/537.36 (KHTML, like Gecko; compatible; GPTBot/1.3; +https://openai.com/gptbot)"
74.7.242.14 - - [09/Mar/2026:17:19:29 +0000] "GET /shop/orthographically/papiermache013337450311.html HTTP/1.1" 404 57528 "https://hvmbertogarza.com/wp-sitemap.xml" "Mozilla/5.0 AppleWebKit/537.36 (KHTML, like Gecko; compatible; GPTBot/1.3; +https://openai.com/gptbot)"
74.7.242.14 - - [09/Mar/2026:17:19:33 +0000] "GET /shop/succade/needle013711181263.html HTTP/1.1" 404 57528 "https://hvmbertogarza.com/wp-sitemap.xml" "Mozilla/5.0 AppleWebKit/537.36 (KHTML, like Gecko; compatible; GPTBot/1.3; +https://openai.com/gptbot)"
74.7.242.14 - - [09/Mar/2026:17:19:36 +0000] "GET /shop/pyrgom/endured013000340024.html HTTP/1.1" 404 57528 "https://hvmbertogarza.com/wp-sitemap.xml" "Mozilla/5.0 AppleWebKit/537.36 (KHTML, like Gecko; compatible; GPTBot/1.3; +https://openai.com/gptbot)"
66.249.92.9 - - [09/Mar/2026:17:19:37 +0000] "POST /?wc-ajax=get_refreshed_fragments HTTP/1.1" 200 5435 "https://hvmbertogarza.com/producto/t-shirt-caballero-playera-oficial-horror-fest-edicion-leyendas-de-mexico/" "Mozilla/5.0 (X11; Linux x86_64) AppleWebKit/537.36 (KHTML, like Gecko) Chrome/145.0.7632.116 Safari/537.36"
74.7.242.14 - - [09/Mar/2026:17:19:39 +0000] "GET /shop/fortifiable/exogamous012000925741.html HTTP/1.1" 404 57528 "https://hvmbertogarza.com/wp-sitemap.xml" "Mozilla/5.0 AppleWebKit/537.36 (KHTML, like Gecko; compatible; GPTBot/1.3; +https://openai.com/gptbot)"
74.7.242.14 - - [09/Mar/2026:17:19:42 +0000] "GET /shop/daguerreotyping/their013192932666.html HTTP/1.1" 404 52016 "https://hvmbertogarza.com/wp-sitemap.xml" "Mozilla/5.0 AppleWebKit/537.36 (KHTML, like Gecko; compatible; GPTBot/1.3; +https://openai.com/gptbot)"
74.7.242.14 - - [09/Mar/2026:17:19:46 +0000] "GET /shop/corrivalry/cyanosis012715988840.html HTTP/1.1" 404 57528 "https://hvmbertogarza.com/wp-sitemap.xml" "Mozilla/5.0 AppleWebKit/537.36 (KHTML, like Gecko; compatible; GPTBot/1.3; +https://openai.com/gptbot)"
74.7.242.14 - - [09/Mar/2026:17:19:49 +0000] "GET /shop/macau/pedestrianized012301377728.html HTTP/1.1" 404 57528 "https://hvmbertogarza.com/wp-sitemap.xml" "Mozilla/5.0 AppleWebKit/537.36 (KHTML, like Gecko; compatible; GPTBot/1.3; +https://openai.com/gptbot)"
66.249.92.164 - - [09/Mar/2026:17:19:51 +0000] "POST /?wc-ajax=get_refreshed_fragments HTTP/1.1" 200 5435 "https://hvmbertogarza.com/producto/t-shirt-caballero-playera-oficial-horror-fest-edicion-leyendas-de-mexico/" "Mozilla/5.0 (X11; Linux x86_64) AppleWebKit/537.36 (KHTML, like Gecko) Chrome/145.0.7632.116 Safari/537.36"
74.7.242.14 - - [09/Mar/2026:17:19:52 +0000] "GET /shop/jollyhead/straining013527555067.html HTTP/1.1" 404 127806 "https://hvmbertogarza.com/wp-sitemap.xml" "Mozilla/5.0 AppleWebKit/537.36 (KHTML, like Gecko; compatible; GPTBot/1.3; +https://openai.com/gptbot)"
74.7.242.14 - - [09/Mar/2026:17:19:56 +0000] "GET /shop/staynil/ebonize013228880176.html HTTP/1.1" 404 141586 "https://hvmbertogarza.com/wp-sitemap.xml" "Mozilla/5.0 AppleWebKit/537.36 (KHTML, like Gecko; compatible; GPTBot/1.3; +https://openai.com/gptbot)"
74.7.242.14 - - [09/Mar/2026:17:19:59 +0000] "GET /shop/angevine/effector01141455628.html HTTP/1.1" 404 52016 "https://hvmbertogarza.com/wp-sitemap.xml" "Mozilla/5.0 AppleWebKit/537.36 (KHTML, like Gecko; compatible; GPTBot/1.3; +https://openai.com/gptbot)"
74.208.176.140 - - [09/Mar/2026:17:20:06 +0000] "POST /wp-cron.php?doing_wp_cron=1773076806.1418149471282958984375 HTTP/1.1" 200 4101 "-" "WordPress/6.9.1; https://hvmbertogarza.com"
66.249.92.164 - - [09/Mar/2026:17:20:03 +0000] "POST /?wc-ajax=get_refreshed_fragments HTTP/1.1" 200 5435 "https://hvmbertogarza.com/producto/t-shirt-caballero-playera-oficial-horror-fest-edicion-leyendas-de-mexico/" "Mozilla/5.0 (X11; Linux x86_64) AppleWebKit/537.36 (KHTML, like Gecko) Chrome/145.0.7632.116 Safari/537.36"
74.208.176.140 - - [09/Mar/2026:17:20:07 +0000] "POST /wp-cron.php?doing_wp_cron=1773076807.0159718990325927734375 HTTP/1.1" 200 4101 "-" "WordPress/6.9.1; https://hvmbertogarza.com"
74.7.242.14 - - [09/Mar/2026:17:20:02 +0000] "GET /shop/wheelworn/keramics01846218827.html HTTP/1.1" 404 57528 "https://hvmbertogarza.com/wp-sitemap.xml" "Mozilla/5.0 AppleWebKit/537.36 (KHTML, like Gecko; compatible; GPTBot/1.3; +https://openai.com/gptbot)"
74.208.176.140 - - [09/Mar/2026:17:20:07 +0000] "POST /wp-cron.php?doing_wp_cron=1773076807.2661280632019042968750 HTTP/1.1" 200 4101 "-" "WordPress/6.9.1; https://hvmbertogarza.com"
35.224.168.243 - - [09/Mar/2026:17:20:04 +0000] "GET /wp-admin/options-reading.php HTTP/1.1" 302 4274 "-" "Mozilla/5.0 (X11; Linux x86_64) AppleWebKit/537.36 (KHTML, like Gecko) HeadlessChrome/136.0.7103.25 Safari/537.36"
35.224.168.243 - - [09/Mar/2026:17:20:07 +0000] "GET /wp-login.php?redirect_to=https%3A%2F%2Fhvmbertogarza.com%2Fwp-admin%2Foptions-reading.php&reauth=1 HTTP/1.1" 200 5802 "-" "Mozilla/5.0 (X11; Linux x86_64) AppleWebKit/537.36 (KHTML, like Gecko) HeadlessChrome/136.0.7103.25 Safari/537.36"
35.224.168.243 - - [09/Mar/2026:17:20:10 +0000] "GET /wp-includes/css/dashicons.min.css?ver=6.9.1 HTTP/1.1" 200 36221 "https://hvmbertogarza.com/wp-login.php?redirect_to=https%3A%2F%2Fhvmbertogarza.com%2Fwp-admin%2Foptions-reading.php&reauth=1" "Mozilla/5.0 (X11; Linux x86_64) AppleWebKit/537.36 (KHTML, like Gecko) HeadlessChrome/136.0.7103.25 Safari/537.36"
35.224.168.243 - - [09/Mar/2026:17:20:10 +0000] "GET /wp-admin/css/l10n.min.css?ver=6.9.1 HTTP/1.1" 200 1664 "https://hvmbertogarza.com/wp-login.php?redirect_to=https%3A%2F%2Fhvmbertogarza.com%2Fwp-admin%2Foptions-reading.php&reauth=1" "Mozilla/5.0 (X11; Linux x86_64) AppleWebKit/537.36 (KHTML, like Gecko) HeadlessChrome/136.0.7103.25 Safari/537.36"
35.224.168.243 - - [09/Mar/2026:17:20:10 +0000] "GET /wp-admin/css/forms.min.css?ver=6.9.1 HTTP/1.1" 200 7563 "https://hvmbertogarza.com/wp-login.php?redirect_to=https%3A%2F%2Fhvmbertogarza.com%2Fwp-admin%2Foptions-reading.php&reauth=1" "Mozilla/5.0 (X11; Linux x86_64) AppleWebKit/537.36 (KHTML, like Gecko) HeadlessChrome/136.0.7103.25 Safari/537.36"
35.224.168.243 - - [09/Mar/2026:17:20:10 +0000] "GET /wp-admin/css/login.min.css?ver=6.9.1 HTTP/1.1" 200 6321 "https://hvmbertogarza.com/wp-login.php?redirect_to=https%3A%2F%2Fhvmbertogarza.com%2Fwp-admin%2Foptions-reading.php&reauth=1" "Mozilla/5.0 (X11; Linux x86_64) AppleWebKit/537.36 (KHTML, like Gecko) HeadlessChrome/136.0.7103.25 Safari/537.36"
35.224.168.243 - - [09/Mar/2026:17:20:10 +0000] "GET /wp-includes/js/clipboard.min.js?ver=2.0.11 HTTP/1.1" 200 7314 "https://hvmbertogarza.com/wp-login.php?redirect_to=https%3A%2F%2Fhvmbertogarza.com%2Fwp-admin%2Foptions-reading.php&reauth=1" "Mozilla/5.0 (X11; Linux x86_64) AppleWebKit/537.36 (KHTML, like Gecko) HeadlessChrome/136.0.7103.25 Safari/537.36"
35.224.168.243 - - [09/Mar/2026:17:20:10 +0000] "GET /wp-includes/css/buttons.min.css?ver=6.9.1 HTTP/1.1" 200 1837 "https://hvmbertogarza.com/wp-login.php?redirect_to=https%3A%2F%2Fhvmbertogarza.com%2Fwp-admin%2Foptions-reading.php&reauth=1" "Mozilla/5.0 (X11; Linux x86_64) AppleWebKit/537.36 (KHTML, like Gecko) HeadlessChrome/136.0.7103.25 Safari/537.36"
35.224.168.243 - - [09/Mar/2026:17:20:10 +0000] "GET /wp-includes/js/jquery/jquery.min.js?ver=3.7.1 HTTP/1.1" 200 34600 "https://hvmbertogarza.com/wp-login.php?redirect_to=https%3A%2F%2Fhvmbertogarza.com%2Fwp-admin%2Foptions-reading.php&reauth=1" "Mozilla/5.0 (X11; Linux x86_64) AppleWebKit/537.36 (KHTML, like Gecko) HeadlessChrome/136.0.7103.25 Safari/537.36"
35.224.168.243 - - [09/Mar/2026:17:20:10 +0000] "GET /wp-includes/js/jquery/jquery-migrate.min.js?ver=3.4.1 HTTP/1.1" 200 5297 "https://hvmbertogarza.com/wp-login.php?redirect_to=https%3A%2F%2Fhvmbertogarza.com%2Fwp-admin%2Foptions-reading.php&reauth=1" "Mozilla/5.0 (X11; Linux x86_64) AppleWebKit/537.36 (KHTML, like Gecko) HeadlessChrome/136.0.7103.25 Safari/537.36"
35.224.168.243 - - [09/Mar/2026:17:20:10 +0000] "GET /wp-includes/js/dist/hooks.min.js?ver=dd5603f07f9220ed27f1 HTTP/1.1" 200 2366 "https://hvmbertogarza.com/wp-login.php?redirect_to=https%3A%2F%2Fhvmbertogarza.com%2Fwp-admin%2Foptions-reading.php&reauth=1" "Mozilla/5.0 (X11; Linux x86_64) AppleWebKit/537.36 (KHTML, like Gecko) HeadlessChrome/136.0.7103.25 Safari/537.36"
35.224.168.243 - - [09/Mar/2026:17:20:10 +0000] "GET /wp-admin/js/password-strength-meter.min.js?ver=6.9.1 HTTP/1.1" 200 1000 "https://hvmbertogarza.com/wp-login.php?redirect_to=https%3A%2F%2Fhvmbertogarza.com%2Fwp-admin%2Foptions-reading.php&reauth=1" "Mozilla/5.0 (X11; Linux x86_64) AppleWebKit/537.36 (KHTML, like Gecko) HeadlessChrome/136.0.7103.25 Safari/537.36"
35.224.168.243 - - [09/Mar/2026:17:20:10 +0000] "GET /wp-includes/js/dist/i18n.min.js?ver=c26c3dc7bed366793375 HTTP/1.1" 200 2654 "https://hvmbertogarza.com/wp-login.php?redirect_to=https%3A%2F%2Fhvmbertogarza.com%2Fwp-admin%2Foptions-reading.php&reauth=1" "Mozilla/5.0 (X11; Linux x86_64) AppleWebKit/537.36 (KHTML, like Gecko) HeadlessChrome/136.0.7103.25 Safari/537.36"
35.224.168.243 - - [09/Mar/2026:17:20:10 +0000] "GET /wp-includes/js/underscore.min.js?ver=1.13.7 HTTP/1.1" 200 7742 "https://hvmbertogarza.com/wp-login.php?redirect_to=https%3A%2F%2Fhvmbertogarza.com%2Fwp-admin%2Foptions-reading.php&reauth=1" "Mozilla/5.0 (X11; Linux x86_64) AppleWebKit/537.36 (KHTML, like Gecko) HeadlessChrome/136.0.7103.25 Safari/537.36"
35.224.168.243 - - [09/Mar/2026:17:20:10 +0000] "GET /wp-includes/js/wp-util.min.js?ver=6.9.1 HTTP/1.1" 200 1135 "https://hvmbertogarza.com/wp-login.php?redirect_to=https%3A%2F%2Fhvmbertogarza.com%2Fwp-admin%2Foptions-reading.php&reauth=1" "Mozilla/5.0 (X11; Linux x86_64) AppleWebKit/537.36 (KHTML, like Gecko) HeadlessChrome/136.0.7103.25 Safari/537.36"
35.224.168.243 - - [09/Mar/2026:17:20:10 +0000] "GET /wp-includes/js/dist/dom-ready.min.js?ver=f77871ff7694fffea381 HTTP/1.1" 200 699 "https://hvmbertogarza.com/wp-login.php?redirect_to=https%3A%2F%2Fhvmbertogarza.com%2Fwp-admin%2Foptions-reading.php&reauth=1" "Mozilla/5.0 (X11; Linux x86_64) AppleWebKit/537.36 (KHTML, like Gecko) HeadlessChrome/136.0.7103.25 Safari/537.36"
35.224.168.243 - - [09/Mar/2026:17:20:10 +0000] "GET /wp-includes/js/dist/a11y.min.js?ver=cb460b4676c94bd228ed HTTP/1.1" 200 1308 "https://hvmbertogarza.com/wp-login.php?redirect_to=https%3A%2F%2Fhvmbertogarza.com%2Fwp-admin%2Foptions-reading.php&reauth=1" "Mozilla/5.0 (X11; Linux x86_64) AppleWebKit/537.36 (KHTML, like Gecko) HeadlessChrome/136.0.7103.25 Safari/537.36"
35.224.168.243 - - [09/Mar/2026:17:20:10 +0000] "GET /wp-admin/js/user-profile.min.js?ver=6.9.1 HTTP/1.1" 200 3575 "https://hvmbertogarza.com/wp-login.php?redirect_to=https%3A%2F%2Fhvmbertogarza.com%2Fwp-admin%2Foptions-reading.php&reauth=1" "Mozilla/5.0 (X11; Linux x86_64) AppleWebKit/537.36 (KHTML, like Gecko) HeadlessChrome/136.0.7103.25 Safari/537.36"
35.224.168.243 - - [09/Mar/2026:17:20:10 +0000] "GET /wp-includes/js/zxcvbn-async.min.js?ver=1.0 HTTP/1.1" 200 635 "https://hvmbertogarza.com/wp-login.php?redirect_to=https%3A%2F%2Fhvmbertogarza.com%2Fwp-admin%2Foptions-reading.php&reauth=1" "Mozilla/5.0 (X11; Linux x86_64) AppleWebKit/537.36 (KHTML, like Gecko) HeadlessChrome/136.0.7103.25 Safari/537.36"
35.224.168.243 - - [09/Mar/2026:17:20:10 +0000] "GET /wp-admin/images/wordpress-logo.svg?ver=20131107 HTTP/1.1" 200 1840 "https://hvmbertogarza.com/wp-admin/css/login.min.css?ver=6.9.1" "Mozilla/5.0 (X11; Linux x86_64) AppleWebKit/537.36 (KHTML, like Gecko) HeadlessChrome/136.0.7103.25 Safari/537.36"
35.224.168.243 - - [09/Mar/2026:17:20:11 +0000] "GET /wp-includes/js/zxcvbn.min.js HTTP/1.1" 200 403620 "https://hvmbertogarza.com/wp-login.php?redirect_to=https%3A%2F%2Fhvmbertogarza.com%2Fwp-admin%2Foptions-reading.php&reauth=1" "Mozilla/5.0 (X11; Linux x86_64) AppleWebKit/537.36 (KHTML, like Gecko) HeadlessChrome/136.0.7103.25 Safari/537.36"
74.7.242.14 - - [09/Mar/2026:17:20:07 +0000] "GET /shop/honker/erastianism01146207923.html HTTP/1.1" 404 57528 "https://hvmbertogarza.com/wp-sitemap.xml" "Mozilla/5.0 AppleWebKit/537.36 (KHTML, like Gecko; compatible; GPTBot/1.3; +https://openai.com/gptbot)"
35.224.168.243 - - [09/Mar/2026:17:20:11 +0000] "POST /wp-login.php HTTP/1.1" 302 1394 "https://hvmbertogarza.com/wp-login.php?redirect_to=https%3A%2F%2Fhvmbertogarza.com%2Fwp-admin%2Foptions-reading.php&reauth=1" "Mozilla/5.0 (X11; Linux x86_64) AppleWebKit/537.36 (KHTML, like Gecko) HeadlessChrome/136.0.7103.25 Safari/537.36"
74.7.242.14 - - [09/Mar/2026:17:20:11 +0000] "GET /shop/timidity/grenadier01936221825.html HTTP/1.1" 404 57528 "https://hvmbertogarza.com/wp-sitemap.xml" "Mozilla/5.0 AppleWebKit/537.36 (KHTML, like Gecko; compatible; GPTBot/1.3; +https://openai.com/gptbot)"
35.224.168.243 - - [09/Mar/2026:17:20:13 +0000] "GET /wp-admin/options-reading.php HTTP/1.1" 200 58424 "https://hvmbertogarza.com/wp-login.php?redirect_to=https%3A%2F%2Fhvmbertogarza.com%2Fwp-admin%2Foptions-reading.php&reauth=1" "Mozilla/5.0 (X11; Linux x86_64) AppleWebKit/537.36 (KHTML, like Gecko) HeadlessChrome/136.0.7103.25 Safari/537.36"
35.224.168.243 - - [09/Mar/2026:17:20:17 +0000] "GET /wp-content/plugins/product-catalog-feed/assets/css/fastselect.min.css?ver=2.2.0 HTTP/1.1" 200 2033 "https://hvmbertogarza.com/wp-admin/options-reading.php" "Mozilla/5.0 (X11; Linux x86_64) AppleWebKit/537.36 (KHTML, like Gecko) HeadlessChrome/136.0.7103.25 Safari/537.36"
35.224.168.243 - - [09/Mar/2026:17:20:17 +0000] "GET /wp-content/plugins/woo-advanced-shipment-tracking/zorem-tracking/assets/css/style.css?ver=1773076816 HTTP/1.1" 200 4532 "https://hvmbertogarza.com/wp-admin/options-reading.php" "Mozilla/5.0 (X11; Linux x86_64) AppleWebKit/537.36 (KHTML, like Gecko) HeadlessChrome/136.0.7103.25 Safari/537.36"
35.224.168.243 - - [09/Mar/2026:17:20:17 +0000] "GET /wp-includes/js/thickbox/thickbox.css?ver=6.9.1 HTTP/1.1" 200 5041 "https://hvmbertogarza.com/wp-admin/options-reading.php" "Mozilla/5.0 (X11; Linux x86_64) AppleWebKit/537.36 (KHTML, like Gecko) HeadlessChrome/136.0.7103.25 Safari/537.36"
35.224.168.243 - - [09/Mar/2026:17:20:17 +0000] "GET /wp-content/plugins/image-optimization/assets/build/style-admin.css?ver=1.6.9 HTTP/1.1" 200 6177 "https://hvmbertogarza.com/wp-admin/options-reading.php" "Mozilla/5.0 (X11; Linux x86_64) AppleWebKit/537.36 (KHTML, like Gecko) HeadlessChrome/136.0.7103.25 Safari/537.36"
35.224.168.243 - - [09/Mar/2026:17:20:17 +0000] "GET /wp-content/plugins/wp-file-manager/css/fm_common.css?ver=6.9.1 HTTP/1.1" 200 1080 "https://hvmbertogarza.com/wp-admin/options-reading.php" "Mozilla/5.0 (X11; Linux x86_64) AppleWebKit/537.36 (KHTML, like Gecko) HeadlessChrome/136.0.7103.25 Safari/537.36"
35.224.168.243 - - [09/Mar/2026:17:20:17 +0000] "GET /wp-admin/load-styles.php?c=0&dir=ltr&load%5Bchunk_0%5D=dashicons,admin-bar,common,forms,admin-menu,dashboard,list-tables,edit,revisions,media,themes,about,nav-menus,wp-pointer,widgets&load%5Bchunk_1%5D=,site-icon,l10n,buttons,wp-auth-check,wp-components,wp-commands,wp-color-picker&ver=6.9.1 HTTP/1.1" 200 121152 "https://hvmbertogarza.com/wp-admin/options-reading.php" "Mozilla/5.0 (X11; Linux x86_64) AppleWebKit/537.36 (KHTML, like Gecko) HeadlessChrome/136.0.7103.25 Safari/537.36"
35.224.168.243 - - [09/Mar/2026:17:20:17 +0000] "GET /wp-content/plugins/image-optimization/assets/build/control.css?ver=1.6.9 HTTP/1.1" 200 1171 "https://hvmbertogarza.com/wp-admin/options-reading.php" "Mozilla/5.0 (X11; Linux x86_64) AppleWebKit/537.36 (KHTML, like Gecko) HeadlessChrome/136.0.7103.25 Safari/537.36"
35.224.168.243 - - [09/Mar/2026:17:20:17 +0000] "GET /wp-content/plugins/woocommerce/assets/css/brands-admin.css?ver=10.3.7 HTTP/1.1" 200 372 "https://hvmbertogarza.com/wp-admin/options-reading.php" "Mozilla/5.0 (X11; Linux x86_64) AppleWebKit/537.36 (KHTML, like Gecko) HeadlessChrome/136.0.7103.25 Safari/537.36"
35.224.168.243 - - [09/Mar/2026:17:20:17 +0000] "GET /wp-content/plugins/pro-elements/assets/css/admin.min.css?ver=3.34.0 HTTP/1.1" 200 4097 "https://hvmbertogarza.com/wp-admin/options-reading.php" "Mozilla/5.0 (X11; Linux x86_64) AppleWebKit/537.36 (KHTML, like Gecko) HeadlessChrome/136.0.7103.25 Safari/537.36"
