66.249.92.197 - - [09/Mar/2026:16:23:19 +0000] "GET /wp-content/plugins/shopengine/modules/swatches/loop-product-support/assets/swatches.css?ver=1773073390 HTTP/1.1" 200 309 "https://hvmbertogarza.com/producto/megaprint-edgar-alan-poe/" "Mozilla/5.0 (X11; Linux x86_64) AppleWebKit/537.36 (KHTML, like Gecko) Chrome/145.0.7632.116 Safari/537.36"
66.249.92.9 - - [09/Mar/2026:16:23:19 +0000] "GET /wp-content/uploads/elementor/google-fonts/css/ledger.css?ver=1749497386 HTTP/1.1" 200 802 "https://hvmbertogarza.com/producto/megaprint-edgar-alan-poe/" "Mozilla/5.0 (X11; Linux x86_64) AppleWebKit/537.36 (KHTML, like Gecko) Chrome/145.0.7632.116 Safari/537.36"
66.249.92.10 - - [09/Mar/2026:16:23:19 +0000] "GET /wp-content/plugins/woocommerce/assets/css/brands.css?ver=10.3.7 HTTP/1.1" 200 1049 "https://hvmbertogarza.com/producto/megaprint-edgar-alan-poe/" "Mozilla/5.0 (X11; Linux x86_64) AppleWebKit/537.36 (KHTML, like Gecko) Chrome/145.0.7632.116 Safari/537.36"
66.249.92.197 - - [09/Mar/2026:16:23:19 +0000] "GET /wp-content/plugins/pro-elements/assets/css/widget-woocommerce-product-images.min.css?ver=3.34.0 HTTP/1.1" 200 609 "https://hvmbertogarza.com/producto/megaprint-edgar-alan-poe/" "Mozilla/5.0 (X11; Linux x86_64) AppleWebKit/537.36 (KHTML, like Gecko) Chrome/145.0.7632.116 Safari/537.36"
66.249.92.163 - - [09/Mar/2026:16:23:20 +0000] "GET /wp-content/plugins/shopengine/assets/js/shopengine-modal.js?ver=4.8.7 HTTP/1.1" 200 2265 "https://hvmbertogarza.com/producto/megaprint-edgar-alan-poe/" "Mozilla/5.0 (X11; Linux x86_64) AppleWebKit/537.36 (KHTML, like Gecko) Chrome/145.0.7632.116 Safari/537.36"
66.249.92.9 - - [09/Mar/2026:16:23:20 +0000] "GET /wp-content/uploads/elementor/google-fonts/css/roboto.css?ver=1749497619 HTTP/1.1" 200 3281 "https://hvmbertogarza.com/producto/megaprint-edgar-alan-poe/" "Mozilla/5.0 (X11; Linux x86_64) AppleWebKit/537.36 (KHTML, like Gecko) Chrome/145.0.7632.116 Safari/537.36"
66.249.92.137 - - [09/Mar/2026:16:23:20 +0000] "GET /wp-content/uploads/elementor/google-fonts/css/juliussansone.css?ver=1749497386 HTTP/1.1" 200 4507 "https://hvmbertogarza.com/producto/megaprint-edgar-alan-poe/" "Mozilla/5.0 (X11; Linux x86_64) AppleWebKit/537.36 (KHTML, like Gecko) Chrome/145.0.7632.116 Safari/537.36"
66.249.92.137 - - [09/Mar/2026:16:23:20 +0000] "GET /wp-content/plugins/shopengine/modules/quick-view/assets/js/script.js?ver=6.9.1 HTTP/1.1" 200 723 "https://hvmbertogarza.com/producto/megaprint-edgar-alan-poe/" "Mozilla/5.0 (X11; Linux x86_64) AppleWebKit/537.36 (KHTML, like Gecko) Chrome/145.0.7632.116 Safari/537.36"
66.249.92.10 - - [09/Mar/2026:16:23:20 +0000] "GET /wp-includes/js/jquery/jquery-migrate.min.js?ver=3.4.1 HTTP/1.1" 200 5297 "https://hvmbertogarza.com/producto/megaprint-edgar-alan-poe/" "Mozilla/5.0 (X11; Linux x86_64) AppleWebKit/537.36 (KHTML, like Gecko) Chrome/145.0.7632.116 Safari/537.36"
66.249.92.136 - - [09/Mar/2026:16:23:21 +0000] "GET /wp-content/uploads/elementor/google-fonts/css/robotoslab.css?ver=1749497380 HTTP/1.1" 200 1326 "https://hvmbertogarza.com/producto/megaprint-edgar-alan-poe/" "Mozilla/5.0 (X11; Linux x86_64) AppleWebKit/537.36 (KHTML, like Gecko) Chrome/145.0.7632.116 Safari/537.36"
66.249.92.136 - - [09/Mar/2026:16:23:21 +0000] "GET /wp-content/uploads/2024/02/Wall-Frame-V2-Horizontal-Edgar-Allan-Poe-600x600.jpg HTTP/1.1" 200 97358 "https://hvmbertogarza.com/producto/megaprint-edgar-alan-poe/" "Mozilla/5.0 (X11; Linux x86_64) AppleWebKit/537.36 (KHTML, like Gecko) Chrome/145.0.7632.116 Safari/537.36"
66.249.92.10 - - [09/Mar/2026:16:23:22 +0000] "GET /wp-includes/js/jquery/jquery.min.js?ver=3.7.1 HTTP/1.1" 200 30861 "https://hvmbertogarza.com/producto/megaprint-edgar-alan-poe/" "Mozilla/5.0 (X11; Linux x86_64) AppleWebKit/537.36 (KHTML, like Gecko) Chrome/145.0.7632.116 Safari/537.36"
66.249.92.45 - - [09/Mar/2026:16:23:22 +0000] "GET /wp-content/plugins/shopengine/modules/wishlist/assets/js/wishlist.js?ver=6.9.1 HTTP/1.1" 200 1011 "https://hvmbertogarza.com/producto/megaprint-edgar-alan-poe/" "Mozilla/5.0 (X11; Linux x86_64) AppleWebKit/537.36 (KHTML, like Gecko) Chrome/145.0.7632.116 Safari/537.36"
66.249.92.136 - - [09/Mar/2026:16:23:23 +0000] "GET /wp-content/uploads/2024/02/LOGO-Individual-vector-01-1024x386.png HTTP/1.1" 200 55791 "https://hvmbertogarza.com/producto/megaprint-edgar-alan-poe/" "Mozilla/5.0 (X11; Linux x86_64) AppleWebKit/537.36 (KHTML, like Gecko) Chrome/145.0.7632.116 Safari/537.36"
66.249.92.164 - - [09/Mar/2026:16:23:23 +0000] "GET /wp-content/uploads/2024/02/LOGO-Individual-vector-01-300x113.png HTTP/1.1" 200 16138 "https://hvmbertogarza.com/producto/megaprint-edgar-alan-poe/" "Mozilla/5.0 (X11; Linux x86_64) AppleWebKit/537.36 (KHTML, like Gecko) Chrome/145.0.7632.116 Safari/537.36"
66.249.92.198 - - [09/Mar/2026:16:23:23 +0000] "GET /wp-content/plugins/woocommerce/assets/client/blocks/wc-blocks.css?ver=wc-10.3.7 HTTP/1.1" 200 6753 "https://hvmbertogarza.com/producto/megaprint-edgar-alan-poe/" "Mozilla/5.0 (X11; Linux x86_64) AppleWebKit/537.36 (KHTML, like Gecko) Chrome/145.0.7632.116 Safari/537.36"
66.249.92.45 - - [09/Mar/2026:16:23:23 +0000] "GET /wp-content/plugins/wp-whatsapp/assets/dist/js/njt-whatsapp.js?ver=3.7.3 HTTP/1.1" 200 19002 "https://hvmbertogarza.com/producto/megaprint-edgar-alan-poe/" "Mozilla/5.0 (X11; Linux x86_64) AppleWebKit/537.36 (KHTML, like Gecko) Chrome/145.0.7632.116 Safari/537.36"
66.249.92.45 - - [09/Mar/2026:16:23:24 +0000] "GET /wp-content/plugins/wp-whatsapp/assets/js/whatsapp-button.js?ver=3.7.3 HTTP/1.1" 200 885 "https://hvmbertogarza.com/producto/megaprint-edgar-alan-poe/" "Mozilla/5.0 (X11; Linux x86_64) AppleWebKit/537.36 (KHTML, like Gecko) Chrome/145.0.7632.116 Safari/537.36"
66.249.92.163 - - [09/Mar/2026:16:23:25 +0000] "GET /wp-content/plugins/shopengine/assets/js/simple-scrollbar.js?ver=4.8.7 HTTP/1.1" 200 5183 "https://hvmbertogarza.com/producto/megaprint-edgar-alan-poe/" "Mozilla/5.0 (X11; Linux x86_64) AppleWebKit/537.36 (KHTML, like Gecko) Chrome/145.0.7632.116 Safari/537.36"
66.249.92.45 - - [09/Mar/2026:16:23:25 +0000] "GET /wp-content/plugins/shopengine/assets/js/filter.js?ver=4.8.7 HTTP/1.1" 200 1015 "https://hvmbertogarza.com/producto/megaprint-edgar-alan-poe/" "Mozilla/5.0 (X11; Linux x86_64) AppleWebKit/537.36 (KHTML, like Gecko) Chrome/145.0.7632.116 Safari/537.36"
66.249.92.197 - - [09/Mar/2026:16:23:25 +0000] "GET /wp-content/plugins/shopengine/assets/js/public.js?ver=4.8.7 HTTP/1.1" 200 4310 "https://hvmbertogarza.com/producto/megaprint-edgar-alan-poe/" "Mozilla/5.0 (X11; Linux x86_64) AppleWebKit/537.36 (KHTML, like Gecko) Chrome/145.0.7632.116 Safari/537.36"
66.249.92.198 - - [09/Mar/2026:16:23:26 +0000] "GET /wp-content/themes/hello-elementor/assets/js/hello-frontend.js?ver=3.4.5 HTTP/1.1" 200 928 "https://hvmbertogarza.com/producto/megaprint-edgar-alan-poe/" "Mozilla/5.0 (X11; Linux x86_64) AppleWebKit/537.36 (KHTML, like Gecko) Chrome/145.0.7632.116 Safari/537.36"
66.249.92.137 - - [09/Mar/2026:16:23:26 +0000] "GET /wp-content/plugins/elementor/assets/js/webpack.runtime.min.js?ver=3.34.0 HTTP/1.1" 200 6625 "https://hvmbertogarza.com/producto/megaprint-edgar-alan-poe/" "Mozilla/5.0 (X11; Linux x86_64) AppleWebKit/537.36 (KHTML, like Gecko) Chrome/145.0.7632.116 Safari/537.36"
66.249.92.32 - - [09/Mar/2026:16:23:27 +0000] "GET /wp-content/plugins/elementor/assets/js/frontend-modules.min.js?ver=3.34.0 HTTP/1.1" 200 29874 "https://hvmbertogarza.com/producto/megaprint-edgar-alan-poe/" "Mozilla/5.0 (X11; Linux x86_64) AppleWebKit/537.36 (KHTML, like Gecko) Chrome/145.0.7632.116 Safari/537.36"
66.249.92.164 - - [09/Mar/2026:16:23:27 +0000] "GET /wp-includes/js/jquery/ui/core.min.js?ver=1.13.3 HTTP/1.1" 200 7531 "https://hvmbertogarza.com/producto/megaprint-edgar-alan-poe/" "Mozilla/5.0 (X11; Linux x86_64) AppleWebKit/537.36 (KHTML, like Gecko) Chrome/145.0.7632.116 Safari/537.36"
66.249.92.137 - - [09/Mar/2026:16:23:27 +0000] "GET /wp-content/plugins/elementor/assets/js/frontend.min.js?ver=3.34.0 HTTP/1.1" 200 10773 "https://hvmbertogarza.com/producto/megaprint-edgar-alan-poe/" "Mozilla/5.0 (X11; Linux x86_64) AppleWebKit/537.36 (KHTML, like Gecko) Chrome/145.0.7632.116 Safari/537.36"
66.249.92.136 - - [09/Mar/2026:16:23:27 +0000] "GET /wp-content/plugins/pro-elements/assets/lib/sticky/jquery.sticky.min.js?ver=3.34.0 HTTP/1.1" 200 5646 "https://hvmbertogarza.com/producto/megaprint-edgar-alan-poe/" "Mozilla/5.0 (X11; Linux x86_64) AppleWebKit/537.36 (KHTML, like Gecko) Chrome/145.0.7632.116 Safari/537.36"
66.249.92.164 - - [09/Mar/2026:16:23:27 +0000] "GET /wp-content/plugins/pro-elements/assets/lib/smartmenus/jquery.smartmenus.min.js?ver=1.2.1 HTTP/1.1" 200 7512 "https://hvmbertogarza.com/producto/megaprint-edgar-alan-poe/" "Mozilla/5.0 (X11; Linux x86_64) AppleWebKit/537.36 (KHTML, like Gecko) Chrome/145.0.7632.116 Safari/537.36"
66.249.92.164 - - [09/Mar/2026:16:23:27 +0000] "GET /wp-content/plugins/shopengine/modules/comparison/assets/js/comparison.js?ver=4.8.7 HTTP/1.1" 200 2023 "https://hvmbertogarza.com/producto/megaprint-edgar-alan-poe/" "Mozilla/5.0 (X11; Linux x86_64) AppleWebKit/537.36 (KHTML, like Gecko) Chrome/145.0.7632.116 Safari/537.36"
66.249.92.45 - - [09/Mar/2026:16:23:28 +0000] "GET /wp-content/plugins/shopengine/modules/swatches/loop-product-support/assets/swatches.js?ver=1515155 HTTP/1.1" 200 655 "https://hvmbertogarza.com/producto/megaprint-edgar-alan-poe/" "Mozilla/5.0 (X11; Linux x86_64) AppleWebKit/537.36 (KHTML, like Gecko) Chrome/145.0.7632.116 Safari/537.36"
66.249.92.9 - - [09/Mar/2026:16:23:28 +0000] "GET /wp-content/plugins/woocommerce/assets/js/sourcebuster/sourcebuster.min.js?ver=10.3.7 HTTP/1.1" 200 8956 "https://hvmbertogarza.com/producto/megaprint-edgar-alan-poe/" "Mozilla/5.0 (X11; Linux x86_64) AppleWebKit/537.36 (KHTML, like Gecko) Chrome/145.0.7632.116 Safari/537.36"
66.249.92.10 - - [09/Mar/2026:16:23:28 +0000] "GET /wp-content/plugins/woocommerce/assets/js/frontend/order-attribution.min.js?ver=10.3.7 HTTP/1.1" 200 5232 "https://hvmbertogarza.com/producto/megaprint-edgar-alan-poe/" "Mozilla/5.0 (X11; Linux x86_64) AppleWebKit/537.36 (KHTML, like Gecko) Chrome/145.0.7632.116 Safari/537.36"
66.249.92.164 - - [09/Mar/2026:16:23:29 +0000] "GET /wp-content/plugins/shopengine/modules/swatches/assets/js/frontend.js?ver=4.8.7 HTTP/1.1" 200 1707 "https://hvmbertogarza.com/producto/megaprint-edgar-alan-poe/" "Mozilla/5.0 (X11; Linux x86_64) AppleWebKit/537.36 (KHTML, like Gecko) Chrome/145.0.7632.116 Safari/537.36"
66.249.92.197 - - [09/Mar/2026:16:23:29 +0000] "GET /wp-content/plugins/wp-whatsapp/assets/js/whatsapp-popup.js?ver=3.7.3 HTTP/1.1" 200 753 "https://hvmbertogarza.com/producto/megaprint-edgar-alan-poe/" "Mozilla/5.0 (X11; Linux x86_64) AppleWebKit/537.36 (KHTML, like Gecko) Chrome/145.0.7632.116 Safari/537.36"
66.249.92.10 - - [09/Mar/2026:16:23:30 +0000] "GET /wp-content/plugins/pro-elements/assets/js/webpack-pro.runtime.min.js?ver=3.34.0 HTTP/1.1" 200 3283 "https://hvmbertogarza.com/producto/megaprint-edgar-alan-poe/" "Mozilla/5.0 (X11; Linux x86_64) AppleWebKit/537.36 (KHTML, like Gecko) Chrome/145.0.7632.116 Safari/537.36"
66.249.92.197 - - [09/Mar/2026:16:23:30 +0000] "GET /wp-includes/js/dist/hooks.min.js?ver=dd5603f07f9220ed27f1 HTTP/1.1" 200 2366 "https://hvmbertogarza.com/producto/megaprint-edgar-alan-poe/" "Mozilla/5.0 (X11; Linux x86_64) AppleWebKit/537.36 (KHTML, like Gecko) Chrome/145.0.7632.116 Safari/537.36"
66.249.92.164 - - [09/Mar/2026:16:23:31 +0000] "GET /wp-includes/js/dist/i18n.min.js?ver=c26c3dc7bed366793375 HTTP/1.1" 200 2654 "https://hvmbertogarza.com/producto/megaprint-edgar-alan-poe/" "Mozilla/5.0 (X11; Linux x86_64) AppleWebKit/537.36 (KHTML, like Gecko) Chrome/145.0.7632.116 Safari/537.36"
66.249.92.10 - - [09/Mar/2026:16:23:31 +0000] "GET /wp-content/plugins/pro-elements/assets/js/frontend.min.js?ver=3.34.0 HTTP/1.1" 200 6862 "https://hvmbertogarza.com/producto/megaprint-edgar-alan-poe/" "Mozilla/5.0 (X11; Linux x86_64) AppleWebKit/537.36 (KHTML, like Gecko) Chrome/145.0.7632.116 Safari/537.36"
66.249.92.163 - - [09/Mar/2026:16:23:32 +0000] "GET /wp-content/plugins/pro-elements/assets/js/elements-handlers.min.js?ver=3.34.0 HTTP/1.1" 200 14744 "https://hvmbertogarza.com/producto/megaprint-edgar-alan-poe/" "Mozilla/5.0 (X11; Linux x86_64) AppleWebKit/537.36 (KHTML, like Gecko) Chrome/145.0.7632.116 Safari/537.36"
66.249.92.10 - - [09/Mar/2026:16:23:32 +0000] "GET /wp-content/plugins/shopengine/widgets/init/assets/js/widgets.js?ver=4.8.7 HTTP/1.1" 200 7625 "https://hvmbertogarza.com/producto/megaprint-edgar-alan-poe/" "Mozilla/5.0 (X11; Linux x86_64) AppleWebKit/537.36 (KHTML, like Gecko) Chrome/145.0.7632.116 Safari/537.36"
74.208.176.140 - - [09/Mar/2026:16:23:32 +0000] "POST /wp-cron.php?doing_wp_cron=1773073412.4806439876556396484375 HTTP/1.1" 200 4101 "-" "WordPress/6.9.1; https://hvmbertogarza.com"
198.244.240.226 - - [09/Mar/2026:16:23:30 +0000] "GET /registratsiia-i-vkhod-v-vavada-dlia-novykh-igrokov-poshagovo/feed/ HTTP/1.1" 200 4971 "-" "Mozilla/5.0 (compatible; AhrefsBot/7.0; +http://ahrefs.com/robot/)"
66.249.92.164 - - [09/Mar/2026:16:23:32 +0000] "GET /wp-content/plugins/powerpack-elements/assets/js/min/frontend.min.js?ver=2.10.9 HTTP/1.1" 200 10641 "https://hvmbertogarza.com/producto/megaprint-edgar-alan-poe/" "Mozilla/5.0 (X11; Linux x86_64) AppleWebKit/537.36 (KHTML, like Gecko) Chrome/145.0.7632.116 Safari/537.36"
66.249.92.163 - - [09/Mar/2026:16:23:32 +0000] "GET /wp-content/plugins/powerpack-elements/assets/lib/tooltipster/tooltipster.min.js?ver=2.10.9 HTTP/1.1" 200 10410 "https://hvmbertogarza.com/producto/megaprint-edgar-alan-poe/" "Mozilla/5.0 (X11; Linux x86_64) AppleWebKit/537.36 (KHTML, like Gecko) Chrome/145.0.7632.116 Safari/537.36"
66.249.92.164 - - [09/Mar/2026:16:23:32 +0000] "GET /wp-content/plugins/ajax-search-pro/js/min/plugin/optimized/asp-prereq.js HTTP/1.1" 200 7282 "https://hvmbertogarza.com/producto/megaprint-edgar-alan-poe/" "Mozilla/5.0 (X11; Linux x86_64) AppleWebKit/537.36 (KHTML, like Gecko) Chrome/145.0.7632.116 Safari/537.36"
66.249.92.164 - - [09/Mar/2026:16:23:32 +0000] "GET /wp-content/plugins/ajax-search-pro/js/min/plugin/optimized/asp-core.js HTTP/1.1" 200 15370 "https://hvmbertogarza.com/producto/megaprint-edgar-alan-poe/" "Mozilla/5.0 (X11; Linux x86_64) AppleWebKit/537.36 (KHTML, like Gecko) Chrome/145.0.7632.116 Safari/537.36"
66.249.92.9 - - [09/Mar/2026:16:23:33 +0000] "GET /wp-content/plugins/ajax-search-pro/js/min/plugin/optimized/asp-compact.js HTTP/1.1" 200 5220 "https://hvmbertogarza.com/producto/megaprint-edgar-alan-poe/" "Mozilla/5.0 (X11; Linux x86_64) AppleWebKit/537.36 (KHTML, like Gecko) Chrome/145.0.7632.116 Safari/537.36"
66.249.92.163 - - [09/Mar/2026:16:23:33 +0000] "GET /wp-content/plugins/ajax-search-pro/js/min/plugin/optimized/asp-results-vertical.js HTTP/1.1" 200 1158 "https://hvmbertogarza.com/producto/megaprint-edgar-alan-poe/" "Mozilla/5.0 (X11; Linux x86_64) AppleWebKit/537.36 (KHTML, like Gecko) Chrome/145.0.7632.116 Safari/537.36"
66.249.92.136 - - [09/Mar/2026:16:23:33 +0000] "GET /wp-content/plugins/ajax-search-pro/js/min/plugin/optimized/asp-live.js HTTP/1.1" 200 6162 "https://hvmbertogarza.com/producto/megaprint-edgar-alan-poe/" "Mozilla/5.0 (X11; Linux x86_64) AppleWebKit/537.36 (KHTML, like Gecko) Chrome/145.0.7632.116 Safari/537.36"
66.249.92.10 - - [09/Mar/2026:16:23:33 +0000] "GET /wp-content/plugins/ajax-search-pro/js/min/plugin/optimized/asp-autocomplete.js HTTP/1.1" 200 1348 "https://hvmbertogarza.com/producto/megaprint-edgar-alan-poe/" "Mozilla/5.0 (X11; Linux x86_64) AppleWebKit/537.36 (KHTML, like Gecko) Chrome/145.0.7632.116 Safari/537.36"
66.249.92.164 - - [09/Mar/2026:16:23:33 +0000] "GET /wp-content/plugins/ajax-search-pro/js/min/plugin/optimized/asp-load.js HTTP/1.1" 200 449 "https://hvmbertogarza.com/producto/megaprint-edgar-alan-poe/" "Mozilla/5.0 (X11; Linux x86_64) AppleWebKit/537.36 (KHTML, like Gecko) Chrome/145.0.7632.116 Safari/537.36"
66.249.92.198 - - [09/Mar/2026:16:23:33 +0000] "GET /wp-content/plugins/ajax-search-pro/js/min/plugin/optimized/asp-wrapper.js HTTP/1.1" 200 6055 "https://hvmbertogarza.com/producto/megaprint-edgar-alan-poe/" "Mozilla/5.0 (X11; Linux x86_64) AppleWebKit/537.36 (KHTML, like Gecko) Chrome/145.0.7632.116 Safari/537.36"
66.249.92.137 - - [09/Mar/2026:16:23:33 +0000] "GET /wp-content/plugins/ajax-search-pro/js/min/plugin/optimized/asp-addons-elementor.js HTTP/1.1" 200 5792 "https://hvmbertogarza.com/producto/megaprint-edgar-alan-poe/" "Mozilla/5.0 (X11; Linux x86_64) AppleWebKit/537.36 (KHTML, like Gecko) Chrome/145.0.7632.116 Safari/537.36"
66.249.92.198 - - [09/Mar/2026:16:23:33 +0000] "GET /wp-content/plugins/woocommerce/assets/js/flexslider/jquery.flexslider.min.js?ver=2.7.2-wc.10.3.7 HTTP/1.1" 200 6629 "https://hvmbertogarza.com/producto/megaprint-edgar-alan-poe/" "Mozilla/5.0 (X11; Linux x86_64) AppleWebKit/537.36 (KHTML, like Gecko) Chrome/145.0.7632.116 Safari/537.36"
66.249.92.164 - - [09/Mar/2026:16:23:33 +0000] "GET /wp-content/plugins/woocommerce/assets/js/jquery-blockui/jquery.blockUI.min.js?ver=2.7.0-wc.10.3.7 HTTP/1.1" 200 3962 "https://hvmbertogarza.com/producto/megaprint-edgar-alan-poe/" "Mozilla/5.0 (X11; Linux x86_64) AppleWebKit/537.36 (KHTML, like Gecko) Chrome/145.0.7632.116 Safari/537.36"
66.249.92.198 - - [09/Mar/2026:16:23:34 +0000] "GET /wp-content/plugins/woocommerce/assets/js/frontend/add-to-cart.min.js?ver=10.3.7 HTTP/1.1" 200 1748 "https://hvmbertogarza.com/producto/megaprint-edgar-alan-poe/" "Mozilla/5.0 (X11; Linux x86_64) AppleWebKit/537.36 (KHTML, like Gecko) Chrome/145.0.7632.116 Safari/537.36"
66.249.92.197 - - [09/Mar/2026:16:23:34 +0000] "GET /wp-content/plugins/woocommerce/assets/js/zoom/jquery.zoom.min.js?ver=1.7.21-wc.10.3.7 HTTP/1.1" 200 1572 "https://hvmbertogarza.com/producto/megaprint-edgar-alan-poe/" "Mozilla/5.0 (X11; Linux x86_64) AppleWebKit/537.36 (KHTML, like Gecko) Chrome/145.0.7632.116 Safari/537.36"
66.249.92.164 - - [09/Mar/2026:16:23:34 +0000] "GET /wp-content/plugins/woocommerce/assets/js/photoswipe/photoswipe.min.js?ver=4.1.1-wc.10.3.7 HTTP/1.1" 200 12490 "https://hvmbertogarza.com/producto/megaprint-edgar-alan-poe/" "Mozilla/5.0 (X11; Linux x86_64) AppleWebKit/537.36 (KHTML, like Gecko) Chrome/145.0.7632.116 Safari/537.36"
66.249.92.198 - - [09/Mar/2026:16:23:34 +0000] "GET /wp-content/plugins/woocommerce/assets/js/photoswipe/photoswipe-ui-default.min.js?ver=4.1.1-wc.10.3.7 HTTP/1.1" 200 4099 "https://hvmbertogarza.com/producto/megaprint-edgar-alan-poe/" "Mozilla/5.0 (X11; Linux x86_64) AppleWebKit/537.36 (KHTML, like Gecko) Chrome/145.0.7632.116 Safari/537.36"
66.249.92.32 - - [09/Mar/2026:16:23:34 +0000] "GET /wp-content/plugins/woocommerce/assets/js/frontend/single-product.min.js?ver=10.3.7 HTTP/1.1" 200 7066 "https://hvmbertogarza.com/producto/megaprint-edgar-alan-poe/" "Mozilla/5.0 (X11; Linux x86_64) AppleWebKit/537.36 (KHTML, like Gecko) Chrome/145.0.7632.116 Safari/537.36"
66.249.92.10 - - [09/Mar/2026:16:23:34 +0000] "GET /wp-content/plugins/woocommerce/assets/js/js-cookie/js.cookie.min.js?ver=2.1.4-wc.10.3.7 HTTP/1.1" 200 1212 "https://hvmbertogarza.com/producto/megaprint-edgar-alan-poe/" "Mozilla/5.0 (X11; Linux x86_64) AppleWebKit/537.36 (KHTML, like Gecko) Chrome/145.0.7632.116 Safari/537.36"
66.249.92.136 - - [09/Mar/2026:16:23:34 +0000] "GET /wp-content/plugins/woocommerce/assets/js/frontend/woocommerce.min.js?ver=10.3.7 HTTP/1.1" 200 1854 "https://hvmbertogarza.com/producto/megaprint-edgar-alan-poe/" "Mozilla/5.0 (X11; Linux x86_64) AppleWebKit/537.36 (KHTML, like Gecko) Chrome/145.0.7632.116 Safari/537.36"
66.249.92.164 - - [09/Mar/2026:16:23:35 +0000] "GET /wp-content/plugins/woocommerce/assets/js/frontend/cart-fragments.min.js?ver=10.3.7 HTTP/1.1" 200 1425 "https://hvmbertogarza.com/producto/megaprint-edgar-alan-poe/" "Mozilla/5.0 (X11; Linux x86_64) AppleWebKit/537.36 (KHTML, like Gecko) Chrome/145.0.7632.116 Safari/537.36"
66.249.92.10 - - [09/Mar/2026:16:23:35 +0000] "GET /wp-content/plugins/woocommerce/assets/css/woocommerce-smallscreen.css?ver=10.3.7 HTTP/1.1" 200 1646 "https://hvmbertogarza.com/producto/megaprint-edgar-alan-poe/" "Mozilla/5.0 (X11; Linux x86_64) AppleWebKit/537.36 (KHTML, like Gecko) Chrome/145.0.7632.116 Safari/537.36"
66.249.92.10 - - [09/Mar/2026:16:23:36 +0000] "GET /wp-content/uploads/elementor/google-fonts/fonts/roboto-kfo7cnqeu92fr1me7ksn66agldtyluama3yuba.woff2 HTTP/1.1" 200 40512 "https://hvmbertogarza.com/wp-content/uploads/elementor/google-fonts/css/roboto.css?ver=1749497619" "Mozilla/5.0 (X11; Linux x86_64) AppleWebKit/537.36 (KHTML, like Gecko) Chrome/145.0.7632.116 Safari/537.36"
66.249.92.45 - - [09/Mar/2026:16:23:36 +0000] "GET /wp-content/uploads/elementor/google-fonts/fonts/roboto-kfo7cnqeu92fr1me7ksn66agldtyluamaxkubgee.woff2 HTTP/1.1" 200 24494 "https://hvmbertogarza.com/wp-content/uploads/elementor/google-fonts/css/roboto.css?ver=1749497619" "Mozilla/5.0 (X11; Linux x86_64) AppleWebKit/537.36 (KHTML, like Gecko) Chrome/145.0.7632.116 Safari/537.36"
66.249.92.136 - - [09/Mar/2026:16:23:37 +0000] "GET /wp-content/plugins/shopengine/assets/fonts/shopengine.woff HTTP/1.1" 200 26449 "https://hvmbertogarza.com/wp-content/plugins/shopengine/assets/css/shopengine-public.css?ver=4.8.7" "Mozilla/5.0 (X11; Linux x86_64) AppleWebKit/537.36 (KHTML, like Gecko) Chrome/145.0.7632.116 Safari/537.36"
66.249.92.163 - - [09/Mar/2026:16:23:37 +0000] "GET /wp-content/uploads/elementor/google-fonts/fonts/roboto-kfo5cnqeu92fr1mu53zec9_vu3r1gihoszmkbnka.woff2 HTTP/1.1" 200 48300 "https://hvmbertogarza.com/wp-content/uploads/elementor/google-fonts/css/roboto.css?ver=1749497619" "Mozilla/5.0 (X11; Linux x86_64) AppleWebKit/537.36 (KHTML, like Gecko) Chrome/145.0.7632.116 Safari/537.36"
66.249.92.10 - - [09/Mar/2026:16:23:38 +0000] "GET /wp-content/uploads/elementor/google-fonts/fonts/roboto-kfo7cnqeu92fr1me7ksn66agldtyluama3oubgee.woff2 HTTP/1.1" 200 13344 "https://hvmbertogarza.com/wp-content/uploads/elementor/google-fonts/css/roboto.css?ver=1749497619" "Mozilla/5.0 (X11; Linux x86_64) AppleWebKit/537.36 (KHTML, like Gecko) Chrome/145.0.7632.116 Safari/537.36"
66.249.92.136 - - [09/Mar/2026:16:23:39 +0000] "GET /wp-content/uploads/elementor/thumbs/condusef-qjvmqpvk6gsjuovwlx49t20rsyopwxl1c1tctaxwcg.png HTTP/1.1" 200 6347 "https://hvmbertogarza.com/producto/megaprint-edgar-alan-poe/" "Mozilla/5.0 (X11; Linux x86_64) AppleWebKit/537.36 (KHTML, like Gecko) Chrome/145.0.7632.116 Safari/537.36"
66.249.92.45 - - [09/Mar/2026:16:23:39 +0000] "GET /wp-content/uploads/2024/02/BANNERPAGOSSEGUROSnegro-1024x236.png HTTP/1.1" 200 68847 "https://hvmbertogarza.com/producto/megaprint-edgar-alan-poe/" "Mozilla/5.0 (X11; Linux x86_64) AppleWebKit/537.36 (KHTML, like Gecko) Chrome/145.0.7632.116 Safari/537.36"
66.249.92.197 - - [09/Mar/2026:16:23:39 +0000] "GET /wp-content/uploads/elementor/thumbs/PROFECO-qjvmsuybqvq2apry3ufohikkik4tg430ynb65zrm68.png HTTP/1.1" 200 9820 "https://hvmbertogarza.com/producto/megaprint-edgar-alan-poe/" "Mozilla/5.0 (X11; Linux x86_64) AppleWebKit/537.36 (KHTML, like Gecko) Chrome/145.0.7632.116 Safari/537.36"
66.249.92.197 - - [09/Mar/2026:16:23:40 +0000] "GET /wp-content/uploads/2024/02/Mortem-2022-Web-Recursos-Metodos-de-Pago.png HTTP/1.1" 200 2938 "https://hvmbertogarza.com/producto/megaprint-edgar-alan-poe/" "Mozilla/5.0 (X11; Linux x86_64) AppleWebKit/537.36 (KHTML, like Gecko) Chrome/145.0.7632.116 Safari/537.36"
66.249.92.197 - - [09/Mar/2026:16:23:40 +0000] "GET /wp-content/uploads/2024/02/Kueski-Pay-scaled-1-1024x219.jpg HTTP/1.1" 200 24022 "https://hvmbertogarza.com/producto/megaprint-edgar-alan-poe/" "Mozilla/5.0 (X11; Linux x86_64) AppleWebKit/537.36 (KHTML, like Gecko) Chrome/145.0.7632.116 Safari/537.36"
66.249.92.10 - - [09/Mar/2026:16:23:40 +0000] "GET /wp-content/plugins/elementor/assets/lib/dialog/dialog.min.js?ver=4.9.3 HTTP/1.1" 200 4207 "https://hvmbertogarza.com/producto/megaprint-edgar-alan-poe/" "Mozilla/5.0 (X11; Linux x86_64) AppleWebKit/537.36 (KHTML, like Gecko) Chrome/145.0.7632.116 Safari/537.36"
66.249.92.137 - - [09/Mar/2026:16:23:41 +0000] "GET /wp-content/plugins/elementor/assets/js/lightbox.d1799e507b570f6b0496.bundle.min.js HTTP/1.1" 200 13648 "https://hvmbertogarza.com/producto/megaprint-edgar-alan-poe/" "Mozilla/5.0 (X11; Linux x86_64) AppleWebKit/537.36 (KHTML, like Gecko) Chrome/145.0.7632.116 Safari/537.36"
66.249.92.164 - - [09/Mar/2026:16:23:41 +0000] "GET /wp-content/plugins/elementor/assets/lib/share-link/share-link.min.js?ver=3.34.0 HTTP/1.1" 200 5273 "https://hvmbertogarza.com/producto/megaprint-edgar-alan-poe/" "Mozilla/5.0 (X11; Linux x86_64) AppleWebKit/537.36 (KHTML, like Gecko) Chrome/145.0.7632.116 Safari/537.36"
66.249.92.137 - - [09/Mar/2026:16:23:41 +0000] "GET /wp-content/plugins/elementor/assets/css/conditionals/lightbox.min.css?ver=3.34.0 HTTP/1.1" 200 2374 "https://hvmbertogarza.com/producto/megaprint-edgar-alan-poe/" "Mozilla/5.0 (X11; Linux x86_64) AppleWebKit/537.36 (KHTML, like Gecko) Chrome/145.0.7632.116 Safari/537.36"
66.249.92.9 - - [09/Mar/2026:16:23:42 +0000] "GET /wp-content/plugins/elementor/assets/css/conditionals/dialog.min.css?ver=3.34.0 HTTP/1.1" 200 5669 "https://hvmbertogarza.com/producto/megaprint-edgar-alan-poe/" "Mozilla/5.0 (X11; Linux x86_64) AppleWebKit/537.36 (KHTML, like Gecko) Chrome/145.0.7632.116 Safari/537.36"
66.249.92.198 - - [09/Mar/2026:16:23:42 +0000] "GET /wp-content/plugins/elementor/assets/lib/swiper/v8/css/swiper.min.css?ver=8.4.5 HTTP/1.1" 200 8718 "https://hvmbertogarza.com/producto/megaprint-edgar-alan-poe/" "Mozilla/5.0 (X11; Linux x86_64) AppleWebKit/537.36 (KHTML, like Gecko) Chrome/145.0.7632.116 Safari/537.36"
66.249.92.197 - - [09/Mar/2026:16:23:42 +0000] "GET /wp-content/uploads/2024/02/Wall-Frame-V2-Horizontal-Edgar-Allan-Poe.jpg HTTP/1.1" 200 2700775 "https://hvmbertogarza.com/producto/megaprint-edgar-alan-poe/" "Mozilla/5.0 (X11; Linux x86_64) AppleWebKit/537.36 (KHTML, like Gecko) Chrome/145.0.7632.116 Safari/537.36"
66.249.92.9 - - [09/Mar/2026:16:23:43 +0000] "POST /?wc-ajax=get_refreshed_fragments HTTP/1.1" 200 1711 "https://hvmbertogarza.com/producto/megaprint-edgar-alan-poe/" "Mozilla/5.0 (X11; Linux x86_64) AppleWebKit/537.36 (KHTML, like Gecko) Chrome/145.0.7632.116 Safari/537.36"
66.249.92.136 - - [09/Mar/2026:16:23:46 +0000] "GET /wp-content/plugins/elementor/assets/js/shared-frontend-handlers.03caa53373b56d3bab67.bundle.min.js HTTP/1.1" 200 6793 "https://hvmbertogarza.com/producto/megaprint-edgar-alan-poe/" "Mozilla/5.0 (X11; Linux x86_64) AppleWebKit/537.36 (KHTML, like Gecko) Chrome/145.0.7632.116 Safari/537.36"
66.249.92.163 - - [09/Mar/2026:16:23:46 +0000] "GET /wp-content/plugins/elementor/assets/js/section-frontend-handlers.d85ab872da118940910d.bundle.min.js HTTP/1.1" 200 4372 "https://hvmbertogarza.com/producto/megaprint-edgar-alan-poe/" "Mozilla/5.0 (X11; Linux x86_64) AppleWebKit/537.36 (KHTML, like Gecko) Chrome/145.0.7632.116 Safari/537.36"
66.249.92.199 - - [09/Mar/2026:16:23:46 +0000] "GET /wp-content/plugins/elementor/assets/js/text-editor.45609661e409413f1cef.bundle.min.js HTTP/1.1" 200 4751 "https://hvmbertogarza.com/producto/megaprint-edgar-alan-poe/" "Mozilla/5.0 (X11; Linux x86_64) AppleWebKit/537.36 (KHTML, like Gecko) Chrome/145.0.7632.116 Safari/537.36"
66.249.92.9 - - [09/Mar/2026:16:23:46 +0000] "GET /wp-content/plugins/pro-elements/assets/js/nav-menu.8521a0597c50611efdc6.bundle.min.js HTTP/1.1" 200 2297 "https://hvmbertogarza.com/producto/megaprint-edgar-alan-poe/" "Mozilla/5.0 (X11; Linux x86_64) AppleWebKit/537.36 (KHTML, like Gecko) Chrome/145.0.7632.116 Safari/537.36"
66.249.92.198 - - [09/Mar/2026:16:23:46 +0000] "GET /wp-content/plugins/pro-elements/assets/js/woocommerce-menu-cart.54f2e75f6769dce707e2.bundle.min.js HTTP/1.1" 200 1937 "https://hvmbertogarza.com/producto/megaprint-edgar-alan-poe/" "Mozilla/5.0 (X11; Linux x86_64) AppleWebKit/537.36 (KHTML, like Gecko) Chrome/145.0.7632.116 Safari/537.36"
66.249.92.10 - - [09/Mar/2026:16:23:46 +0000] "GET /wp-content/plugins/pro-elements/assets/js/form.71055747203b48a65a24.bundle.min.js HTTP/1.1" 200 9340 "https://hvmbertogarza.com/producto/megaprint-edgar-alan-poe/" "Mozilla/5.0 (X11; Linux x86_64) AppleWebKit/537.36 (KHTML, like Gecko) Chrome/145.0.7632.116 Safari/537.36"
66.249.92.11 - - [09/Mar/2026:16:23:47 +0000] "GET /wp-content/plugins/pro-elements/assets/js/popup.f7b15b2ca565b152bf98.bundle.min.js HTTP/1.1" 200 4550 "https://hvmbertogarza.com/producto/megaprint-edgar-alan-poe/" "Mozilla/5.0 (X11; Linux x86_64) AppleWebKit/537.36 (KHTML, like Gecko) Chrome/145.0.7632.116 Safari/537.36"
198.244.168.230 - - [09/Mar/2026:16:23:49 +0000] "GET /wp-content/plugins/shopengine/modules/swatches/loop-product-support/assets/swatches.css?ver=1773072898 HTTP/1.1" 200 4040 "-" "Mozilla/5.0 (compatible; AhrefsBot/7.0; +http://ahrefs.com/robot/)"
74.208.176.140 - - [09/Mar/2026:16:23:53 +0000] "POST /wp-cron.php?doing_wp_cron=1773073433.7858810424804687500000 HTTP/1.1" 200 4101 "-" "WordPress/6.9.1; https://hvmbertogarza.com"
202.46.62.49 - - [09/Mar/2026:16:23:50 +0000] "GET /producto/megaprint-girl-skull/ HTTP/1.1" 200 45995 "-" "Mozilla/5.0 (Windows NT 10.0; Win64; x64) AppleWebKit/537.36 (KHTML, like Gecko) Chrome/133.0.6943.141 Safari/537.36"
202.46.62.47 - - [09/Mar/2026:16:24:00 +0000] "GET /wp-content/uploads/elementor/css/post-491.css?ver=1773046648 HTTP/1.1" 200 8248 "https://hvmbertogarza.com/producto/megaprint-girl-skull/" "Mozilla/5.0 (Windows NT 10.0; Win64; x64) AppleWebKit/537.36 (KHTML, like Gecko) Chrome/133.0.6943.141 Safari/537.36"
202.46.62.60 - - [09/Mar/2026:16:24:00 +0000] "GET /wp-content/plugins/shopengine/modules/swatches/loop-product-support/assets/swatches.css?ver=1773073433 HTTP/1.1" 200 3996 "https://hvmbertogarza.com/producto/megaprint-girl-skull/" "Mozilla/5.0 (Windows NT 10.0; Win64; x64) AppleWebKit/537.36 (KHTML, like Gecko) Chrome/133.0.6943.141 Safari/537.36"
202.46.62.90 - - [09/Mar/2026:16:24:00 +0000] "GET /wp-content/uploads/2024/02/Wall-Frame-V2-Vertical-Skull-Girl-600x600.jpg HTTP/1.1" 200 106216 "https://hvmbertogarza.com/producto/megaprint-girl-skull/" "Mozilla/5.0 (Windows NT 10.0; Win64; x64) AppleWebKit/537.36 (KHTML, like Gecko) Chrome/133.0.6943.141 Safari/537.36"
202.46.62.19 - - [09/Mar/2026:16:24:02 +0000] "GET /wp-content/plugins/woocommerce/assets/js/photoswipe/photoswipe.min.js?ver=4.1.1-wc.10.3.7 HTTP/1.1" 200 16177 "https://hvmbertogarza.com/producto/megaprint-girl-skull/" "Mozilla/5.0 (Windows NT 10.0; Win64; x64) AppleWebKit/537.36 (KHTML, like Gecko) Chrome/133.0.6943.141 Safari/537.36"
202.46.62.87 - - [09/Mar/2026:16:24:02 +0000] "GET /wp-content/plugins/woocommerce/assets/js/photoswipe/photoswipe-ui-default.min.js?ver=4.1.1-wc.10.3.7 HTTP/1.1" 200 7786 "https://hvmbertogarza.com/producto/megaprint-girl-skull/" "Mozilla/5.0 (Windows NT 10.0; Win64; x64) AppleWebKit/537.36 (KHTML, like Gecko) Chrome/133.0.6943.141 Safari/537.36"
202.46.62.48 - - [09/Mar/2026:16:24:03 +0000] "GET /wp-content/plugins/woocommerce/assets/js/zoom/jquery.zoom.min.js?ver=1.7.21-wc.10.3.7 HTTP/1.1" 200 5259 "https://hvmbertogarza.com/producto/megaprint-girl-skull/" "Mozilla/5.0 (Windows NT 10.0; Win64; x64) AppleWebKit/537.36 (KHTML, like Gecko) Chrome/133.0.6943.141 Safari/537.36"
202.46.62.97 - - [09/Mar/2026:16:24:04 +0000] "GET /wp-content/plugins/elementor/assets/js/lightbox.d1799e507b570f6b0496.bundle.min.js HTTP/1.1" 200 13611 "https://hvmbertogarza.com/producto/megaprint-girl-skull/" "Mozilla/5.0 (Windows NT 10.0; Win64; x64) AppleWebKit/537.36 (KHTML, like Gecko) Chrome/133.0.6943.141 Safari/537.36"
202.46.62.55 - - [09/Mar/2026:16:24:04 +0000] "GET /wp-content/plugins/elementor/assets/lib/share-link/share-link.min.js?ver=3.34.0 HTTP/1.1" 200 5236 "https://hvmbertogarza.com/producto/megaprint-girl-skull/" "Mozilla/5.0 (Windows NT 10.0; Win64; x64) AppleWebKit/537.36 (KHTML, like Gecko) Chrome/133.0.6943.141 Safari/537.36"
202.46.62.40 - - [09/Mar/2026:16:24:04 +0000] "GET /wp-content/uploads/2024/02/Wall-Frame-V2-Vertical-Skull-Girl.jpg HTTP/1.1" 200 2929425 "https://hvmbertogarza.com/producto/megaprint-girl-skull/" "Mozilla/5.0 (Windows NT 10.0; Win64; x64) AppleWebKit/537.36 (KHTML, like Gecko) Chrome/133.0.6943.141 Safari/537.36"
202.46.62.5 - - [09/Mar/2026:16:24:04 +0000] "POST /?wc-ajax=get_refreshed_fragments HTTP/1.1" 200 5398 "https://hvmbertogarza.com/producto/megaprint-girl-skull/" "Mozilla/5.0 (Windows NT 10.0; Win64; x64) AppleWebKit/537.36 (KHTML, like Gecko) Chrome/133.0.6943.141 Safari/537.36"
202.46.62.22 - - [09/Mar/2026:16:24:07 +0000] "POST /wp-admin/admin-ajax.php HTTP/1.1" 200 7435 "https://hvmbertogarza.com/producto/megaprint-girl-skull/" "Mozilla/5.0 (Windows NT 10.0; Win64; x64) AppleWebKit/537.36 (KHTML, like Gecko) Chrome/133.0.6943.141 Safari/537.36"
202.46.62.68 - - [09/Mar/2026:16:24:08 +0000] "POST /wp-admin/admin-ajax.php HTTP/1.1" 200 7435 "https://hvmbertogarza.com/producto/megaprint-girl-skull/" "Mozilla/5.0 (Windows NT 10.0; Win64; x64) AppleWebKit/537.36 (KHTML, like Gecko) Chrome/133.0.6943.141 Safari/537.36"
66.249.66.9 - - [09/Mar/2026:16:24:23 +0000] "GET /include_html/top/bpr2020/header/img/twitter-s.svg HTTP/1.1" 200 33581 "-" "Googlebot-Image/1.0"
66.249.66.197 - - [09/Mar/2026:16:24:48 +0000] "GET /txag-29744gitems/eti HTTP/1.1" 200 33856 "-" "Mozilla/5.0 (Linux; Android 6.0.1; Nexus 5X Build/MMB29P) AppleWebKit/537.36 (KHTML, like Gecko) Chrome/145.0.7632.116 Mobile Safari/537.36 (compatible; Googlebot/2.1; +http://www.google.com/bot.html)"
74.208.176.140 - - [09/Mar/2026:16:26:00 +0000] "POST /wp-cron.php?doing_wp_cron=1773073560.6534159183502197265625 HTTP/1.1" 200 4101 "-" "WordPress/6.9.1; https://hvmbertogarza.com"
198.20.177.178 - - [09/Mar/2026:16:25:58 +0000] "GET /wp-login.php HTTP/1.1" 200 7389 "-" "Mozilla/5.0 (Windows NT 6.3; Win64; x64) AppleWebKit/537.36 (KHTML, like Gecko) Chrome/67.0.3396.87 Safari/537.36"
198.20.177.178 - - [09/Mar/2026:16:26:00 +0000] "POST /wp-login.php HTTP/1.1" 200 3816 "https://hvmbertogarza.com/wp-login.php" "Mozilla/5.0 (Windows NT 6.3; Win64; x64) AppleWebKit/537.36 (KHTML, like Gecko) Chrome/67.0.3396.87 Safari/537.36"
66.249.66.45 - - [09/Mar/2026:16:26:13 +0000] "GET /bszw-43245nitems/etidm61h.html HTTP/1.1" 200 33509 "-" "Mozilla/5.0 (Linux; Android 6.0.1; Nexus 5X Build/MMB29P) AppleWebKit/537.36 (KHTML, like Gecko) Chrome/145.0.7632.116 Mobile Safari/537.36 (compatible; Googlebot/2.1; +http://www.google.com/bot.html)"
66.249.66.73 - - [09/Mar/2026:16:28:21 +0000] "GET /fmrv-3229letidm77f.htm HTTP/1.1" 200 34694 "-" "Mozilla/5.0 (Linux; Android 6.0.1; Nexus 5X Build/MMB29P) AppleWebKit/537.36 (KHTML, like Gecko) Chrome/145.0.7632.116 Mobile Safari/537.36 (compatible; Googlebot/2.1; +http://www.google.com/bot.html)"
74.208.176.140 - - [09/Mar/2026:16:28:25 +0000] "POST /wp-cron.php?doing_wp_cron=1773073705.8454000949859619140625 HTTP/1.1" 200 4101 "-" "WordPress/6.9.1; https://hvmbertogarza.com"
162.144.233.59 - - [09/Mar/2026:16:28:23 +0000] "POST /xmlrpc.php HTTP/1.1" 200 4248 "-" "Mozilla/4.0 (compatible; MSIE 7.0; Windows NT 6.3; Win64; x64; Trident/7.0; .NET4.0E; .NET4.0C)"
66.249.66.45 - - [09/Mar/2026:16:29:03 +0000] "GET /izfd-10436qitems/etidm56 HTTP/1.1" 200 33134 "-" "Mozilla/5.0 (Linux; Android 6.0.1; Nexus 5X Build/MMB29P) AppleWebKit/537.36 (KHTML, like Gecko) Chrome/145.0.7632.116 Mobile Safari/537.36 (compatible; Googlebot/2.1; +http://www.google.com/bot.html)"
74.208.176.140 - - [09/Mar/2026:16:29:05 +0000] "POST /wp-cron.php?doing_wp_cron=1773073745.0178461074829101562500 HTTP/1.1" 200 4101 "-" "WordPress/6.9.1; https://hvmbertogarza.com"
57.141.4.45 - - [09/Mar/2026:16:29:01 +0000] "GET /kostenlos-spielen-wicked-witch-freispiele-ohne-einzahlung/ HTTP/1.1" 200 207612 "-" "meta-externalagent/1.1 (+https://developers.facebook.com/docs/sharing/webmasters/crawler)"
74.208.176.140 - - [09/Mar/2026:16:29:38 +0000] "POST /wp-cron.php?doing_wp_cron=1773073778.8089029788970947265625 HTTP/1.1" 200 4101 "-" "WordPress/6.9.1; https://hvmbertogarza.com"
198.20.177.178 - - [09/Mar/2026:16:29:36 +0000] "POST /xmlrpc.php HTTP/1.1" 200 4248 "-" "Mozilla/4.0 (compatible; MSIE 7.0; Windows NT 6.2; WOW64; Trident/7.0; .NET4.0C; .NET4.0E; .NET CLR 2.0.50727; .NET CLR 3.0.30729; .NET CLR 3.5.30729; Zoom 3.6.0)"
66.249.66.9 - - [09/Mar/2026:16:29:45 +0000] "GET /xuuo-26850yetidm.html HTTP/1.1" 200 35113 "-" "Mozilla/5.0 (Linux; Android 6.0.1; Nexus 5X Build/MMB29P) AppleWebKit/537.36 (KHTML, like Gecko) Chrome/145.0.7632.116 Mobile Safari/537.36 (compatible; Googlebot/2.1; +http://www.google.com/bot.html)"
66.249.66.197 - - [09/Mar/2026:16:30:27 +0000] "GET /edjp-23167hetidm11bph.htm HTTP/1.1" 200 35300 "-" "Mozilla/5.0 (Linux; Android 6.0.1; Nexus 5X Build/MMB29P) AppleWebKit/537.36 (KHTML, like Gecko) Chrome/145.0.7632.116 Mobile Safari/537.36 (compatible; Googlebot/2.1; +http://www.google.com/bot.html)"
74.208.176.140 - - [09/Mar/2026:16:30:29 +0000] "POST /wp-cron.php?doing_wp_cron=1773073829.9587569236755371093750 HTTP/1.1" 200 4101 "-" "WordPress/6.9.1; https://hvmbertogarza.com"
45.157.54.16 - - [09/Mar/2026:16:30:27 +0000] "POST /xmlrpc.php HTTP/1.1" 200 4469 "-" "Mozilla/5.0 (Windows NT 10.0; Win64; x64) AppleWebKit/537.36 (KHTML, like Gecko) Chrome/127.0.0.0 Safari/537.36"
45.157.54.16 - - [09/Mar/2026:16:30:27 +0000] "POST /xmlrpc.php HTTP/1.1" 200 4469 "-" "Mozilla/5.0 (Windows NT 10.0; Win64; x64) AppleWebKit/537.36 (KHTML, like Gecko) Chrome/127.0.0.0 Safari/537.36"
66.249.66.72 - - [09/Mar/2026:16:31:10 +0000] "GET /izfd-3860sitems/etidm71 HTTP/1.1" 200 33672 "-" "Mozilla/5.0 (Linux; Android 6.0.1; Nexus 5X Build/MMB29P) AppleWebKit/537.36 (KHTML, like Gecko) Chrome/145.0.7632.116 Mobile Safari/537.36 (compatible; Googlebot/2.1; +http://www.google.com/bot.html)"
66.249.66.163 - - [09/Mar/2026:16:31:52 +0000] "GET /wp-conflg.php?351307hvmb38791dibdbbe35 HTTP/1.1" 403 4840 "-" "Mozilla/5.0 (Linux; Android 6.0.1; Nexus 5X Build/MMB29P) AppleWebKit/537.36 (KHTML, like Gecko) Chrome/145.0.7632.116 Mobile Safari/537.36 (compatible; Googlebot/2.1; +http://www.google.com/bot.html)"
74.208.176.140 - - [09/Mar/2026:16:31:56 +0000] "POST /wp-cron.php?doing_wp_cron=1773073916.6167089939117431640625 HTTP/1.1" 200 4101 "-" "WordPress/6.9.1; https://hvmbertogarza.com"
51.195.183.100 - - [09/Mar/2026:16:31:53 +0000] "GET /2023/07/24/ HTTP/1.1" 200 40296 "-" "Mozilla/5.0 (compatible; AhrefsBot/7.0; +http://ahrefs.com/robot/)"
66.249.66.198 - - [09/Mar/2026:16:32:35 +0000] "GET /mzjc-33812sitems/etidm83 HTTP/1.1" 200 33124 "-" "Mozilla/5.0 (Linux; Android 6.0.1; Nexus 5X Build/MMB29P) AppleWebKit/537.36 (KHTML, like Gecko) Chrome/145.0.7632.116 Mobile Safari/537.36 (compatible; Googlebot/2.1; +http://www.google.com/bot.html)"
74.208.176.140 - - [09/Mar/2026:16:32:41 +0000] "POST /wp-cron.php?doing_wp_cron=1773073961.4405980110168457031250 HTTP/1.1" 200 4101 "-" "WordPress/6.9.1; https://hvmbertogarza.com"
96.0.24.174 - - [09/Mar/2026:16:32:38 +0000] "POST /xmlrpc.php HTTP/1.1" 200 9549 "-" "Mozilla/5.0 (Windows NT 10.0; Win64; x64) AppleWebKit/537.36 (KHTML, like Gecko) Chrome/114.0.0.0 Safari/537.36 Vivaldi/5.3.2679.68"
74.208.176.140 - - [09/Mar/2026:16:32:49 +0000] "POST /wp-cron.php?doing_wp_cron=1773073969.4111568927764892578125 HTTP/1.1" 200 4101 "-" "WordPress/6.9.1; https://hvmbertogarza.com"
96.0.24.174 - - [09/Mar/2026:16:32:46 +0000] "POST /xmlrpc.php HTTP/1.1" 200 4136 "-" "Mozilla/5.0 (Windows NT 10.0; Win64; x64) AppleWebKit/537.36 (KHTML, like Gecko) Chrome/114.0.0.0 Safari/537.36 Vivaldi/5.3.2679.68"
96.0.24.174 - - [09/Mar/2026:16:32:54 +0000] "POST /xmlrpc.php HTTP/1.1" 200 21211 "-" "Mozilla/5.0 (Windows NT 10.0; Win64; x64) AppleWebKit/537.36 (KHTML, like Gecko) Chrome/114.0.0.0 Safari/537.36 Vivaldi/5.3.2679.68"
74.208.176.140 - - [09/Mar/2026:16:33:03 +0000] "POST /wp-cron.php?doing_wp_cron=1773073983.4595029354095458984375 HTTP/1.1" 200 4101 "-" "WordPress/6.9.1; https://hvmbertogarza.com"
93.35.193.57 - - [09/Mar/2026:16:33:01 +0000] "GET /wp-login.php HTTP/1.1" 200 7445 "-" "Mozilla/5.0 (Macintosh; Intel Mac OS X 13_5) AppleWebKit/605.1.15 (KHTML, like Gecko) Version/17.5 Safari/605.1.15"
93.35.193.57 - - [09/Mar/2026:16:33:04 +0000] "POST /xmlrpc.php HTTP/1.1" 200 4140 "-" "Mozilla/5.0 (Windows NT 10.0; Win64; x64; rv:127.0) Gecko/20100101 Firefox/127.0"
74.208.176.140 - - [09/Mar/2026:16:33:10 +0000] "POST /wp-cron.php?doing_wp_cron=1773073990.4779560565948486328125 HTTP/1.1" 200 4101 "-" "WordPress/6.9.1; https://hvmbertogarza.com"
93.35.193.57 - - [09/Mar/2026:16:33:08 +0000] "POST /xmlrpc.php HTTP/1.1" 200 5447 "-" "Mozilla/5.0 (Windows NT 10.0; Win64; x64; rv:127.0) Gecko/20100101 Firefox/127.0"
66.249.66.164 - - [09/Mar/2026:16:33:17 +0000] "GET /gplb-12850mitems/etidm.htm HTTP/1.1" 200 35581 "-" "Mozilla/5.0 (Linux; Android 6.0.1; Nexus 5X Build/MMB29P) AppleWebKit/537.36 (KHTML, like Gecko) Chrome/145.0.7632.116 Mobile Safari/537.36 (compatible; Googlebot/2.1; +http://www.google.com/bot.html)"
46.105.46.43 - - [09/Mar/2026:16:33:38 +0000] "GET /robots.txt HTTP/1.1" 200 4235 "-" "Mozilla/5.0 (compatible; MJ12bot/v2.0.5; http://mj12bot.com/)"
74.208.176.140 - - [09/Mar/2026:16:33:42 +0000] "POST /wp-cron.php?doing_wp_cron=1773074022.9146189689636230468750 HTTP/1.1" 200 4101 "-" "WordPress/6.9.1; https://hvmbertogarza.com"
46.105.46.43 - - [09/Mar/2026:16:33:38 +0000] "GET / HTTP/1.1" 200 50600 "-" "Mozilla/5.0 (compatible; MJ12bot/v2.0.5; http://mj12bot.com/)"
66.249.66.74 - - [09/Mar/2026:16:34:42 +0000] "GET /bszw-3928iitems/eti.htm HTTP/1.1" 200 33448 "-" "Mozilla/5.0 (Linux; Android 6.0.1; Nexus 5X Build/MMB29P) AppleWebKit/537.36 (KHTML, like Gecko) Chrome/145.0.7632.116 Mobile Safari/537.36 (compatible; Googlebot/2.1; +http://www.google.com/bot.html)"
74.208.176.140 - - [09/Mar/2026:16:34:53 +0000] "POST /wp-cron.php?doing_wp_cron=1773074093.6670949459075927734375 HTTP/1.1" 200 4101 "-" "WordPress/6.9.1; https://hvmbertogarza.com"
66.220.149.34 - - [09/Mar/2026:16:34:51 +0000] "GET /producto/libro-monsters-creatures-ghouls-leyendas-de-mexico/ HTTP/1.1" 301 4302 "-" "facebookexternalhit/1.1 (+http://www.facebook.com/externalhit_uatext.php)"
66.220.149.20 - - [09/Mar/2026:16:34:51 +0000] "GET /producto/libro-monsters-creatures-ghouls-leyendas-de-mexico/ HTTP/1.1" 301 4302 "-" "facebookexternalhit/1.1 (+http://www.facebook.com/externalhit_uatext.php)"
66.220.149.10 - - [09/Mar/2026:16:34:53 +0000] "GET /producto/libro-monsters-creatures-ghouls-leyendas-de-mexico-vol-0/ HTTP/1.1" 200 206481 "-" "facebookexternalhit/1.1 (+http://www.facebook.com/externalhit_uatext.php)"
66.220.149.25 - - [09/Mar/2026:16:34:54 +0000] "GET /producto/libro-monsters-creatures-ghouls-leyendas-de-mexico-vol-0/ HTTP/1.1" 200 206481 "-" "facebookexternalhit/1.1 (+http://www.facebook.com/externalhit_uatext.php)"
66.249.66.10 - - [09/Mar/2026:16:35:24 +0000] "GET /bcfe-1199jetidm89dej HTTP/1.1" 200 34422 "-" "Mozilla/5.0 (Linux; Android 6.0.1; Nexus 5X Build/MMB29P) AppleWebKit/537.36 (KHTML, like Gecko) Chrome/145.0.7632.116 Mobile Safari/537.36 (compatible; Googlebot/2.1; +http://www.google.com/bot.html)"
74.208.176.140 - - [09/Mar/2026:16:35:51 +0000] "POST /wp-cron.php?doing_wp_cron=1773074151.8236451148986816406250 HTTP/1.1" 200 4101 "-" "WordPress/6.9.1; https://hvmbertogarza.com"
88.148.126.203 - - [09/Mar/2026:16:35:48 +0000] "HEAD / HTTP/1.1" 200 4150 "-" "curl/7.88.1"
88.148.85.174 - - [09/Mar/2026:16:35:52 +0000] "POST /xmlrpc.php HTTP/1.1" 200 4258 "-" "curl/8.6.0"
88.148.85.174 - - [09/Mar/2026:16:35:54 +0000] "POST /xmlrpc.php HTTP/1.1" 200 4258 "-" "Wget/1.21.4"
88.148.85.174 - - [09/Mar/2026:16:35:57 +0000] "GET /wp-login.php HTTP/1.1" 200 7393 "-" "curl/7.88.1"
88.148.85.174 - - [09/Mar/2026:16:36:00 +0000] "POST /wp-login.php HTTP/1.1" 302 5062 "https://hvmbertogarza.com/wp-login.php" "curl/8.6.0"
66.249.66.197 - - [09/Mar/2026:16:36:07 +0000] "GET /uood-10348gitems/etidm41.htm HTTP/1.1" 200 35082 "-" "Mozilla/5.0 (Linux; Android 6.0.1; Nexus 5X Build/MMB29P) AppleWebKit/537.36 (KHTML, like Gecko) Chrome/145.0.7632.116 Mobile Safari/537.36 (compatible; Googlebot/2.1; +http://www.google.com/bot.html)"
74.208.176.140 - - [09/Mar/2026:16:36:38 +0000] "POST /wp-cron.php?doing_wp_cron=1773074198.8191730976104736328125 HTTP/1.1" 200 4101 "-" "WordPress/6.9.1; https://hvmbertogarza.com"
50.6.224.234 - - [09/Mar/2026:16:36:36 +0000] "GET /wp-login.php HTTP/1.1" 200 7389 "-" "Mozilla/5.0 (Windows NT 6.3; WOW64; Trident/7.0; ASU2JS; rv:11.0) like Gecko"
50.6.224.234 - - [09/Mar/2026:16:36:39 +0000] "POST /wp-login.php HTTP/1.1" 200 3782 "https://hvmbertogarza.com/wp-login.php" "Mozilla/5.0 (Windows NT 6.3; WOW64; Trident/7.0; ASU2JS; rv:11.0) like Gecko"
74.208.176.140 - - [09/Mar/2026:16:37:02 +0000] "POST /wp-cron.php?doing_wp_cron=1773074222.7832159996032714843750 HTTP/1.1" 200 4101 "-" "WordPress/6.9.1; https://hvmbertogarza.com"
57.141.4.21 - - [09/Mar/2026:16:36:59 +0000] "GET /kostenlos-spielen-jolly-s-cap-freispiele-ohne-einzahlung/ HTTP/1.1" 200 208002 "-" "meta-externalagent/1.1 (+https://developers.facebook.com/docs/sharing/webmasters/crawler)"
66.249.66.72 - - [09/Mar/2026:16:37:49 +0000] "GET /producto/t-shirt-caballero-killer-klowns-from-outer-space/ HTTP/1.1" 200 33429 "-" "Mozilla/5.0 (Linux; Android 6.0.1; Nexus 5X Build/MMB29P) AppleWebKit/537.36 (KHTML, like Gecko) Chrome/145.0.7632.116 Mobile Safari/537.36 (compatible; Googlebot/2.1; +http://www.google.com/bot.html)"
51.89.129.64 - - [09/Mar/2026:16:39:14 +0000] "GET /wp-content/plugins/shopengine/modules/swatches/loop-product-support/assets/swatches.css?ver=1773073916 HTTP/1.1" 200 4040 "-" "Mozilla/5.0 (compatible; AhrefsBot/7.0; +http://ahrefs.com/robot/)"
74.208.176.140 - - [09/Mar/2026:16:39:15 +0000] "POST /wp-cron.php?doing_wp_cron=1773074355.7613670825958251953125 HTTP/1.1" 200 4101 "-" "WordPress/6.9.1; https://hvmbertogarza.com"
95.164.194.117 - - [09/Mar/2026:16:39:13 +0000] "GET /wp-login.php HTTP/1.1" 200 7493 "-" "Mozilla/5.0 (X11; Linux x86_64) AppleWebKit/537.36 (KHTML, like Gecko) Chrome/99.0.1141.78 Safari/537.36 Edg/99.0.1141.78"
95.164.194.117 - - [09/Mar/2026:16:39:16 +0000] "GET /wp-login.php HTTP/1.1" 200 3706 "-" "Mozilla/5.0 (X11; Linux x86_64) AppleWebKit/537.36 (KHTML, like Gecko) Chrome/99.0.1141.78 Safari/537.36 Edg/99.0.1141.78"
95.164.194.117 - - [09/Mar/2026:16:39:19 +0000] "GET / HTTP/1.1" 200 50590 "-" "Mozilla/5.0 (X11; Linux x86_64) AppleWebKit/537.36 (KHTML, like Gecko) Chrome/99.0.1141.78 Safari/537.36 Edg/99.0.1141.78"
95.164.194.117 - - [09/Mar/2026:16:39:24 +0000] "GET /xmlrpc.php HTTP/1.1" 405 349 "-" "Mozilla/5.0 (X11; Linux x86_64) AppleWebKit/537.36 (KHTML, like Gecko) Chrome/99.0.1141.78 Safari/537.36 Edg/99.0.1141.78"
91.242.75.188 - - [09/Mar/2026:16:39:28 +0000] "POST /xmlrpc.php HTTP/1.1" 200 7683 "-" "Python-xmlrpc/3.10"
91.242.75.188 - - [09/Mar/2026:16:39:32 +0000] "POST /xmlrpc.php HTTP/1.1" 200 4188 "-" "Python-xmlrpc/3.10"
74.208.176.140 - - [09/Mar/2026:16:39:37 +0000] "POST /wp-cron.php?doing_wp_cron=1773074377.8826210498809814453125 HTTP/1.1" 200 4101 "-" "WordPress/6.9.1; https://hvmbertogarza.com"
91.242.75.188 - - [09/Mar/2026:16:39:35 +0000] "POST /xmlrpc.php HTTP/1.1" 200 4186 "-" "Python-xmlrpc/3.10"
170.247.223.9 - - [09/Mar/2026:16:39:38 +0000] "GET /wp-json/wp/v2/users/me HTTP/1.1" 401 4493 "-" "python-requests/2.32.3"
88.148.85.90 - - [09/Mar/2026:16:39:42 +0000] "HEAD / HTTP/1.1" 200 4150 "-" "Wget/1.21.4"
88.148.93.185 - - [09/Mar/2026:16:39:45 +0000] "POST /xmlrpc.php HTTP/1.1" 200 4258 "-" "Wget/1.21.4"
88.148.93.185 - - [09/Mar/2026:16:39:49 +0000] "POST /xmlrpc.php HTTP/1.1" 200 4258 "-" "curl/7.88.1"
88.148.93.185 - - [09/Mar/2026:16:39:52 +0000] "GET /wp-login.php HTTP/1.1" 200 7393 "-" "curl/8.6.0"
74.208.176.140 - - [09/Mar/2026:16:39:57 +0000] "POST /wp-cron.php?doing_wp_cron=1773074397.8898949623107910156250 HTTP/1.1" 200 4101 "-" "WordPress/6.9.1; https://hvmbertogarza.com"
88.148.93.185 - - [09/Mar/2026:16:39:55 +0000] "POST /wp-login.php HTTP/1.1" 302 5062 "https://hvmbertogarza.com/wp-login.php" "Wget/1.21.4"
88.148.93.185 - - [09/Mar/2026:16:39:58 +0000] "GET /wp-admin/ HTTP/1.1" 200 83338 "https://hvmbertogarza.com/wp-login.php" "Wget/1.21.4"
88.148.93.185 - - [09/Mar/2026:16:40:02 +0000] "GET /wp-admin/plugins.php HTTP/1.1" 200 188917 "-" "Wget/1.21.4"
88.148.93.185 - - [09/Mar/2026:16:40:07 +0000] "GET /wp-login.php HTTP/1.1" 200 7393 "-" "curl/7.88.1"
88.148.93.185 - - [09/Mar/2026:16:40:10 +0000] "POST /wp-login.php HTTP/1.1" 302 5062 "https://hvmbertogarza.com/wp-login.php" "curl/7.88.1"
88.148.93.185 - - [09/Mar/2026:16:40:13 +0000] "GET /wp-admin/ HTTP/1.1" 200 83299 "https://hvmbertogarza.com/wp-login.php" "curl/7.88.1"
74.208.176.140 - - [09/Mar/2026:16:40:28 +0000] "POST /wp-cron.php?doing_wp_cron=1773074428.1233220100402832031250 HTTP/1.1" 200 4101 "-" "WordPress/6.9.1; https://hvmbertogarza.com"
88.148.93.185 - - [09/Mar/2026:16:40:24 +0000] "HEAD /wp-admin/ HTTP/1.1" 302 4184 "-" "curl/7.88.1"
88.148.93.185 - - [09/Mar/2026:16:40:29 +0000] "HEAD /wp-login.php?redirect_to=https%3A%2F%2Fhvmbertogarza.com%2Fwp-admin%2F&reauth=1 HTTP/1.1" 200 6307 "https://hvmbertogarza.com/wp-admin/" "curl/7.88.1"
88.148.93.185 - - [09/Mar/2026:16:40:33 +0000] "GET /wp-admin/edit.php?post_type=shop_order HTTP/1.1" 301 4356 "-" "curl/8.6.0"
88.148.93.185 - - [09/Mar/2026:16:40:33 +0000] "GET /wp-admin/admin.php?page=wc-orders HTTP/1.1" 200 158135 "-" "curl/8.6.0"
88.148.93.185 - - [09/Mar/2026:16:40:36 +0000] "GET /wp-admin/admin.php?page=wc-orders HTTP/1.1" 200 158102 "https://hvmbertogarza.com/wp-admin/edit.php?post_type=shop_order" "curl/8.6.0"
88.148.93.185 - - [09/Mar/2026:16:40:38 +0000] "GET /wp-admin/admin.php?page=wc-orders&m=202603 HTTP/1.1" 200 151344 "-" "curl/8.6.0"
88.148.93.185 - - [09/Mar/2026:16:40:38 +0000] "GET /wp-admin/admin.php?page=wc-orders&m=202602 HTTP/1.1" 200 151343 "-" "curl/8.6.0"
