176.65.132.19 - - [09/Mar/2026:13:51:12 +0000] "POST /wp-login.php HTTP/1.1" 200 3882 "https://HVMBERTOGARZA.COM/wp-login.php" "Mozilla/5.0 (Macintosh; Intel Mac OS X 10_15_7) AppleWebKit/605.1.15 (KHTML, like Gecko) Version/17.1 Safari/605.1.15"
176.65.132.19 - - [09/Mar/2026:13:51:15 +0000] "GET /wp-admin/index.php HTTP/1.1" 302 525 "https://HVMBERTOGARZA.COM/wp-login.php" "Mozilla/5.0 (Macintosh; Intel Mac OS X 13_6_1; rv:121.0) Gecko/20100101 Firefox/121.0"
176.65.132.19 - - [09/Mar/2026:13:51:17 +0000] "GET /wp-login.php?redirect_to=https%3A%2F%2Fhvmbertogarza.com%2Fwp-admin%2Findex.php&reauth=1 HTTP/1.1" 200 5797 "https://HVMBERTOGARZA.COM/wp-login.php" "Mozilla/5.0 (Macintosh; Intel Mac OS X 13_6_1; rv:121.0) Gecko/20100101 Firefox/121.0"
74.208.176.140 - - [09/Mar/2026:13:51:22 +0000] "POST /wp-cron.php?doing_wp_cron=1773064281.9935228824615478515625 HTTP/1.1" 200 4101 "-" "WordPress/6.9.1; https://hvmbertogarza.com"
176.65.132.19 - - [09/Mar/2026:13:51:19 +0000] "POST /wp-login.php HTTP/1.1" 200 3878 "https://HVMBERTOGARZA.COM/wp-login.php" "Mozilla/5.0 (Macintosh; Intel Mac OS X 10_15_7) AppleWebKit/605.1.15 (KHTML, like Gecko) Version/17.2 Safari/605.1.15"
151.80.133.130 - - [09/Mar/2026:13:51:20 +0000] "GET /2026/02/05/ HTTP/1.1" 200 40475 "-" "Mozilla/5.0 (Windows NT 10.0; Win64; x64) AppleWebKit/537.36 (KHTML, like Gecko) Chrome/139.0.0.0 Safari/537.36"
176.65.132.19 - - [09/Mar/2026:13:51:22 +0000] "GET /wp-admin/index.php HTTP/1.1" 302 525 "https://HVMBERTOGARZA.COM/wp-login.php" "Mozilla/5.0 (Windows NT 10.0; Win64; x64; rv:121.0) Gecko/20100101 Firefox/121.0"
176.65.132.19 - - [09/Mar/2026:13:51:25 +0000] "GET /wp-login.php?redirect_to=https%3A%2F%2Fhvmbertogarza.com%2Fwp-admin%2Findex.php&reauth=1 HTTP/1.1" 200 5797 "https://HVMBERTOGARZA.COM/wp-login.php" "Mozilla/5.0 (Windows NT 10.0; Win64; x64; rv:121.0) Gecko/20100101 Firefox/121.0"
176.65.132.19 - - [09/Mar/2026:13:51:27 +0000] "POST /wp-login.php HTTP/1.1" 200 3880 "https://HVMBERTOGARZA.COM/wp-login.php" "Mozilla/5.0 (Macintosh; Intel Mac OS X 13_6_1) AppleWebKit/537.36 (KHTML, like Gecko) Chrome/118.0.0.0 Safari/537.36"
176.65.132.19 - - [09/Mar/2026:13:51:30 +0000] "GET /wp-admin/index.php HTTP/1.1" 302 525 "https://HVMBERTOGARZA.COM/wp-login.php" "Mozilla/5.0 (Windows NT 11.0; Win64; x64; rv:119.0) Gecko/20100101 Firefox/119.0"
216.73.216.173 - - [09/Mar/2026:13:51:30 +0000] "GET /zachem-lichnosti-vazhno-ispytyvat-lichnoe-uchastie/feed HTTP/1.1" 301 4272 "-" "Mozilla/5.0 AppleWebKit/537.36 (KHTML, like Gecko; compatible; ClaudeBot/1.0; +claudebot@anthropic.com)"
176.65.132.19 - - [09/Mar/2026:13:51:33 +0000] "GET /wp-login.php?redirect_to=https%3A%2F%2Fhvmbertogarza.com%2Fwp-admin%2Findex.php&reauth=1 HTTP/1.1" 200 5797 "https://HVMBERTOGARZA.COM/wp-login.php" "Mozilla/5.0 (Windows NT 11.0; Win64; x64; rv:119.0) Gecko/20100101 Firefox/119.0"
216.73.216.173 - - [09/Mar/2026:13:51:33 +0000] "GET /zachem-lichnosti-vazhno-ispytyvat-lichnoe-uchastie/feed/ HTTP/1.1" 200 1162 "https://hvmbertogarza.com/zachem-lichnosti-vazhno-ispytyvat-lichnoe-uchastie/feed" "Mozilla/5.0 AppleWebKit/537.36 (KHTML, like Gecko; compatible; ClaudeBot/1.0; +claudebot@anthropic.com)"
176.65.132.19 - - [09/Mar/2026:13:51:35 +0000] "POST /wp-login.php HTTP/1.1" 200 3833 "https://HVMBERTOGARZA.COM/wp-login.php" "Mozilla/5.0 (X11; Ubuntu; Linux x86_64) AppleWebKit/537.36 (KHTML, like Gecko) Chrome/120.0.0.0 Safari/537.36"
176.65.132.19 - - [09/Mar/2026:13:51:38 +0000] "GET /wp-admin/index.php HTTP/1.1" 302 525 "https://HVMBERTOGARZA.COM/wp-login.php" "Mozilla/5.0 (Macintosh; Intel Mac OS X 10_15_7; rv:121.0) Gecko/20100101 Firefox/121.0"
216.73.216.173 - - [09/Mar/2026:13:51:38 +0000] "GET /?p=2044 HTTP/1.1" 301 4176 "-" "Mozilla/5.0 AppleWebKit/537.36 (KHTML, like Gecko; compatible; ClaudeBot/1.0; +claudebot@anthropic.com)"
176.65.132.19 - - [09/Mar/2026:13:51:40 +0000] "GET /wp-login.php?redirect_to=https%3A%2F%2Fhvmbertogarza.com%2Fwp-admin%2Findex.php&reauth=1 HTTP/1.1" 200 5797 "https://HVMBERTOGARZA.COM/wp-login.php" "Mozilla/5.0 (Macintosh; Intel Mac OS X 10_15_7; rv:121.0) Gecko/20100101 Firefox/121.0"
216.73.216.173 - - [09/Mar/2026:13:51:40 +0000] "GET /pochemu-kazhdomu-vazhno-perezhivat-uchastie-v-dejatelnost/ HTTP/1.1" 200 46050 "https://hvmbertogarza.com/?p=2044" "Mozilla/5.0 AppleWebKit/537.36 (KHTML, like Gecko; compatible; ClaudeBot/1.0; +claudebot@anthropic.com)"
176.65.132.19 - - [09/Mar/2026:13:51:42 +0000] "POST /wp-login.php HTTP/1.1" 200 3879 "https://HVMBERTOGARZA.COM/wp-login.php" "Mozilla/5.0 (Macintosh; Intel Mac OS X 13_6_1; rv:121.0) Gecko/20100101 Firefox/121.0"
176.65.132.19 - - [09/Mar/2026:13:51:44 +0000] "GET /wp-admin/index.php HTTP/1.1" 302 525 "https://HVMBERTOGARZA.COM/wp-login.php" "Mozilla/5.0 (Windows NT 11.0; Win64; x64; rv:118.0) Gecko/20100101 Firefox/118.0"
176.65.132.19 - - [09/Mar/2026:13:51:46 +0000] "GET /wp-login.php?redirect_to=https%3A%2F%2Fhvmbertogarza.com%2Fwp-admin%2Findex.php&reauth=1 HTTP/1.1" 200 5797 "https://HVMBERTOGARZA.COM/wp-login.php" "Mozilla/5.0 (Windows NT 11.0; Win64; x64; rv:118.0) Gecko/20100101 Firefox/118.0"
85.208.96.198 - - [09/Mar/2026:13:52:02 +0000] "GET /robots.txt HTTP/1.1" 200 4198 "-" "Mozilla/5.0 (compatible; SemrushBot/7~bl; +http://www.semrush.com/bot.html)"
74.208.176.140 - - [09/Mar/2026:13:52:06 +0000] "POST /wp-cron.php?doing_wp_cron=1773064326.9084179401397705078125 HTTP/1.1" 200 4101 "-" "WordPress/6.9.1; https://hvmbertogarza.com"
85.208.96.208 - - [09/Mar/2026:13:52:02 +0000] "GET /tienda/page/2/?filter_custom_talla HTTP/1.1" 200 43609 "-" "Mozilla/5.0 (compatible; SemrushBot/7~bl; +http://www.semrush.com/bot.html)"
14.225.60.254 - - [09/Mar/2026:13:52:13 +0000] "GET /index.php/categoria-producto/books HTTP/1.1" 301 4134 "-" "Mozilla/5.0 (iPod; U; CPU iPhone OS 4_2 like Mac OS X; crh-UA) AppleWebKit/531.43.2 (KHTML, like Gecko) Version/4.0.5 Mobile/8B115 Safari/6531.43.2"
74.208.176.140 - - [09/Mar/2026:13:52:24 +0000] "POST /wp-cron.php?doing_wp_cron=1773064344.4476239681243896484375 HTTP/1.1" 200 4101 "-" "WordPress/6.9.1; https://hvmbertogarza.com"
45.165.86.233 - - [09/Mar/2026:13:52:20 +0000] "GET /categoria-producto/books/ HTTP/1.1" 200 41664 "-" "Mozilla/5.0 (iPad; CPU iPad OS 8_4_1 like Mac OS X) AppleWebKit/533.2 (KHTML, like Gecko) FxiOS/15.9k0340.0 Mobile/76X120 Safari/533.2"
74.208.176.140 - - [09/Mar/2026:13:54:58 +0000] "POST /wp-cron.php?doing_wp_cron=1773064498.9114201068878173828125 HTTP/1.1" 200 4101 "-" "WordPress/6.9.1; https://hvmbertogarza.com"
54.38.147.193 - - [09/Mar/2026:13:54:56 +0000] "GET /pochemu-kazhdomu-suschestvenno-oschuschat-uchastie-v-aktivnost/feed/ HTTP/1.1" 200 4971 "-" "Mozilla/5.0 (compatible; AhrefsBot/7.0; +http://ahrefs.com/robot/)"
74.208.176.140 - - [09/Mar/2026:13:55:35 +0000] "POST /wp-cron.php?doing_wp_cron=1773064534.9683549404144287109375 HTTP/1.1" 200 4101 "-" "WordPress/6.9.1; https://hvmbertogarza.com"
216.73.216.173 - - [09/Mar/2026:13:55:33 +0000] "GET /pochemu-kazhdomu-vazhno-perezhivat-uchastie-v-dejatelnost/feed HTTP/1.1" 301 4279 "-" "Mozilla/5.0 AppleWebKit/537.36 (KHTML, like Gecko; compatible; ClaudeBot/1.0; +claudebot@anthropic.com)"
216.73.216.173 - - [09/Mar/2026:13:55:35 +0000] "GET /pochemu-kazhdomu-vazhno-perezhivat-uchastie-v-dejatelnost/feed/ HTTP/1.1" 200 1186 "https://hvmbertogarza.com/pochemu-kazhdomu-vazhno-perezhivat-uchastie-v-dejatelnost/feed" "Mozilla/5.0 AppleWebKit/537.36 (KHTML, like Gecko; compatible; ClaudeBot/1.0; +claudebot@anthropic.com)"
74.208.176.140 - - [09/Mar/2026:13:59:29 +0000] "POST /wp-cron.php?doing_wp_cron=1773064769.9395020008087158203125 HTTP/1.1" 200 4101 "-" "WordPress/6.9.1; https://hvmbertogarza.com"
178.175.136.73 - - [09/Mar/2026:13:59:27 +0000] "GET /wp-login.php HTTP/1.1" 200 7389 "-" "Mozilla/5.0 (Windows NT 6.1; WOW64; Trident/7.0; yie10; rv:11.0) like Gecko"
178.175.136.73 - - [09/Mar/2026:13:59:30 +0000] "POST /wp-login.php HTTP/1.1" 200 3782 "https://hvmbertogarza.com/wp-login.php" "Mozilla/5.0 (Windows NT 6.1; WOW64; Trident/7.0; yie10; rv:11.0) like Gecko"
74.208.176.140 - - [09/Mar/2026:14:00:20 +0000] "POST /wp-cron.php?doing_wp_cron=1773064820.8707981109619140625000 HTTP/1.1" 200 4101 "-" "WordPress/6.9.1; https://hvmbertogarza.com"
192.178.15.38 - - [09/Mar/2026:14:00:16 +0000] "GET /.well-known/traffic-advice HTTP/1.1" 404 179654 "-" "Chrome Privacy Preserving Prefetch Proxy"
162.120.185.240 - - [09/Mar/2026:14:00:17 +0000] "GET /producto/libro-monsters-creatures-ghouls-vol-1-3ra-edicion/ HTTP/1.1" 200 46435 "https://www.google.com/" "Mozilla/5.0 (Linux; Android 10; K) AppleWebKit/537.36 (KHTML, like Gecko) Chrome/145.0.0.0 Mobile Safari/537.36"
37.59.29.69 - - [09/Mar/2026:14:00:35 +0000] "GET /wp-login.php HTTP/1.1" 200 7389 "-" "Mozilla/5.0 (Windows NT 6.3) AppleWebKit/537.36 (KHTML, like Gecko) Chrome/66.0.3359.139 Safari/537.36"
37.59.29.69 - - [09/Mar/2026:14:00:38 +0000] "POST /wp-login.php HTTP/1.1" 200 3816 "https://hvmbertogarza.com/wp-login.php" "Mozilla/5.0 (Windows NT 6.3) AppleWebKit/537.36 (KHTML, like Gecko) Chrome/66.0.3359.139 Safari/537.36"
51.195.183.210 - - [09/Mar/2026:14:00:38 +0000] "GET /pochemu-kazhdomu-vazhno-perezhivat-uchastie-v-dejatelnost/feed/ HTTP/1.1" 200 4972 "-" "Mozilla/5.0 (compatible; AhrefsBot/7.0; +http://ahrefs.com/robot/)"
74.208.176.140 - - [09/Mar/2026:14:02:12 +0000] "POST /wp-cron.php?doing_wp_cron=1773064932.3707981109619140625000 HTTP/1.1" 200 4101 "-" "WordPress/6.9.1; https://hvmbertogarza.com"
216.73.216.173 - - [09/Mar/2026:14:02:10 +0000] "GET /?p=1944 HTTP/1.1" 301 4125 "-" "Mozilla/5.0 AppleWebKit/537.36 (KHTML, like Gecko; compatible; ClaudeBot/1.0; +claudebot@anthropic.com)"
216.73.216.173 - - [09/Mar/2026:14:02:13 +0000] "GET /1944-2/ HTTP/1.1" 200 42067 "https://hvmbertogarza.com/?p=1944" "Mozilla/5.0 AppleWebKit/537.36 (KHTML, like Gecko; compatible; ClaudeBot/1.0; +claudebot@anthropic.com)"
216.73.216.173 - - [09/Mar/2026:14:02:18 +0000] "GET /1944-2/feed HTTP/1.1" 301 442 "-" "Mozilla/5.0 AppleWebKit/537.36 (KHTML, like Gecko; compatible; ClaudeBot/1.0; +claudebot@anthropic.com)"
216.73.216.173 - - [09/Mar/2026:14:02:21 +0000] "GET /1944-2/feed/ HTTP/1.1" 200 1053 "https://hvmbertogarza.com/1944-2/feed" "Mozilla/5.0 AppleWebKit/537.36 (KHTML, like Gecko; compatible; ClaudeBot/1.0; +claudebot@anthropic.com)"
74.208.176.140 - - [09/Mar/2026:14:03:22 +0000] "POST /wp-cron.php?doing_wp_cron=1773065002.3477020263671875000000 HTTP/1.1" 200 4101 "-" "WordPress/6.9.1; https://hvmbertogarza.com"
216.73.216.173 - - [09/Mar/2026:14:03:20 +0000] "GET /1756-2 HTTP/1.1" 301 4125 "-" "Mozilla/5.0 AppleWebKit/537.36 (KHTML, like Gecko; compatible; ClaudeBot/1.0; +claudebot@anthropic.com)"
216.73.216.173 - - [09/Mar/2026:14:03:22 +0000] "GET /1756-2/ HTTP/1.1" 200 41711 "https://hvmbertogarza.com/1756-2" "Mozilla/5.0 AppleWebKit/537.36 (KHTML, like Gecko; compatible; ClaudeBot/1.0; +claudebot@anthropic.com)"
74.208.176.140 - - [09/Mar/2026:14:06:13 +0000] "POST /wp-cron.php?doing_wp_cron=1773065173.0518150329589843750000 HTTP/1.1" 200 4101 "-" "WordPress/6.9.1; https://hvmbertogarza.com"
51.195.244.22 - - [09/Mar/2026:14:06:10 +0000] "GET /hot-safari-online-gokkast-spelen-gratis-en-met-geld/feed/ HTTP/1.1" 200 4896 "-" "Mozilla/5.0 (compatible; AhrefsBot/7.0; +http://ahrefs.com/robot/)"
110.249.202.196 - - [09/Mar/2026:14:06:55 +0000] "GET /robots.txt HTTP/1.1" 200 3811 "-" "Mozilla/5.0 (Linux; Android 5.0) AppleWebKit/537.36 (KHTML, like Gecko) Mobile Safari/537.36 (compatible; Bytespider; https://zhanzhang.toutiao.com/)"
111.225.148.173 - - [09/Mar/2026:14:07:06 +0000] "GET /robots.txt HTTP/1.1" 200 3811 "-" "Mozilla/5.0 (Linux; Android 5.0) AppleWebKit/537.36 (KHTML, like Gecko) Mobile Safari/537.36 (compatible; Bytespider; https://zhanzhang.toutiao.com/)"
74.208.176.140 - - [09/Mar/2026:14:08:13 +0000] "POST /wp-cron.php?doing_wp_cron=1773065293.1357579231262207031250 HTTP/1.1" 200 4101 "-" "WordPress/6.9.1; https://hvmbertogarza.com"
193.24.211.70 - - [09/Mar/2026:14:08:09 +0000] "GET /wp-login.php HTTP/1.1" 200 7445 "-" "Mozilla/5.0 (Windows NT 10.0; Win64; x64) AppleWebKit/537.36 (KHTML, like Gecko) Chrome/124.0.6367.207 Safari/537.36"
72.167.37.48 - - [09/Mar/2026:14:08:11 +0000] "POST /xmlrpc.php HTTP/1.1" 200 4248 "-" "Mozilla/5.0 (Windows NT 6.1; WOW64; Trident/7.0; UHG_Win7_Build 11-15-2010; rv:11.0) like Gecko"
193.24.211.70 - - [09/Mar/2026:14:08:13 +0000] "POST /xmlrpc.php HTTP/1.1" 200 4361 "-" "Mozilla/5.0 (Windows NT 10.0; Win64; x64; rv:127.0) Gecko/20100101 Firefox/127.0"
193.24.211.70 - - [09/Mar/2026:14:08:17 +0000] "GET /wp-login.php HTTP/1.1" 200 7445 "-" "Mozilla/5.0 (Windows NT 10.0; Win64; x64) AppleWebKit/537.36 (KHTML, like Gecko) Chrome/124.0.6367.207 Safari/537.36"
193.24.211.70 - - [09/Mar/2026:14:08:21 +0000] "POST /wp-login.php HTTP/1.1" 302 1375 "https://hvmbertogarza.com/wp-login.php" "Mozilla/5.0 (Windows NT 10.0; Win64; x64) AppleWebKit/537.36 (KHTML, like Gecko) Chrome/124.0.6367.207 Safari/537.36"
193.24.211.70 - - [09/Mar/2026:14:08:24 +0000] "GET /wp-admin/ HTTP/1.1" 200 79684 "https://hvmbertogarza.com/wp-login.php" "Mozilla/5.0 (Windows NT 10.0; Win64; x64) AppleWebKit/537.36 (KHTML, like Gecko) Chrome/124.0.6367.207 Safari/537.36"
193.24.211.70 - - [09/Mar/2026:14:08:29 +0000] "GET /wp-admin/theme-editor.php HTTP/1.1" 403 1116 "-" "Mozilla/5.0 (Windows NT 10.0; Win64; x64) AppleWebKit/537.36 (KHTML, like Gecko) Chrome/124.0.6367.207 Safari/537.36"
15.204.13.234 - - [09/Mar/2026:14:08:26 +0000] "GET /wp-content/plugins/wpcss/404.php HTTP/1.1" 404 179673 "-" "Mozilla/5.0 (Windows NT 10.0; Win64; x64) AppleWebKit/537.36 (KHTML, like Gecko) Chrome/127.0.0.0 Safari/537.36"
193.24.211.70 - - [09/Mar/2026:14:08:29 +0000] "GET /wp-admin/plugin-editor.php HTTP/1.1" 200 65399 "-" "Mozilla/5.0 (Windows NT 10.0; Win64; x64) AppleWebKit/537.36 (KHTML, like Gecko) Chrome/124.0.6367.207 Safari/537.36"
193.24.211.70 - - [09/Mar/2026:14:08:33 +0000] "GET /wp-admin/theme-install.php HTTP/1.1" 403 1116 "-" "Mozilla/5.0 (Windows NT 10.0; Win64; x64) AppleWebKit/537.36 (KHTML, like Gecko) Chrome/124.0.6367.207 Safari/537.36"
193.24.211.70 - - [09/Mar/2026:14:08:33 +0000] "GET /wp-admin/plugin-install.php HTTP/1.1" 403 1116 "-" "Mozilla/5.0 (Windows NT 10.0; Win64; x64) AppleWebKit/537.36 (KHTML, like Gecko) Chrome/124.0.6367.207 Safari/537.36"
193.24.211.70 - - [09/Mar/2026:14:08:33 +0000] "GET /wp-admin/plugin-install.php HTTP/1.1" 403 1116 "-" "Mozilla/5.0 (Windows NT 10.0; Win64; x64) AppleWebKit/537.36 (KHTML, like Gecko) Chrome/124.0.6367.207 Safari/537.36"
193.24.211.70 - - [09/Mar/2026:14:08:33 +0000] "GET /wp-admin/plugin-install.php HTTP/1.1" 403 1116 "-" "Mozilla/5.0 (Windows NT 10.0; Win64; x64) AppleWebKit/537.36 (KHTML, like Gecko) Chrome/124.0.6367.207 Safari/537.36"
193.24.211.70 - - [09/Mar/2026:14:08:33 +0000] "GET /wp-admin/plugin-install.php HTTP/1.1" 403 1116 "-" "Mozilla/5.0 (Windows NT 10.0; Win64; x64) AppleWebKit/537.36 (KHTML, like Gecko) Chrome/124.0.6367.207 Safari/537.36"
193.24.211.70 - - [09/Mar/2026:14:08:33 +0000] "GET /wp-admin/plugin-install.php HTTP/1.1" 403 1116 "-" "Mozilla/5.0 (Windows NT 10.0; Win64; x64) AppleWebKit/537.36 (KHTML, like Gecko) Chrome/124.0.6367.207 Safari/537.36"
74.208.176.140 - - [09/Mar/2026:14:08:37 +0000] "POST /wp-cron.php?doing_wp_cron=1773065317.7152070999145507812500 HTTP/1.1" 200 4101 "-" "WordPress/6.9.1; https://hvmbertogarza.com"
193.24.211.70 - - [09/Mar/2026:14:08:34 +0000] "GET /wp-admin/plugins.php?plugin_status=all HTTP/1.1" 200 185457 "-" "Mozilla/5.0 (Windows NT 10.0; Win64; x64) AppleWebKit/537.36 (KHTML, like Gecko) Chrome/124.0.6367.207 Safari/537.36"
193.24.211.70 - - [09/Mar/2026:14:08:38 +0000] "GET /wp-admin/admin.php?page=wc-reports&range=last_month HTTP/1.1" 200 144980 "-" "Mozilla/5.0 (Windows NT 10.0; Win64; x64) AppleWebKit/537.36 (KHTML, like Gecko) Chrome/124.0.6367.207 Safari/537.36"
193.24.211.70 - - [09/Mar/2026:14:08:43 +0000] "GET /wp-admin/admin.php?page=wc-orders HTTP/1.1" 200 154253 "-" "Mozilla/5.0 (Windows NT 10.0; Win64; x64) AppleWebKit/537.36 (KHTML, like Gecko) Chrome/124.0.6367.207 Safari/537.36"
74.208.176.140 - - [09/Mar/2026:14:11:03 +0000] "POST /wp-cron.php?doing_wp_cron=1773065463.7896139621734619140625 HTTP/1.1" 200 4101 "-" "WordPress/6.9.1; https://hvmbertogarza.com"
66.116.207.52 - - [09/Mar/2026:14:11:01 +0000] "POST /xmlrpc.php HTTP/1.1" 200 4248 "-" "Mozilla/5.0 (Macintosh; Intel Mac OS X 10_12_5) AppleWebKit/603.2.4 (KHTML, like Gecko) Version/10.1.1 Safari/603.2.4"
198.244.240.82 - - [09/Mar/2026:14:11:05 +0000] "GET /registratsiia-i-vkhod-v-vavada-dlia-novykh-igrokov-poshagovo/ HTTP/1.1" 200 47991 "-" "Mozilla/5.0 (compatible; AhrefsBot/7.0; +http://ahrefs.com/robot/)"
66.249.66.73 - - [09/Mar/2026:14:12:32 +0000] "GET /contents/reform HTTP/1.1" 200 33090 "-" "Mozilla/5.0 (Linux; Android 6.0.1; Nexus 5X Build/MMB29P) AppleWebKit/537.36 (KHTML, like Gecko) Chrome/145.0.7632.116 Mobile Safari/537.36 (compatible; GoogleOther)"
66.249.66.198 - - [09/Mar/2026:14:15:14 +0000] "GET /producto/artprint-chupacabras HTTP/1.1" 200 33401 "-" "Mozilla/5.0 (Linux; Android 6.0.1; Nexus 5X Build/MMB29P) AppleWebKit/537.36 (KHTML, like Gecko) Chrome/145.0.7632.116 Mobile Safari/537.36 (compatible; Googlebot/2.1; +http://www.google.com/bot.html)"
74.208.176.140 - - [09/Mar/2026:14:16:44 +0000] "POST /wp-cron.php?doing_wp_cron=1773065804.6808800697326660156250 HTTP/1.1" 200 4101 "-" "WordPress/6.9.1; https://hvmbertogarza.com"
38.76.31.68 - - [09/Mar/2026:14:16:43 +0000] "GET /wp-login.php HTTP/1.1" 200 7389 "-" "Mozilla/5.0 (Windows NT 6.3; WOW64; Trident/7.0; MATPJS; rv:11.0) like Gecko"
38.76.31.68 - - [09/Mar/2026:14:16:46 +0000] "POST /wp-login.php HTTP/1.1" 200 3782 "https://hvmbertogarza.com/wp-login.php" "Mozilla/5.0 (Windows NT 6.3; WOW64; Trident/7.0; MATPJS; rv:11.0) like Gecko"
74.208.176.140 - - [09/Mar/2026:14:17:28 +0000] "POST /wp-cron.php?doing_wp_cron=1773065848.1614739894866943359375 HTTP/1.1" 200 4101 "-" "WordPress/6.9.1; https://hvmbertogarza.com"
198.244.168.95 - - [09/Mar/2026:14:17:24 +0000] "GET /producto/artprint-it-1990/ HTTP/1.1" 200 47242 "-" "Mozilla/5.0 (compatible; AhrefsBot/7.0; +http://ahrefs.com/robot/)"
66.249.66.33 - - [09/Mar/2026:14:19:48 +0000] "GET /producto/artprint-el-chaman HTTP/1.1" 200 32875 "-" "Mozilla/5.0 (Linux; Android 6.0.1; Nexus 5X Build/MMB29P) AppleWebKit/537.36 (KHTML, like Gecko) Chrome/145.0.7632.116 Mobile Safari/537.36 (compatible; Googlebot/2.1; +http://www.google.com/bot.html)"
74.208.176.140 - - [09/Mar/2026:14:19:52 +0000] "POST /wp-cron.php?doing_wp_cron=1773065992.1346390247344970703125 HTTP/1.1" 200 4101 "-" "WordPress/6.9.1; https://hvmbertogarza.com"
102.44.2.93 - - [09/Mar/2026:14:19:49 +0000] "POST /xmlrpc.php HTTP/1.1" 200 8899 "-" "Mozilla/5.0 (Windows NT 10.0; Win64; x64) AppleWebKit/537.36 (KHTML, like Gecko) Chrome/76.0.3809.100 Safari/537.36"
74.208.176.140 - - [09/Mar/2026:14:20:00 +0000] "POST /wp-cron.php?doing_wp_cron=1773065999.9934020042419433593750 HTTP/1.1" 200 4101 "-" "WordPress/6.9.1; https://hvmbertogarza.com"
103.235.112.61 - - [09/Mar/2026:14:19:57 +0000] "POST /xmlrpc.php HTTP/1.1" 200 4136 "-" "Mozilla/5.0 (Windows NT 10.0; Win64; x64) AppleWebKit/537.36 (KHTML, like Gecko) Chrome/76.0.3809.100 Safari/537.36"
66.249.66.9 - - [09/Mar/2026:14:20:00 +0000] "GET /producto/artprint-la-planchada HTTP/1.1" 200 34221 "-" "Mozilla/5.0 (Linux; Android 6.0.1; Nexus 5X Build/MMB29P) AppleWebKit/537.36 (KHTML, like Gecko) Chrome/145.0.7632.116 Mobile Safari/537.36 (compatible; Googlebot/2.1; +http://www.google.com/bot.html)"
176.116.142.41 - - [09/Mar/2026:14:20:02 +0000] "POST /xmlrpc.php HTTP/1.1" 200 9337 "-" "Mozilla/5.0 (Windows NT 10.0; Win64; x64) AppleWebKit/537.36 (KHTML, like Gecko) Chrome/76.0.3809.100 Safari/537.36"
66.249.66.10 - - [09/Mar/2026:14:20:32 +0000] "GET /shop/doublets/monogenism011754219679.html HTTP/1.1" 200 33238 "-" "Mozilla/5.0 (Linux; Android 6.0.1; Nexus 5X Build/MMB29P) AppleWebKit/537.36 (KHTML, like Gecko) Chrome/145.0.7632.116 Mobile Safari/537.36 (compatible; GoogleOther)"
74.208.176.140 - - [09/Mar/2026:14:21:07 +0000] "POST /wp-cron.php?doing_wp_cron=1773066067.8073511123657226562500 HTTP/1.1" 200 4101 "-" "WordPress/6.9.1; https://hvmbertogarza.com"
74.91.223.129 - - [09/Mar/2026:14:21:05 +0000] "GET /wp-login.php HTTP/1.1" 200 7389 "-" "Mozilla/5.0 (Macintosh; Intel Mac OS X 10_11_6) AppleWebKit/602.2.14 (KHTML, like Gecko) Version/10.0.1 Safari/602.2.14"
74.91.223.129 - - [09/Mar/2026:14:21:08 +0000] "POST /wp-login.php HTTP/1.1" 200 3816 "https://hvmbertogarza.com/wp-login.php" "Mozilla/5.0 (Macintosh; Intel Mac OS X 10_11_6) AppleWebKit/602.2.14 (KHTML, like Gecko) Version/10.0.1 Safari/602.2.14"
74.208.176.140 - - [09/Mar/2026:14:22:51 +0000] "POST /wp-cron.php?doing_wp_cron=1773066171.8346230983734130859375 HTTP/1.1" 200 4101 "-" "WordPress/6.9.1; https://hvmbertogarza.com"
51.89.129.188 - - [09/Mar/2026:14:22:49 +0000] "GET /producto/comic-circus-of-pain-cap-1/ HTTP/1.1" 200 45504 "-" "Mozilla/5.0 (compatible; AhrefsBot/7.0; +http://ahrefs.com/robot/)"
198.244.240.227 - - [09/Mar/2026:14:23:39 +0000] "GET /wp-content/plugins/shopengine/modules/swatches/loop-product-support/assets/swatches.css?ver=1773065469 HTTP/1.1" 200 4040 "-" "Mozilla/5.0 (compatible; AhrefsBot/7.0; +http://ahrefs.com/robot/)"
51.89.129.158 - - [09/Mar/2026:14:23:59 +0000] "GET /wp-content/plugins/shopengine/modules/swatches/loop-product-support/assets/swatches.css?ver=1773065847 HTTP/1.1" 200 4040 "-" "Mozilla/5.0 (compatible; AhrefsBot/7.0; +http://ahrefs.com/robot/)"
51.89.129.178 - - [09/Mar/2026:14:24:10 +0000] "GET /wp-content/plugins/shopengine/modules/swatches/loop-product-support/assets/swatches.css?ver=1773066171 HTTP/1.1" 200 4040 "-" "Mozilla/5.0 (compatible; AhrefsBot/7.0; +http://ahrefs.com/robot/)"
74.208.176.140 - - [09/Mar/2026:14:24:14 +0000] "POST /wp-cron.php?doing_wp_cron=1773066254.9199900627136230468750 HTTP/1.1" 200 4101 "-" "WordPress/6.9.1; https://hvmbertogarza.com"
189.233.114.163 - - [09/Mar/2026:14:24:09 +0000] "GET / HTTP/1.1" 200 54306 "https://hvmbertogarza.com/producto/combo-navidad-2-libros-2-prints/?utm_medium=paid&utm_source=ig&utm_id=120238336722100115&utm_content=120238336726950115&utm_term=120238336723790115&utm_campaign=120238336722100115&fbclid=PAaWdyZAOxiBBleHRuA2FlbQEwAGFkaWQBqywhWjjhI3NydGMGYXBwX2lkDzU2NzA2NzM0MzM1MjQyNwABp07ubHCXRx_7SqXc3VfyiMqZT6qNN60MufOJHoEBAdQIRh-vJeURYI7RjVxT_aem_9ptYAtF9YG3XqGDicLAKeQ" "Mozilla/5.0 (Linux; Android 10; K) AppleWebKit/537.36 (KHTML, like Gecko) Chrome/145.0.0.0 Mobile Safari/537.36"
189.233.114.163 - - [09/Mar/2026:14:24:15 +0000] "GET /wp-content/plugins/shopengine/assets/css/shopengine-public.css?ver=4.8.7 HTTP/1.1" 200 8031 "https://hvmbertogarza.com/" "Mozilla/5.0 (Linux; Android 10; K) AppleWebKit/537.36 (KHTML, like Gecko) Chrome/145.0.0.0 Mobile Safari/537.36"
189.233.114.163 - - [09/Mar/2026:14:24:15 +0000] "GET /wp-content/plugins/shopengine/widgets/init/assets/css/widget-frontend.css?ver=4.8.7 HTTP/1.1" 200 31816 "https://hvmbertogarza.com/" "Mozilla/5.0 (Linux; Android 10; K) AppleWebKit/537.36 (KHTML, like Gecko) Chrome/145.0.0.0 Mobile Safari/537.36"
189.233.114.163 - - [09/Mar/2026:14:24:15 +0000] "GET /wp-content/plugins/elementor/assets/lib/font-awesome/css/all.css?ver=4.8.7 HTTP/1.1" 200 13812 "https://hvmbertogarza.com/" "Mozilla/5.0 (Linux; Android 10; K) AppleWebKit/537.36 (KHTML, like Gecko) Chrome/145.0.0.0 Mobile Safari/537.36"
189.233.114.163 - - [09/Mar/2026:14:24:15 +0000] "GET /wp-content/plugins/woocommerce/assets/css/woocommerce-layout.css?ver=10.3.7 HTTP/1.1" 200 7564 "https://hvmbertogarza.com/" "Mozilla/5.0 (Linux; Android 10; K) AppleWebKit/537.36 (KHTML, like Gecko) Chrome/145.0.0.0 Mobile Safari/537.36"
189.233.114.163 - - [09/Mar/2026:14:24:15 +0000] "GET /wp-content/themes/hello-elementor/assets/css/reset.css?ver=3.4.5 HTTP/1.1" 200 5942 "https://hvmbertogarza.com/" "Mozilla/5.0 (Linux; Android 10; K) AppleWebKit/537.36 (KHTML, like Gecko) Chrome/145.0.0.0 Mobile Safari/537.36"
189.233.114.163 - - [09/Mar/2026:14:24:15 +0000] "GET /wp-content/themes/hello-elementor/assets/css/theme.css?ver=3.4.5 HTTP/1.1" 200 5377 "https://hvmbertogarza.com/" "Mozilla/5.0 (Linux; Android 10; K) AppleWebKit/537.36 (KHTML, like Gecko) Chrome/145.0.0.0 Mobile Safari/537.36"
189.233.114.163 - - [09/Mar/2026:14:24:15 +0000] "GET /wp-content/themes/hello-elementor/assets/css/header-footer.css?ver=3.4.5 HTTP/1.1" 200 5529 "https://hvmbertogarza.com/" "Mozilla/5.0 (Linux; Android 10; K) AppleWebKit/537.36 (KHTML, like Gecko) Chrome/145.0.0.0 Mobile Safari/537.36"
189.233.114.163 - - [09/Mar/2026:14:24:15 +0000] "GET /wp-content/uploads/elementor/css/post-13.css?ver=1773045545 HTTP/1.1" 200 947 "https://hvmbertogarza.com/" "Mozilla/5.0 (Linux; Android 10; K) AppleWebKit/537.36 (KHTML, like Gecko) Chrome/145.0.0.0 Mobile Safari/537.36"
189.233.114.163 - - [09/Mar/2026:14:24:15 +0000] "GET /wp-content/plugins/pro-elements/assets/css/widget-woocommerce-menu-cart.min.css?ver=3.34.0 HTTP/1.1" 200 2961 "https://hvmbertogarza.com/" "Mozilla/5.0 (Linux; Android 10; K) AppleWebKit/537.36 (KHTML, like Gecko) Chrome/145.0.0.0 Mobile Safari/537.36"
189.233.114.163 - - [09/Mar/2026:14:24:15 +0000] "GET /wp-content/plugins/pro-elements/assets/css/widget-nav-menu.min.css?ver=3.34.0 HTTP/1.1" 200 3862 "https://hvmbertogarza.com/" "Mozilla/5.0 (Linux; Android 10; K) AppleWebKit/537.36 (KHTML, like Gecko) Chrome/145.0.0.0 Mobile Safari/537.36"
189.233.114.163 - - [09/Mar/2026:14:24:15 +0000] "GET /wp-content/uploads/elementor/css/post-193.css?ver=1773045828 HTTP/1.1" 200 2374 "https://hvmbertogarza.com/" "Mozilla/5.0 (Linux; Android 10; K) AppleWebKit/537.36 (KHTML, like Gecko) Chrome/145.0.0.0 Mobile Safari/537.36"
189.233.114.163 - - [09/Mar/2026:14:24:15 +0000] "GET /wp-content/plugins/powerpack-elements/assets/css/min/frontend.min.css?ver=2.10.9 HTTP/1.1" 200 40928 "https://hvmbertogarza.com/" "Mozilla/5.0 (Linux; Android 10; K) AppleWebKit/537.36 (KHTML, like Gecko) Chrome/145.0.0.0 Mobile Safari/537.36"
189.233.114.163 - - [09/Mar/2026:14:24:15 +0000] "GET /wp-content/uploads/elementor/css/post-66.css?ver=1773045546 HTTP/1.1" 200 2863 "https://hvmbertogarza.com/" "Mozilla/5.0 (Linux; Android 10; K) AppleWebKit/537.36 (KHTML, like Gecko) Chrome/145.0.0.0 Mobile Safari/537.36"
189.233.114.163 - - [09/Mar/2026:14:24:15 +0000] "GET /wp-content/uploads/elementor/css/post-109.css?ver=1773045546 HTTP/1.1" 200 1517 "https://hvmbertogarza.com/" "Mozilla/5.0 (Linux; Android 10; K) AppleWebKit/537.36 (KHTML, like Gecko) Chrome/145.0.0.0 Mobile Safari/537.36"
189.233.114.163 - - [09/Mar/2026:14:24:15 +0000] "GET /wp-content/uploads/elementor/css/post-121.css?ver=1773045546 HTTP/1.1" 200 3555 "https://hvmbertogarza.com/" "Mozilla/5.0 (Linux; Android 10; K) AppleWebKit/537.36 (KHTML, like Gecko) Chrome/145.0.0.0 Mobile Safari/537.36"
189.233.114.163 - - [09/Mar/2026:14:24:15 +0000] "GET /wp-content/plugins/shopengine/modules/swatches/loop-product-support/assets/swatches.css?ver=1773066253 HTTP/1.1" 200 309 "https://hvmbertogarza.com/" "Mozilla/5.0 (Linux; Android 10; K) AppleWebKit/537.36 (KHTML, like Gecko) Chrome/145.0.0.0 Mobile Safari/537.36"
189.233.114.163 - - [09/Mar/2026:14:24:15 +0000] "GET /wp-content/plugins/shopengine/modules/wishlist/assets/css/wishlist.css?ver=4.8.7 HTTP/1.1" 200 961 "https://hvmbertogarza.com/" "Mozilla/5.0 (Linux; Android 10; K) AppleWebKit/537.36 (KHTML, like Gecko) Chrome/145.0.0.0 Mobile Safari/537.36"
189.233.114.163 - - [09/Mar/2026:14:24:15 +0000] "GET /wp-content/uploads/elementor/google-fonts/css/roboto.css?ver=1749497619 HTTP/1.1" 200 3281 "https://hvmbertogarza.com/" "Mozilla/5.0 (Linux; Android 10; K) AppleWebKit/537.36 (KHTML, like Gecko) Chrome/145.0.0.0 Mobile Safari/537.36"
189.233.114.163 - - [09/Mar/2026:14:24:15 +0000] "GET /wp-content/uploads/elementor/google-fonts/css/lato.css?ver=1749497385 HTTP/1.1" 200 965 "https://hvmbertogarza.com/" "Mozilla/5.0 (Linux; Android 10; K) AppleWebKit/537.36 (KHTML, like Gecko) Chrome/145.0.0.0 Mobile Safari/537.36"
189.233.114.163 - - [09/Mar/2026:14:24:15 +0000] "GET /wp-content/uploads/elementor/google-fonts/css/ledger.css?ver=1749497386 HTTP/1.1" 200 802 "https://hvmbertogarza.com/" "Mozilla/5.0 (Linux; Android 10; K) AppleWebKit/537.36 (KHTML, like Gecko) Chrome/145.0.0.0 Mobile Safari/537.36"
189.233.114.163 - - [09/Mar/2026:14:24:15 +0000] "GET /wp-content/uploads/elementor/google-fonts/css/robotoslab.css?ver=1749497380 HTTP/1.1" 200 1326 "https://hvmbertogarza.com/" "Mozilla/5.0 (Linux; Android 10; K) AppleWebKit/537.36 (KHTML, like Gecko) Chrome/145.0.0.0 Mobile Safari/537.36"
189.233.114.163 - - [09/Mar/2026:14:24:15 +0000] "GET /wp-content/uploads/elementor/google-fonts/css/juliussansone.css?ver=1749497386 HTTP/1.1" 200 783 "https://hvmbertogarza.com/" "Mozilla/5.0 (Linux; Android 10; K) AppleWebKit/537.36 (KHTML, like Gecko) Chrome/145.0.0.0 Mobile Safari/537.36"
189.233.114.163 - - [09/Mar/2026:14:24:15 +0000] "GET /wp-content/uploads/2024/02/LOGO-Individual-vector-01.png HTTP/1.1" 200 44646 "https://hvmbertogarza.com/" "Mozilla/5.0 (Linux; Android 10; K) AppleWebKit/537.36 (KHTML, like Gecko) Chrome/145.0.0.0 Mobile Safari/537.36"
189.233.114.163 - - [09/Mar/2026:14:24:15 +0000] "GET /wp-includes/js/jquery/jquery.min.js?ver=3.7.1 HTTP/1.1" 200 30861 "https://hvmbertogarza.com/" "Mozilla/5.0 (Linux; Android 10; K) AppleWebKit/537.36 (KHTML, like Gecko) Chrome/145.0.0.0 Mobile Safari/537.36"
189.233.114.163 - - [09/Mar/2026:14:24:15 +0000] "GET /wp-content/uploads/2024/02/LOGO-Individual-vector-01-768x290.png HTTP/1.1" 200 39490 "https://hvmbertogarza.com/" "Mozilla/5.0 (Linux; Android 10; K) AppleWebKit/537.36 (KHTML, like Gecko) Chrome/145.0.0.0 Mobile Safari/537.36"
189.233.114.163 - - [09/Mar/2026:14:24:15 +0000] "GET /wp-content/uploads/2024/02/Mortem-2022-Web-Recursos-Metodos-de-Pago.png HTTP/1.1" 200 2938 "https://hvmbertogarza.com/" "Mozilla/5.0 (Linux; Android 10; K) AppleWebKit/537.36 (KHTML, like Gecko) Chrome/145.0.0.0 Mobile Safari/537.36"
189.233.114.163 - - [09/Mar/2026:14:24:15 +0000] "GET /wp-content/plugins/woocommerce/assets/client/blocks/wc-blocks.css?ver=wc-10.3.7 HTTP/1.1" 200 3029 "https://hvmbertogarza.com/" "Mozilla/5.0 (Linux; Android 10; K) AppleWebKit/537.36 (KHTML, like Gecko) Chrome/145.0.0.0 Mobile Safari/537.36"
189.233.114.163 - - [09/Mar/2026:14:24:15 +0000] "GET /wp-content/plugins/wp-whatsapp/assets/dist/js/njt-whatsapp.js?ver=3.7.3 HTTP/1.1" 200 19002 "https://hvmbertogarza.com/" "Mozilla/5.0 (Linux; Android 10; K) AppleWebKit/537.36 (KHTML, like Gecko) Chrome/145.0.0.0 Mobile Safari/537.36"
189.233.114.163 - - [09/Mar/2026:14:24:15 +0000] "GET /wp-content/plugins/elementor/assets/js/webpack.runtime.min.js?ver=3.34.0 HTTP/1.1" 200 2901 "https://hvmbertogarza.com/" "Mozilla/5.0 (Linux; Android 10; K) AppleWebKit/537.36 (KHTML, like Gecko) Chrome/145.0.0.0 Mobile Safari/537.36"
189.233.114.163 - - [09/Mar/2026:14:24:15 +0000] "GET /wp-content/uploads/elementor/google-fonts/fonts/roboto-kfo7cnqeu92fr1me7ksn66agldtyluamaxkubgee.woff2 HTTP/1.1" 200 20770 "https://hvmbertogarza.com/wp-content/uploads/elementor/google-fonts/css/roboto.css?ver=1749497619" "Mozilla/5.0 (Linux; Android 10; K) AppleWebKit/537.36 (KHTML, like Gecko) Chrome/145.0.0.0 Mobile Safari/537.36"
189.233.114.163 - - [09/Mar/2026:14:24:15 +0000] "GET /wp-content/uploads/elementor/google-fonts/fonts/roboto-kfo7cnqeu92fr1me7ksn66agldtyluama3yuba.woff2 HTTP/1.1" 200 40512 "https://hvmbertogarza.com/wp-content/uploads/elementor/google-fonts/css/roboto.css?ver=1749497619" "Mozilla/5.0 (Linux; Android 10; K) AppleWebKit/537.36 (KHTML, like Gecko) Chrome/145.0.0.0 Mobile Safari/537.36"
189.233.114.163 - - [09/Mar/2026:14:24:15 +0000] "GET /wp-content/plugins/elementor/assets/js/frontend-modules.min.js?ver=3.34.0 HTTP/1.1" 200 26150 "https://hvmbertogarza.com/" "Mozilla/5.0 (Linux; Android 10; K) AppleWebKit/537.36 (KHTML, like Gecko) Chrome/145.0.0.0 Mobile Safari/537.36"
189.233.114.163 - - [09/Mar/2026:14:24:16 +0000] "GET /wp-includes/js/imagesloaded.min.js?ver=5.0.0 HTTP/1.1" 200 2228 "https://hvmbertogarza.com/" "Mozilla/5.0 (Linux; Android 10; K) AppleWebKit/537.36 (KHTML, like Gecko) Chrome/145.0.0.0 Mobile Safari/537.36"
189.233.114.163 - - [09/Mar/2026:14:24:16 +0000] "GET /wp-content/plugins/elementor/assets/lib/swiper/v8/swiper.min.js?ver=8.4.5 HTTP/1.1" 200 40210 "https://hvmbertogarza.com/" "Mozilla/5.0 (Linux; Android 10; K) AppleWebKit/537.36 (KHTML, like Gecko) Chrome/145.0.0.0 Mobile Safari/537.36"
189.233.114.163 - - [09/Mar/2026:14:24:16 +0000] "GET /wp-content/plugins/shopengine/modules/swatches/loop-product-support/assets/swatches.js?ver=1515155 HTTP/1.1" 200 655 "https://hvmbertogarza.com/" "Mozilla/5.0 (Linux; Android 10; K) AppleWebKit/537.36 (KHTML, like Gecko) Chrome/145.0.0.0 Mobile Safari/537.36"
189.233.114.163 - - [09/Mar/2026:14:24:16 +0000] "GET /wp-content/uploads/2025/11/COVER-NACIONAL-scaled.jpg HTTP/1.1" 200 662349 "https://hvmbertogarza.com/wp-content/uploads/elementor/css/post-193.css?ver=1773045828" "Mozilla/5.0 (Linux; Android 10; K) AppleWebKit/537.36 (KHTML, like Gecko) Chrome/145.0.0.0 Mobile Safari/537.36"
189.233.114.163 - - [09/Mar/2026:14:24:16 +0000] "GET /wp-content/uploads/elementor/google-fonts/fonts/roboto-kfo5cnqeu92fr1mu53zec9_vu3r1gihoszmkbnka.woff2 HTTP/1.1" 200 44576 "https://hvmbertogarza.com/wp-content/uploads/elementor/google-fonts/css/roboto.css?ver=1749497619" "Mozilla/5.0 (Linux; Android 10; K) AppleWebKit/537.36 (KHTML, like Gecko) Chrome/145.0.0.0 Mobile Safari/537.36"
189.233.114.163 - - [09/Mar/2026:14:24:16 +0000] "GET /wp-content/plugins/woocommerce/assets/js/sourcebuster/sourcebuster.min.js?ver=10.3.7 HTTP/1.1" 200 5232 "https://hvmbertogarza.com/" "Mozilla/5.0 (Linux; Android 10; K) AppleWebKit/537.36 (KHTML, like Gecko) Chrome/145.0.0.0 Mobile Safari/537.36"
189.233.114.163 - - [09/Mar/2026:14:24:16 +0000] "GET /wp-content/plugins/pro-elements/assets/js/webpack-pro.runtime.min.js?ver=3.34.0 HTTP/1.1" 200 3283 "https://hvmbertogarza.com/" "Mozilla/5.0 (Linux; Android 10; K) AppleWebKit/537.36 (KHTML, like Gecko) Chrome/145.0.0.0 Mobile Safari/537.36"
189.233.114.163 - - [09/Mar/2026:14:24:16 +0000] "GET /wp-content/uploads/2024/12/bannerweb-mortem.jpg HTTP/1.1" 200 1304050 "https://hvmbertogarza.com/wp-content/uploads/elementor/css/post-193.css?ver=1773045828" "Mozilla/5.0 (Linux; Android 10; K) AppleWebKit/537.36 (KHTML, like Gecko) Chrome/145.0.0.0 Mobile Safari/537.36"
189.233.114.163 - - [09/Mar/2026:14:24:16 +0000] "GET /wp-includes/js/dist/hooks.min.js?ver=dd5603f07f9220ed27f1 HTTP/1.1" 200 2366 "https://hvmbertogarza.com/" "Mozilla/5.0 (Linux; Android 10; K) AppleWebKit/537.36 (KHTML, like Gecko) Chrome/145.0.0.0 Mobile Safari/537.36"
189.233.114.163 - - [09/Mar/2026:14:24:16 +0000] "GET /wp-includes/js/dist/i18n.min.js?ver=c26c3dc7bed366793375 HTTP/1.1" 200 2654 "https://hvmbertogarza.com/" "Mozilla/5.0 (Linux; Android 10; K) AppleWebKit/537.36 (KHTML, like Gecko) Chrome/145.0.0.0 Mobile Safari/537.36"
189.233.114.163 - - [09/Mar/2026:14:24:16 +0000] "GET /wp-content/plugins/pro-elements/assets/js/frontend.min.js?ver=3.34.0 HTTP/1.1" 200 6862 "https://hvmbertogarza.com/" "Mozilla/5.0 (Linux; Android 10; K) AppleWebKit/537.36 (KHTML, like Gecko) Chrome/145.0.0.0 Mobile Safari/537.36"
189.233.114.163 - - [09/Mar/2026:14:24:16 +0000] "GET /wp-content/plugins/ajax-search-pro/js/min/plugin/optimized/asp-core.js HTTP/1.1" 200 15370 "https://hvmbertogarza.com/" "Mozilla/5.0 (Linux; Android 10; K) AppleWebKit/537.36 (KHTML, like Gecko) Chrome/145.0.0.0 Mobile Safari/537.36"
189.233.114.163 - - [09/Mar/2026:14:24:16 +0000] "GET /wp-content/plugins/ajax-search-pro/js/min/plugin/optimized/asp-compact.js HTTP/1.1" 200 1496 "https://hvmbertogarza.com/" "Mozilla/5.0 (Linux; Android 10; K) AppleWebKit/537.36 (KHTML, like Gecko) Chrome/145.0.0.0 Mobile Safari/537.36"
189.233.114.163 - - [09/Mar/2026:14:24:16 +0000] "GET /wp-content/plugins/ajax-search-pro/js/min/plugin/optimized/asp-results-vertical.js HTTP/1.1" 200 1158 "https://hvmbertogarza.com/" "Mozilla/5.0 (Linux; Android 10; K) AppleWebKit/537.36 (KHTML, like Gecko) Chrome/145.0.0.0 Mobile Safari/537.36"
189.233.114.163 - - [09/Mar/2026:14:24:16 +0000] "GET /wp-content/plugins/ajax-search-pro/js/min/plugin/optimized/asp-autocomplete.js HTTP/1.1" 200 1348 "https://hvmbertogarza.com/" "Mozilla/5.0 (Linux; Android 10; K) AppleWebKit/537.36 (KHTML, like Gecko) Chrome/145.0.0.0 Mobile Safari/537.36"
189.233.114.163 - - [09/Mar/2026:14:24:16 +0000] "GET /wp-content/plugins/woocommerce/assets/js/flexslider/jquery.flexslider.min.js?ver=2.7.2-wc.10.3.7 HTTP/1.1" 200 6629 "https://hvmbertogarza.com/" "Mozilla/5.0 (Linux; Android 10; K) AppleWebKit/537.36 (KHTML, like Gecko) Chrome/145.0.0.0 Mobile Safari/537.36"
189.233.114.163 - - [09/Mar/2026:14:24:16 +0000] "GET /wp-content/plugins/woocommerce/assets/js/jquery-blockui/jquery.blockUI.min.js?ver=2.7.0-wc.10.3.7 HTTP/1.1" 200 3962 "https://hvmbertogarza.com/" "Mozilla/5.0 (Linux; Android 10; K) AppleWebKit/537.36 (KHTML, like Gecko) Chrome/145.0.0.0 Mobile Safari/537.36"
189.233.114.163 - - [09/Mar/2026:14:24:16 +0000] "GET /wp-content/uploads/2024/02/bannerlibrowebf.jpg HTTP/1.1" 200 241537 "https://hvmbertogarza.com/wp-content/uploads/elementor/css/post-193.css?ver=1773045828" "Mozilla/5.0 (Linux; Android 10; K) AppleWebKit/537.36 (KHTML, like Gecko) Chrome/145.0.0.0 Mobile Safari/537.36"
189.233.114.163 - - [09/Mar/2026:14:24:16 +0000] "GET /wp-content/uploads/2024/02/bannerweb1-2.jpg HTTP/1.1" 200 215448 "https://hvmbertogarza.com/wp-content/uploads/elementor/css/post-193.css?ver=1773045828" "Mozilla/5.0 (Linux; Android 10; K) AppleWebKit/537.36 (KHTML, like Gecko) Chrome/145.0.0.0 Mobile Safari/537.36"
189.233.114.163 - - [09/Mar/2026:14:24:16 +0000] "GET /wp-content/uploads/2024/02/bannerplayerasweb.jpg HTTP/1.1" 200 168421 "https://hvmbertogarza.com/wp-content/uploads/elementor/css/post-193.css?ver=1773045828" "Mozilla/5.0 (Linux; Android 10; K) AppleWebKit/537.36 (KHTML, like Gecko) Chrome/145.0.0.0 Mobile Safari/537.36"
189.233.114.163 - - [09/Mar/2026:14:24:16 +0000] "GET /wp-content/uploads/2024/02/librorender-CIRCUS.jpg HTTP/1.1" 200 3555276 "https://hvmbertogarza.com/" "Mozilla/5.0 (Linux; Android 10; K) AppleWebKit/537.36 (KHTML, like Gecko) Chrome/145.0.0.0 Mobile Safari/537.36"
189.233.114.163 - - [09/Mar/2026:14:24:16 +0000] "GET /wp-content/uploads/2024/02/librorender3.jpg HTTP/1.1" 200 4934042 "https://hvmbertogarza.com/" "Mozilla/5.0 (Linux; Android 10; K) AppleWebKit/537.36 (KHTML, like Gecko) Chrome/145.0.0.0 Mobile Safari/537.36"
189.233.114.163 - - [09/Mar/2026:14:24:15 +0000] "GET /wp-content/uploads/2025/12/BOOK-0web.jpg HTTP/1.1" 200 11668477 "https://hvmbertogarza.com/" "Mozilla/5.0 (Linux; Android 10; K) AppleWebKit/537.36 (KHTML, like Gecko) Chrome/145.0.0.0 Mobile Safari/537.36"
189.233.114.163 - - [09/Mar/2026:14:24:17 +0000] "GET /wp-content/plugins/elementor/assets/js/section-frontend-handlers.d85ab872da118940910d.bundle.min.js HTTP/1.1" 200 648 "https://hvmbertogarza.com/" "Mozilla/5.0 (Linux; Android 10; K) AppleWebKit/537.36 (KHTML, like Gecko) Chrome/145.0.0.0 Mobile Safari/537.36"
189.233.114.163 - - [09/Mar/2026:14:24:17 +0000] "GET /wp-content/plugins/elementor/assets/js/shared-frontend-handlers.03caa53373b56d3bab67.bundle.min.js HTTP/1.1" 200 3069 "https://hvmbertogarza.com/" "Mozilla/5.0 (Linux; Android 10; K) AppleWebKit/537.36 (KHTML, like Gecko) Chrome/145.0.0.0 Mobile Safari/537.36"
189.233.114.163 - - [09/Mar/2026:14:24:17 +0000] "GET /wp-content/plugins/elementor/assets/js/text-editor.45609661e409413f1cef.bundle.min.js HTTP/1.1" 200 1027 "https://hvmbertogarza.com/" "Mozilla/5.0 (Linux; Android 10; K) AppleWebKit/537.36 (KHTML, like Gecko) Chrome/145.0.0.0 Mobile Safari/537.36"
189.233.114.163 - - [09/Mar/2026:14:24:17 +0000] "GET /wp-content/plugins/pro-elements/assets/js/woocommerce-menu-cart.54f2e75f6769dce707e2.bundle.min.js HTTP/1.1" 200 1937 "https://hvmbertogarza.com/" "Mozilla/5.0 (Linux; Android 10; K) AppleWebKit/537.36 (KHTML, like Gecko) Chrome/145.0.0.0 Mobile Safari/537.36"
189.233.114.163 - - [09/Mar/2026:14:24:17 +0000] "GET /wp-content/plugins/pro-elements/assets/js/slides.c0029640cbdb48199471.bundle.min.js HTTP/1.1" 200 1850 "https://hvmbertogarza.com/" "Mozilla/5.0 (Linux; Android 10; K) AppleWebKit/537.36 (KHTML, like Gecko) Chrome/145.0.0.0 Mobile Safari/537.36"
189.233.114.163 - - [09/Mar/2026:14:24:17 +0000] "GET /wp-content/plugins/pro-elements/assets/js/popup.f7b15b2ca565b152bf98.bundle.min.js HTTP/1.1" 200 826 "https://hvmbertogarza.com/" "Mozilla/5.0 (Linux; Android 10; K) AppleWebKit/537.36 (KHTML, like Gecko) Chrome/145.0.0.0 Mobile Safari/537.36"
189.233.114.163 - - [09/Mar/2026:14:24:16 +0000] "GET /wp-content/uploads/2024/12/librorender3.jpg HTTP/1.1" 200 4185666 "https://hvmbertogarza.com/" "Mozilla/5.0 (Linux; Android 10; K) AppleWebKit/537.36 (KHTML, like Gecko) Chrome/145.0.0.0 Mobile Safari/537.36"
189.233.114.163 - - [09/Mar/2026:14:24:18 +0000] "GET /wp-content/uploads/2024/02/Favicon-Hvmberto-Garza-512x512-1-300x300.jpg HTTP/1.1" 200 682528 "https://hvmbertogarza.com/" "Mozilla/5.0 (Linux; Android 10; K) AppleWebKit/537.36 (KHTML, like Gecko) Chrome/145.0.0.0 Mobile Safari/537.36"
189.233.114.163 - - [09/Mar/2026:14:24:16 +0000] "POST /?wc-ajax=get_refreshed_fragments HTTP/1.1" 200 1711 "https://hvmbertogarza.com/" "Mozilla/5.0 (Linux; Android 10; K) AppleWebKit/537.36 (KHTML, like Gecko) Chrome/145.0.0.0 Mobile Safari/537.36"
189.233.114.163 - - [09/Mar/2026:14:24:19 +0000] "POST /wp-admin/admin-ajax.php HTTP/1.1" 200 3748 "https://hvmbertogarza.com/" "Mozilla/5.0 (Linux; Android 10; K) AppleWebKit/537.36 (KHTML, like Gecko) Chrome/145.0.0.0 Mobile Safari/537.36"
189.233.114.163 - - [09/Mar/2026:14:24:19 +0000] "POST /wp-admin/admin-ajax.php HTTP/1.1" 200 3748 "https://hvmbertogarza.com/" "Mozilla/5.0 (Linux; Android 10; K) AppleWebKit/537.36 (KHTML, like Gecko) Chrome/145.0.0.0 Mobile Safari/537.36"
66.249.66.164 - - [09/Mar/2026:14:25:04 +0000] "GET /shop/intextured/ventricose014179463208.html HTTP/1.1" 200 33868 "-" "Mozilla/5.0 (Linux; Android 6.0.1; Nexus 5X Build/MMB29P) AppleWebKit/537.36 (KHTML, like Gecko) Chrome/145.0.7632.116 Mobile Safari/537.36 (compatible; Googlebot/2.1; +http://www.google.com/bot.html)"
66.249.66.198 - - [09/Mar/2026:14:25:06 +0000] "GET /tienda/?filter_custom_talla=m HTTP/1.1" 200 33180 "-" "Mozilla/5.0 (Linux; Android 6.0.1; Nexus 5X Build/MMB29P) AppleWebKit/537.36 (KHTML, like Gecko) Chrome/145.0.7632.116 Mobile Safari/537.36 (compatible; Googlebot/2.1; +http://www.google.com/bot.html)"
74.208.176.140 - - [09/Mar/2026:14:25:47 +0000] "POST /wp-cron.php?doing_wp_cron=1773066347.9575860500335693359375 HTTP/1.1" 200 4101 "-" "WordPress/6.9.1; https://hvmbertogarza.com"
54.39.17.116 - - [09/Mar/2026:14:25:46 +0000] "POST /xmlrpc.php HTTP/1.1" 200 4248 "-" "Mozilla/5.0 (Windows NT 5.1; Win64; x64) AppleWebKit/537.36 (KHTML, like Gecko) Chrome/58.0.3029.110 Safari/537.36 Edge/16.16299"
66.249.66.165 - - [09/Mar/2026:14:26:44 +0000] "GET /shop/mightiness/purkinje012834719008.html HTTP/1.1" 200 33486 "-" "Mozilla/5.0 (Linux; Android 6.0.1; Nexus 5X Build/MMB29P) AppleWebKit/537.36 (KHTML, like Gecko) Chrome/145.0.7632.116 Mobile Safari/537.36 (compatible; Googlebot/2.1; +http://www.google.com/bot.html)"
74.208.176.140 - - [09/Mar/2026:14:27:43 +0000] "POST /wp-cron.php?doing_wp_cron=1773066463.9069819450378417968750 HTTP/1.1" 200 4101 "-" "WordPress/6.9.1; https://hvmbertogarza.com"
151.80.19.225 - - [09/Mar/2026:14:27:42 +0000] "POST /xmlrpc.php HTTP/1.1" 200 4248 "-" "Mozilla/4.0 (compatible; MSIE 7.0; Windows NT 6.2; WOW64; Trident/7.0; .NET4.0C; .NET4.0E; .NET CLR 2.0.50727; .NET CLR 3.0.30729; .NET CLR 3.5.30729; InfoPath.3)"
74.208.176.140 - - [09/Mar/2026:14:28:32 +0000] "POST /wp-cron.php?doing_wp_cron=1773066512.6569240093231201171875 HTTP/1.1" 200 4101 "-" "WordPress/6.9.1; https://hvmbertogarza.com"
54.38.147.231 - - [09/Mar/2026:14:28:28 +0000] "GET /producto/megaprint-la-planchada/ HTTP/1.1" 200 46832 "-" "Mozilla/5.0 (compatible; AhrefsBot/7.0; +http://ahrefs.com/robot/)"
66.249.66.163 - - [09/Mar/2026:14:31:28 +0000] "GET /shop/retinic/bordelais012345820292.html HTTP/1.1" 200 33296 "-" "Mozilla/5.0 (Linux; Android 6.0.1; Nexus 5X Build/MMB29P) AppleWebKit/537.36 (KHTML, like Gecko) Chrome/145.0.7632.116 Mobile Safari/537.36 (compatible; Googlebot/2.1; +http://www.google.com/bot.html)"
5.46.138.133 - - [09/Mar/2026:14:33:10 +0000] "GET / HTTP/1.1" 200 33693 "-" "Mozilla/5.0 (compatible; Googlebot/2.1; +http://www.google.com/bot.html)"
198.244.168.231 - - [09/Mar/2026:14:34:04 +0000] "GET /robots.txt HTTP/1.1" 200 4194 "-" "Mozilla/5.0 (compatible; AhrefsBot/7.0; +http://ahrefs.com/robot/)"
74.208.176.140 - - [09/Mar/2026:14:34:12 +0000] "POST /wp-cron.php?doing_wp_cron=1773066852.0159270763397216796875 HTTP/1.1" 200 4101 "-" "WordPress/6.9.1; https://hvmbertogarza.com"
198.244.168.111 - - [09/Mar/2026:14:34:08 +0000] "GET /freispiele-ohne-einzahlung-germany/ HTTP/1.1" 200 45541 "-" "Mozilla/5.0 (compatible; AhrefsBot/7.0; +http://ahrefs.com/robot/)"
69.171.249.8 - - [09/Mar/2026:14:34:23 +0000] "GET /producto/libro-monsters-creatures-ghouls-leyendas-de-mexico/ HTTP/1.1" 301 4302 "-" "facebookexternalhit/1.1 (+http://www.facebook.com/externalhit_uatext.php)"
173.252.70.8 - - [09/Mar/2026:14:34:23 +0000] "GET /producto/libro-monsters-creatures-ghouls-leyendas-de-mexico/ HTTP/1.1" 301 4302 "-" "facebookexternalhit/1.1 (+http://www.facebook.com/externalhit_uatext.php)"
69.171.249.3 - - [09/Mar/2026:14:34:23 +0000] "GET / HTTP/1.1" 200 405052 "-" "facebookexternalhit/1.1 (+http://www.facebook.com/externalhit_uatext.php)"
69.171.249.1 - - [09/Mar/2026:14:34:23 +0000] "GET / HTTP/1.1" 200 405052 "-" "facebookexternalhit/1.1 (+http://www.facebook.com/externalhit_uatext.php)"
209.235.136.145 - - [09/Mar/2026:14:34:27 +0000] "GET /wp-login.php HTTP/1.1" 200 7389 "-" "Mozilla/5.0 (Windows NT 10.0; WOW64; Trident/7.0; MALCJS; rv:11.0) like Gecko"
69.171.249.112 - - [09/Mar/2026:14:34:26 +0000] "GET /producto/libro-monsters-creatures-ghouls-leyendas-de-mexico-vol-0/ HTTP/1.1" 200 206481 "-" "facebookexternalhit/1.1 (+http://www.facebook.com/externalhit_uatext.php)"
173.252.70.21 - - [09/Mar/2026:14:34:27 +0000] "GET /producto/libro-monsters-creatures-ghouls-leyendas-de-mexico-vol-0/ HTTP/1.1" 200 206481 "-" "facebookexternalhit/1.1 (+http://www.facebook.com/externalhit_uatext.php)"
31.13.127.47 - - [09/Mar/2026:14:34:25 +0000] "GET / HTTP/1.1" 200 405198 "-" "facebookexternalhit/1.1 (+http://www.facebook.com/externalhit_uatext.php)"
209.235.136.145 - - [09/Mar/2026:14:34:30 +0000] "POST /wp-login.php HTTP/1.1" 200 3782 "https://hvmbertogarza.com/wp-login.php" "Mozilla/5.0 (Windows NT 10.0; WOW64; Trident/7.0; MALCJS; rv:11.0) like Gecko"
31.13.127.32 - - [09/Mar/2026:14:34:26 +0000] "GET / HTTP/1.1" 200 405052 "-" "facebookexternalhit/1.1 (+http://www.facebook.com/externalhit_uatext.php)"
74.208.176.140 - - [09/Mar/2026:14:34:36 +0000] "POST /wp-cron.php?doing_wp_cron=1773066876.2781579494476318359375 HTTP/1.1" 200 4101 "-" "WordPress/6.9.1; https://hvmbertogarza.com"
15.204.13.234 - - [09/Mar/2026:14:34:34 +0000] "GET /blog-verify HTTP/1.1" 200 4045 "-" "Mozilla/5.0 (Windows NT 10.0; Win64; x64) AppleWebKit/537.36 (KHTML, like Gecko) Chrome/127.0.0.0 Safari/537.36"
66.249.66.163 - - [09/Mar/2026:14:34:56 +0000] "GET /shop/disrudder/tettered012511976389.html HTTP/1.1" 200 33721 "-" "Mozilla/5.0 (Linux; Android 6.0.1; Nexus 5X Build/MMB29P) AppleWebKit/537.36 (KHTML, like Gecko) Chrome/145.0.7632.116 Mobile Safari/537.36 (compatible; Googlebot/2.1; +http://www.google.com/bot.html)"
66.249.66.33 - - [09/Mar/2026:14:36:10 +0000] "GET /shop/anemone/parastichy011750842990.html HTTP/1.1" 200 33657 "-" "Mozilla/5.0 (Linux; Android 6.0.1; Nexus 5X Build/MMB29P) AppleWebKit/537.36 (KHTML, like Gecko) Chrome/145.0.7632.116 Mobile Safari/537.36 (compatible; GoogleOther)"
74.208.176.140 - - [09/Mar/2026:14:36:14 +0000] "POST /wp-cron.php?doing_wp_cron=1773066974.4495611190795898437500 HTTP/1.1" 200 4101 "-" "WordPress/6.9.1; https://hvmbertogarza.com"
130.43.208.117 - - [09/Mar/2026:14:36:11 +0000] "GET /wp-login.php HTTP/1.1" 200 7445 "-" "Mozilla/5.0 (Windows NT 10.0; Win64; x64) AppleWebKit/537.36 (KHTML, like Gecko) Chrome/124.0.6367.207 Safari/537.36"
130.43.208.117 - - [09/Mar/2026:14:36:16 +0000] "POST /xmlrpc.php HTTP/1.1" 200 4140 "-" "Mozilla/5.0 (Macintosh; Intel Mac OS X 13_5) AppleWebKit/605.1.15 (KHTML, like Gecko) Version/17.5 Safari/605.1.15"
74.208.176.140 - - [09/Mar/2026:14:36:23 +0000] "POST /wp-cron.php?doing_wp_cron=1773066983.3097820281982421875000 HTTP/1.1" 200 4101 "-" "WordPress/6.9.1; https://hvmbertogarza.com"
130.43.208.117 - - [09/Mar/2026:14:36:21 +0000] "POST /xmlrpc.php HTTP/1.1" 200 5758 "-" "Mozilla/5.0 (Windows NT 10.0; Win64; x64; rv:127.0) Gecko/20100101 Firefox/127.0"
66.249.66.72 - - [09/Mar/2026:14:37:12 +0000] "GET /shop/snowing/whirlabout012780113716.html HTTP/1.1" 200 33834 "-" "Mozilla/5.0 (Linux; Android 6.0.1; Nexus 5X Build/MMB29P) AppleWebKit/537.36 (KHTML, like Gecko) Chrome/145.0.7632.116 Mobile Safari/537.36 (compatible; GoogleOther)"
66.249.66.9 - - [09/Mar/2026:14:37:39 +0000] "GET /shop/reflexity/transportable013146111671.html HTTP/1.1" 200 33465 "-" "Mozilla/5.0 (Linux; Android 6.0.1; Nexus 5X Build/MMB29P) AppleWebKit/537.36 (KHTML, like Gecko) Chrome/145.0.7632.116 Mobile Safari/537.36 (compatible; GoogleOther)"
198.244.226.177 - - [09/Mar/2026:14:38:55 +0000] "GET /wp-content/plugins/shopengine/modules/swatches/loop-product-support/assets/swatches.css?ver=1773066512 HTTP/1.1" 200 4040 "-" "Mozilla/5.0 (compatible; AhrefsBot/7.0; +http://ahrefs.com/robot/)"
