201.141.98.42 - - [09/Mar/2026:06:50:03 +0000] "GET /wp-content/uploads/elementor/google-fonts/fonts/roboto-kfo5cnqeu92fr1mu53zec9_vu3r1gihoszmkbnka.woff2 HTTP/1.1" 200 44576 "https://hvmbertogarza.com/wp-content/uploads/elementor/google-fonts/css/roboto.css?ver=1749497619" "Mozilla/5.0 (Linux; Android 10; K) AppleWebKit/537.36 (KHTML, like Gecko) Chrome/145.0.0.0 Mobile Safari/537.36"
201.141.98.42 - - [09/Mar/2026:06:50:03 +0000] "GET /wp-content/plugins/shopengine/assets/js/filter.js?ver=4.8.7 HTTP/1.1" 200 1015 "https://hvmbertogarza.com/" "Mozilla/5.0 (Linux; Android 10; K) AppleWebKit/537.36 (KHTML, like Gecko) Chrome/145.0.0.0 Mobile Safari/537.36"
201.141.98.42 - - [09/Mar/2026:06:50:03 +0000] "GET /wp-content/plugins/shopengine/assets/js/public.js?ver=4.8.7 HTTP/1.1" 200 586 "https://hvmbertogarza.com/" "Mozilla/5.0 (Linux; Android 10; K) AppleWebKit/537.36 (KHTML, like Gecko) Chrome/145.0.0.0 Mobile Safari/537.36"
201.141.98.42 - - [09/Mar/2026:06:50:03 +0000] "GET /wp-content/uploads/2025/11/COVER-NACIONAL-scaled.jpg HTTP/1.1" 200 662349 "https://hvmbertogarza.com/wp-content/uploads/elementor/css/post-193.css?ver=1772840945" "Mozilla/5.0 (Linux; Android 10; K) AppleWebKit/537.36 (KHTML, like Gecko) Chrome/145.0.0.0 Mobile Safari/537.36"
201.141.98.42 - - [09/Mar/2026:06:50:03 +0000] "GET /wp-content/themes/hello-elementor/assets/js/hello-frontend.js?ver=3.4.5 HTTP/1.1" 200 928 "https://hvmbertogarza.com/" "Mozilla/5.0 (Linux; Android 10; K) AppleWebKit/537.36 (KHTML, like Gecko) Chrome/145.0.0.0 Mobile Safari/537.36"
201.141.98.42 - - [09/Mar/2026:06:50:03 +0000] "GET /wp-content/plugins/elementor/assets/js/webpack.runtime.min.js?ver=3.34.0 HTTP/1.1" 200 2901 "https://hvmbertogarza.com/" "Mozilla/5.0 (Linux; Android 10; K) AppleWebKit/537.36 (KHTML, like Gecko) Chrome/145.0.0.0 Mobile Safari/537.36"
201.141.98.42 - - [09/Mar/2026:06:50:03 +0000] "GET /wp-includes/js/jquery/ui/core.min.js?ver=1.13.3 HTTP/1.1" 200 7531 "https://hvmbertogarza.com/" "Mozilla/5.0 (Linux; Android 10; K) AppleWebKit/537.36 (KHTML, like Gecko) Chrome/145.0.0.0 Mobile Safari/537.36"
201.141.98.42 - - [09/Mar/2026:06:50:03 +0000] "GET /wp-content/plugins/elementor/assets/js/frontend.min.js?ver=3.34.0 HTTP/1.1" 200 10773 "https://hvmbertogarza.com/" "Mozilla/5.0 (Linux; Android 10; K) AppleWebKit/537.36 (KHTML, like Gecko) Chrome/145.0.0.0 Mobile Safari/537.36"
201.141.98.42 - - [09/Mar/2026:06:50:03 +0000] "GET /wp-content/plugins/elementor/assets/js/frontend-modules.min.js?ver=3.34.0 HTTP/1.1" 200 26150 "https://hvmbertogarza.com/" "Mozilla/5.0 (Linux; Android 10; K) AppleWebKit/537.36 (KHTML, like Gecko) Chrome/145.0.0.0 Mobile Safari/537.36"
201.141.98.42 - - [09/Mar/2026:06:50:03 +0000] "GET /wp-content/plugins/pro-elements/assets/lib/sticky/jquery.sticky.min.js?ver=3.34.0 HTTP/1.1" 200 1922 "https://hvmbertogarza.com/" "Mozilla/5.0 (Linux; Android 10; K) AppleWebKit/537.36 (KHTML, like Gecko) Chrome/145.0.0.0 Mobile Safari/537.36"
201.141.98.42 - - [09/Mar/2026:06:50:04 +0000] "GET /wp-content/plugins/pro-elements/assets/lib/smartmenus/jquery.smartmenus.min.js?ver=1.2.1 HTTP/1.1" 200 7512 "https://hvmbertogarza.com/" "Mozilla/5.0 (Linux; Android 10; K) AppleWebKit/537.36 (KHTML, like Gecko) Chrome/145.0.0.0 Mobile Safari/537.36"
201.141.98.42 - - [09/Mar/2026:06:50:04 +0000] "GET /wp-includes/js/imagesloaded.min.js?ver=5.0.0 HTTP/1.1" 200 2228 "https://hvmbertogarza.com/" "Mozilla/5.0 (Linux; Android 10; K) AppleWebKit/537.36 (KHTML, like Gecko) Chrome/145.0.0.0 Mobile Safari/537.36"
201.141.98.42 - - [09/Mar/2026:06:50:04 +0000] "GET /wp-content/plugins/elementor/assets/lib/swiper/v8/swiper.min.js?ver=8.4.5 HTTP/1.1" 200 40210 "https://hvmbertogarza.com/" "Mozilla/5.0 (Linux; Android 10; K) AppleWebKit/537.36 (KHTML, like Gecko) Chrome/145.0.0.0 Mobile Safari/537.36"
201.141.98.42 - - [09/Mar/2026:06:50:04 +0000] "GET /wp-content/plugins/powerpack-elements/assets/js/min/pp-woocommerce.min.js?ver=2.10.9 HTTP/1.1" 200 3797 "https://hvmbertogarza.com/" "Mozilla/5.0 (Linux; Android 10; K) AppleWebKit/537.36 (KHTML, like Gecko) Chrome/145.0.0.0 Mobile Safari/537.36"
201.141.98.42 - - [09/Mar/2026:06:50:04 +0000] "GET /wp-content/plugins/shopengine/modules/comparison/assets/js/comparison.js?ver=4.8.7 HTTP/1.1" 200 2023 "https://hvmbertogarza.com/" "Mozilla/5.0 (Linux; Android 10; K) AppleWebKit/537.36 (KHTML, like Gecko) Chrome/145.0.0.0 Mobile Safari/537.36"
201.141.98.42 - - [09/Mar/2026:06:50:04 +0000] "GET /wp-content/plugins/shopengine/modules/swatches/loop-product-support/assets/swatches.js?ver=1515155 HTTP/1.1" 200 655 "https://hvmbertogarza.com/" "Mozilla/5.0 (Linux; Android 10; K) AppleWebKit/537.36 (KHTML, like Gecko) Chrome/145.0.0.0 Mobile Safari/537.36"
201.141.98.42 - - [09/Mar/2026:06:50:04 +0000] "GET /wp-content/plugins/woocommerce/assets/js/sourcebuster/sourcebuster.min.js?ver=10.3.7 HTTP/1.1" 200 5232 "https://hvmbertogarza.com/" "Mozilla/5.0 (Linux; Android 10; K) AppleWebKit/537.36 (KHTML, like Gecko) Chrome/145.0.0.0 Mobile Safari/537.36"
201.141.98.42 - - [09/Mar/2026:06:50:03 +0000] "GET /wp-content/uploads/2025/12/BOOK-0web.jpg HTTP/1.1" 200 11668477 "https://hvmbertogarza.com/" "Mozilla/5.0 (Linux; Android 10; K) AppleWebKit/537.36 (KHTML, like Gecko) Chrome/145.0.0.0 Mobile Safari/537.36"
201.141.98.42 - - [09/Mar/2026:06:50:04 +0000] "GET /wp-content/plugins/woocommerce/assets/js/frontend/order-attribution.min.js?ver=10.3.7 HTTP/1.1" 200 1508 "https://hvmbertogarza.com/" "Mozilla/5.0 (Linux; Android 10; K) AppleWebKit/537.36 (KHTML, like Gecko) Chrome/145.0.0.0 Mobile Safari/537.36"
201.141.98.42 - - [09/Mar/2026:06:50:04 +0000] "GET /wp-content/plugins/shopengine/modules/swatches/assets/js/frontend.js?ver=4.8.7 HTTP/1.1" 200 1707 "https://hvmbertogarza.com/" "Mozilla/5.0 (Linux; Android 10; K) AppleWebKit/537.36 (KHTML, like Gecko) Chrome/145.0.0.0 Mobile Safari/537.36"
201.141.98.42 - - [09/Mar/2026:06:50:04 +0000] "GET /wp-content/plugins/wp-whatsapp/assets/js/whatsapp-popup.js?ver=3.7.3 HTTP/1.1" 200 753 "https://hvmbertogarza.com/" "Mozilla/5.0 (Linux; Android 10; K) AppleWebKit/537.36 (KHTML, like Gecko) Chrome/145.0.0.0 Mobile Safari/537.36"
201.141.98.42 - - [09/Mar/2026:06:50:04 +0000] "GET /wp-content/plugins/pro-elements/assets/js/webpack-pro.runtime.min.js?ver=3.34.0 HTTP/1.1" 200 3283 "https://hvmbertogarza.com/" "Mozilla/5.0 (Linux; Android 10; K) AppleWebKit/537.36 (KHTML, like Gecko) Chrome/145.0.0.0 Mobile Safari/537.36"
201.141.98.42 - - [09/Mar/2026:06:50:04 +0000] "GET /wp-includes/js/dist/hooks.min.js?ver=dd5603f07f9220ed27f1 HTTP/1.1" 200 2366 "https://hvmbertogarza.com/" "Mozilla/5.0 (Linux; Android 10; K) AppleWebKit/537.36 (KHTML, like Gecko) Chrome/145.0.0.0 Mobile Safari/537.36"
201.141.98.42 - - [09/Mar/2026:06:50:04 +0000] "GET /wp-includes/js/dist/i18n.min.js?ver=c26c3dc7bed366793375 HTTP/1.1" 200 2654 "https://hvmbertogarza.com/" "Mozilla/5.0 (Linux; Android 10; K) AppleWebKit/537.36 (KHTML, like Gecko) Chrome/145.0.0.0 Mobile Safari/537.36"
201.141.98.42 - - [09/Mar/2026:06:50:04 +0000] "GET /wp-content/plugins/pro-elements/assets/js/frontend.min.js?ver=3.34.0 HTTP/1.1" 200 6862 "https://hvmbertogarza.com/" "Mozilla/5.0 (Linux; Android 10; K) AppleWebKit/537.36 (KHTML, like Gecko) Chrome/145.0.0.0 Mobile Safari/537.36"
201.141.98.42 - - [09/Mar/2026:06:50:04 +0000] "GET /wp-content/plugins/pro-elements/assets/js/elements-handlers.min.js?ver=3.34.0 HTTP/1.1" 200 11020 "https://hvmbertogarza.com/" "Mozilla/5.0 (Linux; Android 10; K) AppleWebKit/537.36 (KHTML, like Gecko) Chrome/145.0.0.0 Mobile Safari/537.36"
201.141.98.42 - - [09/Mar/2026:06:50:04 +0000] "GET /wp-content/plugins/shopengine/widgets/init/assets/js/widgets.js?ver=4.8.7 HTTP/1.1" 200 7625 "https://hvmbertogarza.com/" "Mozilla/5.0 (Linux; Android 10; K) AppleWebKit/537.36 (KHTML, like Gecko) Chrome/145.0.0.0 Mobile Safari/537.36"
201.141.98.42 - - [09/Mar/2026:06:50:05 +0000] "GET /wp-content/plugins/powerpack-elements/assets/js/min/frontend.min.js?ver=2.10.9 HTTP/1.1" 200 10641 "https://hvmbertogarza.com/" "Mozilla/5.0 (Linux; Android 10; K) AppleWebKit/537.36 (KHTML, like Gecko) Chrome/145.0.0.0 Mobile Safari/537.36"
201.141.98.42 - - [09/Mar/2026:06:50:05 +0000] "GET /wp-content/plugins/powerpack-elements/assets/lib/tooltipster/tooltipster.min.js?ver=2.10.9 HTTP/1.1" 200 10410 "https://hvmbertogarza.com/" "Mozilla/5.0 (Linux; Android 10; K) AppleWebKit/537.36 (KHTML, like Gecko) Chrome/145.0.0.0 Mobile Safari/537.36"
201.141.98.42 - - [09/Mar/2026:06:50:05 +0000] "GET /wp-content/plugins/ajax-search-pro/js/min/plugin/optimized/asp-prereq.js HTTP/1.1" 200 7282 "https://hvmbertogarza.com/" "Mozilla/5.0 (Linux; Android 10; K) AppleWebKit/537.36 (KHTML, like Gecko) Chrome/145.0.0.0 Mobile Safari/537.36"
201.141.98.42 - - [09/Mar/2026:06:50:05 +0000] "GET /wp-content/plugins/ajax-search-pro/js/min/plugin/optimized/asp-compact.js HTTP/1.1" 200 1496 "https://hvmbertogarza.com/" "Mozilla/5.0 (Linux; Android 10; K) AppleWebKit/537.36 (KHTML, like Gecko) Chrome/145.0.0.0 Mobile Safari/537.36"
201.141.98.42 - - [09/Mar/2026:06:50:05 +0000] "GET /wp-content/plugins/ajax-search-pro/js/min/plugin/optimized/asp-core.js HTTP/1.1" 200 15370 "https://hvmbertogarza.com/" "Mozilla/5.0 (Linux; Android 10; K) AppleWebKit/537.36 (KHTML, like Gecko) Chrome/145.0.0.0 Mobile Safari/537.36"
201.141.98.42 - - [09/Mar/2026:06:50:05 +0000] "GET /wp-content/plugins/ajax-search-pro/js/min/plugin/optimized/asp-results-vertical.js HTTP/1.1" 200 1158 "https://hvmbertogarza.com/" "Mozilla/5.0 (Linux; Android 10; K) AppleWebKit/537.36 (KHTML, like Gecko) Chrome/145.0.0.0 Mobile Safari/537.36"
201.141.98.42 - - [09/Mar/2026:06:50:05 +0000] "GET /wp-content/plugins/ajax-search-pro/js/min/plugin/optimized/asp-live.js HTTP/1.1" 200 2438 "https://hvmbertogarza.com/" "Mozilla/5.0 (Linux; Android 10; K) AppleWebKit/537.36 (KHTML, like Gecko) Chrome/145.0.0.0 Mobile Safari/537.36"
201.141.98.42 - - [09/Mar/2026:06:50:05 +0000] "GET /wp-content/plugins/ajax-search-pro/js/min/plugin/optimized/asp-autocomplete.js HTTP/1.1" 200 1348 "https://hvmbertogarza.com/" "Mozilla/5.0 (Linux; Android 10; K) AppleWebKit/537.36 (KHTML, like Gecko) Chrome/145.0.0.0 Mobile Safari/537.36"
201.141.98.42 - - [09/Mar/2026:06:50:05 +0000] "GET /wp-content/plugins/ajax-search-pro/js/min/plugin/optimized/asp-load.js HTTP/1.1" 200 449 "https://hvmbertogarza.com/" "Mozilla/5.0 (Linux; Android 10; K) AppleWebKit/537.36 (KHTML, like Gecko) Chrome/145.0.0.0 Mobile Safari/537.36"
201.141.98.42 - - [09/Mar/2026:06:50:05 +0000] "GET /wp-content/plugins/ajax-search-pro/js/min/plugin/optimized/asp-wrapper.js HTTP/1.1" 200 2331 "https://hvmbertogarza.com/" "Mozilla/5.0 (Linux; Android 10; K) AppleWebKit/537.36 (KHTML, like Gecko) Chrome/145.0.0.0 Mobile Safari/537.36"
201.141.98.42 - - [09/Mar/2026:06:50:05 +0000] "GET /wp-content/plugins/ajax-search-pro/js/min/plugin/optimized/asp-addons-elementor.js HTTP/1.1" 200 2068 "https://hvmbertogarza.com/" "Mozilla/5.0 (Linux; Android 10; K) AppleWebKit/537.36 (KHTML, like Gecko) Chrome/145.0.0.0 Mobile Safari/537.36"
201.141.98.42 - - [09/Mar/2026:06:50:05 +0000] "GET /wp-content/plugins/woocommerce/assets/js/flexslider/jquery.flexslider.min.js?ver=2.7.2-wc.10.3.7 HTTP/1.1" 200 6629 "https://hvmbertogarza.com/" "Mozilla/5.0 (Linux; Android 10; K) AppleWebKit/537.36 (KHTML, like Gecko) Chrome/145.0.0.0 Mobile Safari/537.36"
201.141.98.42 - - [09/Mar/2026:06:50:05 +0000] "GET /wp-content/plugins/woocommerce/assets/js/frontend/add-to-cart.min.js?ver=10.3.7 HTTP/1.1" 200 1748 "https://hvmbertogarza.com/" "Mozilla/5.0 (Linux; Android 10; K) AppleWebKit/537.36 (KHTML, like Gecko) Chrome/145.0.0.0 Mobile Safari/537.36"
201.141.98.42 - - [09/Mar/2026:06:50:05 +0000] "GET /wp-content/plugins/woocommerce/assets/js/js-cookie/js.cookie.min.js?ver=2.1.4-wc.10.3.7 HTTP/1.1" 200 1212 "https://hvmbertogarza.com/" "Mozilla/5.0 (Linux; Android 10; K) AppleWebKit/537.36 (KHTML, like Gecko) Chrome/145.0.0.0 Mobile Safari/537.36"
201.141.98.42 - - [09/Mar/2026:06:50:05 +0000] "GET /wp-content/plugins/woocommerce/assets/js/jquery-blockui/jquery.blockUI.min.js?ver=2.7.0-wc.10.3.7 HTTP/1.1" 200 3962 "https://hvmbertogarza.com/" "Mozilla/5.0 (Linux; Android 10; K) AppleWebKit/537.36 (KHTML, like Gecko) Chrome/145.0.0.0 Mobile Safari/537.36"
201.141.98.42 - - [09/Mar/2026:06:50:05 +0000] "GET /wp-content/plugins/woocommerce/assets/js/frontend/cart-fragments.min.js?ver=10.3.7 HTTP/1.1" 200 1425 "https://hvmbertogarza.com/" "Mozilla/5.0 (Linux; Android 10; K) AppleWebKit/537.36 (KHTML, like Gecko) Chrome/145.0.0.0 Mobile Safari/537.36"
201.141.98.42 - - [09/Mar/2026:06:50:05 +0000] "GET /wp-content/plugins/woocommerce/assets/js/frontend/woocommerce.min.js?ver=10.3.7 HTTP/1.1" 200 1854 "https://hvmbertogarza.com/" "Mozilla/5.0 (Linux; Android 10; K) AppleWebKit/537.36 (KHTML, like Gecko) Chrome/145.0.0.0 Mobile Safari/537.36"
201.141.98.42 - - [09/Mar/2026:06:50:05 +0000] "GET /wp-content/uploads/2024/02/bannerplayerasweb.jpg HTTP/1.1" 200 168421 "https://hvmbertogarza.com/wp-content/uploads/elementor/css/post-193.css?ver=1772840945" "Mozilla/5.0 (Linux; Android 10; K) AppleWebKit/537.36 (KHTML, like Gecko) Chrome/145.0.0.0 Mobile Safari/537.36"
201.141.98.42 - - [09/Mar/2026:06:50:05 +0000] "GET /wp-content/uploads/2024/02/bannerlibrowebf.jpg HTTP/1.1" 200 241537 "https://hvmbertogarza.com/wp-content/uploads/elementor/css/post-193.css?ver=1772840945" "Mozilla/5.0 (Linux; Android 10; K) AppleWebKit/537.36 (KHTML, like Gecko) Chrome/145.0.0.0 Mobile Safari/537.36"
201.141.98.42 - - [09/Mar/2026:06:50:05 +0000] "GET /wp-content/uploads/2024/02/bannerweb1-2.jpg HTTP/1.1" 200 215448 "https://hvmbertogarza.com/wp-content/uploads/elementor/css/post-193.css?ver=1772840945" "Mozilla/5.0 (Linux; Android 10; K) AppleWebKit/537.36 (KHTML, like Gecko) Chrome/145.0.0.0 Mobile Safari/537.36"
201.141.98.42 - - [09/Mar/2026:06:50:03 +0000] "GET /wp-content/uploads/2024/12/bannerweb-mortem.jpg HTTP/1.1" 200 1304050 "https://hvmbertogarza.com/wp-content/uploads/elementor/css/post-193.css?ver=1772840945" "Mozilla/5.0 (Linux; Android 10; K) AppleWebKit/537.36 (KHTML, like Gecko) Chrome/145.0.0.0 Mobile Safari/537.36"
74.7.242.14 - - [09/Mar/2026:06:50:02 +0000] "GET /%22https:/hvmbertogarza.com/free-to-play-new-pokies-online/embed/ HTTP/1.1" 404 60632 "https://hvmbertogarza.com/wp-json/oembed/1.0/embed?format=xml&url=https%3A%2F%2Fhvmbertogarza.com%2Ffree-to-play-new-pokies-online%2F" "Mozilla/5.0 AppleWebKit/537.36 (KHTML, like Gecko; compatible; GPTBot/1.3; +https://openai.com/gptbot)"
201.141.98.42 - - [09/Mar/2026:06:50:05 +0000] "GET /wp-content/uploads/2024/02/librorender3.jpg HTTP/1.1" 200 4934042 "https://hvmbertogarza.com/" "Mozilla/5.0 (Linux; Android 10; K) AppleWebKit/537.36 (KHTML, like Gecko) Chrome/145.0.0.0 Mobile Safari/537.36"
201.141.98.42 - - [09/Mar/2026:06:50:05 +0000] "GET /wp-content/uploads/2024/02/librorender-CIRCUS.jpg HTTP/1.1" 200 3555276 "https://hvmbertogarza.com/" "Mozilla/5.0 (Linux; Android 10; K) AppleWebKit/537.36 (KHTML, like Gecko) Chrome/145.0.0.0 Mobile Safari/537.36"
201.141.98.42 - - [09/Mar/2026:06:50:06 +0000] "GET /wp-content/plugins/elementor/assets/lib/dialog/dialog.min.js?ver=4.9.3 HTTP/1.1" 200 4207 "https://hvmbertogarza.com/" "Mozilla/5.0 (Linux; Android 10; K) AppleWebKit/537.36 (KHTML, like Gecko) Chrome/145.0.0.0 Mobile Safari/537.36"
201.141.98.42 - - [09/Mar/2026:06:50:06 +0000] "GET /wp-content/plugins/elementor/assets/js/section-frontend-handlers.d85ab872da118940910d.bundle.min.js HTTP/1.1" 200 648 "https://hvmbertogarza.com/" "Mozilla/5.0 (Linux; Android 10; K) AppleWebKit/537.36 (KHTML, like Gecko) Chrome/145.0.0.0 Mobile Safari/537.36"
201.141.98.42 - - [09/Mar/2026:06:50:06 +0000] "GET /wp-content/plugins/elementor/assets/js/shared-frontend-handlers.03caa53373b56d3bab67.bundle.min.js HTTP/1.1" 200 3069 "https://hvmbertogarza.com/" "Mozilla/5.0 (Linux; Android 10; K) AppleWebKit/537.36 (KHTML, like Gecko) Chrome/145.0.0.0 Mobile Safari/537.36"
201.141.98.42 - - [09/Mar/2026:06:50:06 +0000] "GET /wp-content/plugins/elementor/assets/js/text-editor.45609661e409413f1cef.bundle.min.js HTTP/1.1" 200 1027 "https://hvmbertogarza.com/" "Mozilla/5.0 (Linux; Android 10; K) AppleWebKit/537.36 (KHTML, like Gecko) Chrome/145.0.0.0 Mobile Safari/537.36"
201.141.98.42 - - [09/Mar/2026:06:50:06 +0000] "GET /wp-content/plugins/pro-elements/assets/js/nav-menu.8521a0597c50611efdc6.bundle.min.js HTTP/1.1" 200 2297 "https://hvmbertogarza.com/" "Mozilla/5.0 (Linux; Android 10; K) AppleWebKit/537.36 (KHTML, like Gecko) Chrome/145.0.0.0 Mobile Safari/537.36"
201.141.98.42 - - [09/Mar/2026:06:50:06 +0000] "GET /wp-content/plugins/pro-elements/assets/js/woocommerce-menu-cart.54f2e75f6769dce707e2.bundle.min.js HTTP/1.1" 200 1937 "https://hvmbertogarza.com/" "Mozilla/5.0 (Linux; Android 10; K) AppleWebKit/537.36 (KHTML, like Gecko) Chrome/145.0.0.0 Mobile Safari/537.36"
201.141.98.42 - - [09/Mar/2026:06:50:06 +0000] "GET /wp-content/plugins/pro-elements/assets/js/slides.c0029640cbdb48199471.bundle.min.js HTTP/1.1" 200 1850 "https://hvmbertogarza.com/" "Mozilla/5.0 (Linux; Android 10; K) AppleWebKit/537.36 (KHTML, like Gecko) Chrome/145.0.0.0 Mobile Safari/537.36"
201.141.98.42 - - [09/Mar/2026:06:50:06 +0000] "GET /wp-content/plugins/pro-elements/assets/js/form.71055747203b48a65a24.bundle.min.js HTTP/1.1" 200 5616 "https://hvmbertogarza.com/" "Mozilla/5.0 (Linux; Android 10; K) AppleWebKit/537.36 (KHTML, like Gecko) Chrome/145.0.0.0 Mobile Safari/537.36"
201.141.98.42 - - [09/Mar/2026:06:50:06 +0000] "GET /wp-content/plugins/pro-elements/assets/js/popup.f7b15b2ca565b152bf98.bundle.min.js HTTP/1.1" 200 826 "https://hvmbertogarza.com/" "Mozilla/5.0 (Linux; Android 10; K) AppleWebKit/537.36 (KHTML, like Gecko) Chrome/145.0.0.0 Mobile Safari/537.36"
201.141.98.42 - - [09/Mar/2026:06:50:06 +0000] "GET /wp-includes/js/wp-emoji-release.min.js?ver=6.9.1 HTTP/1.1" 200 5800 "https://hvmbertogarza.com/" "Mozilla/5.0 (Linux; Android 10; K) AppleWebKit/537.36 (KHTML, like Gecko) Chrome/145.0.0.0 Mobile Safari/537.36"
201.141.98.42 - - [09/Mar/2026:06:50:05 +0000] "GET /wp-content/uploads/2024/12/librorender3.jpg HTTP/1.1" 200 4185666 "https://hvmbertogarza.com/" "Mozilla/5.0 (Linux; Android 10; K) AppleWebKit/537.36 (KHTML, like Gecko) Chrome/145.0.0.0 Mobile Safari/537.36"
201.141.98.42 - - [09/Mar/2026:06:50:06 +0000] "POST /?wc-ajax=get_refreshed_fragments HTTP/1.1" 200 1711 "https://hvmbertogarza.com/" "Mozilla/5.0 (Linux; Android 10; K) AppleWebKit/537.36 (KHTML, like Gecko) Chrome/145.0.0.0 Mobile Safari/537.36"
201.141.98.42 - - [09/Mar/2026:06:50:08 +0000] "GET /wp-content/uploads/2024/02/Favicon-Hvmberto-Garza-512x512-1-300x300.jpg HTTP/1.1" 200 682528 "https://hvmbertogarza.com/" "Mozilla/5.0 (Linux; Android 10; K) AppleWebKit/537.36 (KHTML, like Gecko) Chrome/145.0.0.0 Mobile Safari/537.36"
201.141.98.42 - - [09/Mar/2026:06:50:09 +0000] "GET /wp-content/uploads/2024/03/librorenderfinal-1536x1536.jpg HTTP/1.1" 200 528464 "https://hvmbertogarza.com/" "Mozilla/5.0 (Linux; Android 10; K) AppleWebKit/537.36 (KHTML, like Gecko) Chrome/145.0.0.0 Mobile Safari/537.36"
74.7.242.14 - - [09/Mar/2026:06:50:05 +0000] "GET /%22https:/hvmbertogarza.com/best-casino-for-blackjack-in-australia/embed/ HTTP/1.1" 404 52016 "https://hvmbertogarza.com/wp-json/oembed/1.0/embed?format=xml&url=https%3A%2F%2Fhvmbertogarza.com%2Fbest-casino-for-blackjack-in-australia%2F" "Mozilla/5.0 AppleWebKit/537.36 (KHTML, like Gecko; compatible; GPTBot/1.3; +https://openai.com/gptbot)"
201.141.98.42 - - [09/Mar/2026:06:50:09 +0000] "GET /wp-content/uploads/2024/02/librorender2-2.jpg HTTP/1.1" 200 5298024 "https://hvmbertogarza.com/" "Mozilla/5.0 (Linux; Android 10; K) AppleWebKit/537.36 (KHTML, like Gecko) Chrome/145.0.0.0 Mobile Safari/537.36"
201.141.98.42 - - [09/Mar/2026:06:50:08 +0000] "POST /wp-admin/admin-ajax.php HTTP/1.1" 200 3748 "https://hvmbertogarza.com/" "Mozilla/5.0 (Linux; Android 10; K) AppleWebKit/537.36 (KHTML, like Gecko) Chrome/145.0.0.0 Mobile Safari/537.36"
201.141.98.42 - - [09/Mar/2026:06:50:08 +0000] "POST /wp-admin/admin-ajax.php HTTP/1.1" 200 3748 "https://hvmbertogarza.com/" "Mozilla/5.0 (Linux; Android 10; K) AppleWebKit/537.36 (KHTML, like Gecko) Chrome/145.0.0.0 Mobile Safari/537.36"
74.7.242.14 - - [09/Mar/2026:06:50:09 +0000] "GET /%22https:/hvmbertogarza.com/online-gambling-uk-players-real-money/embed/ HTTP/1.1" 404 57528 "https://hvmbertogarza.com/wp-json/oembed/1.0/embed?format=xml&url=https%3A%2F%2Fhvmbertogarza.com%2Fonline-gambling-uk-players-real-money%2F" "Mozilla/5.0 AppleWebKit/537.36 (KHTML, like Gecko; compatible; GPTBot/1.3; +https://openai.com/gptbot)"
74.7.242.14 - - [09/Mar/2026:06:50:12 +0000] "GET /%22https:/hvmbertogarza.com/deposit-with-boku/embed/ HTTP/1.1" 404 141586 "https://hvmbertogarza.com/wp-json/oembed/1.0/embed?format=xml&url=https%3A%2F%2Fhvmbertogarza.com%2Fdeposit-with-boku%2F" "Mozilla/5.0 AppleWebKit/537.36 (KHTML, like Gecko; compatible; GPTBot/1.3; +https://openai.com/gptbot)"
201.141.98.42 - - [09/Mar/2026:06:50:14 +0000] "GET /categoria-producto/prints/ HTTP/1.1" 200 39969 "https://hvmbertogarza.com/" "Mozilla/5.0 (Linux; Android 10; K) AppleWebKit/537.36 (KHTML, like Gecko) Chrome/145.0.0.0 Mobile Safari/537.36"
201.141.98.42 - - [09/Mar/2026:06:50:17 +0000] "GET /wp-includes/css/dist/block-library/style.min.css?ver=6.9.1 HTTP/1.1" 200 16351 "https://hvmbertogarza.com/categoria-producto/prints/" "Mozilla/5.0 (Linux; Android 10; K) AppleWebKit/537.36 (KHTML, like Gecko) Chrome/145.0.0.0 Mobile Safari/537.36"
201.141.98.42 - - [09/Mar/2026:06:50:17 +0000] "GET /wp-content/uploads/elementor/css/post-62.css?ver=1772842574 HTTP/1.1" 200 1113 "https://hvmbertogarza.com/categoria-producto/prints/" "Mozilla/5.0 (Linux; Android 10; K) AppleWebKit/537.36 (KHTML, like Gecko) Chrome/145.0.0.0 Mobile Safari/537.36"
201.141.98.42 - - [09/Mar/2026:06:50:18 +0000] "GET /wp-content/plugins/shopengine/modules/swatches/loop-product-support/assets/swatches.css?ver=1773039017 HTTP/1.1" 200 4048 "https://hvmbertogarza.com/categoria-producto/prints/" "Mozilla/5.0 (Linux; Android 10; K) AppleWebKit/537.36 (KHTML, like Gecko) Chrome/145.0.0.0 Mobile Safari/537.36"
201.141.98.42 - - [09/Mar/2026:06:50:18 +0000] "GET /wp-content/uploads/elementor/google-fonts/fonts/roboto-kfo7cnqeu92fr1me7ksn66agldtyluamawcubgee.woff2 HTTP/1.1" 200 40956 "https://hvmbertogarza.com/wp-content/uploads/elementor/google-fonts/css/roboto.css?ver=1749497619" "Mozilla/5.0 (Linux; Android 10; K) AppleWebKit/537.36 (KHTML, like Gecko) Chrome/145.0.0.0 Mobile Safari/537.36"
201.141.98.42 - - [09/Mar/2026:06:50:18 +0000] "GET /wp-content/uploads/2024/02/Pajarotab-1-1536x1536.jpg HTTP/1.1" 200 430666 "https://hvmbertogarza.com/categoria-producto/prints/" "Mozilla/5.0 (Linux; Android 10; K) AppleWebKit/537.36 (KHTML, like Gecko) Chrome/145.0.0.0 Mobile Safari/537.36"
201.141.98.42 - - [09/Mar/2026:06:50:18 +0000] "GET /wp-content/uploads/2024/02/caminolaurita-1536x1536.jpg HTTP/1.1" 200 445919 "https://hvmbertogarza.com/categoria-producto/prints/" "Mozilla/5.0 (Linux; Android 10; K) AppleWebKit/537.36 (KHTML, like Gecko) Chrome/145.0.0.0 Mobile Safari/537.36"
74.7.242.14 - - [09/Mar/2026:06:50:15 +0000] "GET /rotiri-fara-depunere-fortuna/ HTTP/1.1" 200 45586 "https://hvmbertogarza.com/author/israel-arriaga/page/8/" "Mozilla/5.0 AppleWebKit/537.36 (KHTML, like Gecko; compatible; GPTBot/1.3; +https://openai.com/gptbot)"
201.141.98.42 - - [09/Mar/2026:06:50:18 +0000] "GET /wp-content/uploads/2024/02/quemadi-1536x1536.jpg HTTP/1.1" 200 330125 "https://hvmbertogarza.com/categoria-producto/prints/" "Mozilla/5.0 (Linux; Android 10; K) AppleWebKit/537.36 (KHTML, like Gecko) Chrome/145.0.0.0 Mobile Safari/537.36"
201.141.98.42 - - [09/Mar/2026:06:50:18 +0000] "GET /wp-content/uploads/2025/11/cuadro4-1536x1536.jpg HTTP/1.1" 200 426424 "https://hvmbertogarza.com/categoria-producto/prints/" "Mozilla/5.0 (Linux; Android 10; K) AppleWebKit/537.36 (KHTML, like Gecko) Chrome/145.0.0.0 Mobile Safari/537.36"
201.141.98.42 - - [09/Mar/2026:06:50:18 +0000] "GET /wp-content/uploads/2024/02/coata-1536x1536.jpg HTTP/1.1" 200 407498 "https://hvmbertogarza.com/categoria-producto/prints/" "Mozilla/5.0 (Linux; Android 10; K) AppleWebKit/537.36 (KHTML, like Gecko) Chrome/145.0.0.0 Mobile Safari/537.36"
201.141.98.42 - - [09/Mar/2026:06:50:18 +0000] "GET /wp-content/uploads/2024/02/chupacabras-1536x1536.jpg HTTP/1.1" 200 367966 "https://hvmbertogarza.com/categoria-producto/prints/" "Mozilla/5.0 (Linux; Android 10; K) AppleWebKit/537.36 (KHTML, like Gecko) Chrome/145.0.0.0 Mobile Safari/537.36"
201.141.98.42 - - [09/Mar/2026:06:50:18 +0000] "GET /wp-content/uploads/2024/02/drakulajpg-1536x1536.jpg HTTP/1.1" 200 391543 "https://hvmbertogarza.com/categoria-producto/prints/" "Mozilla/5.0 (Linux; Android 10; K) AppleWebKit/537.36 (KHTML, like Gecko) Chrome/145.0.0.0 Mobile Safari/537.36"
201.141.98.42 - - [09/Mar/2026:06:50:18 +0000] "GET /wp-content/uploads/2024/02/elperegrino-1536x1536.jpg HTTP/1.1" 200 560968 "https://hvmbertogarza.com/categoria-producto/prints/" "Mozilla/5.0 (Linux; Android 10; K) AppleWebKit/537.36 (KHTML, like Gecko) Chrome/145.0.0.0 Mobile Safari/537.36"
201.141.98.42 - - [09/Mar/2026:06:50:18 +0000] "GET /wp-content/uploads/2024/02/vamp-1536x1536.jpg HTTP/1.1" 200 430680 "https://hvmbertogarza.com/categoria-producto/prints/" "Mozilla/5.0 (Linux; Android 10; K) AppleWebKit/537.36 (KHTML, like Gecko) Chrome/145.0.0.0 Mobile Safari/537.36"
201.141.98.42 - - [09/Mar/2026:06:50:18 +0000] "GET /wp-content/uploads/2025/11/cuadrlo4-1536x1536.jpg HTTP/1.1" 200 415993 "https://hvmbertogarza.com/categoria-producto/prints/" "Mozilla/5.0 (Linux; Android 10; K) AppleWebKit/537.36 (KHTML, like Gecko) Chrome/145.0.0.0 Mobile Safari/537.36"
201.141.98.42 - - [09/Mar/2026:06:50:18 +0000] "GET /wp-content/uploads/2024/02/El-Chaman-1536x1536.jpg HTTP/1.1" 200 516884 "https://hvmbertogarza.com/categoria-producto/prints/" "Mozilla/5.0 (Linux; Android 10; K) AppleWebKit/537.36 (KHTML, like Gecko) Chrome/145.0.0.0 Mobile Safari/537.36"
201.141.98.42 - - [09/Mar/2026:06:50:18 +0000] "GET /wp-content/uploads/2024/02/demoniopiramide-1536x1536.jpg HTTP/1.1" 200 466944 "https://hvmbertogarza.com/categoria-producto/prints/" "Mozilla/5.0 (Linux; Android 10; K) AppleWebKit/537.36 (KHTML, like Gecko) Chrome/145.0.0.0 Mobile Safari/537.36"
201.141.98.42 - - [09/Mar/2026:06:50:20 +0000] "GET /wp-content/uploads/2024/02/ghoulish-1536x1536.jpg HTTP/1.1" 200 398671 "https://hvmbertogarza.com/categoria-producto/prints/" "Mozilla/5.0 (Linux; Android 10; K) AppleWebKit/537.36 (KHTML, like Gecko) Chrome/145.0.0.0 Mobile Safari/537.36"
201.141.98.42 - - [09/Mar/2026:06:50:20 +0000] "GET /wp-content/uploads/2025/11/cuadro-3-1536x1536.jpg HTTP/1.1" 200 407192 "https://hvmbertogarza.com/categoria-producto/prints/" "Mozilla/5.0 (Linux; Android 10; K) AppleWebKit/537.36 (KHTML, like Gecko) Chrome/145.0.0.0 Mobile Safari/537.36"
74.7.242.14 - - [09/Mar/2026:06:50:18 +0000] "GET /casino-san-miguel-el-salvador/ HTTP/1.1" 200 41632 "https://hvmbertogarza.com/author/israel-arriaga/page/18/" "Mozilla/5.0 AppleWebKit/537.36 (KHTML, like Gecko; compatible; GPTBot/1.3; +https://openai.com/gptbot)"
201.141.98.42 - - [09/Mar/2026:06:50:21 +0000] "GET /wp-content/uploads/2024/02/house-1536x1536.jpg HTTP/1.1" 200 410103 "https://hvmbertogarza.com/categoria-producto/prints/" "Mozilla/5.0 (Linux; Android 10; K) AppleWebKit/537.36 (KHTML, like Gecko) Chrome/145.0.0.0 Mobile Safari/537.36"
201.141.98.42 - - [09/Mar/2026:06:50:21 +0000] "GET /wp-content/uploads/2024/03/classicpennywise-1536x1536.jpg HTTP/1.1" 200 352369 "https://hvmbertogarza.com/categoria-producto/prints/" "Mozilla/5.0 (Linux; Android 10; K) AppleWebKit/537.36 (KHTML, like Gecko) Chrome/145.0.0.0 Mobile Safari/537.36"
74.208.176.140 - - [09/Mar/2026:06:50:22 +0000] "POST /wp-cron.php?doing_wp_cron=1773039022.8690609931945800781250 HTTP/1.1" 200 4101 "-" "WordPress/6.9.1; https://hvmbertogarza.com"
74.7.242.14 - - [09/Mar/2026:06:50:20 +0000] "GET /leo-vegas-casino-codigo-promocional-y-bonus-code-2026/feed/ HTTP/1.1" 200 1113 "https://hvmbertogarza.com/leo-vegas-casino-codigo-promocional-y-bonus-code-2026/" "Mozilla/5.0 AppleWebKit/537.36 (KHTML, like Gecko; compatible; GPTBot/1.3; +https://openai.com/gptbot)"
74.7.242.14 - - [09/Mar/2026:06:50:23 +0000] "GET /kakim-obrazom-ozhidanija-vystraivajut-vnutrennij-psihoemotsionalnyj-fon/feed/ HTTP/1.1" 200 1219 "https://hvmbertogarza.com/kakim-obrazom-ozhidanija-vystraivajut-vnutrennij-psihoemotsionalnyj-fon/" "Mozilla/5.0 AppleWebKit/537.36 (KHTML, like Gecko; compatible; GPTBot/1.3; +https://openai.com/gptbot)"
74.7.242.14 - - [09/Mar/2026:06:50:25 +0000] "GET /virgin-casino-100-free-spins/feed/ HTTP/1.1" 200 1084 "https://hvmbertogarza.com/virgin-casino-100-free-spins/" "Mozilla/5.0 AppleWebKit/537.36 (KHTML, like Gecko; compatible; GPTBot/1.3; +https://openai.com/gptbot)"
201.141.121.219 - - [09/Mar/2026:06:50:27 +0000] "GET /wp-content/uploads/elementor/thumbs/PROFECO-qjvmsuybqvq2apry3ufohikkik4tg430ynb65zrm68.png HTTP/1.1" 200 9835 "https://hvmbertogarza.com/categoria-producto/prints/" "Mozilla/5.0 (Linux; Android 10; K) AppleWebKit/537.36 (KHTML, like Gecko) Chrome/145.0.0.0 Mobile Safari/537.36"
201.141.98.42 - - [09/Mar/2026:06:50:27 +0000] "GET /wp-content/uploads/elementor/thumbs/condusef-qjvmqpvk6gsjuovwlx49t20rsyopwxl1c1tctaxwcg.png HTTP/1.1" 200 10086 "https://hvmbertogarza.com/categoria-producto/prints/" "Mozilla/5.0 (Linux; Android 10; K) AppleWebKit/537.36 (KHTML, like Gecko) Chrome/145.0.0.0 Mobile Safari/537.36"
74.7.242.14 - - [09/Mar/2026:06:50:27 +0000] "GET /wp-json/oembed/1.0/embed?format=xml&url=https%3A%2F%2Fhvmbertogarza.com%2F55bet-casino-no-deposit-bonus%2F HTTP/1.1" 200 2186 "https://hvmbertogarza.com/55bet-casino-no-deposit-bonus/" "Mozilla/5.0 AppleWebKit/537.36 (KHTML, like Gecko; compatible; GPTBot/1.3; +https://openai.com/gptbot)"
74.7.242.14 - - [09/Mar/2026:06:50:29 +0000] "GET /casino-schwarz-rot-2/feed/ HTTP/1.1" 200 1072 "https://hvmbertogarza.com/casino-schwarz-rot-2/" "Mozilla/5.0 AppleWebKit/537.36 (KHTML, like Gecko; compatible; GPTBot/1.3; +https://openai.com/gptbot)"
201.141.98.42 - - [09/Mar/2026:06:50:29 +0000] "GET /categoria-producto/prints/page/2/ HTTP/1.1" 200 40062 "https://hvmbertogarza.com/categoria-producto/prints/" "Mozilla/5.0 (Linux; Android 10; K) AppleWebKit/537.36 (KHTML, like Gecko) Chrome/145.0.0.0 Mobile Safari/537.36"
201.141.98.42 - - [09/Mar/2026:06:50:32 +0000] "GET /wp-content/plugins/shopengine/modules/swatches/loop-product-support/assets/swatches.css?ver=1773039032 HTTP/1.1" 200 309 "https://hvmbertogarza.com/categoria-producto/prints/page/2/" "Mozilla/5.0 (Linux; Android 10; K) AppleWebKit/537.36 (KHTML, like Gecko) Chrome/145.0.0.0 Mobile Safari/537.36"
201.141.98.42 - - [09/Mar/2026:06:50:32 +0000] "GET /wp-content/uploads/2024/03/pennywise-1536x1536.jpg HTTP/1.1" 200 335549 "https://hvmbertogarza.com/categoria-producto/prints/page/2/" "Mozilla/5.0 (Linux; Android 10; K) AppleWebKit/537.36 (KHTML, like Gecko) Chrome/145.0.0.0 Mobile Safari/537.36"
201.141.98.42 - - [09/Mar/2026:06:50:32 +0000] "GET /wp-content/uploads/2024/02/josue2024-1536x1536.jpg HTTP/1.1" 200 358521 "https://hvmbertogarza.com/categoria-producto/prints/page/2/" "Mozilla/5.0 (Linux; Android 10; K) AppleWebKit/537.36 (KHTML, like Gecko) Chrome/145.0.0.0 Mobile Safari/537.36"
201.141.98.42 - - [09/Mar/2026:06:50:33 +0000] "GET /wp-content/uploads/2024/02/Kilometro-31-1536x1536.jpg HTTP/1.1" 200 473123 "https://hvmbertogarza.com/categoria-producto/prints/page/2/" "Mozilla/5.0 (Linux; Android 10; K) AppleWebKit/537.36 (KHTML, like Gecko) Chrome/145.0.0.0 Mobile Safari/537.36"
201.141.98.42 - - [09/Mar/2026:06:50:32 +0000] "GET /wp-content/uploads/2024/02/JINETE-1536x1536.jpg HTTP/1.1" 200 400824 "https://hvmbertogarza.com/categoria-producto/prints/page/2/" "Mozilla/5.0 (Linux; Android 10; K) AppleWebKit/537.36 (KHTML, like Gecko) Chrome/145.0.0.0 Mobile Safari/537.36"
74.7.242.14 - - [09/Mar/2026:06:50:31 +0000] "GET /1-cent-spiele-casino/feed/ HTTP/1.1" 200 1075 "https://hvmbertogarza.com/1-cent-spiele-casino/" "Mozilla/5.0 AppleWebKit/537.36 (KHTML, like Gecko; compatible; GPTBot/1.3; +https://openai.com/gptbot)"
201.141.98.42 - - [09/Mar/2026:06:50:33 +0000] "GET /wp-content/uploads/2024/02/La-Llorona-1536x1536.jpg HTTP/1.1" 200 542332 "https://hvmbertogarza.com/categoria-producto/prints/page/2/" "Mozilla/5.0 (Linux; Android 10; K) AppleWebKit/537.36 (KHTML, like Gecko) Chrome/145.0.0.0 Mobile Safari/537.36"
201.141.98.42 - - [09/Mar/2026:06:50:33 +0000] "GET /wp-content/uploads/2024/02/KILLER-1536x1536.jpg HTTP/1.1" 200 415189 "https://hvmbertogarza.com/categoria-producto/prints/page/2/" "Mozilla/5.0 (Linux; Android 10; K) AppleWebKit/537.36 (KHTML, like Gecko) Chrome/145.0.0.0 Mobile Safari/537.36"
201.141.98.42 - - [09/Mar/2026:06:50:33 +0000] "GET /wp-content/uploads/2024/02/La-Isla-de-las-Munecas-1536x1536.jpg HTTP/1.1" 200 448736 "https://hvmbertogarza.com/categoria-producto/prints/page/2/" "Mozilla/5.0 (Linux; Android 10; K) AppleWebKit/537.36 (KHTML, like Gecko) Chrome/145.0.0.0 Mobile Safari/537.36"
201.141.98.42 - - [09/Mar/2026:06:50:33 +0000] "GET /wp-content/uploads/2024/02/lamujerdeloth-1536x1536.jpg HTTP/1.1" 200 505544 "https://hvmbertogarza.com/categoria-producto/prints/page/2/" "Mozilla/5.0 (Linux; Android 10; K) AppleWebKit/537.36 (KHTML, like Gecko) Chrome/145.0.0.0 Mobile Safari/537.36"
201.141.98.42 - - [09/Mar/2026:06:50:33 +0000] "GET /wp-content/uploads/2024/02/casadelostubos-1536x1536.jpg HTTP/1.1" 200 407755 "https://hvmbertogarza.com/categoria-producto/prints/page/2/" "Mozilla/5.0 (Linux; Android 10; K) AppleWebKit/537.36 (KHTML, like Gecko) Chrome/145.0.0.0 Mobile Safari/537.36"
201.141.98.42 - - [09/Mar/2026:06:50:33 +0000] "GET /wp-content/uploads/2025/11/cuadro6-1536x1536.jpg HTTP/1.1" 200 405997 "https://hvmbertogarza.com/categoria-producto/prints/page/2/" "Mozilla/5.0 (Linux; Android 10; K) AppleWebKit/537.36 (KHTML, like Gecko) Chrome/145.0.0.0 Mobile Safari/537.36"
201.141.98.42 - - [09/Mar/2026:06:50:34 +0000] "GET /wp-content/uploads/2024/02/La-Sombra-del-Bosque-1536x1536.jpg HTTP/1.1" 200 498155 "https://hvmbertogarza.com/categoria-producto/prints/page/2/" "Mozilla/5.0 (Linux; Android 10; K) AppleWebKit/537.36 (KHTML, like Gecko) Chrome/145.0.0.0 Mobile Safari/537.36"
201.141.98.42 - - [09/Mar/2026:06:50:34 +0000] "GET /wp-content/uploads/2024/02/La-Planchada-1536x1536.jpg HTTP/1.1" 200 582677 "https://hvmbertogarza.com/categoria-producto/prints/page/2/" "Mozilla/5.0 (Linux; Android 10; K) AppleWebKit/537.36 (KHTML, like Gecko) Chrome/145.0.0.0 Mobile Safari/537.36"
201.141.98.42 - - [09/Mar/2026:06:50:35 +0000] "GET /wp-content/uploads/2024/02/loquenovemos-1536x1536.jpg HTTP/1.1" 200 543048 "https://hvmbertogarza.com/categoria-producto/prints/page/2/" "Mozilla/5.0 (Linux; Android 10; K) AppleWebKit/537.36 (KHTML, like Gecko) Chrome/145.0.0.0 Mobile Safari/537.36"
201.141.98.42 - - [09/Mar/2026:06:50:35 +0000] "GET /wp-content/uploads/2025/11/cuadro2-1536x1536.jpg HTTP/1.1" 200 482231 "https://hvmbertogarza.com/categoria-producto/prints/page/2/" "Mozilla/5.0 (Linux; Android 10; K) AppleWebKit/537.36 (KHTML, like Gecko) Chrome/145.0.0.0 Mobile Safari/537.36"
74.7.242.14 - - [09/Mar/2026:06:50:33 +0000] "GET /wp-json/oembed/1.0/embed?url=https%3A%2F%2Fhvmbertogarza.com%2Fgioca-trolls-bridge-2-gratis-senza-scaricare%2F HTTP/1.1" 200 2952 "https://hvmbertogarza.com/gioca-trolls-bridge-2-gratis-senza-scaricare/" "Mozilla/5.0 AppleWebKit/537.36 (KHTML, like Gecko; compatible; GPTBot/1.3; +https://openai.com/gptbot)"
201.141.98.42 - - [09/Mar/2026:06:50:36 +0000] "GET /wp-content/uploads/2024/02/metalfest-1536x1536.jpg HTTP/1.1" 200 409486 "https://hvmbertogarza.com/categoria-producto/prints/page/2/" "Mozilla/5.0 (Linux; Android 10; K) AppleWebKit/537.36 (KHTML, like Gecko) Chrome/145.0.0.0 Mobile Safari/537.36"
201.141.98.42 - - [09/Mar/2026:06:50:36 +0000] "GET /wp-content/uploads/2024/02/nachito-1536x1536.jpg HTTP/1.1" 200 602150 "https://hvmbertogarza.com/categoria-producto/prints/page/2/" "Mozilla/5.0 (Linux; Android 10; K) AppleWebKit/537.36 (KHTML, like Gecko) Chrome/145.0.0.0 Mobile Safari/537.36"
74.7.242.14 - - [09/Mar/2026:06:50:35 +0000] "GET /1968-2/ HTTP/1.1" 200 41068 "https://hvmbertogarza.com/author/israel-arriaga/page/35/" "Mozilla/5.0 AppleWebKit/537.36 (KHTML, like Gecko; compatible; GPTBot/1.3; +https://openai.com/gptbot)"
74.7.242.14 - - [09/Mar/2026:06:50:39 +0000] "GET /1839-2/ HTTP/1.1" 200 41842 "https://hvmbertogarza.com/author/israel-arriaga/page/14/" "Mozilla/5.0 AppleWebKit/537.36 (KHTML, like Gecko; compatible; GPTBot/1.3; +https://openai.com/gptbot)"
74.208.176.140 - - [09/Mar/2026:06:50:44 +0000] "POST /wp-cron.php?doing_wp_cron=1773039044.9538209438323974609375 HTTP/1.1" 200 4101 "-" "WordPress/6.9.1; https://hvmbertogarza.com"
74.7.242.14 - - [09/Mar/2026:06:50:42 +0000] "GET /wp-json/oembed/1.0/embed?format=xml&url=https%3A%2F%2Fhvmbertogarza.com%2Frotiri-fara-depunere-fortuna%2F HTTP/1.1" 200 2180 "https://hvmbertogarza.com/rotiri-fara-depunere-fortuna/" "Mozilla/5.0 AppleWebKit/537.36 (KHTML, like Gecko; compatible; GPTBot/1.3; +https://openai.com/gptbot)"
201.141.98.42 - - [09/Mar/2026:06:50:44 +0000] "POST /wp-admin/admin-ajax.php HTTP/1.1" 200 4780 "https://hvmbertogarza.com/categoria-producto/prints/page/2/" "Mozilla/5.0 (Linux; Android 10; K) AppleWebKit/537.36 (KHTML, like Gecko) Chrome/145.0.0.0 Mobile Safari/537.36"
201.141.98.42 - - [09/Mar/2026:06:50:44 +0000] "POST /?wc-ajax=add_to_cart HTTP/1.1" 200 8362 "https://hvmbertogarza.com/categoria-producto/prints/page/2/" "Mozilla/5.0 (Linux; Android 10; K) AppleWebKit/537.36 (KHTML, like Gecko) Chrome/145.0.0.0 Mobile Safari/537.36"
201.141.98.42 - - [09/Mar/2026:06:50:46 +0000] "GET /wp-content/plugins/woocommerce/assets/fonts/WooCommerce.woff2 HTTP/1.1" 200 6827 "https://hvmbertogarza.com/wp-content/plugins/woocommerce/assets/css/woocommerce.css?ver=10.3.7" "Mozilla/5.0 (Linux; Android 10; K) AppleWebKit/537.36 (KHTML, like Gecko) Chrome/145.0.0.0 Mobile Safari/537.36"
201.141.98.42 - - [09/Mar/2026:06:50:47 +0000] "GET /wp-content/plugins/woocommerce/assets/images/icons/loader.svg HTTP/1.1" 200 4214 "https://hvmbertogarza.com/wp-content/plugins/woocommerce/assets/css/woocommerce.css?ver=10.3.7" "Mozilla/5.0 (Linux; Android 10; K) AppleWebKit/537.36 (KHTML, like Gecko) Chrome/145.0.0.0 Mobile Safari/537.36"
201.141.98.42 - - [09/Mar/2026:06:50:47 +0000] "GET /wp-content/uploads/2024/02/metalfest-300x300.jpg HTTP/1.1" 200 30003 "https://hvmbertogarza.com/categoria-producto/prints/page/2/" "Mozilla/5.0 (Linux; Android 10; K) AppleWebKit/537.36 (KHTML, like Gecko) Chrome/145.0.0.0 Mobile Safari/537.36"
74.7.242.14 - - [09/Mar/2026:06:50:45 +0000] "GET /casino-san-miguel-el-salvador/feed/ HTTP/1.1" 200 1083 "https://hvmbertogarza.com/casino-san-miguel-el-salvador/" "Mozilla/5.0 AppleWebKit/537.36 (KHTML, like Gecko; compatible; GPTBot/1.3; +https://openai.com/gptbot)"
103.42.198.211 - - [09/Mar/2026:06:50:45 +0000] "POST /xmlrpc.php HTTP/1.1" 200 4454 "-" "Mozilla/5.0 (Windows NT 10.0; Win64; x64) AppleWebKit/537.36 (KHTML, like Gecko) Chrome/91.0.4472.124 Safari/537.36"
201.141.98.42 - - [09/Mar/2026:06:50:46 +0000] "POST /?wc-ajax=get_refreshed_fragments HTTP/1.1" 200 4233 "https://hvmbertogarza.com/categoria-producto/prints/page/2/" "Mozilla/5.0 (Linux; Android 10; K) AppleWebKit/537.36 (KHTML, like Gecko) Chrome/145.0.0.0 Mobile Safari/537.36"
201.141.98.42 - - [09/Mar/2026:06:50:47 +0000] "POST /wp-admin/admin-ajax.php HTTP/1.1" 200 7491 "https://hvmbertogarza.com/categoria-producto/prints/page/2/" "Mozilla/5.0 (Linux; Android 10; K) AppleWebKit/537.36 (KHTML, like Gecko) Chrome/145.0.0.0 Mobile Safari/537.36"
201.141.98.42 - - [09/Mar/2026:06:50:46 +0000] "POST /wp-admin/admin-ajax.php HTTP/1.1" 200 7491 "https://hvmbertogarza.com/categoria-producto/prints/page/2/" "Mozilla/5.0 (Linux; Android 10; K) AppleWebKit/537.36 (KHTML, like Gecko) Chrome/145.0.0.0 Mobile Safari/537.36"
74.7.242.14 - - [09/Mar/2026:06:50:47 +0000] "GET /wp-json/oembed/1.0/embed?format=xml&url=https%3A%2F%2Fhvmbertogarza.com%2Fcasino-san-miguel-el-salvador%2F HTTP/1.1" 200 2184 "https://hvmbertogarza.com/casino-san-miguel-el-salvador/" "Mozilla/5.0 AppleWebKit/537.36 (KHTML, like Gecko; compatible; GPTBot/1.3; +https://openai.com/gptbot)"
201.141.98.42 - - [09/Mar/2026:06:50:46 +0000] "GET /categoria-producto/prints/page/3/ HTTP/1.1" 200 38344 "https://hvmbertogarza.com/categoria-producto/prints/page/2/" "Mozilla/5.0 (Linux; Android 10; K) AppleWebKit/537.36 (KHTML, like Gecko) Chrome/145.0.0.0 Mobile Safari/537.36"
201.141.98.42 - - [09/Mar/2026:06:50:51 +0000] "GET /wp-content/plugins/shopengine/modules/swatches/loop-product-support/assets/swatches.css?ver=1773039050 HTTP/1.1" 200 309 "https://hvmbertogarza.com/categoria-producto/prints/page/3/" "Mozilla/5.0 (Linux; Android 10; K) AppleWebKit/537.36 (KHTML, like Gecko) Chrome/145.0.0.0 Mobile Safari/537.36"
201.141.98.42 - - [09/Mar/2026:06:50:51 +0000] "GET /wp-content/uploads/2024/02/ninacabeza-1536x1536.jpg HTTP/1.1" 200 480368 "https://hvmbertogarza.com/categoria-producto/prints/page/3/" "Mozilla/5.0 (Linux; Android 10; K) AppleWebKit/537.36 (KHTML, like Gecko) Chrome/145.0.0.0 Mobile Safari/537.36"
201.141.98.42 - - [09/Mar/2026:06:50:51 +0000] "GET /wp-content/uploads/2024/02/TERRIFIERPO-1536x1536.jpg HTTP/1.1" 200 376974 "https://hvmbertogarza.com/categoria-producto/prints/page/3/" "Mozilla/5.0 (Linux; Android 10; K) AppleWebKit/537.36 (KHTML, like Gecko) Chrome/145.0.0.0 Mobile Safari/537.36"
74.208.176.140 - - [09/Mar/2026:06:50:51 +0000] "POST /wp-cron.php?doing_wp_cron=1773039051.8126819133758544921875 HTTP/1.1" 200 4101 "-" "WordPress/6.9.1; https://hvmbertogarza.com"
201.141.98.42 - - [09/Mar/2026:06:50:49 +0000] "POST /wp-admin/admin-ajax.php HTTP/1.1" 200 3752 "https://hvmbertogarza.com/categoria-producto/prints/page/2/" "Mozilla/5.0 (Linux; Android 10; K) AppleWebKit/537.36 (KHTML, like Gecko) Chrome/145.0.0.0 Mobile Safari/537.36"
201.141.98.42 - - [09/Mar/2026:06:50:51 +0000] "GET /wp-content/uploads/2024/02/paul-1-1536x1536.jpg HTTP/1.1" 200 375236 "https://hvmbertogarza.com/categoria-producto/prints/page/3/" "Mozilla/5.0 (Linux; Android 10; K) AppleWebKit/537.36 (KHTML, like Gecko) Chrome/145.0.0.0 Mobile Safari/537.36"
201.141.98.42 - - [09/Mar/2026:06:50:51 +0000] "GET /wp-content/uploads/2025/11/cuadro7-1536x1536.jpg HTTP/1.1" 200 402573 "https://hvmbertogarza.com/categoria-producto/prints/page/3/" "Mozilla/5.0 (Linux; Android 10; K) AppleWebKit/537.36 (KHTML, like Gecko) Chrome/145.0.0.0 Mobile Safari/537.36"
201.141.98.42 - - [09/Mar/2026:06:50:51 +0000] "GET /wp-content/uploads/2024/02/TEXAS-1536x1536.jpg HTTP/1.1" 200 407256 "https://hvmbertogarza.com/categoria-producto/prints/page/3/" "Mozilla/5.0 (Linux; Android 10; K) AppleWebKit/537.36 (KHTML, like Gecko) Chrome/145.0.0.0 Mobile Safari/537.36"
201.141.98.42 - - [09/Mar/2026:06:50:49 +0000] "POST /wp-admin/admin-ajax.php HTTP/1.1" 200 3752 "https://hvmbertogarza.com/categoria-producto/prints/page/2/" "Mozilla/5.0 (Linux; Android 10; K) AppleWebKit/537.36 (KHTML, like Gecko) Chrome/145.0.0.0 Mobile Safari/537.36"
201.141.98.42 - - [09/Mar/2026:06:50:52 +0000] "GET /wp-content/uploads/2025/11/cuadro1-1536x1536.jpg HTTP/1.1" 200 509210 "https://hvmbertogarza.com/categoria-producto/prints/page/3/" "Mozilla/5.0 (Linux; Android 10; K) AppleWebKit/537.36 (KHTML, like Gecko) Chrome/145.0.0.0 Mobile Safari/537.36"
74.7.242.14 - - [09/Mar/2026:06:50:50 +0000] "GET /wp-json/wp/v2/posts/1601 HTTP/1.1" 200 4422 "https://hvmbertogarza.com/casino-san-miguel-el-salvador/" "Mozilla/5.0 AppleWebKit/537.36 (KHTML, like Gecko; compatible; GPTBot/1.3; +https://openai.com/gptbot)"
74.7.242.14 - - [09/Mar/2026:06:50:52 +0000] "GET /2025/12/22/ HTTP/1.1" 200 36307 "https://hvmbertogarza.com/rotiri-fara-depunere-fortuna/" "Mozilla/5.0 AppleWebKit/537.36 (KHTML, like Gecko; compatible; GPTBot/1.3; +https://openai.com/gptbot)"
201.141.98.42 - - [09/Mar/2026:06:50:54 +0000] "POST /?wc-ajax=add_to_cart HTTP/1.1" 200 6140 "https://hvmbertogarza.com/categoria-producto/prints/page/3/" "Mozilla/5.0 (Linux; Android 10; K) AppleWebKit/537.36 (KHTML, like Gecko) Chrome/145.0.0.0 Mobile Safari/537.36"
51.195.215.197 - - [09/Mar/2026:06:50:53 +0000] "GET /registratsiia-1khbet-bonusy-i-promoaktsii-dlia-novykh-igrokov/ HTTP/1.1" 200 47610 "-" "Mozilla/5.0 (compatible; AhrefsBot/7.0; +http://ahrefs.com/robot/)"
201.141.98.42 - - [09/Mar/2026:06:50:54 +0000] "POST /wp-admin/admin-ajax.php HTTP/1.1" 200 727 "https://hvmbertogarza.com/categoria-producto/prints/page/3/" "Mozilla/5.0 (Linux; Android 10; K) AppleWebKit/537.36 (KHTML, like Gecko) Chrome/145.0.0.0 Mobile Safari/537.36"
201.141.98.42 - - [09/Mar/2026:06:50:57 +0000] "GET /wp-content/uploads/2024/02/paul-1-300x300.jpg HTTP/1.1" 200 29966 "https://hvmbertogarza.com/categoria-producto/prints/page/3/" "Mozilla/5.0 (Linux; Android 10; K) AppleWebKit/537.36 (KHTML, like Gecko) Chrome/145.0.0.0 Mobile Safari/537.36"
74.7.242.14 - - [09/Mar/2026:06:50:55 +0000] "GET /?p=1601 HTTP/1.1" 301 362 "https://hvmbertogarza.com/casino-san-miguel-el-salvador/" "Mozilla/5.0 AppleWebKit/537.36 (KHTML, like Gecko; compatible; GPTBot/1.3; +https://openai.com/gptbot)"
201.141.98.42 - - [09/Mar/2026:06:50:57 +0000] "POST /wp-admin/admin-ajax.php HTTP/1.1" 200 3828 "https://hvmbertogarza.com/categoria-producto/prints/page/3/" "Mozilla/5.0 (Linux; Android 10; K) AppleWebKit/537.36 (KHTML, like Gecko) Chrome/145.0.0.0 Mobile Safari/537.36"
74.208.176.140 - - [09/Mar/2026:06:50:59 +0000] "POST /wp-cron.php?doing_wp_cron=1773039059.5675280094146728515625 HTTP/1.1" 200 4101 "-" "WordPress/6.9.1; https://hvmbertogarza.com"
201.141.98.42 - - [09/Mar/2026:06:50:57 +0000] "POST /wp-admin/admin-ajax.php HTTP/1.1" 200 3828 "https://hvmbertogarza.com/categoria-producto/prints/page/3/" "Mozilla/5.0 (Linux; Android 10; K) AppleWebKit/537.36 (KHTML, like Gecko) Chrome/145.0.0.0 Mobile Safari/537.36"
201.141.98.42 - - [09/Mar/2026:06:50:57 +0000] "POST /?wc-ajax=get_refreshed_fragments HTTP/1.1" 200 9803 "https://hvmbertogarza.com/categoria-producto/prints/page/3/" "Mozilla/5.0 (Linux; Android 10; K) AppleWebKit/537.36 (KHTML, like Gecko) Chrome/145.0.0.0 Mobile Safari/537.36"
74.7.242.14 - - [09/Mar/2026:06:50:57 +0000] "GET /casino-san-miguel-el-salvador/ HTTP/1.1" 200 41632 "https://hvmbertogarza.com/?p=1601" "Mozilla/5.0 AppleWebKit/537.36 (KHTML, like Gecko; compatible; GPTBot/1.3; +https://openai.com/gptbot)"
201.141.98.42 - - [09/Mar/2026:06:50:59 +0000] "POST /wp-admin/admin-ajax.php HTTP/1.1" 200 3752 "https://hvmbertogarza.com/categoria-producto/prints/page/3/" "Mozilla/5.0 (Linux; Android 10; K) AppleWebKit/537.36 (KHTML, like Gecko) Chrome/145.0.0.0 Mobile Safari/537.36"
201.141.98.42 - - [09/Mar/2026:06:50:59 +0000] "POST /wp-admin/admin-ajax.php HTTP/1.1" 200 3752 "https://hvmbertogarza.com/categoria-producto/prints/page/3/" "Mozilla/5.0 (Linux; Android 10; K) AppleWebKit/537.36 (KHTML, like Gecko) Chrome/145.0.0.0 Mobile Safari/537.36"
74.7.242.14 - - [09/Mar/2026:06:51:01 +0000] "GET /?p=1456 HTTP/1.1" 301 361 "https://hvmbertogarza.com/rotiri-fara-depunere-fortuna/" "Mozilla/5.0 AppleWebKit/537.36 (KHTML, like Gecko; compatible; GPTBot/1.3; +https://openai.com/gptbot)"
201.141.98.42 - - [09/Mar/2026:06:51:01 +0000] "GET /pagina-de-pago/ HTTP/1.1" 200 42476 "https://hvmbertogarza.com/categoria-producto/prints/page/3/" "Mozilla/5.0 (Linux; Android 10; K) AppleWebKit/537.36 (KHTML, like Gecko) Chrome/145.0.0.0 Mobile Safari/537.36"
201.141.98.42 - - [09/Mar/2026:06:51:04 +0000] "GET /wp-content/plugins/woocommerce/assets/css/select2.css?ver=10.3.7 HTTP/1.1" 200 2321 "https://hvmbertogarza.com/pagina-de-pago/" "Mozilla/5.0 (Linux; Android 10; K) AppleWebKit/537.36 (KHTML, like Gecko) Chrome/145.0.0.0 Mobile Safari/537.36"
201.141.98.42 - - [09/Mar/2026:06:51:04 +0000] "GET /wp-content/plugins/shopengine/modules/swatches/loop-product-support/assets/swatches.css?ver=1773039064 HTTP/1.1" 200 4048 "https://hvmbertogarza.com/pagina-de-pago/" "Mozilla/5.0 (Linux; Android 10; K) AppleWebKit/537.36 (KHTML, like Gecko) Chrome/145.0.0.0 Mobile Safari/537.36"
201.141.98.42 - - [09/Mar/2026:06:51:04 +0000] "GET /wp-content/uploads/elementor/css/post-212.css?ver=1772939584 HTTP/1.1" 200 1304 "https://hvmbertogarza.com/pagina-de-pago/" "Mozilla/5.0 (Linux; Android 10; K) AppleWebKit/537.36 (KHTML, like Gecko) Chrome/145.0.0.0 Mobile Safari/537.36"
201.141.98.42 - - [09/Mar/2026:06:51:04 +0000] "GET /wp-content/plugins/shopmagic-for-woocommerce/assets/js/presubmit.js?ver=4.7.4 HTTP/1.1" 200 1477 "https://hvmbertogarza.com/pagina-de-pago/" "Mozilla/5.0 (Linux; Android 10; K) AppleWebKit/537.36 (KHTML, like Gecko) Chrome/145.0.0.0 Mobile Safari/537.36"
201.141.98.42 - - [09/Mar/2026:06:51:04 +0000] "GET /wp-content/plugins/woocommerce/assets/js/selectWoo/selectWoo.full.min.js?ver=1.0.9-wc.10.3.7 HTTP/1.1" 200 22350 "https://hvmbertogarza.com/pagina-de-pago/" "Mozilla/5.0 (Linux; Android 10; K) AppleWebKit/537.36 (KHTML, like Gecko) Chrome/145.0.0.0 Mobile Safari/537.36"
201.141.98.42 - - [09/Mar/2026:06:51:04 +0000] "GET /wp-content/plugins/woocommerce/assets/js/frontend/country-select.min.js?ver=10.3.7 HTTP/1.1" 200 1510 "https://hvmbertogarza.com/pagina-de-pago/" "Mozilla/5.0 (Linux; Android 10; K) AppleWebKit/537.36 (KHTML, like Gecko) Chrome/145.0.0.0 Mobile Safari/537.36"
201.141.98.42 - - [09/Mar/2026:06:51:04 +0000] "GET /wp-content/plugins/woocommerce/assets/js/frontend/checkout.min.js?ver=10.3.7 HTTP/1.1" 200 5444 "https://hvmbertogarza.com/pagina-de-pago/" "Mozilla/5.0 (Linux; Android 10; K) AppleWebKit/537.36 (KHTML, like Gecko) Chrome/145.0.0.0 Mobile Safari/537.36"
