74.7.242.14 - - [09/Mar/2026:06:56:28 +0000] "GET /wp-json/oembed/1.0/embed?url=https%3A%2F%2Fhvmbertogarza.com%2F1490-2%2F HTTP/1.1" 200 2744 "https://hvmbertogarza.com/1490-2/" "Mozilla/5.0 AppleWebKit/537.36 (KHTML, like Gecko; compatible; GPTBot/1.3; +https://openai.com/gptbot)"
74.7.242.14 - - [09/Mar/2026:06:56:31 +0000] "GET /wp-json/oembed/1.0/embed?url=https%3A%2F%2Fhvmbertogarza.com%2F1678-2%2F HTTP/1.1" 200 2744 "https://hvmbertogarza.com/1678-2/" "Mozilla/5.0 AppleWebKit/537.36 (KHTML, like Gecko; compatible; GPTBot/1.3; +https://openai.com/gptbot)"
74.7.242.14 - - [09/Mar/2026:06:56:33 +0000] "GET /wp-json/oembed/1.0/embed?url=https%3A%2F%2Fhvmbertogarza.com%2F1406-2%2F HTTP/1.1" 200 2744 "https://hvmbertogarza.com/1406-2/" "Mozilla/5.0 AppleWebKit/537.36 (KHTML, like Gecko; compatible; GPTBot/1.3; +https://openai.com/gptbot)"
74.7.242.14 - - [09/Mar/2026:06:56:35 +0000] "GET /wp-json/oembed/1.0/embed?url=https%3A%2F%2Fhvmbertogarza.com%2F1347-2%2F HTTP/1.1" 200 2744 "https://hvmbertogarza.com/1347-2/" "Mozilla/5.0 AppleWebKit/537.36 (KHTML, like Gecko; compatible; GPTBot/1.3; +https://openai.com/gptbot)"
74.7.242.14 - - [09/Mar/2026:06:56:37 +0000] "GET /wp-json/oembed/1.0/embed?url=https%3A%2F%2Fhvmbertogarza.com%2F1837-2%2F HTTP/1.1" 200 2744 "https://hvmbertogarza.com/1837-2/" "Mozilla/5.0 AppleWebKit/537.36 (KHTML, like Gecko; compatible; GPTBot/1.3; +https://openai.com/gptbot)"
103.42.198.211 - - [09/Mar/2026:06:56:38 +0000] "POST /xmlrpc.php HTTP/1.1" 200 4454 "-" "Mozilla/5.0 (Windows NT 10.0; Win64; x64) AppleWebKit/537.36 (KHTML, like Gecko) Chrome/91.0.4472.124 Safari/537.36"
74.7.242.14 - - [09/Mar/2026:06:56:39 +0000] "GET /wp-json/oembed/1.0/embed?url=https%3A%2F%2Fhvmbertogarza.com%2F1495-2%2F HTTP/1.1" 200 2744 "https://hvmbertogarza.com/1495-2/" "Mozilla/5.0 AppleWebKit/537.36 (KHTML, like Gecko; compatible; GPTBot/1.3; +https://openai.com/gptbot)"
74.7.242.14 - - [09/Mar/2026:06:56:42 +0000] "GET /?p=1678 HTTP/1.1" 301 339 "https://hvmbertogarza.com/1678-2/" "Mozilla/5.0 AppleWebKit/537.36 (KHTML, like Gecko; compatible; GPTBot/1.3; +https://openai.com/gptbot)"
74.7.242.14 - - [09/Mar/2026:06:56:43 +0000] "GET /1678-2/ HTTP/1.1" 200 41701 "https://hvmbertogarza.com/?p=1678" "Mozilla/5.0 AppleWebKit/537.36 (KHTML, like Gecko; compatible; GPTBot/1.3; +https://openai.com/gptbot)"
74.7.242.14 - - [09/Mar/2026:06:56:46 +0000] "GET /?p=1794 HTTP/1.1" 301 339 "https://hvmbertogarza.com/1794-2/" "Mozilla/5.0 AppleWebKit/537.36 (KHTML, like Gecko; compatible; GPTBot/1.3; +https://openai.com/gptbot)"
74.7.242.14 - - [09/Mar/2026:06:56:47 +0000] "GET /1794-2/ HTTP/1.1" 200 41383 "https://hvmbertogarza.com/?p=1794" "Mozilla/5.0 AppleWebKit/537.36 (KHTML, like Gecko; compatible; GPTBot/1.3; +https://openai.com/gptbot)"
74.7.242.14 - - [09/Mar/2026:06:56:50 +0000] "GET /?p=1837 HTTP/1.1" 301 339 "https://hvmbertogarza.com/1837-2/" "Mozilla/5.0 AppleWebKit/537.36 (KHTML, like Gecko; compatible; GPTBot/1.3; +https://openai.com/gptbot)"
74.208.176.140 - - [09/Mar/2026:06:56:55 +0000] "POST /wp-cron.php?doing_wp_cron=1773039415.0935289859771728515625 HTTP/1.1" 200 4101 "-" "WordPress/6.9.1; https://hvmbertogarza.com"
74.7.242.14 - - [09/Mar/2026:06:56:52 +0000] "GET /1837-2/ HTTP/1.1" 200 41876 "https://hvmbertogarza.com/?p=1837" "Mozilla/5.0 AppleWebKit/537.36 (KHTML, like Gecko; compatible; GPTBot/1.3; +https://openai.com/gptbot)"
74.7.242.14 - - [09/Mar/2026:06:56:55 +0000] "GET /?p=1490 HTTP/1.1" 301 339 "https://hvmbertogarza.com/1490-2/" "Mozilla/5.0 AppleWebKit/537.36 (KHTML, like Gecko; compatible; GPTBot/1.3; +https://openai.com/gptbot)"
74.7.242.14 - - [09/Mar/2026:06:56:57 +0000] "GET /1490-2/ HTTP/1.1" 200 41195 "https://hvmbertogarza.com/?p=1490" "Mozilla/5.0 AppleWebKit/537.36 (KHTML, like Gecko; compatible; GPTBot/1.3; +https://openai.com/gptbot)"
74.7.242.14 - - [09/Mar/2026:06:57:00 +0000] "GET /?p=1495 HTTP/1.1" 301 339 "https://hvmbertogarza.com/1495-2/" "Mozilla/5.0 AppleWebKit/537.36 (KHTML, like Gecko; compatible; GPTBot/1.3; +https://openai.com/gptbot)"
74.7.242.14 - - [09/Mar/2026:06:57:02 +0000] "GET /1495-2/ HTTP/1.1" 200 41395 "https://hvmbertogarza.com/?p=1495" "Mozilla/5.0 AppleWebKit/537.36 (KHTML, like Gecko; compatible; GPTBot/1.3; +https://openai.com/gptbot)"
74.7.242.14 - - [09/Mar/2026:06:57:07 +0000] "GET /?p=1406 HTTP/1.1" 301 339 "https://hvmbertogarza.com/1406-2/" "Mozilla/5.0 AppleWebKit/537.36 (KHTML, like Gecko; compatible; GPTBot/1.3; +https://openai.com/gptbot)"
74.7.242.14 - - [09/Mar/2026:06:57:09 +0000] "GET /1406-2/ HTTP/1.1" 200 41990 "https://hvmbertogarza.com/?p=1406" "Mozilla/5.0 AppleWebKit/537.36 (KHTML, like Gecko; compatible; GPTBot/1.3; +https://openai.com/gptbot)"
74.208.176.140 - - [09/Mar/2026:06:57:14 +0000] "POST /wp-cron.php?doing_wp_cron=1773039434.7401649951934814453125 HTTP/1.1" 200 4101 "-" "WordPress/6.9.1; https://hvmbertogarza.com"
74.7.242.14 - - [09/Mar/2026:06:57:12 +0000] "GET /?p=1604 HTTP/1.1" 301 339 "https://hvmbertogarza.com/1604-2/" "Mozilla/5.0 AppleWebKit/537.36 (KHTML, like Gecko; compatible; GPTBot/1.3; +https://openai.com/gptbot)"
74.7.242.14 - - [09/Mar/2026:06:57:14 +0000] "GET /1604-2/ HTTP/1.1" 200 41749 "https://hvmbertogarza.com/?p=1604" "Mozilla/5.0 AppleWebKit/537.36 (KHTML, like Gecko; compatible; GPTBot/1.3; +https://openai.com/gptbot)"
74.7.242.14 - - [09/Mar/2026:06:57:17 +0000] "GET /?p=1347 HTTP/1.1" 301 339 "https://hvmbertogarza.com/1347-2/" "Mozilla/5.0 AppleWebKit/537.36 (KHTML, like Gecko; compatible; GPTBot/1.3; +https://openai.com/gptbot)"
74.208.176.140 - - [09/Mar/2026:06:57:22 +0000] "POST /wp-cron.php?doing_wp_cron=1773039442.2677099704742431640625 HTTP/1.1" 200 4101 "-" "WordPress/6.9.1; https://hvmbertogarza.com"
74.7.242.14 - - [09/Mar/2026:06:57:19 +0000] "GET /1347-2/ HTTP/1.1" 200 41376 "https://hvmbertogarza.com/?p=1347" "Mozilla/5.0 AppleWebKit/537.36 (KHTML, like Gecko; compatible; GPTBot/1.3; +https://openai.com/gptbot)"
74.7.242.14 - - [09/Mar/2026:06:57:22 +0000] "GET /wp-json/wp/v2/posts/1837 HTTP/1.1" 200 5135 "https://hvmbertogarza.com/1837-2/" "Mozilla/5.0 AppleWebKit/537.36 (KHTML, like Gecko; compatible; GPTBot/1.3; +https://openai.com/gptbot)"
74.7.242.14 - - [09/Mar/2026:06:57:24 +0000] "GET /wp-json/wp/v2/posts/1495 HTTP/1.1" 200 4568 "https://hvmbertogarza.com/1495-2/" "Mozilla/5.0 AppleWebKit/537.36 (KHTML, like Gecko; compatible; GPTBot/1.3; +https://openai.com/gptbot)"
74.7.242.14 - - [09/Mar/2026:06:57:26 +0000] "GET /wp-json/wp/v2/posts/1678 HTTP/1.1" 200 4630 "https://hvmbertogarza.com/1678-2/" "Mozilla/5.0 AppleWebKit/537.36 (KHTML, like Gecko; compatible; GPTBot/1.3; +https://openai.com/gptbot)"
74.7.242.14 - - [09/Mar/2026:06:57:29 +0000] "GET /wp-json/wp/v2/posts/1794 HTTP/1.1" 200 4571 "https://hvmbertogarza.com/1794-2/" "Mozilla/5.0 AppleWebKit/537.36 (KHTML, like Gecko; compatible; GPTBot/1.3; +https://openai.com/gptbot)"
74.7.242.14 - - [09/Mar/2026:06:57:32 +0000] "GET /wp-json/wp/v2/posts/1604 HTTP/1.1" 200 4895 "https://hvmbertogarza.com/1604-2/" "Mozilla/5.0 AppleWebKit/537.36 (KHTML, like Gecko; compatible; GPTBot/1.3; +https://openai.com/gptbot)"
74.7.242.14 - - [09/Mar/2026:06:57:34 +0000] "GET /wp-json/wp/v2/posts/1490 HTTP/1.1" 200 4509 "https://hvmbertogarza.com/1490-2/" "Mozilla/5.0 AppleWebKit/537.36 (KHTML, like Gecko; compatible; GPTBot/1.3; +https://openai.com/gptbot)"
96.62.31.100 - - [09/Mar/2026:06:57:34 +0000] "GET /wp-content/uploads/photo-gallery/thumb/Foto-13-03-16-9-52-58-p.m..jpg HTTP/1.1" 404 180044 "-" "Mozilla/5.0 (compatible; crawler)"
74.7.242.14 - - [09/Mar/2026:06:57:37 +0000] "GET /wp-json/wp/v2/posts/1406 HTTP/1.1" 200 5698 "https://hvmbertogarza.com/1406-2/" "Mozilla/5.0 AppleWebKit/537.36 (KHTML, like Gecko; compatible; GPTBot/1.3; +https://openai.com/gptbot)"
103.42.198.211 - - [09/Mar/2026:06:57:38 +0000] "POST /xmlrpc.php HTTP/1.1" 200 4454 "-" "Mozilla/5.0 (Windows NT 10.0; Win64; x64) AppleWebKit/537.36 (KHTML, like Gecko) Chrome/91.0.4472.124 Safari/537.36"
74.7.242.14 - - [09/Mar/2026:06:57:39 +0000] "GET /wp-json/wp/v2/posts/1347 HTTP/1.1" 200 4646 "https://hvmbertogarza.com/1347-2/" "Mozilla/5.0 AppleWebKit/537.36 (KHTML, like Gecko; compatible; GPTBot/1.3; +https://openai.com/gptbot)"
74.7.242.14 - - [09/Mar/2026:06:57:42 +0000] "GET /2025/03/20/ HTTP/1.1" 200 36242 "https://hvmbertogarza.com/1794-2/" "Mozilla/5.0 AppleWebKit/537.36 (KHTML, like Gecko; compatible; GPTBot/1.3; +https://openai.com/gptbot)"
74.7.242.14 - - [09/Mar/2026:06:57:44 +0000] "GET /1604-2/feed/ HTTP/1.1" 200 1053 "https://hvmbertogarza.com/1604-2/" "Mozilla/5.0 AppleWebKit/537.36 (KHTML, like Gecko; compatible; GPTBot/1.3; +https://openai.com/gptbot)"
74.7.242.14 - - [09/Mar/2026:06:57:46 +0000] "GET /1406-2/feed/ HTTP/1.1" 200 1052 "https://hvmbertogarza.com/1406-2/" "Mozilla/5.0 AppleWebKit/537.36 (KHTML, like Gecko; compatible; GPTBot/1.3; +https://openai.com/gptbot)"
74.7.242.14 - - [09/Mar/2026:06:57:48 +0000] "GET /1580-2/feed/ HTTP/1.1" 200 1053 "https://hvmbertogarza.com/1580-2/" "Mozilla/5.0 AppleWebKit/537.36 (KHTML, like Gecko; compatible; GPTBot/1.3; +https://openai.com/gptbot)"
74.208.176.140 - - [09/Mar/2026:06:57:51 +0000] "POST /wp-cron.php?doing_wp_cron=1773039471.2522621154785156250000 HTTP/1.1" 200 4101 "-" "WordPress/6.9.1; https://hvmbertogarza.com"
74.7.242.14 - - [09/Mar/2026:06:57:49 +0000] "GET /1678-2/feed/ HTTP/1.1" 200 1054 "https://hvmbertogarza.com/1678-2/" "Mozilla/5.0 AppleWebKit/537.36 (KHTML, like Gecko; compatible; GPTBot/1.3; +https://openai.com/gptbot)"
74.7.242.14 - - [09/Mar/2026:06:57:51 +0000] "GET /1495-2/feed/ HTTP/1.1" 200 1053 "https://hvmbertogarza.com/1495-2/" "Mozilla/5.0 AppleWebKit/537.36 (KHTML, like Gecko; compatible; GPTBot/1.3; +https://openai.com/gptbot)"
74.7.242.14 - - [09/Mar/2026:06:57:53 +0000] "GET /1837-2/feed/ HTTP/1.1" 200 1053 "https://hvmbertogarza.com/1837-2/" "Mozilla/5.0 AppleWebKit/537.36 (KHTML, like Gecko; compatible; GPTBot/1.3; +https://openai.com/gptbot)"
74.7.242.14 - - [09/Mar/2026:06:57:55 +0000] "GET /1490-2/feed/ HTTP/1.1" 200 1053 "https://hvmbertogarza.com/1490-2/" "Mozilla/5.0 AppleWebKit/537.36 (KHTML, like Gecko; compatible; GPTBot/1.3; +https://openai.com/gptbot)"
74.7.242.14 - - [09/Mar/2026:06:57:57 +0000] "GET /1347-2/feed/ HTTP/1.1" 200 1053 "https://hvmbertogarza.com/1347-2/" "Mozilla/5.0 AppleWebKit/537.36 (KHTML, like Gecko; compatible; GPTBot/1.3; +https://openai.com/gptbot)"
74.7.242.14 - - [09/Mar/2026:06:57:59 +0000] "GET /1794-2/feed/ HTTP/1.1" 200 1053 "https://hvmbertogarza.com/1794-2/" "Mozilla/5.0 AppleWebKit/537.36 (KHTML, like Gecko; compatible; GPTBot/1.3; +https://openai.com/gptbot)"
74.7.242.14 - - [09/Mar/2026:06:58:01 +0000] "GET /wp-json/oembed/1.0/embed?format=xml&url=https%3A%2F%2Fhvmbertogarza.com%2F1406-2%2F HTTP/1.1" 200 2131 "https://hvmbertogarza.com/1406-2/" "Mozilla/5.0 AppleWebKit/537.36 (KHTML, like Gecko; compatible; GPTBot/1.3; +https://openai.com/gptbot)"
74.7.242.14 - - [09/Mar/2026:06:58:03 +0000] "GET /wp-json/oembed/1.0/embed?format=xml&url=https%3A%2F%2Fhvmbertogarza.com%2F1347-2%2F HTTP/1.1" 200 2133 "https://hvmbertogarza.com/1347-2/" "Mozilla/5.0 AppleWebKit/537.36 (KHTML, like Gecko; compatible; GPTBot/1.3; +https://openai.com/gptbot)"
74.7.242.14 - - [09/Mar/2026:06:58:07 +0000] "GET /wp-json/oembed/1.0/embed?format=xml&url=https%3A%2F%2Fhvmbertogarza.com%2F1837-2%2F HTTP/1.1" 200 2132 "https://hvmbertogarza.com/1837-2/" "Mozilla/5.0 AppleWebKit/537.36 (KHTML, like Gecko; compatible; GPTBot/1.3; +https://openai.com/gptbot)"
74.7.242.14 - - [09/Mar/2026:06:58:10 +0000] "GET /wp-json/oembed/1.0/embed?format=xml&url=https%3A%2F%2Fhvmbertogarza.com%2F1580-2%2F HTTP/1.1" 200 2132 "https://hvmbertogarza.com/1580-2/" "Mozilla/5.0 AppleWebKit/537.36 (KHTML, like Gecko; compatible; GPTBot/1.3; +https://openai.com/gptbot)"
74.7.242.14 - - [09/Mar/2026:06:58:12 +0000] "GET /wp-json/oembed/1.0/embed?format=xml&url=https%3A%2F%2Fhvmbertogarza.com%2F1794-2%2F HTTP/1.1" 200 2132 "https://hvmbertogarza.com/1794-2/" "Mozilla/5.0 AppleWebKit/537.36 (KHTML, like Gecko; compatible; GPTBot/1.3; +https://openai.com/gptbot)"
74.7.242.14 - - [09/Mar/2026:06:58:15 +0000] "GET /wp-json/oembed/1.0/embed?format=xml&url=https%3A%2F%2Fhvmbertogarza.com%2F1678-2%2F HTTP/1.1" 200 2131 "https://hvmbertogarza.com/1678-2/" "Mozilla/5.0 AppleWebKit/537.36 (KHTML, like Gecko; compatible; GPTBot/1.3; +https://openai.com/gptbot)"
74.7.242.14 - - [09/Mar/2026:06:58:17 +0000] "GET /wp-json/oembed/1.0/embed?format=xml&url=https%3A%2F%2Fhvmbertogarza.com%2F1604-2%2F HTTP/1.1" 200 2132 "https://hvmbertogarza.com/1604-2/" "Mozilla/5.0 AppleWebKit/537.36 (KHTML, like Gecko; compatible; GPTBot/1.3; +https://openai.com/gptbot)"
74.208.176.140 - - [09/Mar/2026:06:58:22 +0000] "POST /wp-cron.php?doing_wp_cron=1773039502.2163059711456298828125 HTTP/1.1" 200 4101 "-" "WordPress/6.9.1; https://hvmbertogarza.com"
74.7.242.14 - - [09/Mar/2026:06:58:19 +0000] "GET /wp-json/oembed/1.0/embed?format=xml&url=https%3A%2F%2Fhvmbertogarza.com%2F1495-2%2F HTTP/1.1" 200 2132 "https://hvmbertogarza.com/1495-2/" "Mozilla/5.0 AppleWebKit/537.36 (KHTML, like Gecko; compatible; GPTBot/1.3; +https://openai.com/gptbot)"
74.7.242.14 - - [09/Mar/2026:06:58:22 +0000] "GET /wp-json/oembed/1.0/embed?format=xml&url=https%3A%2F%2Fhvmbertogarza.com%2F1490-2%2F HTTP/1.1" 200 2132 "https://hvmbertogarza.com/1490-2/" "Mozilla/5.0 AppleWebKit/537.36 (KHTML, like Gecko; compatible; GPTBot/1.3; +https://openai.com/gptbot)"
74.7.242.14 - - [09/Mar/2026:06:58:24 +0000] "GET /wp-content/plugins/shopengine/modules/swatches/loop-product-support/assets/swatches.css?ver=1773039349 HTTP/1.1" 200 254 "https://hvmbertogarza.com/1580-2/" "Mozilla/5.0 AppleWebKit/537.36 (KHTML, like Gecko; compatible; GPTBot/1.3; +https://openai.com/gptbot)"
74.7.242.14 - - [09/Mar/2026:06:58:25 +0000] "GET /wp-content/plugins/shopengine/modules/swatches/loop-product-support/assets/swatches.css?ver=1773039426 HTTP/1.1" 200 254 "https://hvmbertogarza.com/?p=1495" "Mozilla/5.0 AppleWebKit/537.36 (KHTML, like Gecko; compatible; GPTBot/1.3; +https://openai.com/gptbot)"
74.7.242.14 - - [09/Mar/2026:06:58:25 +0000] "GET /wp-content/plugins/shopengine/modules/swatches/loop-product-support/assets/swatches.css?ver=1773039373 HTTP/1.1" 200 254 "https://hvmbertogarza.com/1495-2/" "Mozilla/5.0 AppleWebKit/537.36 (KHTML, like Gecko; compatible; GPTBot/1.3; +https://openai.com/gptbot)"
74.7.242.14 - - [09/Mar/2026:06:58:26 +0000] "GET /wp-content/plugins/shopengine/modules/swatches/loop-product-support/assets/swatches.css?ver=1773039432 HTTP/1.1" 200 254 "https://hvmbertogarza.com/?p=1406" "Mozilla/5.0 AppleWebKit/537.36 (KHTML, like Gecko; compatible; GPTBot/1.3; +https://openai.com/gptbot)"
74.7.242.14 - - [09/Mar/2026:06:58:26 +0000] "GET /wp-content/plugins/shopengine/modules/swatches/loop-product-support/assets/swatches.css?ver=1773039358 HTTP/1.1" 200 254 "https://hvmbertogarza.com/1490-2/" "Mozilla/5.0 AppleWebKit/537.36 (KHTML, like Gecko; compatible; GPTBot/1.3; +https://openai.com/gptbot)"
74.7.242.14 - - [09/Mar/2026:06:58:27 +0000] "GET /wp-content/plugins/shopengine/modules/swatches/loop-product-support/assets/swatches.css?ver=1773039463 HTTP/1.1" 200 254 "https://hvmbertogarza.com/2025/03/20/" "Mozilla/5.0 AppleWebKit/537.36 (KHTML, like Gecko; compatible; GPTBot/1.3; +https://openai.com/gptbot)"
74.7.242.14 - - [09/Mar/2026:06:58:27 +0000] "GET /wp-content/plugins/shopengine/modules/swatches/loop-product-support/assets/swatches.css?ver=1773039420 HTTP/1.1" 200 254 "https://hvmbertogarza.com/?p=1490" "Mozilla/5.0 AppleWebKit/537.36 (KHTML, like Gecko; compatible; GPTBot/1.3; +https://openai.com/gptbot)"
74.7.242.14 - - [09/Mar/2026:06:58:28 +0000] "GET /wp-content/plugins/shopengine/modules/swatches/loop-product-support/assets/swatches.css?ver=1773039355 HTTP/1.1" 200 254 "https://hvmbertogarza.com/1604-2/" "Mozilla/5.0 AppleWebKit/537.36 (KHTML, like Gecko; compatible; GPTBot/1.3; +https://openai.com/gptbot)"
74.7.242.14 - - [09/Mar/2026:06:58:28 +0000] "GET /wp-content/plugins/shopengine/modules/swatches/loop-product-support/assets/swatches.css?ver=1773039367 HTTP/1.1" 200 254 "https://hvmbertogarza.com/1347-2/" "Mozilla/5.0 AppleWebKit/537.36 (KHTML, like Gecko; compatible; GPTBot/1.3; +https://openai.com/gptbot)"
74.7.242.14 - - [09/Mar/2026:06:58:29 +0000] "GET /wp-content/plugins/shopengine/modules/swatches/loop-product-support/assets/swatches.css?ver=1773039360 HTTP/1.1" 200 254 "https://hvmbertogarza.com/1678-2/" "Mozilla/5.0 AppleWebKit/537.36 (KHTML, like Gecko; compatible; GPTBot/1.3; +https://openai.com/gptbot)"
74.7.242.14 - - [09/Mar/2026:06:58:29 +0000] "GET /wp-content/plugins/shopengine/modules/swatches/loop-product-support/assets/swatches.css?ver=1773039405 HTTP/1.1" 200 254 "https://hvmbertogarza.com/?p=1678" "Mozilla/5.0 AppleWebKit/537.36 (KHTML, like Gecko; compatible; GPTBot/1.3; +https://openai.com/gptbot)"
74.7.242.14 - - [09/Mar/2026:06:58:30 +0000] "GET /wp-content/plugins/shopengine/modules/swatches/loop-product-support/assets/swatches.css?ver=1773039437 HTTP/1.1" 200 254 "https://hvmbertogarza.com/?p=1604" "Mozilla/5.0 AppleWebKit/537.36 (KHTML, like Gecko; compatible; GPTBot/1.3; +https://openai.com/gptbot)"
74.7.242.14 - - [09/Mar/2026:06:58:31 +0000] "GET /wp-content/plugins/shopengine/modules/swatches/loop-product-support/assets/swatches.css?ver=1773039409 HTTP/1.1" 200 254 "https://hvmbertogarza.com/?p=1794" "Mozilla/5.0 AppleWebKit/537.36 (KHTML, like Gecko; compatible; GPTBot/1.3; +https://openai.com/gptbot)"
74.7.242.14 - - [09/Mar/2026:06:58:31 +0000] "GET /wp-content/plugins/shopengine/modules/swatches/loop-product-support/assets/swatches.css?ver=1773039441 HTTP/1.1" 200 254 "https://hvmbertogarza.com/?p=1347" "Mozilla/5.0 AppleWebKit/537.36 (KHTML, like Gecko; compatible; GPTBot/1.3; +https://openai.com/gptbot)"
74.7.242.14 - - [09/Mar/2026:06:58:32 +0000] "GET /wp-content/plugins/shopengine/modules/swatches/loop-product-support/assets/swatches.css?ver=1773039370 HTTP/1.1" 200 254 "https://hvmbertogarza.com/1837-2/" "Mozilla/5.0 AppleWebKit/537.36 (KHTML, like Gecko; compatible; GPTBot/1.3; +https://openai.com/gptbot)"
74.7.242.14 - - [09/Mar/2026:06:58:32 +0000] "GET /wp-content/plugins/shopengine/modules/swatches/loop-product-support/assets/swatches.css?ver=1773039414 HTTP/1.1" 200 254 "https://hvmbertogarza.com/?p=1837" "Mozilla/5.0 AppleWebKit/537.36 (KHTML, like Gecko; compatible; GPTBot/1.3; +https://openai.com/gptbot)"
74.7.242.14 - - [09/Mar/2026:06:58:33 +0000] "GET /wp-content/plugins/shopengine/modules/swatches/loop-product-support/assets/swatches.css?ver=1773039378 HTTP/1.1" 200 254 "https://hvmbertogarza.com/?p=1580" "Mozilla/5.0 AppleWebKit/537.36 (KHTML, like Gecko; compatible; GPTBot/1.3; +https://openai.com/gptbot)"
74.7.242.14 - - [09/Mar/2026:06:58:33 +0000] "GET /wp-content/plugins/shopengine/modules/swatches/loop-product-support/assets/swatches.css?ver=1773039364 HTTP/1.1" 200 254 "https://hvmbertogarza.com/1406-2/" "Mozilla/5.0 AppleWebKit/537.36 (KHTML, like Gecko; compatible; GPTBot/1.3; +https://openai.com/gptbot)"
74.7.242.14 - - [09/Mar/2026:06:58:34 +0000] "GET /wp-content/plugins/shopengine/modules/swatches/loop-product-support/assets/swatches.css?ver=1773039353 HTTP/1.1" 200 254 "https://hvmbertogarza.com/1794-2/" "Mozilla/5.0 AppleWebKit/537.36 (KHTML, like Gecko; compatible; GPTBot/1.3; +https://openai.com/gptbot)"
74.208.176.140 - - [09/Mar/2026:06:58:37 +0000] "POST /wp-cron.php?doing_wp_cron=1773039517.3074760437011718750000 HTTP/1.1" 200 4101 "-" "WordPress/6.9.1; https://hvmbertogarza.com"
74.7.242.14 - - [09/Mar/2026:06:58:34 +0000] "GET /1790-2/ HTTP/1.1" 200 41876 "https://hvmbertogarza.com/author/israel-arriaga/page/21/" "Mozilla/5.0 AppleWebKit/537.36 (KHTML, like Gecko; compatible; GPTBot/1.3; +https://openai.com/gptbot)"
74.7.242.14 - - [09/Mar/2026:06:58:37 +0000] "GET /1796-2/ HTTP/1.1" 200 45018 "https://hvmbertogarza.com/author/israel-arriaga/page/35/" "Mozilla/5.0 AppleWebKit/537.36 (KHTML, like Gecko; compatible; GPTBot/1.3; +https://openai.com/gptbot)"
103.42.198.211 - - [09/Mar/2026:06:58:38 +0000] "POST /xmlrpc.php HTTP/1.1" 200 4454 "-" "Mozilla/5.0 (Windows NT 10.0; Win64; x64) AppleWebKit/537.36 (KHTML, like Gecko) Chrome/91.0.4472.124 Safari/537.36"
74.7.242.14 - - [09/Mar/2026:06:58:40 +0000] "GET /1578-2/ HTTP/1.1" 200 40973 "https://hvmbertogarza.com/author/israel-arriaga/page/31/" "Mozilla/5.0 AppleWebKit/537.36 (KHTML, like Gecko; compatible; GPTBot/1.3; +https://openai.com/gptbot)"
74.7.242.14 - - [09/Mar/2026:06:58:43 +0000] "GET /1630-2/ HTTP/1.1" 200 41240 "https://hvmbertogarza.com/author/israel-arriaga/page/7/" "Mozilla/5.0 AppleWebKit/537.36 (KHTML, like Gecko; compatible; GPTBot/1.3; +https://openai.com/gptbot)"
74.7.242.14 - - [09/Mar/2026:06:58:45 +0000] "GET /1948-2/ HTTP/1.1" 200 41620 "https://hvmbertogarza.com/author/israel-arriaga/page/8/" "Mozilla/5.0 AppleWebKit/537.36 (KHTML, like Gecko; compatible; GPTBot/1.3; +https://openai.com/gptbot)"
74.208.176.140 - - [09/Mar/2026:06:58:51 +0000] "POST /wp-cron.php?doing_wp_cron=1773039531.6283640861511230468750 HTTP/1.1" 200 4101 "-" "WordPress/6.9.1; https://hvmbertogarza.com"
74.7.242.14 - - [09/Mar/2026:06:58:48 +0000] "GET /1869-2/ HTTP/1.1" 200 41402 "https://hvmbertogarza.com/author/israel-arriaga/page/32/" "Mozilla/5.0 AppleWebKit/537.36 (KHTML, like Gecko; compatible; GPTBot/1.3; +https://openai.com/gptbot)"
74.7.242.14 - - [09/Mar/2026:06:58:51 +0000] "GET /1596-2/ HTTP/1.1" 200 42058 "https://hvmbertogarza.com/author/israel-arriaga/page/17/" "Mozilla/5.0 AppleWebKit/537.36 (KHTML, like Gecko; compatible; GPTBot/1.3; +https://openai.com/gptbot)"
74.7.242.14 - - [09/Mar/2026:06:58:54 +0000] "GET /1584-2/ HTTP/1.1" 200 42049 "https://hvmbertogarza.com/author/israel-arriaga/page/37/" "Mozilla/5.0 AppleWebKit/537.36 (KHTML, like Gecko; compatible; GPTBot/1.3; +https://openai.com/gptbot)"
74.208.176.140 - - [09/Mar/2026:06:58:59 +0000] "POST /wp-cron.php?doing_wp_cron=1773039539.7389450073242187500000 HTTP/1.1" 200 4101 "-" "WordPress/6.9.1; https://hvmbertogarza.com"
74.7.242.14 - - [09/Mar/2026:06:58:57 +0000] "GET /wp-json/wp/v2/posts/1790 HTTP/1.1" 200 4960 "https://hvmbertogarza.com/1790-2/" "Mozilla/5.0 AppleWebKit/537.36 (KHTML, like Gecko; compatible; GPTBot/1.3; +https://openai.com/gptbot)"
74.7.242.14 - - [09/Mar/2026:06:58:59 +0000] "GET /1790-2/feed/ HTTP/1.1" 200 1052 "https://hvmbertogarza.com/1790-2/" "Mozilla/5.0 AppleWebKit/537.36 (KHTML, like Gecko; compatible; GPTBot/1.3; +https://openai.com/gptbot)"
74.7.242.14 - - [09/Mar/2026:06:59:01 +0000] "GET /1956-2/ HTTP/1.1" 200 41880 "https://hvmbertogarza.com/author/israel-arriaga/page/13/" "Mozilla/5.0 AppleWebKit/537.36 (KHTML, like Gecko; compatible; GPTBot/1.3; +https://openai.com/gptbot)"
74.7.242.14 - - [09/Mar/2026:06:59:04 +0000] "GET /wp-json/oembed/1.0/embed?url=https%3A%2F%2Fhvmbertogarza.com%2F1790-2%2F HTTP/1.1" 200 2744 "https://hvmbertogarza.com/1790-2/" "Mozilla/5.0 AppleWebKit/537.36 (KHTML, like Gecko; compatible; GPTBot/1.3; +https://openai.com/gptbot)"
74.7.242.14 - - [09/Mar/2026:06:59:06 +0000] "GET /wp-json/oembed/1.0/embed?url=https%3A%2F%2Fhvmbertogarza.com%2F1796-2%2F HTTP/1.1" 200 2744 "https://hvmbertogarza.com/1796-2/" "Mozilla/5.0 AppleWebKit/537.36 (KHTML, like Gecko; compatible; GPTBot/1.3; +https://openai.com/gptbot)"
74.7.242.14 - - [09/Mar/2026:06:59:09 +0000] "GET /1578-2/feed/ HTTP/1.1" 200 1054 "https://hvmbertogarza.com/1578-2/" "Mozilla/5.0 AppleWebKit/537.36 (KHTML, like Gecko; compatible; GPTBot/1.3; +https://openai.com/gptbot)"
74.7.242.14 - - [09/Mar/2026:06:59:10 +0000] "GET /wp-json/oembed/1.0/embed?url=https%3A%2F%2Fhvmbertogarza.com%2F1578-2%2F HTTP/1.1" 200 2744 "https://hvmbertogarza.com/1578-2/" "Mozilla/5.0 AppleWebKit/537.36 (KHTML, like Gecko; compatible; GPTBot/1.3; +https://openai.com/gptbot)"
74.7.242.14 - - [09/Mar/2026:06:59:13 +0000] "GET /wp-json/oembed/1.0/embed?url=https%3A%2F%2Fhvmbertogarza.com%2F1630-2%2F HTTP/1.1" 200 2744 "https://hvmbertogarza.com/1630-2/" "Mozilla/5.0 AppleWebKit/537.36 (KHTML, like Gecko; compatible; GPTBot/1.3; +https://openai.com/gptbot)"
74.7.242.14 - - [09/Mar/2026:06:59:15 +0000] "GET /wp-json/oembed/1.0/embed?url=https%3A%2F%2Fhvmbertogarza.com%2F1948-2%2F HTTP/1.1" 200 2744 "https://hvmbertogarza.com/1948-2/" "Mozilla/5.0 AppleWebKit/537.36 (KHTML, like Gecko; compatible; GPTBot/1.3; +https://openai.com/gptbot)"
74.7.242.14 - - [09/Mar/2026:06:59:17 +0000] "GET /wp-json/oembed/1.0/embed?url=https%3A%2F%2Fhvmbertogarza.com%2F1596-2%2F HTTP/1.1" 200 2744 "https://hvmbertogarza.com/1596-2/" "Mozilla/5.0 AppleWebKit/537.36 (KHTML, like Gecko; compatible; GPTBot/1.3; +https://openai.com/gptbot)"
74.208.176.140 - - [09/Mar/2026:06:59:21 +0000] "POST /wp-cron.php?doing_wp_cron=1773039561.7952170372009277343750 HTTP/1.1" 200 4101 "-" "WordPress/6.9.1; https://hvmbertogarza.com"
74.7.242.14 - - [09/Mar/2026:06:59:19 +0000] "GET /wp-json/oembed/1.0/embed?url=https%3A%2F%2Fhvmbertogarza.com%2F1584-2%2F HTTP/1.1" 200 2744 "https://hvmbertogarza.com/1584-2/" "Mozilla/5.0 AppleWebKit/537.36 (KHTML, like Gecko; compatible; GPTBot/1.3; +https://openai.com/gptbot)"
74.7.242.14 - - [09/Mar/2026:06:59:21 +0000] "GET /wp-json/oembed/1.0/embed?url=https%3A%2F%2Fhvmbertogarza.com%2F1869-2%2F HTTP/1.1" 200 2744 "https://hvmbertogarza.com/1869-2/" "Mozilla/5.0 AppleWebKit/537.36 (KHTML, like Gecko; compatible; GPTBot/1.3; +https://openai.com/gptbot)"
74.7.242.14 - - [09/Mar/2026:06:59:24 +0000] "GET /2025/05/10/ HTTP/1.1" 200 36248 "https://hvmbertogarza.com/1869-2/" "Mozilla/5.0 AppleWebKit/537.36 (KHTML, like Gecko; compatible; GPTBot/1.3; +https://openai.com/gptbot)"
74.7.242.14 - - [09/Mar/2026:06:59:27 +0000] "GET /wp-json/oembed/1.0/embed?url=https%3A%2F%2Fhvmbertogarza.com%2F1956-2%2F HTTP/1.1" 200 2744 "https://hvmbertogarza.com/1956-2/" "Mozilla/5.0 AppleWebKit/537.36 (KHTML, like Gecko; compatible; GPTBot/1.3; +https://openai.com/gptbot)"
74.7.242.14 - - [09/Mar/2026:06:59:30 +0000] "GET /2025/12/29/ HTTP/1.1" 200 36229 "https://hvmbertogarza.com/1948-2/" "Mozilla/5.0 AppleWebKit/537.36 (KHTML, like Gecko; compatible; GPTBot/1.3; +https://openai.com/gptbot)"
74.7.242.14 - - [09/Mar/2026:06:59:33 +0000] "GET /?p=1869 HTTP/1.1" 301 339 "https://hvmbertogarza.com/1869-2/" "Mozilla/5.0 AppleWebKit/537.36 (KHTML, like Gecko; compatible; GPTBot/1.3; +https://openai.com/gptbot)"
74.7.242.14 - - [09/Mar/2026:06:59:35 +0000] "GET /1869-2/ HTTP/1.1" 200 41403 "https://hvmbertogarza.com/?p=1869" "Mozilla/5.0 AppleWebKit/537.36 (KHTML, like Gecko; compatible; GPTBot/1.3; +https://openai.com/gptbot)"
198.244.183.255 - - [09/Mar/2026:06:59:36 +0000] "GET /europa-casino-aktionscode/ HTTP/1.1" 200 45681 "-" "Mozilla/5.0 (compatible; AhrefsBot/7.0; +http://ahrefs.com/robot/)"
103.42.198.211 - - [09/Mar/2026:06:59:38 +0000] "POST /xmlrpc.php HTTP/1.1" 200 4454 "-" "Mozilla/5.0 (Windows NT 10.0; Win64; x64) AppleWebKit/537.36 (KHTML, like Gecko) Chrome/91.0.4472.124 Safari/537.36"
74.7.242.14 - - [09/Mar/2026:06:59:38 +0000] "GET /?p=1790 HTTP/1.1" 301 339 "https://hvmbertogarza.com/1790-2/" "Mozilla/5.0 AppleWebKit/537.36 (KHTML, like Gecko; compatible; GPTBot/1.3; +https://openai.com/gptbot)"
74.7.242.14 - - [09/Mar/2026:06:59:40 +0000] "GET /1790-2/ HTTP/1.1" 200 41860 "https://hvmbertogarza.com/?p=1790" "Mozilla/5.0 AppleWebKit/537.36 (KHTML, like Gecko; compatible; GPTBot/1.3; +https://openai.com/gptbot)"
74.7.242.14 - - [09/Mar/2026:06:59:44 +0000] "GET /?p=1948 HTTP/1.1" 301 339 "https://hvmbertogarza.com/1948-2/" "Mozilla/5.0 AppleWebKit/537.36 (KHTML, like Gecko; compatible; GPTBot/1.3; +https://openai.com/gptbot)"
74.7.242.14 - - [09/Mar/2026:06:59:45 +0000] "GET /1948-2/ HTTP/1.1" 200 41621 "https://hvmbertogarza.com/?p=1948" "Mozilla/5.0 AppleWebKit/537.36 (KHTML, like Gecko; compatible; GPTBot/1.3; +https://openai.com/gptbot)"
74.7.242.14 - - [09/Mar/2026:06:59:48 +0000] "GET /?p=1584 HTTP/1.1" 301 339 "https://hvmbertogarza.com/1584-2/" "Mozilla/5.0 AppleWebKit/537.36 (KHTML, like Gecko; compatible; GPTBot/1.3; +https://openai.com/gptbot)"
74.208.176.140 - - [09/Mar/2026:06:59:53 +0000] "POST /wp-cron.php?doing_wp_cron=1773039593.2557749748229980468750 HTTP/1.1" 200 4101 "-" "WordPress/6.9.1; https://hvmbertogarza.com"
74.7.242.14 - - [09/Mar/2026:06:59:50 +0000] "GET /1584-2/ HTTP/1.1" 200 42049 "https://hvmbertogarza.com/?p=1584" "Mozilla/5.0 AppleWebKit/537.36 (KHTML, like Gecko; compatible; GPTBot/1.3; +https://openai.com/gptbot)"
74.7.242.14 - - [09/Mar/2026:06:59:53 +0000] "GET /?p=1630 HTTP/1.1" 301 339 "https://hvmbertogarza.com/1630-2/" "Mozilla/5.0 AppleWebKit/537.36 (KHTML, like Gecko; compatible; GPTBot/1.3; +https://openai.com/gptbot)"
74.7.242.14 - - [09/Mar/2026:06:59:55 +0000] "GET /1630-2/ HTTP/1.1" 200 41237 "https://hvmbertogarza.com/?p=1630" "Mozilla/5.0 AppleWebKit/537.36 (KHTML, like Gecko; compatible; GPTBot/1.3; +https://openai.com/gptbot)"
74.7.242.14 - - [09/Mar/2026:06:59:58 +0000] "GET /?p=1796 HTTP/1.1" 301 339 "https://hvmbertogarza.com/1796-2/" "Mozilla/5.0 AppleWebKit/537.36 (KHTML, like Gecko; compatible; GPTBot/1.3; +https://openai.com/gptbot)"
74.7.242.14 - - [09/Mar/2026:07:00:00 +0000] "GET /1796-2/ HTTP/1.1" 200 41231 "https://hvmbertogarza.com/?p=1796" "Mozilla/5.0 AppleWebKit/537.36 (KHTML, like Gecko; compatible; GPTBot/1.3; +https://openai.com/gptbot)"
74.7.242.14 - - [09/Mar/2026:07:00:04 +0000] "GET /?p=1596 HTTP/1.1" 301 339 "https://hvmbertogarza.com/1596-2/" "Mozilla/5.0 AppleWebKit/537.36 (KHTML, like Gecko; compatible; GPTBot/1.3; +https://openai.com/gptbot)"
74.7.242.14 - - [09/Mar/2026:07:00:07 +0000] "GET /1596-2/ HTTP/1.1" 200 42058 "https://hvmbertogarza.com/?p=1596" "Mozilla/5.0 AppleWebKit/537.36 (KHTML, like Gecko; compatible; GPTBot/1.3; +https://openai.com/gptbot)"
74.7.242.14 - - [09/Mar/2026:07:00:11 +0000] "GET /?p=1578 HTTP/1.1" 301 339 "https://hvmbertogarza.com/1578-2/" "Mozilla/5.0 AppleWebKit/537.36 (KHTML, like Gecko; compatible; GPTBot/1.3; +https://openai.com/gptbot)"
74.7.242.14 - - [09/Mar/2026:07:00:13 +0000] "GET /1578-2/ HTTP/1.1" 200 40973 "https://hvmbertogarza.com/?p=1578" "Mozilla/5.0 AppleWebKit/537.36 (KHTML, like Gecko; compatible; GPTBot/1.3; +https://openai.com/gptbot)"
74.7.242.14 - - [09/Mar/2026:07:00:16 +0000] "GET /?p=1956 HTTP/1.1" 301 339 "https://hvmbertogarza.com/1956-2/" "Mozilla/5.0 AppleWebKit/537.36 (KHTML, like Gecko; compatible; GPTBot/1.3; +https://openai.com/gptbot)"
74.208.176.140 - - [09/Mar/2026:07:00:23 +0000] "POST /wp-cron.php?doing_wp_cron=1773039623.0834600925445556640625 HTTP/1.1" 200 4101 "-" "WordPress/6.9.1; https://hvmbertogarza.com"
74.7.242.14 - - [09/Mar/2026:07:00:19 +0000] "GET /1956-2/ HTTP/1.1" 200 41882 "https://hvmbertogarza.com/?p=1956" "Mozilla/5.0 AppleWebKit/537.36 (KHTML, like Gecko; compatible; GPTBot/1.3; +https://openai.com/gptbot)"
74.7.242.14 - - [09/Mar/2026:07:00:23 +0000] "GET /wp-json/wp/v2/posts/1596 HTTP/1.1" 200 5419 "https://hvmbertogarza.com/1596-2/" "Mozilla/5.0 AppleWebKit/537.36 (KHTML, like Gecko; compatible; GPTBot/1.3; +https://openai.com/gptbot)"
74.7.242.14 - - [09/Mar/2026:07:00:25 +0000] "GET /wp-json/wp/v2/posts/1948 HTTP/1.1" 200 4572 "https://hvmbertogarza.com/1948-2/" "Mozilla/5.0 AppleWebKit/537.36 (KHTML, like Gecko; compatible; GPTBot/1.3; +https://openai.com/gptbot)"
74.7.242.14 - - [09/Mar/2026:07:00:28 +0000] "GET /wp-json/wp/v2/posts/1578 HTTP/1.1" 200 4305 "https://hvmbertogarza.com/1578-2/" "Mozilla/5.0 AppleWebKit/537.36 (KHTML, like Gecko; compatible; GPTBot/1.3; +https://openai.com/gptbot)"
43.130.14.245 - - [09/Mar/2026:07:00:30 +0000] "GET / HTTP/1.1" 301 4024 "http://www.hvmbertogarza.com" "Mozilla/5.0 (iPhone; CPU iPhone OS 13_2_3 like Mac OS X) AppleWebKit/605.1.15 (KHTML, like Gecko) Version/13.0.3 Mobile/15E148 Safari/604.1"
74.7.242.14 - - [09/Mar/2026:07:00:30 +0000] "GET /wp-json/wp/v2/posts/1584 HTTP/1.1" 200 5474 "https://hvmbertogarza.com/1584-2/" "Mozilla/5.0 AppleWebKit/537.36 (KHTML, like Gecko; compatible; GPTBot/1.3; +https://openai.com/gptbot)"
74.7.242.14 - - [09/Mar/2026:07:00:33 +0000] "GET /wp-json/wp/v2/posts/1956 HTTP/1.1" 200 5121 "https://hvmbertogarza.com/1956-2/" "Mozilla/5.0 AppleWebKit/537.36 (KHTML, like Gecko; compatible; GPTBot/1.3; +https://openai.com/gptbot)"
43.130.14.245 - - [09/Mar/2026:07:00:32 +0000] "GET / HTTP/1.1" 200 54312 "https://www.hvmbertogarza.com/" "Mozilla/5.0 (iPhone; CPU iPhone OS 13_2_3 like Mac OS X) AppleWebKit/605.1.15 (KHTML, like Gecko) Version/13.0.3 Mobile/15E148 Safari/604.1"
74.7.242.14 - - [09/Mar/2026:07:00:35 +0000] "GET /wp-json/wp/v2/posts/1869 HTTP/1.1" 200 4663 "https://hvmbertogarza.com/1869-2/" "Mozilla/5.0 AppleWebKit/537.36 (KHTML, like Gecko; compatible; GPTBot/1.3; +https://openai.com/gptbot)"
74.7.242.14 - - [09/Mar/2026:07:00:37 +0000] "GET /wp-json/wp/v2/posts/1630 HTTP/1.1" 200 4427 "https://hvmbertogarza.com/1630-2/" "Mozilla/5.0 AppleWebKit/537.36 (KHTML, like Gecko; compatible; GPTBot/1.3; +https://openai.com/gptbot)"
103.42.198.211 - - [09/Mar/2026:07:00:39 +0000] "POST /xmlrpc.php HTTP/1.1" 200 4454 "-" "Mozilla/5.0 (Windows NT 10.0; Win64; x64) AppleWebKit/537.36 (KHTML, like Gecko) Chrome/91.0.4472.124 Safari/537.36"
74.208.176.140 - - [09/Mar/2026:07:00:43 +0000] "POST /wp-cron.php?doing_wp_cron=1773039643.2450659275054931640625 HTTP/1.1" 200 4101 "-" "WordPress/6.9.1; https://hvmbertogarza.com"
74.7.242.14 - - [09/Mar/2026:07:00:40 +0000] "GET /2025/10/04/ HTTP/1.1" 200 36555 "https://hvmbertogarza.com/1596-2/" "Mozilla/5.0 AppleWebKit/537.36 (KHTML, like Gecko; compatible; GPTBot/1.3; +https://openai.com/gptbot)"
74.7.242.14 - - [09/Mar/2026:07:00:43 +0000] "GET /2025/03/13/ HTTP/1.1" 200 36275 "https://hvmbertogarza.com/1584-2/" "Mozilla/5.0 AppleWebKit/537.36 (KHTML, like Gecko; compatible; GPTBot/1.3; +https://openai.com/gptbot)"
74.7.242.14 - - [09/Mar/2026:07:00:46 +0000] "GET /1584-2/feed/ HTTP/1.1" 200 1054 "https://hvmbertogarza.com/1584-2/" "Mozilla/5.0 AppleWebKit/537.36 (KHTML, like Gecko; compatible; GPTBot/1.3; +https://openai.com/gptbot)"
74.7.242.14 - - [09/Mar/2026:07:00:47 +0000] "GET /1796-2/feed/ HTTP/1.1" 200 1052 "https://hvmbertogarza.com/1796-2/" "Mozilla/5.0 AppleWebKit/537.36 (KHTML, like Gecko; compatible; GPTBot/1.3; +https://openai.com/gptbot)"
74.208.176.140 - - [09/Mar/2026:07:00:51 +0000] "POST /wp-cron.php?doing_wp_cron=1773039651.0189979076385498046875 HTTP/1.1" 200 4101 "-" "WordPress/6.9.1; https://hvmbertogarza.com"
74.7.242.14 - - [09/Mar/2026:07:00:49 +0000] "GET /1948-2/feed/ HTTP/1.1" 200 1053 "https://hvmbertogarza.com/1948-2/" "Mozilla/5.0 AppleWebKit/537.36 (KHTML, like Gecko; compatible; GPTBot/1.3; +https://openai.com/gptbot)"
74.7.242.14 - - [09/Mar/2026:07:00:51 +0000] "GET /1596-2/feed/ HTTP/1.1" 200 1054 "https://hvmbertogarza.com/1596-2/" "Mozilla/5.0 AppleWebKit/537.36 (KHTML, like Gecko; compatible; GPTBot/1.3; +https://openai.com/gptbot)"
74.7.242.14 - - [09/Mar/2026:07:00:53 +0000] "GET /1630-2/feed/ HTTP/1.1" 200 1053 "https://hvmbertogarza.com/1630-2/" "Mozilla/5.0 AppleWebKit/537.36 (KHTML, like Gecko; compatible; GPTBot/1.3; +https://openai.com/gptbot)"
74.7.242.14 - - [09/Mar/2026:07:00:55 +0000] "GET /1869-2/feed/ HTTP/1.1" 200 1053 "https://hvmbertogarza.com/1869-2/" "Mozilla/5.0 AppleWebKit/537.36 (KHTML, like Gecko; compatible; GPTBot/1.3; +https://openai.com/gptbot)"
74.7.242.14 - - [09/Mar/2026:07:00:57 +0000] "GET /1956-2/feed/ HTTP/1.1" 200 1053 "https://hvmbertogarza.com/1956-2/" "Mozilla/5.0 AppleWebKit/537.36 (KHTML, like Gecko; compatible; GPTBot/1.3; +https://openai.com/gptbot)"
74.208.176.140 - - [09/Mar/2026:07:01:01 +0000] "POST /wp-cron.php?doing_wp_cron=1773039661.0478730201721191406250 HTTP/1.1" 200 4101 "-" "WordPress/6.9.1; https://hvmbertogarza.com"
74.7.242.14 - - [09/Mar/2026:07:00:58 +0000] "GET /wp-json/wp/v2/posts/1796 HTTP/1.1" 200 4525 "https://hvmbertogarza.com/1796-2/" "Mozilla/5.0 AppleWebKit/537.36 (KHTML, like Gecko; compatible; GPTBot/1.3; +https://openai.com/gptbot)"
74.7.242.14 - - [09/Mar/2026:07:01:01 +0000] "GET /wp-json/oembed/1.0/embed?format=xml&url=https%3A%2F%2Fhvmbertogarza.com%2F1869-2%2F HTTP/1.1" 200 2134 "https://hvmbertogarza.com/1869-2/" "Mozilla/5.0 AppleWebKit/537.36 (KHTML, like Gecko; compatible; GPTBot/1.3; +https://openai.com/gptbot)"
74.7.242.14 - - [09/Mar/2026:07:01:04 +0000] "GET /wp-json/oembed/1.0/embed?format=xml&url=https%3A%2F%2Fhvmbertogarza.com%2F1630-2%2F HTTP/1.1" 200 2131 "https://hvmbertogarza.com/1630-2/" "Mozilla/5.0 AppleWebKit/537.36 (KHTML, like Gecko; compatible; GPTBot/1.3; +https://openai.com/gptbot)"
74.7.242.14 - - [09/Mar/2026:07:01:07 +0000] "GET /wp-json/oembed/1.0/embed?format=xml&url=https%3A%2F%2Fhvmbertogarza.com%2F1948-2%2F HTTP/1.1" 200 2133 "https://hvmbertogarza.com/1948-2/" "Mozilla/5.0 AppleWebKit/537.36 (KHTML, like Gecko; compatible; GPTBot/1.3; +https://openai.com/gptbot)"
74.7.242.14 - - [09/Mar/2026:07:01:09 +0000] "GET /wp-json/oembed/1.0/embed?format=xml&url=https%3A%2F%2Fhvmbertogarza.com%2F1596-2%2F HTTP/1.1" 200 2132 "https://hvmbertogarza.com/1596-2/" "Mozilla/5.0 AppleWebKit/537.36 (KHTML, like Gecko; compatible; GPTBot/1.3; +https://openai.com/gptbot)"
74.7.242.14 - - [09/Mar/2026:07:01:12 +0000] "GET /wp-json/oembed/1.0/embed?format=xml&url=https%3A%2F%2Fhvmbertogarza.com%2F1578-2%2F HTTP/1.1" 200 2132 "https://hvmbertogarza.com/1578-2/" "Mozilla/5.0 AppleWebKit/537.36 (KHTML, like Gecko; compatible; GPTBot/1.3; +https://openai.com/gptbot)"
74.7.242.14 - - [09/Mar/2026:07:01:15 +0000] "GET /wp-json/oembed/1.0/embed?format=xml&url=https%3A%2F%2Fhvmbertogarza.com%2F1796-2%2F HTTP/1.1" 200 2132 "https://hvmbertogarza.com/1796-2/" "Mozilla/5.0 AppleWebKit/537.36 (KHTML, like Gecko; compatible; GPTBot/1.3; +https://openai.com/gptbot)"
74.7.242.14 - - [09/Mar/2026:07:01:18 +0000] "GET /wp-json/oembed/1.0/embed?format=xml&url=https%3A%2F%2Fhvmbertogarza.com%2F1790-2%2F HTTP/1.1" 200 2131 "https://hvmbertogarza.com/1790-2/" "Mozilla/5.0 AppleWebKit/537.36 (KHTML, like Gecko; compatible; GPTBot/1.3; +https://openai.com/gptbot)"
74.208.176.140 - - [09/Mar/2026:07:01:22 +0000] "POST /wp-cron.php?doing_wp_cron=1773039682.3829920291900634765625 HTTP/1.1" 200 4101 "-" "WordPress/6.9.1; https://hvmbertogarza.com"
74.7.242.14 - - [09/Mar/2026:07:01:20 +0000] "GET /wp-json/oembed/1.0/embed?format=xml&url=https%3A%2F%2Fhvmbertogarza.com%2F1956-2%2F HTTP/1.1" 200 2132 "https://hvmbertogarza.com/1956-2/" "Mozilla/5.0 AppleWebKit/537.36 (KHTML, like Gecko; compatible; GPTBot/1.3; +https://openai.com/gptbot)"
74.7.242.14 - - [09/Mar/2026:07:01:22 +0000] "GET /wp-json/oembed/1.0/embed?format=xml&url=https%3A%2F%2Fhvmbertogarza.com%2F1584-2%2F HTTP/1.1" 200 2134 "https://hvmbertogarza.com/1584-2/" "Mozilla/5.0 AppleWebKit/537.36 (KHTML, like Gecko; compatible; GPTBot/1.3; +https://openai.com/gptbot)"
74.7.242.14 - - [09/Mar/2026:07:01:25 +0000] "GET /wp-content/plugins/shopengine/modules/swatches/loop-product-support/assets/swatches.css?ver=1773039645 HTTP/1.1" 200 254 "https://hvmbertogarza.com/2025/03/13/" "Mozilla/5.0 AppleWebKit/537.36 (KHTML, like Gecko; compatible; GPTBot/1.3; +https://openai.com/gptbot)"
74.7.242.14 - - [09/Mar/2026:07:01:25 +0000] "GET /wp-content/plugins/shopengine/modules/swatches/loop-product-support/assets/swatches.css?ver=1773039528 HTTP/1.1" 200 254 "https://hvmbertogarza.com/1948-2/" "Mozilla/5.0 AppleWebKit/537.36 (KHTML, like Gecko; compatible; GPTBot/1.3; +https://openai.com/gptbot)"
74.7.242.14 - - [09/Mar/2026:07:01:26 +0000] "GET /wp-content/plugins/shopengine/modules/swatches/loop-product-support/assets/swatches.css?ver=1773039531 HTTP/1.1" 200 254 "https://hvmbertogarza.com/1869-2/" "Mozilla/5.0 AppleWebKit/537.36 (KHTML, like Gecko; compatible; GPTBot/1.3; +https://openai.com/gptbot)"
74.7.242.14 - - [09/Mar/2026:07:01:26 +0000] "GET /wp-content/plugins/shopengine/modules/swatches/loop-product-support/assets/swatches.css?ver=1773039517 HTTP/1.1" 200 254 "https://hvmbertogarza.com/1790-2/" "Mozilla/5.0 AppleWebKit/537.36 (KHTML, like Gecko; compatible; GPTBot/1.3; +https://openai.com/gptbot)"
74.7.242.14 - - [09/Mar/2026:07:01:27 +0000] "GET /wp-content/plugins/shopengine/modules/swatches/loop-product-support/assets/swatches.css?ver=1773039588 HTTP/1.1" 200 254 "https://hvmbertogarza.com/?p=1948" "Mozilla/5.0 AppleWebKit/537.36 (KHTML, like Gecko; compatible; GPTBot/1.3; +https://openai.com/gptbot)"
74.7.242.14 - - [09/Mar/2026:07:01:27 +0000] "GET /wp-content/plugins/shopengine/modules/swatches/loop-product-support/assets/swatches.css?ver=1773039523 HTTP/1.1" 200 254 "https://hvmbertogarza.com/1578-2/" "Mozilla/5.0 AppleWebKit/537.36 (KHTML, like Gecko; compatible; GPTBot/1.3; +https://openai.com/gptbot)"
74.7.242.14 - - [09/Mar/2026:07:01:28 +0000] "GET /wp-content/plugins/shopengine/modules/swatches/loop-product-support/assets/swatches.css?ver=1773039567 HTTP/1.1" 200 254 "https://hvmbertogarza.com/2025/05/10/" "Mozilla/5.0 AppleWebKit/537.36 (KHTML, like Gecko; compatible; GPTBot/1.3; +https://openai.com/gptbot)"
74.7.242.14 - - [09/Mar/2026:07:01:28 +0000] "GET /wp-content/plugins/shopengine/modules/swatches/loop-product-support/assets/swatches.css?ver=1773039604 HTTP/1.1" 200 254 "https://hvmbertogarza.com/?p=1796" "Mozilla/5.0 AppleWebKit/537.36 (KHTML, like Gecko; compatible; GPTBot/1.3; +https://openai.com/gptbot)"
74.7.242.14 - - [09/Mar/2026:07:01:29 +0000] "GET /wp-content/plugins/shopengine/modules/swatches/loop-product-support/assets/swatches.css?ver=1773039610 HTTP/1.1" 200 254 "https://hvmbertogarza.com/?p=1596" "Mozilla/5.0 AppleWebKit/537.36 (KHTML, like Gecko; compatible; GPTBot/1.3; +https://openai.com/gptbot)"
74.7.242.14 - - [09/Mar/2026:07:01:29 +0000] "GET /wp-content/plugins/shopengine/modules/swatches/loop-product-support/assets/swatches.css?ver=1773039544 HTTP/1.1" 200 254 "https://hvmbertogarza.com/1956-2/" "Mozilla/5.0 AppleWebKit/537.36 (KHTML, like Gecko; compatible; GPTBot/1.3; +https://openai.com/gptbot)"
74.7.242.14 - - [09/Mar/2026:07:01:30 +0000] "GET /wp-content/plugins/shopengine/modules/swatches/loop-product-support/assets/swatches.css?ver=1773039616 HTTP/1.1" 200 254 "https://hvmbertogarza.com/?p=1578" "Mozilla/5.0 AppleWebKit/537.36 (KHTML, like Gecko; compatible; GPTBot/1.3; +https://openai.com/gptbot)"
74.7.242.14 - - [09/Mar/2026:07:01:30 +0000] "GET /wp-content/plugins/shopengine/modules/swatches/loop-product-support/assets/swatches.css?ver=1773039525 HTTP/1.1" 200 254 "https://hvmbertogarza.com/1630-2/" "Mozilla/5.0 AppleWebKit/537.36 (KHTML, like Gecko; compatible; GPTBot/1.3; +https://openai.com/gptbot)"
74.7.242.14 - - [09/Mar/2026:07:01:31 +0000] "GET /wp-content/plugins/shopengine/modules/swatches/loop-product-support/assets/swatches.css?ver=1773039597 HTTP/1.1" 200 254 "https://hvmbertogarza.com/?p=1630" "Mozilla/5.0 AppleWebKit/537.36 (KHTML, like Gecko; compatible; GPTBot/1.3; +https://openai.com/gptbot)"
74.7.242.14 - - [09/Mar/2026:07:01:31 +0000] "GET /wp-content/plugins/shopengine/modules/swatches/loop-product-support/assets/swatches.css?ver=1773039578 HTTP/1.1" 200 254 "https://hvmbertogarza.com/?p=1869" "Mozilla/5.0 AppleWebKit/537.36 (KHTML, like Gecko; compatible; GPTBot/1.3; +https://openai.com/gptbot)"
74.7.242.14 - - [09/Mar/2026:07:01:32 +0000] "GET /wp-content/plugins/shopengine/modules/swatches/loop-product-support/assets/swatches.css?ver=1773039592 HTTP/1.1" 200 254 "https://hvmbertogarza.com/?p=1584" "Mozilla/5.0 AppleWebKit/537.36 (KHTML, like Gecko; compatible; GPTBot/1.3; +https://openai.com/gptbot)"
74.7.242.14 - - [09/Mar/2026:07:01:33 +0000] "GET /wp-content/plugins/shopengine/modules/swatches/loop-product-support/assets/swatches.css?ver=1773039583 HTTP/1.1" 200 254 "https://hvmbertogarza.com/?p=1790" "Mozilla/5.0 AppleWebKit/537.36 (KHTML, like Gecko; compatible; GPTBot/1.3; +https://openai.com/gptbot)"
74.7.242.14 - - [09/Mar/2026:07:01:33 +0000] "GET /wp-content/plugins/shopengine/modules/swatches/loop-product-support/assets/swatches.css?ver=1773039536 HTTP/1.1" 200 254 "https://hvmbertogarza.com/1584-2/" "Mozilla/5.0 AppleWebKit/537.36 (KHTML, like Gecko; compatible; GPTBot/1.3; +https://openai.com/gptbot)"
74.7.242.14 - - [09/Mar/2026:07:01:34 +0000] "GET /wp-content/plugins/shopengine/modules/swatches/loop-product-support/assets/swatches.css?ver=1773039622 HTTP/1.1" 200 254 "https://hvmbertogarza.com/?p=1956" "Mozilla/5.0 AppleWebKit/537.36 (KHTML, like Gecko; compatible; GPTBot/1.3; +https://openai.com/gptbot)"
74.7.242.14 - - [09/Mar/2026:07:01:34 +0000] "GET /wp-content/plugins/shopengine/modules/swatches/loop-product-support/assets/swatches.css?ver=1773039520 HTTP/1.1" 200 254 "https://hvmbertogarza.com/1796-2/" "Mozilla/5.0 AppleWebKit/537.36 (KHTML, like Gecko; compatible; GPTBot/1.3; +https://openai.com/gptbot)"
74.7.242.14 - - [09/Mar/2026:07:01:35 +0000] "GET /wp-content/plugins/shopengine/modules/swatches/loop-product-support/assets/swatches.css?ver=1773039534 HTTP/1.1" 200 254 "https://hvmbertogarza.com/1596-2/" "Mozilla/5.0 AppleWebKit/537.36 (KHTML, like Gecko; compatible; GPTBot/1.3; +https://openai.com/gptbot)"
74.7.242.14 - - [09/Mar/2026:07:01:35 +0000] "GET /wp-content/plugins/shopengine/modules/swatches/loop-product-support/assets/swatches.css?ver=1773039643 HTTP/1.1" 200 254 "https://hvmbertogarza.com/2025/10/04/" "Mozilla/5.0 AppleWebKit/537.36 (KHTML, like Gecko; compatible; GPTBot/1.3; +https://openai.com/gptbot)"
74.7.242.14 - - [09/Mar/2026:07:01:36 +0000] "GET /wp-content/plugins/shopengine/modules/swatches/loop-product-support/assets/swatches.css?ver=1773039573 HTTP/1.1" 200 254 "https://hvmbertogarza.com/2025/12/29/" "Mozilla/5.0 AppleWebKit/537.36 (KHTML, like Gecko; compatible; GPTBot/1.3; +https://openai.com/gptbot)"
74.7.242.14 - - [09/Mar/2026:07:01:36 +0000] "GET /1786-2/ HTTP/1.1" 200 42052 "https://hvmbertogarza.com/author/israel-arriaga/page/31/" "Mozilla/5.0 AppleWebKit/537.36 (KHTML, like Gecko; compatible; GPTBot/1.3; +https://openai.com/gptbot)"
103.42.198.211 - - [09/Mar/2026:07:01:38 +0000] "POST /xmlrpc.php HTTP/1.1" 200 4454 "-" "Mozilla/5.0 (Windows NT 10.0; Win64; x64) AppleWebKit/537.36 (KHTML, like Gecko) Chrome/91.0.4472.124 Safari/537.36"
74.7.242.14 - - [09/Mar/2026:07:01:39 +0000] "GET /1780-2/ HTTP/1.1" 200 42149 "https://hvmbertogarza.com/author/israel-arriaga/page/35/" "Mozilla/5.0 AppleWebKit/537.36 (KHTML, like Gecko; compatible; GPTBot/1.3; +https://openai.com/gptbot)"
74.7.242.14 - - [09/Mar/2026:07:01:42 +0000] "GET /1476-2/ HTTP/1.1" 200 42009 "https://hvmbertogarza.com/author/israel-arriaga/page/33/" "Mozilla/5.0 AppleWebKit/537.36 (KHTML, like Gecko; compatible; GPTBot/1.3; +https://openai.com/gptbot)"
74.7.242.14 - - [09/Mar/2026:07:01:45 +0000] "GET /1576-2/ HTTP/1.1" 200 41846 "https://hvmbertogarza.com/author/israel-arriaga/page/18/" "Mozilla/5.0 AppleWebKit/537.36 (KHTML, like Gecko; compatible; GPTBot/1.3; +https://openai.com/gptbot)"
74.208.176.140 - - [09/Mar/2026:07:01:52 +0000] "POST /wp-cron.php?doing_wp_cron=1773039712.0138969421386718750000 HTTP/1.1" 200 4101 "-" "WordPress/6.9.1; https://hvmbertogarza.com"
74.7.242.14 - - [09/Mar/2026:07:01:48 +0000] "GET /1634-2/ HTTP/1.1" 200 41208 "https://hvmbertogarza.com/author/israel-arriaga/page/8/" "Mozilla/5.0 AppleWebKit/537.36 (KHTML, like Gecko; compatible; GPTBot/1.3; +https://openai.com/gptbot)"
74.7.242.14 - - [09/Mar/2026:07:01:52 +0000] "GET /1486-2/ HTTP/1.1" 200 42000 "https://hvmbertogarza.com/author/israel-arriaga/page/5/" "Mozilla/5.0 AppleWebKit/537.36 (KHTML, like Gecko; compatible; GPTBot/1.3; +https://openai.com/gptbot)"
74.7.242.14 - - [09/Mar/2026:07:01:55 +0000] "GET /1640-2/ HTTP/1.1" 200 41734 "https://hvmbertogarza.com/author/israel-arriaga/page/17/" "Mozilla/5.0 AppleWebKit/537.36 (KHTML, like Gecko; compatible; GPTBot/1.3; +https://openai.com/gptbot)"
74.7.242.14 - - [09/Mar/2026:07:01:57 +0000] "GET /1460-2/ HTTP/1.1" 200 41920 "https://hvmbertogarza.com/author/israel-arriaga/page/16/" "Mozilla/5.0 AppleWebKit/537.36 (KHTML, like Gecko; compatible; GPTBot/1.3; +https://openai.com/gptbot)"
74.7.242.14 - - [09/Mar/2026:07:02:00 +0000] "GET /1895-2/ HTTP/1.1" 200 41701 "https://hvmbertogarza.com/author/israel-arriaga/page/37/" "Mozilla/5.0 AppleWebKit/537.36 (KHTML, like Gecko; compatible; GPTBot/1.3; +https://openai.com/gptbot)"
74.7.242.14 - - [09/Mar/2026:07:02:03 +0000] "GET /?p=1786 HTTP/1.1" 301 339 "https://hvmbertogarza.com/1786-2/" "Mozilla/5.0 AppleWebKit/537.36 (KHTML, like Gecko; compatible; GPTBot/1.3; +https://openai.com/gptbot)"
74.7.242.14 - - [09/Mar/2026:07:02:05 +0000] "GET /1786-2/ HTTP/1.1" 200 42050 "https://hvmbertogarza.com/?p=1786" "Mozilla/5.0 AppleWebKit/537.36 (KHTML, like Gecko; compatible; GPTBot/1.3; +https://openai.com/gptbot)"
74.7.242.14 - - [09/Mar/2026:07:02:08 +0000] "GET /wp-json/wp/v2/posts/1786 HTTP/1.1" 200 5469 "https://hvmbertogarza.com/1786-2/" "Mozilla/5.0 AppleWebKit/537.36 (KHTML, like Gecko; compatible; GPTBot/1.3; +https://openai.com/gptbot)"
74.7.242.14 - - [09/Mar/2026:07:02:10 +0000] "GET /wp-json/oembed/1.0/embed?url=https%3A%2F%2Fhvmbertogarza.com%2F1786-2%2F HTTP/1.1" 200 2763 "https://hvmbertogarza.com/1786-2/" "Mozilla/5.0 AppleWebKit/537.36 (KHTML, like Gecko; compatible; GPTBot/1.3; +https://openai.com/gptbot)"
74.7.242.14 - - [09/Mar/2026:07:02:13 +0000] "GET /wp-json/oembed/1.0/embed?url=https%3A%2F%2Fhvmbertogarza.com%2F1780-2%2F HTTP/1.1" 200 6530 "https://hvmbertogarza.com/1780-2/" "Mozilla/5.0 AppleWebKit/537.36 (KHTML, like Gecko; compatible; GPTBot/1.3; +https://openai.com/gptbot)"
74.7.242.14 - - [09/Mar/2026:07:02:15 +0000] "GET /wp-json/oembed/1.0/embed?url=https%3A%2F%2Fhvmbertogarza.com%2F1476-2%2F HTTP/1.1" 200 2744 "https://hvmbertogarza.com/1476-2/" "Mozilla/5.0 AppleWebKit/537.36 (KHTML, like Gecko; compatible; GPTBot/1.3; +https://openai.com/gptbot)"
