74.208.176.140 - - [09/Mar/2026:13:18:49 +0000] "POST /wp-cron.php?doing_wp_cron=1773062329.3340020179748535156250 HTTP/1.1" 200 4101 "-" "WordPress/6.9.1; https://hvmbertogarza.com"
46.97.168.133 - - [09/Mar/2026:13:18:47 +0000] "POST /xmlrpc.php HTTP/1.1" 200 4140 "-" "Mozilla/5.0 (Macintosh; Intel Mac OS X 13_5) AppleWebKit/605.1.15 (KHTML, like Gecko) Version/17.5 Safari/605.1.15"
46.97.168.133 - - [09/Mar/2026:13:18:51 +0000] "POST /xmlrpc.php HTTP/1.1" 200 5572 "-" "Mozilla/5.0 (Windows NT 10.0; Win64; x64) AppleWebKit/537.36 (KHTML, like Gecko) Chrome/124.0.6367.207 Safari/537.36"
74.208.176.140 - - [09/Mar/2026:13:19:04 +0000] "POST /wp-cron.php?doing_wp_cron=1773062344.4304070472717285156250 HTTP/1.1" 200 4101 "-" "WordPress/6.9.1; https://hvmbertogarza.com"
51.195.244.255 - - [09/Mar/2026:13:19:01 +0000] "GET /producto/t-shirt-caballero-catrina/ HTTP/1.1" 200 48692 "-" "Mozilla/5.0 (compatible; AhrefsBot/7.0; +http://ahrefs.com/robot/)"
74.208.176.140 - - [09/Mar/2026:13:19:36 +0000] "POST /wp-cron.php?doing_wp_cron=1773062376.3805849552154541015625 HTTP/1.1" 200 4101 "-" "WordPress/6.9.1; https://hvmbertogarza.com"
88.188.115.83 - - [09/Mar/2026:13:19:34 +0000] "GET /wp-login.php HTTP/1.1" 200 7445 "-" "Mozilla/5.0 (Windows NT 10.0; Win64; x64) AppleWebKit/537.36 (KHTML, like Gecko) Chrome/124.0.6367.207 Safari/537.36"
88.188.115.83 - - [09/Mar/2026:13:19:37 +0000] "POST /xmlrpc.php HTTP/1.1" 200 4140 "-" "Mozilla/5.0 (Windows NT 10.0; Win64; x64) AppleWebKit/537.36 (KHTML, like Gecko) Chrome/124.0.6367.207 Safari/537.36"
74.208.176.140 - - [09/Mar/2026:13:19:43 +0000] "POST /wp-cron.php?doing_wp_cron=1773062383.4723620414733886718750 HTTP/1.1" 200 4101 "-" "WordPress/6.9.1; https://hvmbertogarza.com"
88.188.115.83 - - [09/Mar/2026:13:19:40 +0000] "POST /xmlrpc.php HTTP/1.1" 200 5441 "-" "Mozilla/5.0 (Windows NT 10.0; Win64; x64) AppleWebKit/537.36 (KHTML, like Gecko) Chrome/124.0.6367.207 Safari/537.36"
74.208.176.140 - - [09/Mar/2026:13:22:17 +0000] "POST /wp-cron.php?doing_wp_cron=1773062536.9836249351501464843750 HTTP/1.1" 200 4101 "-" "WordPress/6.9.1; https://hvmbertogarza.com"
35.231.94.127 - - [09/Mar/2026:13:22:13 +0000] "GET /wp-login.php HTTP/1.1" 200 7389 "-" "Mozilla/4.0 (compatible; MSIE 7.0; Windows NT 6.3; ARM; Trident/7.0; Touch; .NET4.0E; .NET4.0C; Tablet PC 2.0)"
35.231.94.127 - - [09/Mar/2026:13:22:17 +0000] "POST /wp-login.php HTTP/1.1" 200 3816 "https://hvmbertogarza.com/wp-login.php" "Mozilla/4.0 (compatible; MSIE 7.0; Windows NT 6.3; ARM; Trident/7.0; Touch; .NET4.0E; .NET4.0C; Tablet PC 2.0)"
74.208.176.140 - - [09/Mar/2026:13:22:59 +0000] "POST /wp-cron.php?doing_wp_cron=1773062579.7235341072082519531250 HTTP/1.1" 200 4101 "-" "WordPress/6.9.1; https://hvmbertogarza.com"
198.244.226.166 - - [09/Mar/2026:13:22:56 +0000] "GET /coin-master-spielen-und-geld-verdienen/ HTTP/1.1" 200 44598 "-" "Mozilla/5.0 (compatible; AhrefsBot/7.0; +http://ahrefs.com/robot/)"
198.244.226.38 - - [09/Mar/2026:13:23:35 +0000] "GET /wp-content/plugins/shopengine/modules/swatches/loop-product-support/assets/swatches.css?ver=1773061862 HTTP/1.1" 200 4040 "-" "Mozilla/5.0 (compatible; AhrefsBot/7.0; +http://ahrefs.com/robot/)"
51.195.215.174 - - [09/Mar/2026:13:23:48 +0000] "GET /wp-content/plugins/shopengine/modules/swatches/loop-product-support/assets/swatches.css?ver=1773062101 HTTP/1.1" 200 4040 "-" "Mozilla/5.0 (compatible; AhrefsBot/7.0; +http://ahrefs.com/robot/)"
54.38.147.240 - - [09/Mar/2026:13:24:18 +0000] "GET /wp-content/plugins/shopengine/modules/swatches/loop-product-support/assets/swatches.css?ver=1773062579 HTTP/1.1" 200 4040 "-" "Mozilla/5.0 (compatible; AhrefsBot/7.0; +http://ahrefs.com/robot/)"
74.208.176.140 - - [09/Mar/2026:13:25:00 +0000] "POST /wp-cron.php?doing_wp_cron=1773062700.5570828914642333984375 HTTP/1.1" 200 4101 "-" "WordPress/6.9.1; https://hvmbertogarza.com"
167.172.79.172 - - [09/Mar/2026:13:24:58 +0000] "GET /wp-login.php HTTP/1.1" 200 7389 "-" "Mozilla/4.0 (compatible; MSIE 7.0; Windows NT 6.1; WOW64; Trident/7.0; SLCC2; .NET CLR 2.0.50727; .NET CLR 3.5.30729; .NET CLR 3.0.30729; Media Center PC 6.0; .NET4.0C; .NET4.0E)"
167.172.79.172 - - [09/Mar/2026:13:25:01 +0000] "POST /wp-login.php HTTP/1.1" 200 3782 "https://hvmbertogarza.com/wp-login.php" "Mozilla/4.0 (compatible; MSIE 7.0; Windows NT 6.1; WOW64; Trident/7.0; SLCC2; .NET CLR 2.0.50727; .NET CLR 3.5.30729; .NET CLR 3.0.30729; Media Center PC 6.0; .NET4.0C; .NET4.0E)"
66.249.66.163 - - [09/Mar/2026:13:26:03 +0000] "GET /shop/syntactically/perigrinum014132476739.html HTTP/1.1" 200 33199 "-" "Mozilla/5.0 (Linux; Android 6.0.1; Nexus 5X Build/MMB29P) AppleWebKit/537.36 (KHTML, like Gecko) Chrome/145.0.7632.116 Mobile Safari/537.36 (compatible; GoogleOther)"
74.208.176.140 - - [09/Mar/2026:13:26:28 +0000] "POST /wp-cron.php?doing_wp_cron=1773062788.3713231086730957031250 HTTP/1.1" 200 4101 "-" "WordPress/6.9.1; https://hvmbertogarza.com"
198.244.183.155 - - [09/Mar/2026:13:26:24 +0000] "GET /tienda/page/6/ HTTP/1.1" 200 42227 "-" "Mozilla/5.0 (compatible; AhrefsBot/7.0; +http://ahrefs.com/robot/)"
66.249.66.9 - - [09/Mar/2026:13:26:51 +0000] "GET /shop/syntactically/perigrinum014132476739.html HTTP/1.1" 200 33199 "-" "Mozilla/5.0 (Linux; Android 6.0.1; Nexus 5X Build/MMB29P) AppleWebKit/537.36 (KHTML, like Gecko) Chrome/145.0.7632.116 Mobile Safari/537.36 (compatible; Googlebot/2.1; +http://www.google.com/bot.html)"
40.77.167.77 - - [09/Mar/2026:13:30:04 +0000] "GET /producto/tim-burton/sigh_173389.html HTTP/1.1" 200 33261 "-" "Mozilla/5.0 AppleWebKit/537.36 (KHTML, like Gecko; compatible; bingbot/2.0; +http://www.bing.com/bingbot.htm) Chrome/116.0.1938.76 Safari/537.36"
74.208.176.140 - - [09/Mar/2026:13:30:18 +0000] "POST /wp-cron.php?doing_wp_cron=1773063018.1150290966033935546875 HTTP/1.1" 200 4101 "-" "WordPress/6.9.1; https://hvmbertogarza.com"
198.244.226.131 - - [09/Mar/2026:13:30:15 +0000] "GET /producto/artprint-paul-dianno/ HTTP/1.1" 200 47256 "-" "Mozilla/5.0 (compatible; AhrefsBot/7.0; +http://ahrefs.com/robot/)"
66.249.66.74 - - [09/Mar/2026:13:32:15 +0000] "GET /shop/belle/attentively013768252640.html HTTP/1.1" 200 33491 "-" "Mozilla/5.0 (Linux; Android 6.0.1; Nexus 5X Build/MMB29P) AppleWebKit/537.36 (KHTML, like Gecko) Chrome/145.0.7632.116 Mobile Safari/537.36 (compatible; GoogleOther)"
74.208.176.140 - - [09/Mar/2026:13:33:54 +0000] "POST /wp-cron.php?doing_wp_cron=1773063234.8474929332733154296875 HTTP/1.1" 200 4101 "-" "WordPress/6.9.1; https://hvmbertogarza.com"
194.31.59.36 - - [09/Mar/2026:13:33:52 +0000] "POST /xmlrpc.php HTTP/1.1" 200 4248 "-" "Mozilla/5.0 (Windows NT 6.1; WOW64; Trident/7.0; EIE10;ENCAMSN; rv:11.0) like Gecko"
66.249.66.9 - - [09/Mar/2026:13:34:19 +0000] "GET /shop/craven/illaqueable011098796166.html HTTP/1.1" 200 33324 "-" "Mozilla/5.0 (Linux; Android 6.0.1; Nexus 5X Build/MMB29P) AppleWebKit/537.36 (KHTML, like Gecko) Chrome/145.0.7632.116 Mobile Safari/537.36 (compatible; GoogleOther)"
5.39.1.233 - - [09/Mar/2026:13:35:03 +0000] "GET /robots.txt HTTP/1.1" 200 4194 "-" "Mozilla/5.0 (compatible; AhrefsBot/7.0; +http://ahrefs.com/robot/)"
66.249.66.45 - - [09/Mar/2026:13:35:18 +0000] "GET /shop/craven/illaqueable011098796166.html HTTP/1.1" 200 33324 "-" "Mozilla/5.0 (Linux; Android 6.0.1; Nexus 5X Build/MMB29P) AppleWebKit/537.36 (KHTML, like Gecko) Chrome/144.0.7559.132 Mobile Safari/537.36 (compatible; Googlebot/2.1; +http://www.google.com/bot.html)"
176.65.132.19 - - [09/Mar/2026:13:36:19 +0000] "GET /wp-login.php HTTP/1.1" 200 7493 "-" "Mozilla/5.0 (X11; Ubuntu; Linux x86_64) AppleWebKit/537.36 (KHTML, like Gecko) Chrome/118.0.0.0 Safari/537.36"
74.208.176.140 - - [09/Mar/2026:13:36:22 +0000] "POST /wp-cron.php?doing_wp_cron=1773063382.3913331031799316406250 HTTP/1.1" 200 4101 "-" "WordPress/6.9.1; https://hvmbertogarza.com"
142.93.68.12 - - [09/Mar/2026:13:36:19 +0000] "POST /xmlrpc.php HTTP/1.1" 200 4248 "-" "Mozilla/5.0 (Windows NT 6.1) AppleWebKit/537.36 (KHTML, like Gecko) Chrome/67.0.3396.87 Safari/537.36"
176.65.132.19 - - [09/Mar/2026:13:36:28 +0000] "GET /?author=1 HTTP/1.1" 301 4146 "" "Mozilla/5.0 (Macintosh; Intel Mac OS X 13_6_1; rv:118.0) Gecko/20100101 Firefox/118.0"
176.65.132.19 - - [09/Mar/2026:13:36:31 +0000] "GET /author/israel-arriaga/ HTTP/1.1" 200 39761 "" "Mozilla/5.0 (Macintosh; Intel Mac OS X 13_6_1; rv:118.0) Gecko/20100101 Firefox/118.0"
176.65.132.19 - - [09/Mar/2026:13:36:37 +0000] "GET /?author=2 HTTP/1.1" 200 36099 "" "Mozilla/5.0 (Macintosh; Intel Mac OS X 13_6_1) AppleWebKit/605.1.15 (KHTML, like Gecko) Version/17.2 Safari/605.1.15"
176.65.132.19 - - [09/Mar/2026:13:36:41 +0000] "GET /?author=3 HTTP/1.1" 200 36171 "https://www.google.com/search?q=wordpress" "Mozilla/5.0 (Macintosh; Intel Mac OS X 10_15_7; rv:118.0) Gecko/20100101 Firefox/118.0"
176.65.132.19 - - [09/Mar/2026:13:36:45 +0000] "GET /?author=4 HTTP/1.1" 200 36270 "" "Mozilla/5.0 (Windows NT 10.0; Win64; x64; rv:118.0) Gecko/20100101 Firefox/118.0"
74.208.176.140 - - [09/Mar/2026:13:36:51 +0000] "POST /wp-cron.php?doing_wp_cron=1773063411.7714149951934814453125 HTTP/1.1" 200 4101 "-" "WordPress/6.9.1; https://hvmbertogarza.com"
176.65.132.19 - - [09/Mar/2026:13:36:48 +0000] "GET /?author=5 HTTP/1.1" 200 36277 "https://wordpress.org/" "Mozilla/5.0 (Windows NT 10.0; Win64; x64; rv:118.0) Gecko/20100101 Firefox/118.0"
176.65.132.19 - - [09/Mar/2026:13:36:52 +0000] "GET /wp-json/wp/v2/users HTTP/1.1" 200 2367 "-" "Mozilla/5.0 (Windows NT 11.0; Win64; x64; rv:120.0) Gecko/20100101 Firefox/120.0"
176.65.132.19 - - [09/Mar/2026:13:36:56 +0000] "POST /wp-login.php HTTP/1.1" 200 3883 "https://HVMBERTOGARZA.COM/wp-login.php" "Mozilla/5.0 (Macintosh; Intel Mac OS X 13_6_1; rv:121.0) Gecko/20100101 Firefox/121.0"
74.208.176.140 - - [09/Mar/2026:13:37:01 +0000] "POST /wp-cron.php?doing_wp_cron=1773063421.4530398845672607421875 HTTP/1.1" 200 4101 "-" "WordPress/6.9.1; https://hvmbertogarza.com"
176.65.132.19 - - [09/Mar/2026:13:36:59 +0000] "GET /wp-admin/index.php HTTP/1.1" 302 525 "https://HVMBERTOGARZA.COM/wp-login.php" "Mozilla/5.0 (Macintosh; Intel Mac OS X 10_15_7) AppleWebKit/605.1.15 (KHTML, like Gecko) Version/16.6 Safari/605.1.15"
176.65.132.19 - - [09/Mar/2026:13:37:01 +0000] "GET /wp-login.php?redirect_to=https%3A%2F%2Fhvmbertogarza.com%2Fwp-admin%2Findex.php&reauth=1 HTTP/1.1" 200 5797 "https://HVMBERTOGARZA.COM/wp-login.php" "Mozilla/5.0 (Macintosh; Intel Mac OS X 10_15_7) AppleWebKit/605.1.15 (KHTML, like Gecko) Version/16.6 Safari/605.1.15"
176.65.132.19 - - [09/Mar/2026:13:37:04 +0000] "POST /wp-login.php HTTP/1.1" 200 3881 "https://HVMBERTOGARZA.COM/wp-login.php" "Mozilla/5.0 (Windows NT 10.0; Win64; x64) AppleWebKit/537.36 (KHTML, like Gecko) Chrome/118.0.0.0 Safari/537.36"
176.65.132.19 - - [09/Mar/2026:13:37:06 +0000] "GET /wp-admin/index.php HTTP/1.1" 302 525 "https://HVMBERTOGARZA.COM/wp-login.php" "Mozilla/5.0 (Macintosh; Intel Mac OS X 13_6_1; rv:118.0) Gecko/20100101 Firefox/118.0"
176.65.132.19 - - [09/Mar/2026:13:37:09 +0000] "GET /wp-login.php?redirect_to=https%3A%2F%2Fhvmbertogarza.com%2Fwp-admin%2Findex.php&reauth=1 HTTP/1.1" 200 5797 "https://HVMBERTOGARZA.COM/wp-login.php" "Mozilla/5.0 (Macintosh; Intel Mac OS X 13_6_1; rv:118.0) Gecko/20100101 Firefox/118.0"
176.65.132.19 - - [09/Mar/2026:13:37:12 +0000] "POST /wp-login.php HTTP/1.1" 200 3879 "https://HVMBERTOGARZA.COM/wp-login.php" "Mozilla/5.0 (Macintosh; Intel Mac OS X 13_6_1) AppleWebKit/537.36 (KHTML, like Gecko) Chrome/118.0.0.0 Safari/537.36"
176.65.132.19 - - [09/Mar/2026:13:37:14 +0000] "GET /wp-admin/index.php HTTP/1.1" 302 525 "https://HVMBERTOGARZA.COM/wp-login.php" "Mozilla/5.0 (Windows NT 11.0; Win64; x64) AppleWebKit/537.36 (KHTML, like Gecko) Chrome/120.0.0.0 Safari/537.36"
176.65.132.19 - - [09/Mar/2026:13:37:16 +0000] "GET /wp-login.php?redirect_to=https%3A%2F%2Fhvmbertogarza.com%2Fwp-admin%2Findex.php&reauth=1 HTTP/1.1" 200 5797 "https://HVMBERTOGARZA.COM/wp-login.php" "Mozilla/5.0 (Windows NT 11.0; Win64; x64) AppleWebKit/537.36 (KHTML, like Gecko) Chrome/120.0.0.0 Safari/537.36"
74.208.176.140 - - [09/Mar/2026:13:37:21 +0000] "POST /wp-cron.php?doing_wp_cron=1773063441.0532619953155517578125 HTTP/1.1" 200 4101 "-" "WordPress/6.9.1; https://hvmbertogarza.com"
176.65.132.19 - - [09/Mar/2026:13:37:19 +0000] "POST /wp-login.php HTTP/1.1" 200 3883 "https://HVMBERTOGARZA.COM/wp-login.php" "Mozilla/5.0 (X11; Ubuntu; Linux x86_64) AppleWebKit/537.36 (KHTML, like Gecko) Chrome/120.0.0.0 Safari/537.36"
176.65.132.19 - - [09/Mar/2026:13:37:21 +0000] "GET /wp-admin/index.php HTTP/1.1" 302 525 "https://HVMBERTOGARZA.COM/wp-login.php" "Mozilla/5.0 (Macintosh; Intel Mac OS X 13_6_1) AppleWebKit/605.1.15 (KHTML, like Gecko) Version/17.2 Safari/605.1.15"
176.65.132.19 - - [09/Mar/2026:13:37:23 +0000] "GET /wp-login.php?redirect_to=https%3A%2F%2Fhvmbertogarza.com%2Fwp-admin%2Findex.php&reauth=1 HTTP/1.1" 200 5797 "https://HVMBERTOGARZA.COM/wp-login.php" "Mozilla/5.0 (Macintosh; Intel Mac OS X 13_6_1) AppleWebKit/605.1.15 (KHTML, like Gecko) Version/17.2 Safari/605.1.15"
176.65.132.19 - - [09/Mar/2026:13:37:25 +0000] "POST /wp-login.php HTTP/1.1" 200 3888 "https://HVMBERTOGARZA.COM/wp-login.php" "Mozilla/5.0 (Windows NT 10.0; Win64; x64; rv:119.0) Gecko/20100101 Firefox/119.0"
176.65.132.19 - - [09/Mar/2026:13:37:28 +0000] "GET /wp-admin/index.php HTTP/1.1" 302 525 "https://HVMBERTOGARZA.COM/wp-login.php" "Mozilla/5.0 (Windows NT 10.0; Win64; x64; rv:121.0) Gecko/20100101 Firefox/121.0"
176.65.132.19 - - [09/Mar/2026:13:37:30 +0000] "GET /wp-login.php?redirect_to=https%3A%2F%2Fhvmbertogarza.com%2Fwp-admin%2Findex.php&reauth=1 HTTP/1.1" 200 5797 "https://HVMBERTOGARZA.COM/wp-login.php" "Mozilla/5.0 (Windows NT 10.0; Win64; x64; rv:121.0) Gecko/20100101 Firefox/121.0"
176.65.132.19 - - [09/Mar/2026:13:37:32 +0000] "POST /wp-login.php HTTP/1.1" 200 3879 "https://HVMBERTOGARZA.COM/wp-login.php" "Mozilla/5.0 (X11; Linux x86_64) AppleWebKit/537.36 (KHTML, like Gecko) Chrome/121.0.0.0 Safari/537.36"
176.65.132.19 - - [09/Mar/2026:13:37:35 +0000] "GET /wp-admin/index.php HTTP/1.1" 302 525 "https://HVMBERTOGARZA.COM/wp-login.php" "Mozilla/5.0 (X11; Linux x86_64) AppleWebKit/537.36 (KHTML, like Gecko) Chrome/121.0.0.0 Safari/537.36"
176.65.132.19 - - [09/Mar/2026:13:37:37 +0000] "GET /wp-login.php?redirect_to=https%3A%2F%2Fhvmbertogarza.com%2Fwp-admin%2Findex.php&reauth=1 HTTP/1.1" 200 5797 "https://HVMBERTOGARZA.COM/wp-login.php" "Mozilla/5.0 (X11; Linux x86_64) AppleWebKit/537.36 (KHTML, like Gecko) Chrome/121.0.0.0 Safari/537.36"
176.65.132.19 - - [09/Mar/2026:13:37:39 +0000] "POST /wp-login.php HTTP/1.1" 200 3879 "https://HVMBERTOGARZA.COM/wp-login.php" "Mozilla/5.0 (X11; Linux x86_64) AppleWebKit/537.36 (KHTML, like Gecko) Chrome/118.0.0.0 Safari/537.36"
176.65.132.19 - - [09/Mar/2026:13:37:41 +0000] "GET /wp-admin/index.php HTTP/1.1" 302 525 "https://HVMBERTOGARZA.COM/wp-login.php" "Mozilla/5.0 (Windows NT 11.0; Win64; x64) AppleWebKit/537.36 (KHTML, like Gecko) Chrome/119.0.0.0 Safari/537.36"
176.65.132.19 - - [09/Mar/2026:13:37:43 +0000] "GET /wp-login.php?redirect_to=https%3A%2F%2Fhvmbertogarza.com%2Fwp-admin%2Findex.php&reauth=1 HTTP/1.1" 200 5797 "https://HVMBERTOGARZA.COM/wp-login.php" "Mozilla/5.0 (Windows NT 11.0; Win64; x64) AppleWebKit/537.36 (KHTML, like Gecko) Chrome/119.0.0.0 Safari/537.36"
176.65.132.19 - - [09/Mar/2026:13:37:45 +0000] "POST /wp-login.php HTTP/1.1" 200 3879 "https://HVMBERTOGARZA.COM/wp-login.php" "Mozilla/5.0 (Macintosh; Intel Mac OS X 13_6_1) AppleWebKit/537.36 (KHTML, like Gecko) Chrome/121.0.0.0 Safari/537.36"
176.65.132.19 - - [09/Mar/2026:13:37:47 +0000] "GET /wp-admin/index.php HTTP/1.1" 302 525 "https://HVMBERTOGARZA.COM/wp-login.php" "Mozilla/5.0 (Macintosh; Intel Mac OS X 10_15_7) AppleWebKit/605.1.15 (KHTML, like Gecko) Version/17.0 Safari/605.1.15"
74.208.176.140 - - [09/Mar/2026:13:37:51 +0000] "POST /wp-cron.php?doing_wp_cron=1773063471.6060960292816162109375 HTTP/1.1" 200 4101 "-" "WordPress/6.9.1; https://hvmbertogarza.com"
176.65.132.19 - - [09/Mar/2026:13:37:49 +0000] "GET /wp-login.php?redirect_to=https%3A%2F%2Fhvmbertogarza.com%2Fwp-admin%2Findex.php&reauth=1 HTTP/1.1" 200 5797 "https://HVMBERTOGARZA.COM/wp-login.php" "Mozilla/5.0 (Macintosh; Intel Mac OS X 10_15_7) AppleWebKit/605.1.15 (KHTML, like Gecko) Version/17.0 Safari/605.1.15"
176.65.132.19 - - [09/Mar/2026:13:37:51 +0000] "POST /wp-login.php HTTP/1.1" 200 3879 "https://HVMBERTOGARZA.COM/wp-login.php" "Mozilla/5.0 (Windows NT 11.0; Win64; x64) AppleWebKit/537.36 (KHTML, like Gecko) Chrome/121.0.0.0 Safari/537.36"
176.65.132.19 - - [09/Mar/2026:13:37:54 +0000] "GET /wp-admin/index.php HTTP/1.1" 302 525 "https://HVMBERTOGARZA.COM/wp-login.php" "Mozilla/5.0 (Windows NT 10.0; Win64; x64) AppleWebKit/537.36 (KHTML, like Gecko) Chrome/119.0.0.0 Safari/537.36"
176.65.132.19 - - [09/Mar/2026:13:37:56 +0000] "GET /wp-login.php?redirect_to=https%3A%2F%2Fhvmbertogarza.com%2Fwp-admin%2Findex.php&reauth=1 HTTP/1.1" 200 5797 "https://HVMBERTOGARZA.COM/wp-login.php" "Mozilla/5.0 (Windows NT 10.0; Win64; x64) AppleWebKit/537.36 (KHTML, like Gecko) Chrome/119.0.0.0 Safari/537.36"
176.65.132.19 - - [09/Mar/2026:13:37:58 +0000] "POST /wp-login.php HTTP/1.1" 200 3879 "https://HVMBERTOGARZA.COM/wp-login.php" "Mozilla/5.0 (X11; Linux x86_64) AppleWebKit/537.36 (KHTML, like Gecko) Chrome/120.0.0.0 Safari/537.36"
66.249.92.138 - - [09/Mar/2026:13:37:56 +0000] "GET /producto/artprint-herbonium/ HTTP/1.1" 200 46401 "-" "Mozilla/5.0 (X11; Linux x86_64) AppleWebKit/537.36 (KHTML, like Gecko) Chrome/145.0.7632.116 Safari/537.36"
141.95.54.59 - - [09/Mar/2026:13:37:59 +0000] "GET /2026/02/06/ HTTP/1.1" 200 40022 "-" "Mozilla/5.0 (Windows NT 10.0; Win64; x64) AppleWebKit/537.36 (KHTML, like Gecko) Chrome/139.0.0.0 Safari/537.36"
176.65.132.19 - - [09/Mar/2026:13:38:00 +0000] "GET /wp-admin/index.php HTTP/1.1" 302 525 "https://HVMBERTOGARZA.COM/wp-login.php" "Mozilla/5.0 (Macintosh; Intel Mac OS X 10_15_7) AppleWebKit/537.36 (KHTML, like Gecko) Chrome/119.0.0.0 Safari/537.36"
176.65.132.19 - - [09/Mar/2026:13:38:03 +0000] "GET /wp-login.php?redirect_to=https%3A%2F%2Fhvmbertogarza.com%2Fwp-admin%2Findex.php&reauth=1 HTTP/1.1" 200 5797 "https://HVMBERTOGARZA.COM/wp-login.php" "Mozilla/5.0 (Macintosh; Intel Mac OS X 10_15_7) AppleWebKit/537.36 (KHTML, like Gecko) Chrome/119.0.0.0 Safari/537.36"
145.239.83.37 - - [09/Mar/2026:13:38:04 +0000] "GET /2025/09/13/ HTTP/1.1" 200 40060 "-" "Mozilla/5.0 (Windows NT 10.0; Win64; x64) AppleWebKit/537.36 (KHTML, like Gecko) Chrome/139.0.0.0 Safari/537.36"
176.65.132.19 - - [09/Mar/2026:13:38:05 +0000] "POST /wp-login.php HTTP/1.1" 200 3879 "https://HVMBERTOGARZA.COM/wp-login.php" "Mozilla/5.0 (X11; Linux x86_64) AppleWebKit/537.36 (KHTML, like Gecko) Chrome/120.0.0.0 Safari/537.36"
66.249.92.9 - - [09/Mar/2026:13:38:09 +0000] "GET /wp-includes/css/dist/block-library/style.min.css?ver=6.9.1 HTTP/1.1" 200 20075 "https://hvmbertogarza.com/producto/artprint-herbonium/" "Mozilla/5.0 (X11; Linux x86_64) AppleWebKit/537.36 (KHTML, like Gecko) Chrome/145.0.7632.116 Safari/537.36"
66.249.92.9 - - [09/Mar/2026:13:38:10 +0000] "GET /wp-content/plugins/shopengine/assets/css/shopengine-public.css?ver=4.8.7 HTTP/1.1" 200 4292 "https://hvmbertogarza.com/producto/artprint-herbonium/" "Mozilla/5.0 (X11; Linux x86_64) AppleWebKit/537.36 (KHTML, like Gecko) Chrome/145.0.7632.116 Safari/537.36"
66.249.92.9 - - [09/Mar/2026:13:38:10 +0000] "GET /wp-content/plugins/wp-whatsapp/assets/dist/css/style.css?ver=6.9.1 HTTP/1.1" 200 5663 "https://hvmbertogarza.com/producto/artprint-herbonium/" "Mozilla/5.0 (X11; Linux x86_64) AppleWebKit/537.36 (KHTML, like Gecko) Chrome/145.0.7632.116 Safari/537.36"
176.65.132.19 - - [09/Mar/2026:13:38:08 +0000] "GET /wp-admin/index.php HTTP/1.1" 302 525 "https://HVMBERTOGARZA.COM/wp-login.php" "Mozilla/5.0 (Windows NT 10.0; Win64; x64) AppleWebKit/537.36 (KHTML, like Gecko) Chrome/121.0.0.0 Safari/537.36"
66.249.92.163 - - [09/Mar/2026:13:38:10 +0000] "GET /wp-content/plugins/shopengine/widgets/init/assets/css/widget-frontend.css?ver=4.8.7 HTTP/1.1" 200 35540 "https://hvmbertogarza.com/producto/artprint-herbonium/" "Mozilla/5.0 (X11; Linux x86_64) AppleWebKit/537.36 (KHTML, like Gecko) Chrome/145.0.7632.116 Safari/537.36"
66.249.92.9 - - [09/Mar/2026:13:38:11 +0000] "GET /wp-content/plugins/elementor/assets/lib/font-awesome/css/all.css?ver=4.8.7 HTTP/1.1" 200 13812 "https://hvmbertogarza.com/producto/artprint-herbonium/" "Mozilla/5.0 (X11; Linux x86_64) AppleWebKit/537.36 (KHTML, like Gecko) Chrome/145.0.7632.116 Safari/537.36"
66.249.92.164 - - [09/Mar/2026:13:38:11 +0000] "GET /wp-content/plugins/woocommerce/assets/css/photoswipe/photoswipe.min.css?ver=10.3.7 HTTP/1.1" 200 5086 "https://hvmbertogarza.com/producto/artprint-herbonium/" "Mozilla/5.0 (X11; Linux x86_64) AppleWebKit/537.36 (KHTML, like Gecko) Chrome/145.0.7632.116 Safari/537.36"
66.249.92.163 - - [09/Mar/2026:13:38:11 +0000] "GET /wp-content/plugins/instagram-feed/css/sbi-styles.min.css?ver=6.10.0 HTTP/1.1" 200 9232 "https://hvmbertogarza.com/producto/artprint-herbonium/" "Mozilla/5.0 (X11; Linux x86_64) AppleWebKit/537.36 (KHTML, like Gecko) Chrome/145.0.7632.116 Safari/537.36"
66.249.92.10 - - [09/Mar/2026:13:38:12 +0000] "GET /wp-content/themes/hello-elementor/assets/css/reset.css?ver=3.4.5 HTTP/1.1" 200 5927 "https://hvmbertogarza.com/producto/artprint-herbonium/" "Mozilla/5.0 (X11; Linux x86_64) AppleWebKit/537.36 (KHTML, like Gecko) Chrome/145.0.7632.116 Safari/537.36"
66.249.92.32 - - [09/Mar/2026:13:38:12 +0000] "GET /wp-content/plugins/woocommerce/assets/css/woocommerce-layout.css?ver=10.3.7 HTTP/1.1" 200 7549 "https://hvmbertogarza.com/producto/artprint-herbonium/" "Mozilla/5.0 (X11; Linux x86_64) AppleWebKit/537.36 (KHTML, like Gecko) Chrome/145.0.7632.116 Safari/537.36"
66.249.92.163 - - [09/Mar/2026:13:38:12 +0000] "GET /wp-content/uploads/elementor/css/post-13.css?ver=1773045545 HTTP/1.1" 200 947 "https://hvmbertogarza.com/producto/artprint-herbonium/" "Mozilla/5.0 (X11; Linux x86_64) AppleWebKit/537.36 (KHTML, like Gecko) Chrome/145.0.7632.116 Safari/537.36"
176.65.132.19 - - [09/Mar/2026:13:38:10 +0000] "GET /wp-login.php?redirect_to=https%3A%2F%2Fhvmbertogarza.com%2Fwp-admin%2Findex.php&reauth=1 HTTP/1.1" 200 5797 "https://HVMBERTOGARZA.COM/wp-login.php" "Mozilla/5.0 (Windows NT 10.0; Win64; x64) AppleWebKit/537.36 (KHTML, like Gecko) Chrome/121.0.0.0 Safari/537.36"
66.249.92.10 - - [09/Mar/2026:13:38:13 +0000] "GET /wp-content/plugins/elementor/assets/css/widget-icon-list.min.css?ver=3.34.0 HTTP/1.1" 200 1390 "https://hvmbertogarza.com/producto/artprint-herbonium/" "Mozilla/5.0 (X11; Linux x86_64) AppleWebKit/537.36 (KHTML, like Gecko) Chrome/145.0.7632.116 Safari/537.36"
66.249.92.45 - - [09/Mar/2026:13:38:13 +0000] "GET /wp-content/plugins/woocommerce/assets/css/brands.css?ver=10.3.7 HTTP/1.1" 200 4773 "https://hvmbertogarza.com/producto/artprint-herbonium/" "Mozilla/5.0 (X11; Linux x86_64) AppleWebKit/537.36 (KHTML, like Gecko) Chrome/145.0.7632.116 Safari/537.36"
66.249.92.9 - - [09/Mar/2026:13:38:13 +0000] "GET /wp-admin/css/color-picker.min.css?ver=6.9.1 HTTP/1.1" 200 1228 "https://hvmbertogarza.com/producto/artprint-herbonium/" "Mozilla/5.0 (X11; Linux x86_64) AppleWebKit/537.36 (KHTML, like Gecko) Chrome/145.0.7632.116 Safari/537.36"
66.249.92.197 - - [09/Mar/2026:13:38:14 +0000] "GET /wp-content/plugins/pro-elements/assets/css/widget-form.min.css?ver=3.34.0 HTTP/1.1" 200 5674 "https://hvmbertogarza.com/producto/artprint-herbonium/" "Mozilla/5.0 (X11; Linux x86_64) AppleWebKit/537.36 (KHTML, like Gecko) Chrome/145.0.7632.116 Safari/537.36"
66.249.92.9 - - [09/Mar/2026:13:38:14 +0000] "GET /wp-content/plugins/shopengine/modules/swatches/loop-product-support/assets/swatches.css?ver=1773063479 HTTP/1.1" 200 309 "https://hvmbertogarza.com/producto/artprint-herbonium/" "Mozilla/5.0 (X11; Linux x86_64) AppleWebKit/537.36 (KHTML, like Gecko) Chrome/145.0.7632.116 Safari/537.36"
66.249.92.163 - - [09/Mar/2026:13:38:14 +0000] "GET /wp-content/uploads/elementor/css/post-66.css?ver=1773045546 HTTP/1.1" 200 2863 "https://hvmbertogarza.com/producto/artprint-herbonium/" "Mozilla/5.0 (X11; Linux x86_64) AppleWebKit/537.36 (KHTML, like Gecko) Chrome/145.0.7632.116 Safari/537.36"
66.249.92.136 - - [09/Mar/2026:13:38:15 +0000] "GET /wp-content/plugins/elementor/assets/css/widget-social-icons.min.css?ver=3.34.0 HTTP/1.1" 200 5233 "https://hvmbertogarza.com/producto/artprint-herbonium/" "Mozilla/5.0 (X11; Linux x86_64) AppleWebKit/537.36 (KHTML, like Gecko) Chrome/145.0.7632.116 Safari/537.36"
176.65.132.19 - - [09/Mar/2026:13:38:13 +0000] "POST /wp-login.php HTTP/1.1" 200 3881 "https://HVMBERTOGARZA.COM/wp-login.php" "Mozilla/5.0 (Macintosh; Intel Mac OS X 10_15_7) AppleWebKit/605.1.15 (KHTML, like Gecko) Version/17.1 Safari/605.1.15"
66.249.92.163 - - [09/Mar/2026:13:38:15 +0000] "GET /wp-content/uploads/2024/02/LOGO-Individual-vector-01-300x113.png HTTP/1.1" 200 12414 "https://hvmbertogarza.com/producto/artprint-herbonium/" "Mozilla/5.0 (X11; Linux x86_64) AppleWebKit/537.36 (KHTML, like Gecko) Chrome/145.0.7632.116 Safari/537.36"
66.249.92.197 - - [09/Mar/2026:13:38:16 +0000] "GET /wp-content/plugins/elementor/assets/css/widget-image.min.css?ver=3.34.0 HTTP/1.1" 200 499 "https://hvmbertogarza.com/producto/artprint-herbonium/" "Mozilla/5.0 (X11; Linux x86_64) AppleWebKit/537.36 (KHTML, like Gecko) Chrome/145.0.7632.116 Safari/537.36"
66.249.92.163 - - [09/Mar/2026:13:38:16 +0000] "GET /wp-content/uploads/elementor/google-fonts/css/roboto.css?ver=1749497619 HTTP/1.1" 200 3281 "https://hvmbertogarza.com/producto/artprint-herbonium/" "Mozilla/5.0 (X11; Linux x86_64) AppleWebKit/537.36 (KHTML, like Gecko) Chrome/145.0.7632.116 Safari/537.36"
66.249.92.136 - - [09/Mar/2026:13:38:16 +0000] "GET /wp-includes/js/jquery/jquery.min.js?ver=3.7.1 HTTP/1.1" 200 30861 "https://hvmbertogarza.com/producto/artprint-herbonium/" "Mozilla/5.0 (X11; Linux x86_64) AppleWebKit/537.36 (KHTML, like Gecko) Chrome/145.0.7632.116 Safari/537.36"
66.249.92.197 - - [09/Mar/2026:13:38:16 +0000] "GET /wp-content/plugins/pro-elements/assets/css/modules/motion-fx.min.css?ver=3.34.0 HTTP/1.1" 200 675 "https://hvmbertogarza.com/producto/artprint-herbonium/" "Mozilla/5.0 (X11; Linux x86_64) AppleWebKit/537.36 (KHTML, like Gecko) Chrome/145.0.7632.116 Safari/537.36"
66.249.92.45 - - [09/Mar/2026:13:38:17 +0000] "GET /wp-content/plugins/elementor/assets/css/conditionals/apple-webkit.min.css?ver=3.34.0 HTTP/1.1" 200 913 "https://hvmbertogarza.com/producto/artprint-herbonium/" "Mozilla/5.0 (X11; Linux x86_64) AppleWebKit/537.36 (KHTML, like Gecko) Chrome/145.0.7632.116 Safari/537.36"
66.249.92.9 - - [09/Mar/2026:13:38:17 +0000] "GET /wp-content/plugins/pro-elements/assets/css/widget-woocommerce-product-images.min.css?ver=3.34.0 HTTP/1.1" 200 609 "https://hvmbertogarza.com/producto/artprint-herbonium/" "Mozilla/5.0 (X11; Linux x86_64) AppleWebKit/537.36 (KHTML, like Gecko) Chrome/145.0.7632.116 Safari/537.36"
66.249.92.9 - - [09/Mar/2026:13:38:18 +0000] "GET /wp-content/plugins/pro-elements/assets/css/conditionals/popup.min.css?ver=3.34.0 HTTP/1.1" 200 785 "https://hvmbertogarza.com/producto/artprint-herbonium/" "Mozilla/5.0 (X11; Linux x86_64) AppleWebKit/537.36 (KHTML, like Gecko) Chrome/145.0.7632.116 Safari/537.36"
66.249.92.9 - - [09/Mar/2026:13:38:18 +0000] "GET /wp-content/themes/hello-elementor/assets/css/header-footer.css?ver=3.4.5 HTTP/1.1" 200 1790 "https://hvmbertogarza.com/producto/artprint-herbonium/" "Mozilla/5.0 (X11; Linux x86_64) AppleWebKit/537.36 (KHTML, like Gecko) Chrome/145.0.7632.116 Safari/537.36"
66.249.92.136 - - [09/Mar/2026:13:38:18 +0000] "GET /wp-content/plugins/shopengine/modules/quick-view/assets/js/script.js?ver=6.9.1 HTTP/1.1" 200 723 "https://hvmbertogarza.com/producto/artprint-herbonium/" "Mozilla/5.0 (X11; Linux x86_64) AppleWebKit/537.36 (KHTML, like Gecko) Chrome/145.0.7632.116 Safari/537.36"
66.249.92.163 - - [09/Mar/2026:13:38:19 +0000] "GET /wp-content/uploads/elementor/google-fonts/css/ledger.css?ver=1749497386 HTTP/1.1" 200 802 "https://hvmbertogarza.com/producto/artprint-herbonium/" "Mozilla/5.0 (X11; Linux x86_64) AppleWebKit/537.36 (KHTML, like Gecko) Chrome/145.0.7632.116 Safari/537.36"
176.65.132.19 - - [09/Mar/2026:13:38:16 +0000] "GET /wp-admin/index.php HTTP/1.1" 302 525 "https://HVMBERTOGARZA.COM/wp-login.php" "Mozilla/5.0 (Windows NT 11.0; Win64; x64; rv:120.0) Gecko/20100101 Firefox/120.0"
66.249.92.45 - - [09/Mar/2026:13:38:19 +0000] "GET /wp-content/themes/hello-elementor/assets/css/theme.css?ver=3.4.5 HTTP/1.1" 200 1638 "https://hvmbertogarza.com/producto/artprint-herbonium/" "Mozilla/5.0 (X11; Linux x86_64) AppleWebKit/537.36 (KHTML, like Gecko) Chrome/145.0.7632.116 Safari/537.36"
66.249.92.45 - - [09/Mar/2026:13:38:19 +0000] "GET /wp-content/uploads/elementor/google-fonts/css/robotoslab.css?ver=1749497380 HTTP/1.1" 200 1326 "https://hvmbertogarza.com/producto/artprint-herbonium/" "Mozilla/5.0 (X11; Linux x86_64) AppleWebKit/537.36 (KHTML, like Gecko) Chrome/145.0.7632.116 Safari/537.36"
66.249.92.197 - - [09/Mar/2026:13:38:20 +0000] "GET /wp-content/uploads/2024/02/LOGO-Individual-vector-01-1024x386.png HTTP/1.1" 200 55791 "https://hvmbertogarza.com/producto/artprint-herbonium/" "Mozilla/5.0 (X11; Linux x86_64) AppleWebKit/537.36 (KHTML, like Gecko) Chrome/145.0.7632.116 Safari/537.36"
66.249.92.136 - - [09/Mar/2026:13:38:20 +0000] "GET /wp-content/uploads/elementor/css/post-491.css?ver=1773046648 HTTP/1.1" 200 4561 "https://hvmbertogarza.com/producto/artprint-herbonium/" "Mozilla/5.0 (X11; Linux x86_64) AppleWebKit/537.36 (KHTML, like Gecko) Chrome/145.0.7632.116 Safari/537.36"
66.249.92.9 - - [09/Mar/2026:13:38:20 +0000] "GET /wp-includes/js/jquery/jquery-migrate.min.js?ver=3.4.1 HTTP/1.1" 200 5297 "https://hvmbertogarza.com/producto/artprint-herbonium/" "Mozilla/5.0 (X11; Linux x86_64) AppleWebKit/537.36 (KHTML, like Gecko) Chrome/145.0.7632.116 Safari/537.36"
66.249.92.163 - - [09/Mar/2026:13:38:21 +0000] "GET /wp-content/uploads/elementor/css/post-109.css?ver=1773045546 HTTP/1.1" 200 1517 "https://hvmbertogarza.com/producto/artprint-herbonium/" "Mozilla/5.0 (X11; Linux x86_64) AppleWebKit/537.36 (KHTML, like Gecko) Chrome/145.0.7632.116 Safari/537.36"
66.249.92.136 - - [09/Mar/2026:13:38:21 +0000] "GET /wp-content/plugins/shopengine/assets/js/shopengine-modal.js?ver=4.8.7 HTTP/1.1" 200 2265 "https://hvmbertogarza.com/producto/artprint-herbonium/" "Mozilla/5.0 (X11; Linux x86_64) AppleWebKit/537.36 (KHTML, like Gecko) Chrome/145.0.7632.116 Safari/537.36"
74.208.176.140 - - [09/Mar/2026:13:38:21 +0000] "POST /wp-cron.php?doing_wp_cron=1773063501.6661989688873291015625 HTTP/1.1" 200 4101 "-" "WordPress/6.9.1; https://hvmbertogarza.com"
176.65.132.19 - - [09/Mar/2026:13:38:19 +0000] "GET /wp-login.php?redirect_to=https%3A%2F%2Fhvmbertogarza.com%2Fwp-admin%2Findex.php&reauth=1 HTTP/1.1" 200 5797 "https://HVMBERTOGARZA.COM/wp-login.php" "Mozilla/5.0 (Windows NT 11.0; Win64; x64; rv:120.0) Gecko/20100101 Firefox/120.0"
66.249.92.9 - - [09/Mar/2026:13:38:21 +0000] "GET /wp-content/plugins/elementor/assets/lib/animations/styles/zoomIn.min.css?ver=3.34.0 HTTP/1.1" 200 469 "https://hvmbertogarza.com/producto/artprint-herbonium/" "Mozilla/5.0 (X11; Linux x86_64) AppleWebKit/537.36 (KHTML, like Gecko) Chrome/145.0.7632.116 Safari/537.36"
66.249.92.163 - - [09/Mar/2026:13:38:22 +0000] "GET /wp-content/plugins/pro-elements/assets/css/modules/sticky.min.css?ver=3.34.0 HTTP/1.1" 200 480 "https://hvmbertogarza.com/producto/artprint-herbonium/" "Mozilla/5.0 (X11; Linux x86_64) AppleWebKit/537.36 (KHTML, like Gecko) Chrome/145.0.7632.116 Safari/537.36"
66.249.92.136 - - [09/Mar/2026:13:38:22 +0000] "GET /wp-content/plugins/woocommerce/assets/css/photoswipe/default-skin/default-skin.min.css?ver=10.3.7 HTTP/1.1" 200 2363 "https://hvmbertogarza.com/producto/artprint-herbonium/" "Mozilla/5.0 (X11; Linux x86_64) AppleWebKit/537.36 (KHTML, like Gecko) Chrome/145.0.7632.116 Safari/537.36"
66.249.92.163 - - [09/Mar/2026:13:38:22 +0000] "GET /wp-content/plugins/shopengine/modules/swatches/assets/css/frontend.css?ver=4.8.7 HTTP/1.1" 200 1480 "https://hvmbertogarza.com/producto/artprint-herbonium/" "Mozilla/5.0 (X11; Linux x86_64) AppleWebKit/537.36 (KHTML, like Gecko) Chrome/145.0.7632.116 Safari/537.36"
66.249.92.45 - - [09/Mar/2026:13:38:23 +0000] "GET /wp-content/uploads/elementor/google-fonts/css/juliussansone.css?ver=1749497386 HTTP/1.1" 200 783 "https://hvmbertogarza.com/producto/artprint-herbonium/" "Mozilla/5.0 (X11; Linux x86_64) AppleWebKit/537.36 (KHTML, like Gecko) Chrome/145.0.7632.116 Safari/537.36"
66.249.92.163 - - [09/Mar/2026:13:38:23 +0000] "GET /wp-content/plugins/elementor/assets/css/frontend.min.css?ver=3.34.0 HTTP/1.1" 200 7655 "https://hvmbertogarza.com/producto/artprint-herbonium/" "Mozilla/5.0 (X11; Linux x86_64) AppleWebKit/537.36 (KHTML, like Gecko) Chrome/145.0.7632.116 Safari/537.36"
66.249.92.9 - - [09/Mar/2026:13:38:24 +0000] "GET /wp-content/plugins/pro-elements/assets/css/widget-woocommerce-menu-cart.min.css?ver=3.34.0 HTTP/1.1" 200 2961 "https://hvmbertogarza.com/producto/artprint-herbonium/" "Mozilla/5.0 (X11; Linux x86_64) AppleWebKit/537.36 (KHTML, like Gecko) Chrome/145.0.7632.116 Safari/537.36"
176.65.132.19 - - [09/Mar/2026:13:38:21 +0000] "POST /wp-login.php HTTP/1.1" 200 3879 "https://HVMBERTOGARZA.COM/wp-login.php" "Mozilla/5.0 (Windows NT 10.0; Win64; x64) AppleWebKit/537.36 (KHTML, like Gecko) Chrome/118.0.0.0 Safari/537.36"
66.249.92.197 - - [09/Mar/2026:13:38:24 +0000] "GET /wp-content/plugins/shopengine/assets/css/shopengine-modal.css?ver=4.8.7 HTTP/1.1" 200 6090 "https://hvmbertogarza.com/producto/artprint-herbonium/" "Mozilla/5.0 (X11; Linux x86_64) AppleWebKit/537.36 (KHTML, like Gecko) Chrome/145.0.7632.116 Safari/537.36"
66.249.92.9 - - [09/Mar/2026:13:38:24 +0000] "GET /wp-content/uploads/elementor/google-fonts/css/lato.css?ver=1749497385 HTTP/1.1" 200 965 "https://hvmbertogarza.com/producto/artprint-herbonium/" "Mozilla/5.0 (X11; Linux x86_64) AppleWebKit/537.36 (KHTML, like Gecko) Chrome/145.0.7632.116 Safari/537.36"
66.249.92.136 - - [09/Mar/2026:13:38:25 +0000] "GET /wp-content/plugins/shopengine/modules/wishlist/assets/css/wishlist.css?ver=4.8.7 HTTP/1.1" 200 961 "https://hvmbertogarza.com/producto/artprint-herbonium/" "Mozilla/5.0 (X11; Linux x86_64) AppleWebKit/537.36 (KHTML, like Gecko) Chrome/145.0.7632.116 Safari/537.36"
66.249.92.163 - - [09/Mar/2026:13:38:25 +0000] "GET /wp-content/uploads/2025/11/cuadro-3-600x600.jpg HTTP/1.1" 200 77500 "https://hvmbertogarza.com/producto/artprint-herbonium/" "Mozilla/5.0 (X11; Linux x86_64) AppleWebKit/537.36 (KHTML, like Gecko) Chrome/145.0.7632.116 Safari/537.36"
66.249.92.45 - - [09/Mar/2026:13:38:25 +0000] "GET /wp-content/plugins/pro-elements/assets/css/widget-nav-menu.min.css?ver=3.34.0 HTTP/1.1" 200 3862 "https://hvmbertogarza.com/producto/artprint-herbonium/" "Mozilla/5.0 (X11; Linux x86_64) AppleWebKit/537.36 (KHTML, like Gecko) Chrome/145.0.7632.116 Safari/537.36"
66.249.92.9 - - [09/Mar/2026:13:38:26 +0000] "GET /wp-content/plugins/woocommerce/assets/css/woocommerce.css?ver=10.3.7 HTTP/1.1" 200 11411 "https://hvmbertogarza.com/producto/artprint-herbonium/" "Mozilla/5.0 (X11; Linux x86_64) AppleWebKit/537.36 (KHTML, like Gecko) Chrome/145.0.7632.116 Safari/537.36"
66.249.92.136 - - [09/Mar/2026:13:38:26 +0000] "GET /wp-content/plugins/powerpack-elements/assets/css/min/frontend.min.css?ver=2.10.9 HTTP/1.1" 200 40928 "https://hvmbertogarza.com/producto/artprint-herbonium/" "Mozilla/5.0 (X11; Linux x86_64) AppleWebKit/537.36 (KHTML, like Gecko) Chrome/145.0.7632.116 Safari/537.36"
176.65.132.19 - - [09/Mar/2026:13:38:24 +0000] "GET /wp-admin/index.php HTTP/1.1" 302 525 "https://HVMBERTOGARZA.COM/wp-login.php" "Mozilla/5.0 (Windows NT 10.0; Win64; x64; rv:121.0) Gecko/20100101 Firefox/121.0"
66.249.92.198 - - [09/Mar/2026:13:38:27 +0000] "GET /wp-content/plugins/woocommerce/assets/client/blocks/wc-blocks.css?ver=wc-10.3.7 HTTP/1.1" 200 6753 "https://hvmbertogarza.com/producto/artprint-herbonium/" "Mozilla/5.0 (X11; Linux x86_64) AppleWebKit/537.36 (KHTML, like Gecko) Chrome/145.0.7632.116 Safari/537.36"
66.249.92.10 - - [09/Mar/2026:13:38:27 +0000] "GET /wp-content/plugins/wp-whatsapp/assets/dist/js/njt-whatsapp.js?ver=3.7.3 HTTP/1.1" 200 22726 "https://hvmbertogarza.com/producto/artprint-herbonium/" "Mozilla/5.0 (X11; Linux x86_64) AppleWebKit/537.36 (KHTML, like Gecko) Chrome/145.0.7632.116 Safari/537.36"
66.249.92.45 - - [09/Mar/2026:13:38:28 +0000] "GET /wp-content/plugins/wp-whatsapp/assets/js/whatsapp-button.js?ver=3.7.3 HTTP/1.1" 200 885 "https://hvmbertogarza.com/producto/artprint-herbonium/" "Mozilla/5.0 (X11; Linux x86_64) AppleWebKit/537.36 (KHTML, like Gecko) Chrome/145.0.7632.116 Safari/537.36"
66.249.92.9 - - [09/Mar/2026:13:38:28 +0000] "GET /wp-content/plugins/shopengine/assets/js/filter.js?ver=4.8.7 HTTP/1.1" 200 1015 "https://hvmbertogarza.com/producto/artprint-herbonium/" "Mozilla/5.0 (X11; Linux x86_64) AppleWebKit/537.36 (KHTML, like Gecko) Chrome/145.0.7632.116 Safari/537.36"
66.249.92.136 - - [09/Mar/2026:13:38:28 +0000] "GET /wp-content/plugins/shopengine/assets/js/simple-scrollbar.js?ver=4.8.7 HTTP/1.1" 200 1459 "https://hvmbertogarza.com/producto/artprint-herbonium/" "Mozilla/5.0 (X11; Linux x86_64) AppleWebKit/537.36 (KHTML, like Gecko) Chrome/145.0.7632.116 Safari/537.36"
176.65.132.19 - - [09/Mar/2026:13:38:27 +0000] "GET /wp-login.php?redirect_to=https%3A%2F%2Fhvmbertogarza.com%2Fwp-admin%2Findex.php&reauth=1 HTTP/1.1" 200 5797 "https://HVMBERTOGARZA.COM/wp-login.php" "Mozilla/5.0 (Windows NT 10.0; Win64; x64; rv:121.0) Gecko/20100101 Firefox/121.0"
66.249.92.137 - - [09/Mar/2026:13:38:29 +0000] "GET /wp-content/plugins/shopengine/assets/js/public.js?ver=4.8.7 HTTP/1.1" 200 4310 "https://hvmbertogarza.com/producto/artprint-herbonium/" "Mozilla/5.0 (X11; Linux x86_64) AppleWebKit/537.36 (KHTML, like Gecko) Chrome/145.0.7632.116 Safari/537.36"
66.249.92.198 - - [09/Mar/2026:13:38:29 +0000] "GET /wp-content/plugins/elementor/assets/js/webpack.runtime.min.js?ver=3.34.0 HTTP/1.1" 200 2901 "https://hvmbertogarza.com/producto/artprint-herbonium/" "Mozilla/5.0 (X11; Linux x86_64) AppleWebKit/537.36 (KHTML, like Gecko) Chrome/145.0.7632.116 Safari/537.36"
66.249.92.164 - - [09/Mar/2026:13:38:30 +0000] "GET /wp-content/plugins/elementor/assets/js/frontend.min.js?ver=3.34.0 HTTP/1.1" 200 14497 "https://hvmbertogarza.com/producto/artprint-herbonium/" "Mozilla/5.0 (X11; Linux x86_64) AppleWebKit/537.36 (KHTML, like Gecko) Chrome/145.0.7632.116 Safari/537.36"
66.249.92.45 - - [09/Mar/2026:13:38:30 +0000] "GET /wp-content/themes/hello-elementor/assets/js/hello-frontend.js?ver=3.4.5 HTTP/1.1" 200 928 "https://hvmbertogarza.com/producto/artprint-herbonium/" "Mozilla/5.0 (X11; Linux x86_64) AppleWebKit/537.36 (KHTML, like Gecko) Chrome/145.0.7632.116 Safari/537.36"
66.249.92.163 - - [09/Mar/2026:13:38:30 +0000] "GET /wp-content/plugins/wp-whatsapp/assets/js/whatsapp-popup.js?ver=3.7.3 HTTP/1.1" 200 4477 "https://hvmbertogarza.com/producto/artprint-herbonium/" "Mozilla/5.0 (X11; Linux x86_64) AppleWebKit/537.36 (KHTML, like Gecko) Chrome/145.0.7632.116 Safari/537.36"
66.249.92.10 - - [09/Mar/2026:13:38:31 +0000] "GET /wp-content/plugins/elementor/assets/js/frontend-modules.min.js?ver=3.34.0 HTTP/1.1" 200 26150 "https://hvmbertogarza.com/producto/artprint-herbonium/" "Mozilla/5.0 (X11; Linux x86_64) AppleWebKit/537.36 (KHTML, like Gecko) Chrome/145.0.7632.116 Safari/537.36"
66.249.92.45 - - [09/Mar/2026:13:38:31 +0000] "GET /wp-content/plugins/shopengine/modules/comparison/assets/js/comparison.js?ver=4.8.7 HTTP/1.1" 200 2023 "https://hvmbertogarza.com/producto/artprint-herbonium/" "Mozilla/5.0 (X11; Linux x86_64) AppleWebKit/537.36 (KHTML, like Gecko) Chrome/145.0.7632.116 Safari/537.36"
176.65.132.19 - - [09/Mar/2026:13:38:29 +0000] "POST /wp-login.php HTTP/1.1" 200 3879 "https://HVMBERTOGARZA.COM/wp-login.php" "Mozilla/5.0 (Windows NT 11.0; Win64; x64; rv:119.0) Gecko/20100101 Firefox/119.0"
66.249.92.163 - - [09/Mar/2026:13:38:31 +0000] "GET /wp-content/plugins/shopengine/modules/swatches/loop-product-support/assets/swatches.js?ver=1515155 HTTP/1.1" 200 655 "https://hvmbertogarza.com/producto/artprint-herbonium/" "Mozilla/5.0 (X11; Linux x86_64) AppleWebKit/537.36 (KHTML, like Gecko) Chrome/145.0.7632.116 Safari/537.36"
66.249.92.10 - - [09/Mar/2026:13:38:32 +0000] "GET /wp-content/plugins/woocommerce/assets/js/frontend/order-attribution.min.js?ver=10.3.7 HTTP/1.1" 200 1508 "https://hvmbertogarza.com/producto/artprint-herbonium/" "Mozilla/5.0 (X11; Linux x86_64) AppleWebKit/537.36 (KHTML, like Gecko) Chrome/145.0.7632.116 Safari/537.36"
66.249.92.164 - - [09/Mar/2026:13:38:32 +0000] "GET /wp-content/plugins/shopengine/modules/swatches/assets/js/frontend.js?ver=4.8.7 HTTP/1.1" 200 1707 "https://hvmbertogarza.com/producto/artprint-herbonium/" "Mozilla/5.0 (X11; Linux x86_64) AppleWebKit/537.36 (KHTML, like Gecko) Chrome/145.0.7632.116 Safari/537.36"
66.249.92.164 - - [09/Mar/2026:13:38:32 +0000] "GET /wp-content/plugins/pro-elements/assets/js/webpack-pro.runtime.min.js?ver=3.34.0 HTTP/1.1" 200 3283 "https://hvmbertogarza.com/producto/artprint-herbonium/" "Mozilla/5.0 (X11; Linux x86_64) AppleWebKit/537.36 (KHTML, like Gecko) Chrome/145.0.7632.116 Safari/537.36"
66.249.92.137 - - [09/Mar/2026:13:38:33 +0000] "GET /wp-content/plugins/powerpack-elements/assets/js/min/frontend.min.js?ver=2.10.9 HTTP/1.1" 200 10641 "https://hvmbertogarza.com/producto/artprint-herbonium/" "Mozilla/5.0 (X11; Linux x86_64) AppleWebKit/537.36 (KHTML, like Gecko) Chrome/145.0.7632.116 Safari/537.36"
66.249.92.163 - - [09/Mar/2026:13:38:33 +0000] "GET /wp-content/plugins/ajax-search-pro/js/min/plugin/optimized/asp-core.js HTTP/1.1" 200 15370 "https://hvmbertogarza.com/producto/artprint-herbonium/" "Mozilla/5.0 (X11; Linux x86_64) AppleWebKit/537.36 (KHTML, like Gecko) Chrome/145.0.7632.116 Safari/537.36"
66.249.92.163 - - [09/Mar/2026:13:38:33 +0000] "GET /wp-content/plugins/woocommerce/assets/js/sourcebuster/sourcebuster.min.js?ver=10.3.7 HTTP/1.1" 200 5232 "https://hvmbertogarza.com/producto/artprint-herbonium/" "Mozilla/5.0 (X11; Linux x86_64) AppleWebKit/537.36 (KHTML, like Gecko) Chrome/145.0.7632.116 Safari/537.36"
66.249.92.45 - - [09/Mar/2026:13:38:34 +0000] "GET /wp-content/plugins/pro-elements/assets/lib/sticky/jquery.sticky.min.js?ver=3.34.0 HTTP/1.1" 200 1922 "https://hvmbertogarza.com/producto/artprint-herbonium/" "Mozilla/5.0 (X11; Linux x86_64) AppleWebKit/537.36 (KHTML, like Gecko) Chrome/145.0.7632.116 Safari/537.36"
176.65.132.19 - - [09/Mar/2026:13:38:31 +0000] "GET /wp-admin/index.php HTTP/1.1" 302 525 "https://HVMBERTOGARZA.COM/wp-login.php" "Mozilla/5.0 (Macintosh; Intel Mac OS X 10_15_7) AppleWebKit/605.1.15 (KHTML, like Gecko) Version/16.6 Safari/605.1.15"
66.249.92.164 - - [09/Mar/2026:13:38:34 +0000] "GET /wp-content/plugins/pro-elements/assets/js/frontend.min.js?ver=3.34.0 HTTP/1.1" 200 6862 "https://hvmbertogarza.com/producto/artprint-herbonium/" "Mozilla/5.0 (X11; Linux x86_64) AppleWebKit/537.36 (KHTML, like Gecko) Chrome/145.0.7632.116 Safari/537.36"
66.249.92.9 - - [09/Mar/2026:13:38:34 +0000] "GET /wp-content/plugins/powerpack-elements/assets/lib/tooltipster/tooltipster.min.js?ver=2.10.9 HTTP/1.1" 200 14134 "https://hvmbertogarza.com/producto/artprint-herbonium/" "Mozilla/5.0 (X11; Linux x86_64) AppleWebKit/537.36 (KHTML, like Gecko) Chrome/145.0.7632.116 Safari/537.36"
66.249.92.136 - - [09/Mar/2026:13:38:35 +0000] "GET /wp-content/plugins/ajax-search-pro/js/min/plugin/optimized/asp-prereq.js HTTP/1.1" 200 11006 "https://hvmbertogarza.com/producto/artprint-herbonium/" "Mozilla/5.0 (X11; Linux x86_64) AppleWebKit/537.36 (KHTML, like Gecko) Chrome/145.0.7632.116 Safari/537.36"
66.249.92.164 - - [09/Mar/2026:13:38:35 +0000] "GET /wp-content/plugins/ajax-search-pro/js/min/plugin/optimized/asp-autocomplete.js HTTP/1.1" 200 1348 "https://hvmbertogarza.com/producto/artprint-herbonium/" "Mozilla/5.0 (X11; Linux x86_64) AppleWebKit/537.36 (KHTML, like Gecko) Chrome/145.0.7632.116 Safari/537.36"
66.249.92.198 - - [09/Mar/2026:13:38:36 +0000] "GET /wp-content/plugins/woocommerce/assets/js/jquery-blockui/jquery.blockUI.min.js?ver=2.7.0-wc.10.3.7 HTTP/1.1" 200 7686 "https://hvmbertogarza.com/producto/artprint-herbonium/" "Mozilla/5.0 (X11; Linux x86_64) AppleWebKit/537.36 (KHTML, like Gecko) Chrome/145.0.7632.116 Safari/537.36"
66.249.92.136 - - [09/Mar/2026:13:38:36 +0000] "GET /wp-content/plugins/pro-elements/assets/lib/smartmenus/jquery.smartmenus.min.js?ver=1.2.1 HTTP/1.1" 200 7512 "https://hvmbertogarza.com/producto/artprint-herbonium/" "Mozilla/5.0 (X11; Linux x86_64) AppleWebKit/537.36 (KHTML, like Gecko) Chrome/145.0.7632.116 Safari/537.36"
176.65.132.19 - - [09/Mar/2026:13:38:34 +0000] "GET /wp-login.php?redirect_to=https%3A%2F%2Fhvmbertogarza.com%2Fwp-admin%2Findex.php&reauth=1 HTTP/1.1" 200 5797 "https://HVMBERTOGARZA.COM/wp-login.php" "Mozilla/5.0 (Macintosh; Intel Mac OS X 10_15_7) AppleWebKit/605.1.15 (KHTML, like Gecko) Version/16.6 Safari/605.1.15"
66.249.92.9 - - [09/Mar/2026:13:38:36 +0000] "GET /wp-content/plugins/ajax-search-pro/js/min/plugin/optimized/asp-compact.js HTTP/1.1" 200 1496 "https://hvmbertogarza.com/producto/artprint-herbonium/" "Mozilla/5.0 (X11; Linux x86_64) AppleWebKit/537.36 (KHTML, like Gecko) Chrome/145.0.7632.116 Safari/537.36"
66.249.92.197 - - [09/Mar/2026:13:38:37 +0000] "GET /wp-content/plugins/ajax-search-pro/js/min/plugin/optimized/asp-results-vertical.js HTTP/1.1" 200 4882 "https://hvmbertogarza.com/producto/artprint-herbonium/" "Mozilla/5.0 (X11; Linux x86_64) AppleWebKit/537.36 (KHTML, like Gecko) Chrome/145.0.7632.116 Safari/537.36"
66.249.92.164 - - [09/Mar/2026:13:38:37 +0000] "GET /wp-content/plugins/woocommerce/assets/js/flexslider/jquery.flexslider.min.js?ver=2.7.2-wc.10.3.7 HTTP/1.1" 200 6629 "https://hvmbertogarza.com/producto/artprint-herbonium/" "Mozilla/5.0 (X11; Linux x86_64) AppleWebKit/537.36 (KHTML, like Gecko) Chrome/145.0.7632.116 Safari/537.36"
66.249.92.45 - - [09/Mar/2026:13:38:37 +0000] "GET /wp-content/plugins/ajax-search-pro/js/min/plugin/optimized/asp-wrapper.js HTTP/1.1" 200 2331 "https://hvmbertogarza.com/producto/artprint-herbonium/" "Mozilla/5.0 (X11; Linux x86_64) AppleWebKit/537.36 (KHTML, like Gecko) Chrome/145.0.7632.116 Safari/537.36"
66.249.92.10 - - [09/Mar/2026:13:38:37 +0000] "GET /wp-content/plugins/woocommerce/assets/js/photoswipe/photoswipe-ui-default.min.js?ver=4.1.1-wc.10.3.7 HTTP/1.1" 200 7823 "https://hvmbertogarza.com/producto/artprint-herbonium/" "Mozilla/5.0 (X11; Linux x86_64) AppleWebKit/537.36 (KHTML, like Gecko) Chrome/145.0.7632.116 Safari/537.36"
66.249.92.10 - - [09/Mar/2026:13:38:38 +0000] "GET /wp-content/plugins/shopengine/widgets/init/assets/js/widgets.js?ver=4.8.7 HTTP/1.1" 200 7625 "https://hvmbertogarza.com/producto/artprint-herbonium/" "Mozilla/5.0 (X11; Linux x86_64) AppleWebKit/537.36 (KHTML, like Gecko) Chrome/145.0.7632.116 Safari/537.36"
176.65.132.19 - - [09/Mar/2026:13:38:36 +0000] "POST /wp-login.php HTTP/1.1" 200 3881 "https://HVMBERTOGARZA.COM/wp-login.php" "Mozilla/5.0 (Macintosh; Intel Mac OS X 10_15_7; rv:120.0) Gecko/20100101 Firefox/120.0"
66.249.92.10 - - [09/Mar/2026:13:38:38 +0000] "GET /wp-content/plugins/woocommerce/assets/js/frontend/single-product.min.js?ver=10.3.7 HTTP/1.1" 200 3342 "https://hvmbertogarza.com/producto/artprint-herbonium/" "Mozilla/5.0 (X11; Linux x86_64) AppleWebKit/537.36 (KHTML, like Gecko) Chrome/145.0.7632.116 Safari/537.36"
66.249.92.136 - - [09/Mar/2026:13:38:38 +0000] "GET /wp-content/plugins/woocommerce/assets/js/frontend/add-to-cart.min.js?ver=10.3.7 HTTP/1.1" 200 1748 "https://hvmbertogarza.com/producto/artprint-herbonium/" "Mozilla/5.0 (X11; Linux x86_64) AppleWebKit/537.36 (KHTML, like Gecko) Chrome/145.0.7632.116 Safari/537.36"
66.249.92.163 - - [09/Mar/2026:13:38:39 +0000] "GET /wp-includes/js/jquery/ui/core.min.js?ver=1.13.3 HTTP/1.1" 200 11255 "https://hvmbertogarza.com/producto/artprint-herbonium/" "Mozilla/5.0 (X11; Linux x86_64) AppleWebKit/537.36 (KHTML, like Gecko) Chrome/145.0.7632.116 Safari/537.36"
66.249.92.10 - - [09/Mar/2026:13:38:39 +0000] "GET /wp-content/plugins/woocommerce/assets/js/photoswipe/photoswipe.min.js?ver=4.1.1-wc.10.3.7 HTTP/1.1" 200 12490 "https://hvmbertogarza.com/producto/artprint-herbonium/" "Mozilla/5.0 (X11; Linux x86_64) AppleWebKit/537.36 (KHTML, like Gecko) Chrome/145.0.7632.116 Safari/537.36"
66.249.92.45 - - [09/Mar/2026:13:38:39 +0000] "GET /wp-content/plugins/ajax-search-pro/js/min/plugin/optimized/asp-live.js HTTP/1.1" 200 2438 "https://hvmbertogarza.com/producto/artprint-herbonium/" "Mozilla/5.0 (X11; Linux x86_64) AppleWebKit/537.36 (KHTML, like Gecko) Chrome/145.0.7632.116 Safari/537.36"
66.249.92.197 - - [09/Mar/2026:13:38:40 +0000] "GET /wp-content/plugins/pro-elements/assets/js/elements-handlers.min.js?ver=3.34.0 HTTP/1.1" 200 11020 "https://hvmbertogarza.com/producto/artprint-herbonium/" "Mozilla/5.0 (X11; Linux x86_64) AppleWebKit/537.36 (KHTML, like Gecko) Chrome/145.0.7632.116 Safari/537.36"
66.249.92.137 - - [09/Mar/2026:13:38:40 +0000] "GET /wp-content/plugins/woocommerce/assets/js/zoom/jquery.zoom.min.js?ver=1.7.21-wc.10.3.7 HTTP/1.1" 200 5296 "https://hvmbertogarza.com/producto/artprint-herbonium/" "Mozilla/5.0 (X11; Linux x86_64) AppleWebKit/537.36 (KHTML, like Gecko) Chrome/145.0.7632.116 Safari/537.36"
176.65.132.19 - - [09/Mar/2026:13:38:39 +0000] "GET /wp-admin/index.php HTTP/1.1" 302 525 "https://HVMBERTOGARZA.COM/wp-login.php" "Mozilla/5.0 (Macintosh; Intel Mac OS X 13_6_1) AppleWebKit/537.36 (KHTML, like Gecko) Chrome/118.0.0.0 Safari/537.36"
