HEX
Server: Apache
System: Linux distracted-cartwright 5.4.0-90-generic #101-Ubuntu SMP Fri Oct 15 20:00:55 UTC 2021 x86_64
User: hvmbertogarza.com_s2ctmc9wn9 (10011)
PHP: 8.3.30
Disabled: opcache_get_status
Upload Files
File: /var/www/vhosts/hvmbertogarza.com/logs/access_ssl_log.webstat
74.208.176.140 - - [09/Mar/2026:06:32:51 +0000] "POST /wp-cron.php?doing_wp_cron=1773037971.1307759284973144531250 HTTP/1.1" 200 4101 "-" "WordPress/6.9.1; https://hvmbertogarza.com"
74.7.242.14 - - [09/Mar/2026:06:32:47 +0000] "GET /aparate-online-gratis/ HTTP/1.1" 200 42261 "https://hvmbertogarza.com/?p=1806" "Mozilla/5.0 AppleWebKit/537.36 (KHTML, like Gecko; compatible; GPTBot/1.3; +https://openai.com/gptbot)"
103.42.198.211 - - [09/Mar/2026:06:32:50 +0000] "POST /xmlrpc.php HTTP/1.1" 200 4454 "-" "Mozilla/5.0 (Windows NT 10.0; Win64; x64) AppleWebKit/537.36 (KHTML, like Gecko) Chrome/91.0.4472.124 Safari/537.36"
74.7.242.14 - - [09/Mar/2026:06:32:51 +0000] "GET /wp-json/wp/v2/posts/1806 HTTP/1.1" 200 6020 "https://hvmbertogarza.com/aparate-online-gratis/" "Mozilla/5.0 AppleWebKit/537.36 (KHTML, like Gecko; compatible; GPTBot/1.3; +https://openai.com/gptbot)"
74.7.242.14 - - [09/Mar/2026:06:32:53 +0000] "GET /wp-json/wp/v2/posts/1308 HTTP/1.1" 200 4938 "https://hvmbertogarza.com/online-casino-ohne-verifizierung-osterreich/" "Mozilla/5.0 AppleWebKit/537.36 (KHTML, like Gecko; compatible; GPTBot/1.3; +https://openai.com/gptbot)"
74.7.242.14 - - [09/Mar/2026:06:32:55 +0000] "GET /wp-json/oembed/1.0/embed?format=xml&url=https%3A%2F%2Fhvmbertogarza.com%2Fonline-casino-ohne-verifizierung-osterreich%2F HTTP/1.1" 200 2207 "https://hvmbertogarza.com/online-casino-ohne-verifizierung-osterreich/" "Mozilla/5.0 AppleWebKit/537.36 (KHTML, like Gecko; compatible; GPTBot/1.3; +https://openai.com/gptbot)"
216.26.230.173 - - [09/Mar/2026:06:32:58 +0000] "POST /wp-content/plugins/gallery-1772606968/comment-section-1772606968.php HTTP/1.1" 200 449 "https://hvmbertogarza.com" "Mozilla/5.0 (Windows NT 10.0; WOW64) AppleWebKit/537.36 (KHTML, like Gecko) Chrome/63.0.2681.127 Safari/537.36"
74.208.176.140 - - [09/Mar/2026:06:32:59 +0000] "POST /wp-cron.php?doing_wp_cron=1773037979.8675119876861572265625 HTTP/1.1" 200 4101 "-" "WordPress/6.9.1; https://hvmbertogarza.com"
74.7.242.14 - - [09/Mar/2026:06:32:57 +0000] "GET /wp-json/oembed/1.0/embed?format=xml&url=https%3A%2F%2Fhvmbertogarza.com%2Fjocuri-casino-sloturi%2F HTTP/1.1" 200 2170 "https://hvmbertogarza.com/jocuri-casino-sloturi/" "Mozilla/5.0 AppleWebKit/537.36 (KHTML, like Gecko; compatible; GPTBot/1.3; +https://openai.com/gptbot)"
209.50.181.163 - - [09/Mar/2026:06:33:01 +0000] "POST /wp-content/plugins/backup-1772322415/home-1772322415.php HTTP/1.1" 200 449 "https://hvmbertogarza.com" "Mozilla/5.0 (Windows NT 10.0) AppleWebKit/537.36 (KHTML, like Gecko) Chrome/62.0.2436.67 Safari/537.36"
74.7.242.14 - - [09/Mar/2026:06:33:00 +0000] "GET /wp-json/oembed/1.0/embed?format=xml&url=https%3A%2F%2Fhvmbertogarza.com%2Faparate-online-gratis%2F HTTP/1.1" 200 2169 "https://hvmbertogarza.com/aparate-online-gratis/" "Mozilla/5.0 AppleWebKit/537.36 (KHTML, like Gecko; compatible; GPTBot/1.3; +https://openai.com/gptbot)"
74.7.242.14 - - [09/Mar/2026:06:33:02 +0000] "GET /2025/09/13/ HTTP/1.1" 200 36323 "https://hvmbertogarza.com/aparate-online-gratis/" "Mozilla/5.0 AppleWebKit/537.36 (KHTML, like Gecko; compatible; GPTBot/1.3; +https://openai.com/gptbot)"
216.26.251.151 - - [09/Mar/2026:06:33:06 +0000] "POST /wp-content/plugins/custom-1772763685/custom_functions_1772763685.php HTTP/1.1" 200 449 "https://hvmbertogarza.com" "Mozilla/5.0 (Windows NT 10.0) AppleWebKit/537.36 (KHTML, like Gecko) Chrome/69.0.2511.135 Safari/537.36"
74.7.242.14 - - [09/Mar/2026:06:33:05 +0000] "GET /%22https:/hvmbertogarza.com/automaty-do-gry-belatra-z-darmowymi-spinami/embed/ HTTP/1.1" 404 78546 "https://hvmbertogarza.com/wp-json/oembed/1.0/embed?format=xml&url=https%3A%2F%2Fhvmbertogarza.com%2Fautomaty-do-gry-belatra-z-darmowymi-spinami%2F" "Mozilla/5.0 AppleWebKit/537.36 (KHTML, like Gecko; compatible; GPTBot/1.3; +https://openai.com/gptbot)"
74.7.242.14 - - [09/Mar/2026:06:33:09 +0000] "GET /wp-json/oembed/1.0/embed?url=https%3A%2F%2Fhvmbertogarza.com%2Fautomaty-do-gry-belatra-z-darmowymi-spinami%2F HTTP/1.1" 200 6733 "https://hvmbertogarza.com/automaty-do-gry-belatra-z-darmowymi-spinami/" "Mozilla/5.0 AppleWebKit/537.36 (KHTML, like Gecko; compatible; GPTBot/1.3; +https://openai.com/gptbot)"
74.7.242.14 - - [09/Mar/2026:06:33:11 +0000] "GET /wp-json/oembed/1.0/embed?url=https%3A%2F%2Fhvmbertogarza.com%2Faparate-online-gratis%2F HTTP/1.1" 200 2837 "https://hvmbertogarza.com/aparate-online-gratis/" "Mozilla/5.0 AppleWebKit/537.36 (KHTML, like Gecko; compatible; GPTBot/1.3; +https://openai.com/gptbot)"
74.7.242.14 - - [09/Mar/2026:06:33:14 +0000] "GET /wp-json/oembed/1.0/embed?url=https%3A%2F%2Fhvmbertogarza.com%2Fjocuri-casino-sloturi%2F HTTP/1.1" 200 2837 "https://hvmbertogarza.com/jocuri-casino-sloturi/" "Mozilla/5.0 AppleWebKit/537.36 (KHTML, like Gecko; compatible; GPTBot/1.3; +https://openai.com/gptbot)"
74.7.242.14 - - [09/Mar/2026:06:33:17 +0000] "GET /%22https:/hvmbertogarza.com/automaty-do-gry-belatra-z-darmowymi-spinami/%22 HTTP/1.1" 301 466 "https://hvmbertogarza.com/wp-json/oembed/1.0/embed?format=xml&url=https%3A%2F%2Fhvmbertogarza.com%2Fautomaty-do-gry-belatra-z-darmowymi-spinami%2F" "Mozilla/5.0 AppleWebKit/537.36 (KHTML, like Gecko; compatible; GPTBot/1.3; +https://openai.com/gptbot)"
74.208.176.140 - - [09/Mar/2026:06:33:22 +0000] "POST /wp-cron.php?doing_wp_cron=1773038002.3723831176757812500000 HTTP/1.1" 200 4101 "-" "WordPress/6.9.1; https://hvmbertogarza.com"
74.7.242.14 - - [09/Mar/2026:06:33:18 +0000] "GET /%22https:/hvmbertogarza.com/automaty-do-gry-belatra-z-darmowymi-spinami/ HTTP/1.1" 404 64766 "https://hvmbertogarza.com/%22https:/hvmbertogarza.com/automaty-do-gry-belatra-z-darmowymi-spinami/%22" "Mozilla/5.0 AppleWebKit/537.36 (KHTML, like Gecko; compatible; GPTBot/1.3; +https://openai.com/gptbot)"
209.50.169.34 - - [09/Mar/2026:06:33:22 +0000] "POST /wp-content/plugins/gallery-1772606968/comment-section-1772606968.php HTTP/1.1" 200 449 "https://hvmbertogarza.com" "Mozilla/5.0 (Windows NT 6.3) AppleWebKit/537.36 (KHTML, like Gecko) Chrome/63.0.3243.109 Safari/537.36"
45.3.38.126 - - [09/Mar/2026:06:33:25 +0000] "POST /wp-content/plugins/backup-1772322415/home-1772322415.php HTTP/1.1" 200 449 "https://hvmbertogarza.com" "Mozilla/5.0 (Windows NT 6.1; WOW64) AppleWebKit/537.36 (KHTML, like Gecko) Chrome/69.0.3354.38 Safari/537.36"
74.7.242.14 - - [09/Mar/2026:06:33:22 +0000] "GET /slot-casino-in-linea/ HTTP/1.1" 200 45602 "https://hvmbertogarza.com/author/israel-arriaga/page/16/" "Mozilla/5.0 AppleWebKit/537.36 (KHTML, like Gecko; compatible; GPTBot/1.3; +https://openai.com/gptbot)"
74.7.242.14 - - [09/Mar/2026:06:33:26 +0000] "GET /diceland-casino-no-deposit-bonus-codes-for-free-spins-2026/feed/ HTTP/1.1" 200 1122 "https://hvmbertogarza.com/diceland-casino-no-deposit-bonus-codes-for-free-spins-2026/" "Mozilla/5.0 AppleWebKit/537.36 (KHTML, like Gecko; compatible; GPTBot/1.3; +https://openai.com/gptbot)"
45.3.33.131 - - [09/Mar/2026:06:33:29 +0000] "POST /wp-content/plugins/custom-1772763685/custom_functions_1772763685.php HTTP/1.1" 200 449 "https://hvmbertogarza.com" "Mozilla/5.0 (Windows NT 6.1; WOW64) AppleWebKit/537.36 (KHTML, like Gecko) Chrome/63.0.3102.161 Safari/537.36"
74.7.242.14 - - [09/Mar/2026:06:33:28 +0000] "GET /%22https:/hvmbertogarza.com/online-casino-ohne-verifizierung-osterreich/%22 HTTP/1.1" 301 466 "https://hvmbertogarza.com/wp-json/oembed/1.0/embed?format=xml&url=https%3A%2F%2Fhvmbertogarza.com%2Fonline-casino-ohne-verifizierung-osterreich%2F" "Mozilla/5.0 AppleWebKit/537.36 (KHTML, like Gecko; compatible; GPTBot/1.3; +https://openai.com/gptbot)"
74.7.242.14 - - [09/Mar/2026:06:33:30 +0000] "GET /%22https:/hvmbertogarza.com/online-casino-ohne-verifizierung-osterreich/ HTTP/1.1" 404 78546 "https://hvmbertogarza.com/%22https:/hvmbertogarza.com/online-casino-ohne-verifizierung-osterreich/%22" "Mozilla/5.0 AppleWebKit/537.36 (KHTML, like Gecko; compatible; GPTBot/1.3; +https://openai.com/gptbot)"
74.208.176.140 - - [09/Mar/2026:06:33:36 +0000] "POST /wp-cron.php?doing_wp_cron=1773038016.3961470127105712890625 HTTP/1.1" 200 4101 "-" "WordPress/6.9.1; https://hvmbertogarza.com"
74.7.242.14 - - [09/Mar/2026:06:33:33 +0000] "GET /%22https:/hvmbertogarza.com/online-casino-ohne-verifizierung-osterreich/embed/ HTTP/1.1" 404 57528 "https://hvmbertogarza.com/wp-json/oembed/1.0/embed?format=xml&url=https%3A%2F%2Fhvmbertogarza.com%2Fonline-casino-ohne-verifizierung-osterreich%2F" "Mozilla/5.0 AppleWebKit/537.36 (KHTML, like Gecko; compatible; GPTBot/1.3; +https://openai.com/gptbot)"
74.7.242.14 - - [09/Mar/2026:06:33:36 +0000] "GET /%22https:/hvmbertogarza.com/aparate-online-gratis/embed/ HTTP/1.1" 404 57528 "https://hvmbertogarza.com/wp-json/oembed/1.0/embed?format=xml&url=https%3A%2F%2Fhvmbertogarza.com%2Faparate-online-gratis%2F" "Mozilla/5.0 AppleWebKit/537.36 (KHTML, like Gecko; compatible; GPTBot/1.3; +https://openai.com/gptbot)"
74.7.242.14 - - [09/Mar/2026:06:33:39 +0000] "GET /%22https:/hvmbertogarza.com/aparate-online-gratis/%22 HTTP/1.1" 301 4230 "https://hvmbertogarza.com/wp-json/oembed/1.0/embed?format=xml&url=https%3A%2F%2Fhvmbertogarza.com%2Faparate-online-gratis%2F" "Mozilla/5.0 AppleWebKit/537.36 (KHTML, like Gecko; compatible; GPTBot/1.3; +https://openai.com/gptbot)"
92.222.108.121 - - [09/Mar/2026:06:33:39 +0000] "GET /robots.txt HTTP/1.1" 200 4284 "-" "Mozilla/5.0 (compatible; AhrefsBot/7.0; +http://ahrefs.com/robot/)"
74.7.242.14 - - [09/Mar/2026:06:33:41 +0000] "GET /%22https:/hvmbertogarza.com/aparate-online-gratis/ HTTP/1.1" 404 137800 "https://hvmbertogarza.com/%22https:/hvmbertogarza.com/aparate-online-gratis/%22" "Mozilla/5.0 AppleWebKit/537.36 (KHTML, like Gecko; compatible; GPTBot/1.3; +https://openai.com/gptbot)"
74.7.242.14 - - [09/Mar/2026:06:33:44 +0000] "GET /%22https:/hvmbertogarza.com/jocuri-casino-sloturi/%22 HTTP/1.1" 301 4230 "https://hvmbertogarza.com/wp-json/oembed/1.0/embed?format=xml&url=https%3A%2F%2Fhvmbertogarza.com%2Fjocuri-casino-sloturi%2F" "Mozilla/5.0 AppleWebKit/537.36 (KHTML, like Gecko; compatible; GPTBot/1.3; +https://openai.com/gptbot)"
104.207.57.4 - - [09/Mar/2026:06:33:46 +0000] "POST /wp-content/plugins/gallery-1772606968/comment-section-1772606968.php HTTP/1.1" 200 449 "https://hvmbertogarza.com" "Mozilla/5.0 (Windows NT 6.1; WOW64) AppleWebKit/537.36 (KHTML, like Gecko) Chrome/65.0.3273.155 Safari/537.36"
51.195.183.102 - - [09/Mar/2026:06:33:45 +0000] "GET /1495-2/feed/ HTTP/1.1" 200 4839 "-" "Mozilla/5.0 (compatible; AhrefsBot/7.0; +http://ahrefs.com/robot/)"
74.7.242.14 - - [09/Mar/2026:06:33:45 +0000] "GET /%22https:/hvmbertogarza.com/jocuri-casino-sloturi/ HTTP/1.1" 404 56498 "https://hvmbertogarza.com/%22https:/hvmbertogarza.com/jocuri-casino-sloturi/%22" "Mozilla/5.0 AppleWebKit/537.36 (KHTML, like Gecko; compatible; GPTBot/1.3; +https://openai.com/gptbot)"
209.50.179.101 - - [09/Mar/2026:06:33:49 +0000] "POST /wp-content/plugins/backup-1772322415/home-1772322415.php HTTP/1.1" 200 449 "https://hvmbertogarza.com" "Mozilla/5.0 (Windows NT 6.3; WOW64) AppleWebKit/537.36 (KHTML, like Gecko) Chrome/62.0.3057.145 Safari/537.36"
74.208.176.140 - - [09/Mar/2026:06:33:52 +0000] "POST /wp-cron.php?doing_wp_cron=1773038032.3541820049285888671875 HTTP/1.1" 200 4101 "-" "WordPress/6.9.1; https://hvmbertogarza.com"
74.7.242.14 - - [09/Mar/2026:06:33:49 +0000] "GET /%22https:/hvmbertogarza.com/jocuri-casino-sloturi/embed/ HTTP/1.1" 404 52016 "https://hvmbertogarza.com/wp-json/oembed/1.0/embed?format=xml&url=https%3A%2F%2Fhvmbertogarza.com%2Fjocuri-casino-sloturi%2F" "Mozilla/5.0 AppleWebKit/537.36 (KHTML, like Gecko; compatible; GPTBot/1.3; +https://openai.com/gptbot)"
103.42.198.211 - - [09/Mar/2026:06:33:50 +0000] "POST /xmlrpc.php HTTP/1.1" 200 4454 "-" "Mozilla/5.0 (Windows NT 10.0; Win64; x64) AppleWebKit/537.36 (KHTML, like Gecko) Chrome/91.0.4472.124 Safari/537.36"
65.111.22.128 - - [09/Mar/2026:06:33:53 +0000] "POST /wp-content/plugins/custom-1772763685/custom_functions_1772763685.php HTTP/1.1" 200 449 "https://hvmbertogarza.com" "Mozilla/5.0 (Windows NT 6.1; WOW64) AppleWebKit/537.36 (KHTML, like Gecko) Chrome/66.0.2828.94 Safari/537.36"
74.7.242.14 - - [09/Mar/2026:06:33:52 +0000] "GET /united-kingdom-casino-providers/ HTTP/1.1" 200 45480 "https://hvmbertogarza.com/author/israel-arriaga/page/15/" "Mozilla/5.0 AppleWebKit/537.36 (KHTML, like Gecko; compatible; GPTBot/1.3; +https://openai.com/gptbot)"
74.7.242.14 - - [09/Mar/2026:06:33:55 +0000] "GET /registratsiia-1khbet-bonusy-i-promoaktsii-dlia-novykh-igrokov/ HTTP/1.1" 200 43820 "https://hvmbertogarza.com/kak-otvetstvenno-igrat-v-pinco-casino-zerkalo/" "Mozilla/5.0 AppleWebKit/537.36 (KHTML, like Gecko; compatible; GPTBot/1.3; +https://openai.com/gptbot)"
74.7.242.14 - - [09/Mar/2026:06:33:59 +0000] "GET /%22https:/hvmbertogarza.com/kostenlos-spielen-hot-777-freispiele-ohne-einzahlung/%22 HTTP/1.1" 301 475 "https://hvmbertogarza.com/wp-json/oembed/1.0/embed?format=xml&url=https%3A%2F%2Fhvmbertogarza.com%2Fkostenlos-spielen-hot-777-freispiele-ohne-einzahlung%2F" "Mozilla/5.0 AppleWebKit/537.36 (KHTML, like Gecko; compatible; GPTBot/1.3; +https://openai.com/gptbot)"
74.7.242.14 - - [09/Mar/2026:06:34:00 +0000] "GET /%22https:/hvmbertogarza.com/kostenlos-spielen-hot-777-freispiele-ohne-einzahlung/ HTTP/1.1" 404 78546 "https://hvmbertogarza.com/%22https:/hvmbertogarza.com/kostenlos-spielen-hot-777-freispiele-ohne-einzahlung/%22" "Mozilla/5.0 AppleWebKit/537.36 (KHTML, like Gecko; compatible; GPTBot/1.3; +https://openai.com/gptbot)"
74.7.242.14 - - [09/Mar/2026:06:34:04 +0000] "GET /slot-casino-in-linea/feed/ HTTP/1.1" 200 4865 "https://hvmbertogarza.com/slot-casino-in-linea/" "Mozilla/5.0 AppleWebKit/537.36 (KHTML, like Gecko; compatible; GPTBot/1.3; +https://openai.com/gptbot)"
74.7.242.14 - - [09/Mar/2026:06:34:06 +0000] "GET /wp-json/wp/v2/posts/1910 HTTP/1.1" 200 4752 "https://hvmbertogarza.com/slot-casino-in-linea/" "Mozilla/5.0 AppleWebKit/537.36 (KHTML, like Gecko; compatible; GPTBot/1.3; +https://openai.com/gptbot)"
104.207.36.86 - - [09/Mar/2026:06:34:10 +0000] "POST /wp-content/plugins/gallery-1772606968/comment-section-1772606968.php HTTP/1.1" 200 449 "https://hvmbertogarza.com" "Mozilla/5.0 (Windows NT 10.0; WOW64) AppleWebKit/537.36 (KHTML, like Gecko) Chrome/68.0.2144.150 Safari/537.36"
74.7.242.14 - - [09/Mar/2026:06:34:09 +0000] "GET /?p=1910 HTTP/1.1" 301 353 "https://hvmbertogarza.com/slot-casino-in-linea/" "Mozilla/5.0 AppleWebKit/537.36 (KHTML, like Gecko; compatible; GPTBot/1.3; +https://openai.com/gptbot)"
104.207.54.220 - - [09/Mar/2026:06:34:13 +0000] "POST /wp-content/plugins/backup-1772322415/home-1772322415.php HTTP/1.1" 200 449 "https://hvmbertogarza.com" "Mozilla/5.0 (Windows NT 6.1; Win64; x64) AppleWebKit/537.36 (KHTML, like Gecko) Chrome/64.0.2736.124 Safari/537.36"
74.7.242.14 - - [09/Mar/2026:06:34:11 +0000] "GET /slot-casino-in-linea/ HTTP/1.1" 200 41815 "https://hvmbertogarza.com/?p=1910" "Mozilla/5.0 AppleWebKit/537.36 (KHTML, like Gecko; compatible; GPTBot/1.3; +https://openai.com/gptbot)"
74.7.242.14 - - [09/Mar/2026:06:34:15 +0000] "GET /wp-json/oembed/1.0/embed?format=xml&url=https%3A%2F%2Fhvmbertogarza.com%2Fslot-casino-in-linea%2F HTTP/1.1" 200 2185 "https://hvmbertogarza.com/slot-casino-in-linea/" "Mozilla/5.0 AppleWebKit/537.36 (KHTML, like Gecko; compatible; GPTBot/1.3; +https://openai.com/gptbot)"
45.3.47.106 - - [09/Mar/2026:06:34:17 +0000] "POST /wp-content/plugins/custom-1772763685/custom_functions_1772763685.php HTTP/1.1" 200 449 "https://hvmbertogarza.com" "Mozilla/5.0 (Windows NT 6.1) AppleWebKit/537.36 (KHTML, like Gecko) Chrome/64.0.3307.46 Safari/537.36"
74.7.242.14 - - [09/Mar/2026:06:34:17 +0000] "GET /ruleta-al-azar-del-1-al-30/ HTTP/1.1" 200 41552 "https://hvmbertogarza.com/author/israel-arriaga/page/21/" "Mozilla/5.0 AppleWebKit/537.36 (KHTML, like Gecko; compatible; GPTBot/1.3; +https://openai.com/gptbot)"
74.208.176.140 - - [09/Mar/2026:06:34:24 +0000] "POST /wp-cron.php?doing_wp_cron=1773038064.1789970397949218750000 HTTP/1.1" 200 4101 "-" "WordPress/6.9.1; https://hvmbertogarza.com"
74.7.242.14 - - [09/Mar/2026:06:34:20 +0000] "GET /comment-trouver-les-meilleures-machines-a-sous-au-casino/ HTTP/1.1" 200 42196 "https://hvmbertogarza.com/author/israel-arriaga/page/34/" "Mozilla/5.0 AppleWebKit/537.36 (KHTML, like Gecko; compatible; GPTBot/1.3; +https://openai.com/gptbot)"
74.7.242.14 - - [09/Mar/2026:06:34:24 +0000] "GET /blackjack-gioca-gratis/feed/ HTTP/1.1" 200 1075 "https://hvmbertogarza.com/blackjack-gioca-gratis/" "Mozilla/5.0 AppleWebKit/537.36 (KHTML, like Gecko; compatible; GPTBot/1.3; +https://openai.com/gptbot)"
74.7.242.14 - - [09/Mar/2026:06:34:27 +0000] "GET /50-freispiele-gioo-casino-ohne-einzahlung-bonus/ HTTP/1.1" 200 41263 "https://hvmbertogarza.com/author/israel-arriaga/page/31/" "Mozilla/5.0 AppleWebKit/537.36 (KHTML, like Gecko; compatible; GPTBot/1.3; +https://openai.com/gptbot)"
74.7.242.14 - - [09/Mar/2026:06:34:30 +0000] "GET /united-kingdom-casino-providers/feed/ HTTP/1.1" 200 1086 "https://hvmbertogarza.com/united-kingdom-casino-providers/" "Mozilla/5.0 AppleWebKit/537.36 (KHTML, like Gecko; compatible; GPTBot/1.3; +https://openai.com/gptbot)"
216.26.250.63 - - [09/Mar/2026:06:34:34 +0000] "POST /wp-content/plugins/gallery-1772606968/comment-section-1772606968.php HTTP/1.1" 200 449 "https://hvmbertogarza.com" "Mozilla/5.0 (Windows NT 10.0; Win64; x64) AppleWebKit/537.36 (KHTML, like Gecko) Chrome/69.0.2110.9 Safari/537.36"
74.7.242.14 - - [09/Mar/2026:06:34:32 +0000] "GET /wp-json/wp/v2/posts/1418 HTTP/1.1" 200 4401 "https://hvmbertogarza.com/united-kingdom-casino-providers/" "Mozilla/5.0 AppleWebKit/537.36 (KHTML, like Gecko; compatible; GPTBot/1.3; +https://openai.com/gptbot)"
45.3.37.63 - - [09/Mar/2026:06:34:36 +0000] "POST /wp-content/plugins/backup-1772322415/home-1772322415.php HTTP/1.1" 200 449 "https://hvmbertogarza.com" "Mozilla/5.0 (Windows NT 6.3) AppleWebKit/537.36 (KHTML, like Gecko) Chrome/64.0.2747.79 Safari/537.36"
74.7.242.14 - - [09/Mar/2026:06:34:34 +0000] "GET /wp-json/wp/v2/posts/1440 HTTP/1.1" 200 29311 "https://hvmbertogarza.com/registratsiia-1khbet-bonusy-i-promoaktsii-dlia-novykh-igrokov/" "Mozilla/5.0 AppleWebKit/537.36 (KHTML, like Gecko; compatible; GPTBot/1.3; +https://openai.com/gptbot)"
74.7.242.14 - - [09/Mar/2026:06:34:37 +0000] "GET /?p=1418 HTTP/1.1" 301 364 "https://hvmbertogarza.com/united-kingdom-casino-providers/" "Mozilla/5.0 AppleWebKit/537.36 (KHTML, like Gecko; compatible; GPTBot/1.3; +https://openai.com/gptbot)"
45.3.37.158 - - [09/Mar/2026:06:34:40 +0000] "POST /wp-content/plugins/custom-1772763685/custom_functions_1772763685.php HTTP/1.1" 200 449 "https://hvmbertogarza.com" "Mozilla/5.0 (Windows NT 10.0; WOW64) AppleWebKit/537.36 (KHTML, like Gecko) Chrome/67.0.2709.123 Safari/537.36"
74.7.242.14 - - [09/Mar/2026:06:34:39 +0000] "GET /united-kingdom-casino-providers/ HTTP/1.1" 200 41695 "https://hvmbertogarza.com/?p=1418" "Mozilla/5.0 AppleWebKit/537.36 (KHTML, like Gecko; compatible; GPTBot/1.3; +https://openai.com/gptbot)"
74.7.242.14 - - [09/Mar/2026:06:34:42 +0000] "GET /?p=1440 HTTP/1.1" 301 394 "https://hvmbertogarza.com/registratsiia-1khbet-bonusy-i-promoaktsii-dlia-novykh-igrokov/" "Mozilla/5.0 AppleWebKit/537.36 (KHTML, like Gecko; compatible; GPTBot/1.3; +https://openai.com/gptbot)"
74.7.242.14 - - [09/Mar/2026:06:34:44 +0000] "GET /registratsiia-1khbet-bonusy-i-promoaktsii-dlia-novykh-igrokov/ HTTP/1.1" 200 43819 "https://hvmbertogarza.com/?p=1440" "Mozilla/5.0 AppleWebKit/537.36 (KHTML, like Gecko; compatible; GPTBot/1.3; +https://openai.com/gptbot)"
74.7.242.14 - - [09/Mar/2026:06:34:48 +0000] "GET /wp-content/plugins/shopengine/modules/swatches/loop-product-support/assets/swatches.css?ver=1773038082 HTTP/1.1" 200 254 "https://hvmbertogarza.com/?p=1418" "Mozilla/5.0 AppleWebKit/537.36 (KHTML, like Gecko; compatible; GPTBot/1.3; +https://openai.com/gptbot)"
103.42.198.211 - - [09/Mar/2026:06:34:48 +0000] "POST /xmlrpc.php HTTP/1.1" 200 4454 "-" "Mozilla/5.0 (Windows NT 10.0; Win64; x64) AppleWebKit/537.36 (KHTML, like Gecko) Chrome/91.0.4472.124 Safari/537.36"
74.208.176.140 - - [09/Mar/2026:06:34:51 +0000] "POST /wp-cron.php?doing_wp_cron=1773038091.0376019477844238281250 HTTP/1.1" 200 4101 "-" "WordPress/6.9.1; https://hvmbertogarza.com"
74.7.242.14 - - [09/Mar/2026:06:34:48 +0000] "GET /wp-json/oembed/1.0/embed?format=xml&url=https%3A%2F%2Fhvmbertogarza.com%2Funited-kingdom-casino-providers%2F HTTP/1.1" 200 2182 "https://hvmbertogarza.com/united-kingdom-casino-providers/" "Mozilla/5.0 AppleWebKit/537.36 (KHTML, like Gecko; compatible; GPTBot/1.3; +https://openai.com/gptbot)"
74.7.242.14 - - [09/Mar/2026:06:34:51 +0000] "GET /wp-json/oembed/1.0/embed?format=xml&url=https%3A%2F%2Fhvmbertogarza.com%2Fregistratsiia-1khbet-bonusy-i-promoaktsii-dlia-novykh-igrokov%2F HTTP/1.1" 200 2406 "https://hvmbertogarza.com/registratsiia-1khbet-bonusy-i-promoaktsii-dlia-novykh-igrokov/" "Mozilla/5.0 AppleWebKit/537.36 (KHTML, like Gecko; compatible; GPTBot/1.3; +https://openai.com/gptbot)"
74.7.242.14 - - [09/Mar/2026:06:34:53 +0000] "GET /ruleta-al-azar-del-1-al-30/feed/ HTTP/1.1" 200 1082 "https://hvmbertogarza.com/ruleta-al-azar-del-1-al-30/" "Mozilla/5.0 AppleWebKit/537.36 (KHTML, like Gecko; compatible; GPTBot/1.3; +https://openai.com/gptbot)"
104.207.35.217 - - [09/Mar/2026:06:34:56 +0000] "POST /wp-content/plugins/gallery-1772606968/comment-section-1772606968.php HTTP/1.1" 200 449 "https://hvmbertogarza.com" "Mozilla/5.0 (Windows NT 10.0) AppleWebKit/537.36 (KHTML, like Gecko) Chrome/64.0.2666.146 Safari/537.36"
74.7.242.14 - - [09/Mar/2026:06:34:55 +0000] "GET /wp-json/wp/v2/posts/1612 HTTP/1.1" 200 4441 "https://hvmbertogarza.com/ruleta-al-azar-del-1-al-30/" "Mozilla/5.0 AppleWebKit/537.36 (KHTML, like Gecko; compatible; GPTBot/1.3; +https://openai.com/gptbot)"
216.26.224.228 - - [09/Mar/2026:06:34:59 +0000] "POST /wp-content/plugins/backup-1772322415/home-1772322415.php HTTP/1.1" 200 449 "https://hvmbertogarza.com" "Mozilla/5.0 (Windows NT 6.1; rv:64.0) Gecko/20100101 Firefox/64.0"
74.208.176.140 - - [09/Mar/2026:06:35:00 +0000] "POST /wp-cron.php?doing_wp_cron=1773038100.2099759578704833984375 HTTP/1.1" 200 4101 "-" "WordPress/6.9.1; https://hvmbertogarza.com"
74.7.242.14 - - [09/Mar/2026:06:34:58 +0000] "GET /?p=1612 HTTP/1.1" 301 359 "https://hvmbertogarza.com/ruleta-al-azar-del-1-al-30/" "Mozilla/5.0 AppleWebKit/537.36 (KHTML, like Gecko; compatible; GPTBot/1.3; +https://openai.com/gptbot)"
74.7.242.14 - - [09/Mar/2026:06:35:00 +0000] "GET /ruleta-al-azar-del-1-al-30/ HTTP/1.1" 200 41553 "https://hvmbertogarza.com/?p=1612" "Mozilla/5.0 AppleWebKit/537.36 (KHTML, like Gecko; compatible; GPTBot/1.3; +https://openai.com/gptbot)"
216.26.240.199 - - [09/Mar/2026:06:35:04 +0000] "POST /wp-content/plugins/custom-1772763685/custom_functions_1772763685.php HTTP/1.1" 200 449 "https://hvmbertogarza.com" "Opera/9.80 (iOS; Opera Mini/7.0.73345/28.2555; U; ru) Presto/2.10.229 Version/11.62"
74.7.242.14 - - [09/Mar/2026:06:35:04 +0000] "GET /wp-json/oembed/1.0/embed?url=https%3A%2F%2Fhvmbertogarza.com%2F50-freispiele-gioo-casino-ohne-einzahlung-bonus%2F HTTP/1.1" 200 2967 "https://hvmbertogarza.com/50-freispiele-gioo-casino-ohne-einzahlung-bonus/" "Mozilla/5.0 AppleWebKit/537.36 (KHTML, like Gecko; compatible; GPTBot/1.3; +https://openai.com/gptbot)"
74.7.242.14 - - [09/Mar/2026:06:35:07 +0000] "GET /wp-json/wp/v2/posts/1592 HTTP/1.1" 200 4384 "https://hvmbertogarza.com/50-freispiele-gioo-casino-ohne-einzahlung-bonus/" "Mozilla/5.0 AppleWebKit/537.36 (KHTML, like Gecko; compatible; GPTBot/1.3; +https://openai.com/gptbot)"
74.7.242.14 - - [09/Mar/2026:06:35:09 +0000] "GET /2025/05/22/ HTTP/1.1" 200 36290 "https://hvmbertogarza.com/50-freispiele-gioo-casino-ohne-einzahlung-bonus/" "Mozilla/5.0 AppleWebKit/537.36 (KHTML, like Gecko; compatible; GPTBot/1.3; +https://openai.com/gptbot)"
74.7.242.14 - - [09/Mar/2026:06:35:12 +0000] "GET /?p=1592 HTTP/1.1" 301 380 "https://hvmbertogarza.com/50-freispiele-gioo-casino-ohne-einzahlung-bonus/" "Mozilla/5.0 AppleWebKit/537.36 (KHTML, like Gecko; compatible; GPTBot/1.3; +https://openai.com/gptbot)"
74.7.242.14 - - [09/Mar/2026:06:35:14 +0000] "GET /50-freispiele-gioo-casino-ohne-einzahlung-bonus/ HTTP/1.1" 200 41262 "https://hvmbertogarza.com/?p=1592" "Mozilla/5.0 AppleWebKit/537.36 (KHTML, like Gecko; compatible; GPTBot/1.3; +https://openai.com/gptbot)"
65.111.11.163 - - [09/Mar/2026:06:35:19 +0000] "POST /wp-content/plugins/gallery-1772606968/comment-section-1772606968.php HTTP/1.1" 200 449 "https://hvmbertogarza.com" "Mozilla/5.0 (Windows NT 10.0) AppleWebKit/537.36 (KHTML, like Gecko) Chrome/67.0.2957.89 Safari/537.36"
74.7.242.14 - - [09/Mar/2026:06:35:18 +0000] "GET /?p=1798 HTTP/1.1" 301 389 "https://hvmbertogarza.com/comment-trouver-les-meilleures-machines-a-sous-au-casino/" "Mozilla/5.0 AppleWebKit/537.36 (KHTML, like Gecko; compatible; GPTBot/1.3; +https://openai.com/gptbot)"
216.26.246.173 - - [09/Mar/2026:06:35:22 +0000] "POST /wp-content/plugins/backup-1772322415/home-1772322415.php HTTP/1.1" 200 449 "https://hvmbertogarza.com" "Mozilla/5.0 (Windows NT 10.0; Win64; x64) AppleWebKit/537.36 (KHTML, like Gecko) Chrome/65.0.2617.16 Safari/537.36"
74.208.176.140 - - [09/Mar/2026:06:35:22 +0000] "POST /wp-cron.php?doing_wp_cron=1773038122.9380080699920654296875 HTTP/1.1" 200 4101 "-" "WordPress/6.9.1; https://hvmbertogarza.com"
74.7.242.14 - - [09/Mar/2026:06:35:19 +0000] "GET /comment-trouver-les-meilleures-machines-a-sous-au-casino/ HTTP/1.1" 200 42198 "https://hvmbertogarza.com/?p=1798" "Mozilla/5.0 AppleWebKit/537.36 (KHTML, like Gecko; compatible; GPTBot/1.3; +https://openai.com/gptbot)"
74.7.242.14 - - [09/Mar/2026:06:35:23 +0000] "GET /wp-json/wp/v2/posts/1798 HTTP/1.1" 200 5740 "https://hvmbertogarza.com/comment-trouver-les-meilleures-machines-a-sous-au-casino/" "Mozilla/5.0 AppleWebKit/537.36 (KHTML, like Gecko; compatible; GPTBot/1.3; +https://openai.com/gptbot)"
216.26.246.91 - - [09/Mar/2026:06:35:26 +0000] "POST /wp-content/plugins/custom-1772763685/custom_functions_1772763685.php HTTP/1.1" 200 449 "https://hvmbertogarza.com" "Mozilla/5.0 (Windows NT 6.3) AppleWebKit/537.36 (KHTML, like Gecko) Chrome/64.0.2229.117 Safari/537.36"
74.7.242.14 - - [09/Mar/2026:06:35:26 +0000] "GET /%22https:/hvmbertogarza.com/united-kingdom-casino-providers/embed/ HTTP/1.1" 404 78546 "https://hvmbertogarza.com/wp-json/oembed/1.0/embed?format=xml&url=https%3A%2F%2Fhvmbertogarza.com%2Funited-kingdom-casino-providers%2F" "Mozilla/5.0 AppleWebKit/537.36 (KHTML, like Gecko; compatible; GPTBot/1.3; +https://openai.com/gptbot)"
74.7.242.14 - - [09/Mar/2026:06:35:31 +0000] "GET /%22https:/hvmbertogarza.com/united-kingdom-casino-providers/%22 HTTP/1.1" 301 4240 "https://hvmbertogarza.com/wp-json/oembed/1.0/embed?format=xml&url=https%3A%2F%2Fhvmbertogarza.com%2Funited-kingdom-casino-providers%2F" "Mozilla/5.0 AppleWebKit/537.36 (KHTML, like Gecko; compatible; GPTBot/1.3; +https://openai.com/gptbot)"
74.7.242.14 - - [09/Mar/2026:06:35:33 +0000] "GET /%22https:/hvmbertogarza.com/united-kingdom-casino-providers/ HTTP/1.1" 404 56498 "https://hvmbertogarza.com/%22https:/hvmbertogarza.com/united-kingdom-casino-providers/%22" "Mozilla/5.0 AppleWebKit/537.36 (KHTML, like Gecko; compatible; GPTBot/1.3; +https://openai.com/gptbot)"
74.7.242.14 - - [09/Mar/2026:06:35:37 +0000] "GET /wp-json/oembed/1.0/embed?format=xml&url=https%3A%2F%2Fhvmbertogarza.com%2F50-freispiele-gioo-casino-ohne-einzahlung-bonus%2F HTTP/1.1" 200 5996 "https://hvmbertogarza.com/50-freispiele-gioo-casino-ohne-einzahlung-bonus/" "Mozilla/5.0 AppleWebKit/537.36 (KHTML, like Gecko; compatible; GPTBot/1.3; +https://openai.com/gptbot)"
74.7.242.14 - - [09/Mar/2026:06:35:39 +0000] "GET /wp-json/oembed/1.0/embed?url=https%3A%2F%2Fhvmbertogarza.com%2Fcomment-trouver-les-meilleures-machines-a-sous-au-casino%2F HTTP/1.1" 200 3027 "https://hvmbertogarza.com/comment-trouver-les-meilleures-machines-a-sous-au-casino/" "Mozilla/5.0 AppleWebKit/537.36 (KHTML, like Gecko; compatible; GPTBot/1.3; +https://openai.com/gptbot)"
74.7.242.14 - - [09/Mar/2026:06:35:41 +0000] "GET /50-freispiele-gioo-casino-ohne-einzahlung-bonus/feed/ HTTP/1.1" 200 1107 "https://hvmbertogarza.com/50-freispiele-gioo-casino-ohne-einzahlung-bonus/" "Mozilla/5.0 AppleWebKit/537.36 (KHTML, like Gecko; compatible; GPTBot/1.3; +https://openai.com/gptbot)"
104.207.58.254 - - [09/Mar/2026:06:35:42 +0000] "POST /wp-content/plugins/gallery-1772606968/comment-section-1772606968.php HTTP/1.1" 200 449 "https://hvmbertogarza.com" "Mozilla/5.0 (Windows NT 10.0; WOW64) AppleWebKit/537.36 (KHTML, like Gecko) Chrome/64.0.2393.155 Safari/537.36"
74.208.176.140 - - [09/Mar/2026:06:35:45 +0000] "POST /wp-cron.php?doing_wp_cron=1773038145.1072480678558349609375 HTTP/1.1" 200 4101 "-" "WordPress/6.9.1; https://hvmbertogarza.com"
74.7.242.14 - - [09/Mar/2026:06:35:42 +0000] "GET /wp-json/oembed/1.0/embed?url=https%3A%2F%2Fhvmbertogarza.com%2Fruleta-al-azar-del-1-al-30%2F HTTP/1.1" 200 2862 "https://hvmbertogarza.com/ruleta-al-azar-del-1-al-30/" "Mozilla/5.0 AppleWebKit/537.36 (KHTML, like Gecko; compatible; GPTBot/1.3; +https://openai.com/gptbot)"
45.3.51.105 - - [09/Mar/2026:06:35:45 +0000] "POST /wp-content/plugins/backup-1772322415/home-1772322415.php HTTP/1.1" 200 449 "https://hvmbertogarza.com" "Mozilla/5.0 (Windows NT 10.0; Win64; x64) AppleWebKit/537.36 (KHTML, like Gecko) Chrome/68.0.2425.31 Safari/537.36"
103.42.198.211 - - [09/Mar/2026:06:35:44 +0000] "POST /xmlrpc.php HTTP/1.1" 200 4454 "-" "Mozilla/5.0 (Windows NT 10.0; Win64; x64) AppleWebKit/537.36 (KHTML, like Gecko) Chrome/91.0.4472.124 Safari/537.36"
74.7.242.14 - - [09/Mar/2026:06:35:45 +0000] "GET /wp-json/oembed/1.0/embed?format=xml&url=https%3A%2F%2Fhvmbertogarza.com%2Fruleta-al-azar-del-1-al-30%2F HTTP/1.1" 200 2179 "https://hvmbertogarza.com/ruleta-al-azar-del-1-al-30/" "Mozilla/5.0 AppleWebKit/537.36 (KHTML, like Gecko; compatible; GPTBot/1.3; +https://openai.com/gptbot)"
104.207.32.92 - - [09/Mar/2026:06:35:49 +0000] "POST /wp-content/plugins/custom-1772763685/custom_functions_1772763685.php HTTP/1.1" 200 449 "https://hvmbertogarza.com" "Mozilla/5.0 (Windows NT 10.0) AppleWebKit/537.36 (KHTML, like Gecko) Chrome/66.0.2190.54 Safari/537.36"
74.208.176.140 - - [09/Mar/2026:06:35:51 +0000] "POST /wp-cron.php?doing_wp_cron=1773038151.0814380645751953125000 HTTP/1.1" 200 4101 "-" "WordPress/6.9.1; https://hvmbertogarza.com"
74.7.242.14 - - [09/Mar/2026:06:35:48 +0000] "GET /2025/10/14/ HTTP/1.1" 200 36270 "https://hvmbertogarza.com/united-kingdom-casino-providers/" "Mozilla/5.0 AppleWebKit/537.36 (KHTML, like Gecko; compatible; GPTBot/1.3; +https://openai.com/gptbot)"
74.7.242.14 - - [09/Mar/2026:06:35:51 +0000] "GET /%22https:/hvmbertogarza.com/slot-casino-in-linea/%22 HTTP/1.1" 301 443 "https://hvmbertogarza.com/wp-json/oembed/1.0/embed?format=xml&url=https%3A%2F%2Fhvmbertogarza.com%2Fslot-casino-in-linea%2F" "Mozilla/5.0 AppleWebKit/537.36 (KHTML, like Gecko; compatible; GPTBot/1.3; +https://openai.com/gptbot)"
74.7.242.14 - - [09/Mar/2026:06:35:53 +0000] "GET /%22https:/hvmbertogarza.com/slot-casino-in-linea/ HTTP/1.1" 404 78546 "https://hvmbertogarza.com/%22https:/hvmbertogarza.com/slot-casino-in-linea/%22" "Mozilla/5.0 AppleWebKit/537.36 (KHTML, like Gecko; compatible; GPTBot/1.3; +https://openai.com/gptbot)"
74.7.242.14 - - [09/Mar/2026:06:35:56 +0000] "GET /wp-content/plugins/shopengine/modules/swatches/loop-product-support/assets/swatches.css?ver=1773038122 HTTP/1.1" 200 4040 "https://hvmbertogarza.com/?p=1798" "Mozilla/5.0 AppleWebKit/537.36 (KHTML, like Gecko; compatible; GPTBot/1.3; +https://openai.com/gptbot)"
74.7.242.14 - - [09/Mar/2026:06:35:56 +0000] "GET /%22https:/hvmbertogarza.com/slot-casino-in-linea/embed/ HTTP/1.1" 404 132595 "https://hvmbertogarza.com/wp-json/oembed/1.0/embed?format=xml&url=https%3A%2F%2Fhvmbertogarza.com%2Fslot-casino-in-linea%2F" "Mozilla/5.0 AppleWebKit/537.36 (KHTML, like Gecko; compatible; GPTBot/1.3; +https://openai.com/gptbot)"
74.7.242.14 - - [09/Mar/2026:06:35:59 +0000] "GET /registratsiia-1khbet-bonusy-i-promoaktsii-dlia-novykh-igrokov/feed/ HTTP/1.1" 200 4979 "https://hvmbertogarza.com/registratsiia-1khbet-bonusy-i-promoaktsii-dlia-novykh-igrokov/" "Mozilla/5.0 AppleWebKit/537.36 (KHTML, like Gecko; compatible; GPTBot/1.3; +https://openai.com/gptbot)"
74.7.242.14 - - [09/Mar/2026:06:36:01 +0000] "GET /%22https:/hvmbertogarza.com/registratsiia-1khbet-bonusy-i-promoaktsii-dlia-novykh-igrokov/%22 HTTP/1.1" 301 484 "https://hvmbertogarza.com/wp-json/oembed/1.0/embed?format=xml&url=https%3A%2F%2Fhvmbertogarza.com%2Fregistratsiia-1khbet-bonusy-i-promoaktsii-dlia-novykh-igrokov%2F" "Mozilla/5.0 AppleWebKit/537.36 (KHTML, like Gecko; compatible; GPTBot/1.3; +https://openai.com/gptbot)"
209.50.186.73 - - [09/Mar/2026:06:36:06 +0000] "POST /wp-content/plugins/gallery-1772606968/comment-section-1772606968.php HTTP/1.1" 200 449 "https://hvmbertogarza.com" "Mozilla/5.0 (Windows NT 10.0) AppleWebKit/537.36 (KHTML, like Gecko) Chrome/69.0.2774.101 Safari/537.36"
74.7.242.14 - - [09/Mar/2026:06:36:04 +0000] "GET /%22https:/hvmbertogarza.com/registratsiia-1khbet-bonusy-i-promoaktsii-dlia-novykh-igrokov/ HTTP/1.1" 404 50986 "https://hvmbertogarza.com/%22https:/hvmbertogarza.com/registratsiia-1khbet-bonusy-i-promoaktsii-dlia-novykh-igrokov/%22" "Mozilla/5.0 AppleWebKit/537.36 (KHTML, like Gecko; compatible; GPTBot/1.3; +https://openai.com/gptbot)"
146.19.125.70 - - [09/Mar/2026:06:36:00 +0000] "GET / HTTP/1.0" 200 402581 "https://hvmbertogarza.com/" "Mozilla/5.0 (Windows NT 10.0; Win64; x64) AppleWebKit/537.36 (KHTML, like Gecko) Chrome/130.0.0.0 Safari/537.36 CCleaner/130.0.0.0"
74.7.242.14 - - [09/Mar/2026:06:36:07 +0000] "GET /%22https:/hvmbertogarza.com/50-freispiele-gioo-casino-ohne-einzahlung-bonus/%22 HTTP/1.1" 301 4256 "https://hvmbertogarza.com/wp-json/oembed/1.0/embed?format=xml&url=https%3A%2F%2Fhvmbertogarza.com%2F50-freispiele-gioo-casino-ohne-einzahlung-bonus%2F" "Mozilla/5.0 AppleWebKit/537.36 (KHTML, like Gecko; compatible; GPTBot/1.3; +https://openai.com/gptbot)"
45.3.45.230 - - [09/Mar/2026:06:36:09 +0000] "POST /wp-content/plugins/backup-1772322415/home-1772322415.php HTTP/1.1" 200 449 "https://hvmbertogarza.com" "Mozilla/5.0 (Windows NT 10.0; WOW64) AppleWebKit/537.36 (KHTML, like Gecko) Chrome/62.0.2897.72 Safari/537.36"
146.19.125.70 - - [09/Mar/2026:06:36:09 +0000] "GET /wp-login.php?action=register HTTP/1.0" 200 8068 "https://hvmbertogarza.com/wp-login.php?action=register" "Mozilla/5.0 (Windows NT 10.0; Win64; x64) AppleWebKit/537.36 (KHTML, like Gecko) Chrome/130.0.0.0 Safari/537.36 CCleaner/130.0.0.0"
74.7.242.14 - - [09/Mar/2026:06:36:09 +0000] "GET /%22https:/hvmbertogarza.com/50-freispiele-gioo-casino-ohne-einzahlung-bonus/ HTTP/1.1" 404 50986 "https://hvmbertogarza.com/%22https:/hvmbertogarza.com/50-freispiele-gioo-casino-ohne-einzahlung-bonus/%22" "Mozilla/5.0 AppleWebKit/537.36 (KHTML, like Gecko; compatible; GPTBot/1.3; +https://openai.com/gptbot)"
65.111.21.143 - - [09/Mar/2026:06:36:13 +0000] "POST /wp-content/plugins/custom-1772763685/custom_functions_1772763685.php HTTP/1.1" 200 449 "https://hvmbertogarza.com" "Mozilla/5.0 (Windows NT 6.3; WOW64) AppleWebKit/537.36 (KHTML, like Gecko) Chrome/63.0.3115.118 Safari/537.36"
146.19.125.70 - - [09/Mar/2026:06:36:12 +0000] "POST /wp-login.php?action=register HTTP/1.0" 200 8514 "https://hvmbertogarza.com/wp-login.php?action=register" "Mozilla/5.0 (Windows NT 10.0; Win64; x64) AppleWebKit/537.36 (KHTML, like Gecko) Chrome/130.0.0.0 Safari/537.36 CCleaner/130.0.0.0"
74.7.242.14 - - [09/Mar/2026:06:36:12 +0000] "GET /%22https:/hvmbertogarza.com/50-freispiele-gioo-casino-ohne-einzahlung-bonus/embed/ HTTP/1.1" 404 52016 "https://hvmbertogarza.com/wp-json/oembed/1.0/embed?format=xml&url=https%3A%2F%2Fhvmbertogarza.com%2F50-freispiele-gioo-casino-ohne-einzahlung-bonus%2F" "Mozilla/5.0 AppleWebKit/537.36 (KHTML, like Gecko; compatible; GPTBot/1.3; +https://openai.com/gptbot)"
74.7.242.14 - - [09/Mar/2026:06:36:15 +0000] "GET /wp-json/oembed/1.0/embed?url=https%3A%2F%2Fhvmbertogarza.com%2Fregistratsiia-1khbet-bonusy-i-promoaktsii-dlia-novykh-igrokov%2F HTTP/1.1" 200 7513 "https://hvmbertogarza.com/registratsiia-1khbet-bonusy-i-promoaktsii-dlia-novykh-igrokov/" "Mozilla/5.0 AppleWebKit/537.36 (KHTML, like Gecko; compatible; GPTBot/1.3; +https://openai.com/gptbot)"
74.7.242.14 - - [09/Mar/2026:06:36:17 +0000] "GET /%22https:/hvmbertogarza.com/registratsiia-1khbet-bonusy-i-promoaktsii-dlia-novykh-igrokov/embed/ HTTP/1.1" 404 57876 "https://hvmbertogarza.com/wp-json/oembed/1.0/embed?format=xml&url=https%3A%2F%2Fhvmbertogarza.com%2Fregistratsiia-1khbet-bonusy-i-promoaktsii-dlia-novykh-igrokov%2F" "Mozilla/5.0 AppleWebKit/537.36 (KHTML, like Gecko; compatible; GPTBot/1.3; +https://openai.com/gptbot)"
74.208.176.140 - - [09/Mar/2026:06:36:21 +0000] "POST /wp-cron.php?doing_wp_cron=1773038181.0764329433441162109375 HTTP/1.1" 200 4101 "-" "WordPress/6.9.1; https://hvmbertogarza.com"
146.19.125.70 - - [09/Mar/2026:06:36:15 +0000] "GET / HTTP/1.0" 200 402581 "https://hvmbertogarza.com/" "Mozilla/5.0 (Windows NT 10.0; Win64; x64) AppleWebKit/537.36 (KHTML, like Gecko) Chrome/130.0.0.0 Safari/537.36 CCleaner/130.0.0.0"
74.7.242.14 - - [09/Mar/2026:06:36:21 +0000] "GET /%22https:/hvmbertogarza.com/ruleta-al-azar-del-1-al-30/%22 HTTP/1.1" 301 4235 "https://hvmbertogarza.com/wp-json/oembed/1.0/embed?format=xml&url=https%3A%2F%2Fhvmbertogarza.com%2Fruleta-al-azar-del-1-al-30%2F" "Mozilla/5.0 AppleWebKit/537.36 (KHTML, like Gecko; compatible; GPTBot/1.3; +https://openai.com/gptbot)"
74.7.242.14 - - [09/Mar/2026:06:36:23 +0000] "GET /%22https:/hvmbertogarza.com/ruleta-al-azar-del-1-al-30/ HTTP/1.1" 404 50986 "https://hvmbertogarza.com/%22https:/hvmbertogarza.com/ruleta-al-azar-del-1-al-30/%22" "Mozilla/5.0 AppleWebKit/537.36 (KHTML, like Gecko; compatible; GPTBot/1.3; +https://openai.com/gptbot)"
74.7.242.14 - - [09/Mar/2026:06:36:26 +0000] "GET /comment-trouver-les-meilleures-machines-a-sous-au-casino/feed/ HTTP/1.1" 200 4904 "https://hvmbertogarza.com/comment-trouver-les-meilleures-machines-a-sous-au-casino/" "Mozilla/5.0 AppleWebKit/537.36 (KHTML, like Gecko; compatible; GPTBot/1.3; +https://openai.com/gptbot)"
104.207.44.3 - - [09/Mar/2026:06:36:29 +0000] "POST /wp-content/plugins/gallery-1772606968/comment-section-1772606968.php HTTP/1.1" 200 449 "https://hvmbertogarza.com" "Mozilla/5.0 (Windows NT 6.3; WOW64; rv:51.0) Gecko/20100101 Firefox/51.0"
74.7.242.14 - - [09/Mar/2026:06:36:28 +0000] "GET /%22https:/hvmbertogarza.com/ruleta-al-azar-del-1-al-30/embed/ HTTP/1.1" 404 56498 "https://hvmbertogarza.com/wp-json/oembed/1.0/embed?format=xml&url=https%3A%2F%2Fhvmbertogarza.com%2Fruleta-al-azar-del-1-al-30%2F" "Mozilla/5.0 AppleWebKit/537.36 (KHTML, like Gecko; compatible; GPTBot/1.3; +https://openai.com/gptbot)"
209.50.188.166 - - [09/Mar/2026:06:36:32 +0000] "POST /wp-content/plugins/backup-1772322415/home-1772322415.php HTTP/1.1" 200 449 "https://hvmbertogarza.com" "Opera/9.80 (Windows NT 6.3; WOW64); U) Presto/2.12.388 Version/12.14"
74.7.242.14 - - [09/Mar/2026:06:36:31 +0000] "GET /wp-json/oembed/1.0/embed?url=https%3A%2F%2Fhvmbertogarza.com%2Funited-kingdom-casino-providers%2F HTTP/1.1" 200 6673 "https://hvmbertogarza.com/united-kingdom-casino-providers/" "Mozilla/5.0 AppleWebKit/537.36 (KHTML, like Gecko; compatible; GPTBot/1.3; +https://openai.com/gptbot)"
104.207.36.24 - - [09/Mar/2026:06:36:36 +0000] "POST /wp-content/plugins/custom-1772763685/custom_functions_1772763685.php HTTP/1.1" 200 449 "https://hvmbertogarza.com" "Mozilla/5.0 (Windows NT 10.0) AppleWebKit/537.36 (KHTML, like Gecko) Chrome/64.0.2764.127 Safari/537.36"
74.7.242.14 - - [09/Mar/2026:06:36:34 +0000] "GET /bonusuri-fara-depunere-casino-bonus-fara-depunere/feed/ HTTP/1.1" 200 1093 "https://hvmbertogarza.com/bonusuri-fara-depunere-casino-bonus-fara-depunere/" "Mozilla/5.0 AppleWebKit/537.36 (KHTML, like Gecko; compatible; GPTBot/1.3; +https://openai.com/gptbot)"
74.7.242.14 - - [09/Mar/2026:06:36:36 +0000] "GET /%22https:/hvmbertogarza.com/hello-world/embed/ HTTP/1.1" 404 55120 "https://hvmbertogarza.com/wp-json/oembed/1.0/embed?format=xml&url=https%3A%2F%2Fhvmbertogarza.com%2Fhello-world%2F" "Mozilla/5.0 AppleWebKit/537.36 (KHTML, like Gecko; compatible; GPTBot/1.3; +https://openai.com/gptbot)"
74.7.242.14 - - [09/Mar/2026:06:36:39 +0000] "GET /wp-json/oembed/1.0/embed?format=xml&url=https%3A%2F%2Fhvmbertogarza.com%2Fcomment-trouver-les-meilleures-machines-a-sous-au-casino%2F HTTP/1.1" 200 6015 "https://hvmbertogarza.com/comment-trouver-les-meilleures-machines-a-sous-au-casino/" "Mozilla/5.0 AppleWebKit/537.36 (KHTML, like Gecko; compatible; GPTBot/1.3; +https://openai.com/gptbot)"
74.7.242.14 - - [09/Mar/2026:06:36:41 +0000] "GET /foreks-baj-sekrety-pribyl%d1%8cnoj-torgovli-2/feed/ HTTP/1.1" 200 1166 "https://hvmbertogarza.com/foreks-baj-sekrety-pribyl%d1%8cnoj-torgovli-2/" "Mozilla/5.0 AppleWebKit/537.36 (KHTML, like Gecko; compatible; GPTBot/1.3; +https://openai.com/gptbot)"
74.7.242.14 - - [09/Mar/2026:06:36:43 +0000] "GET /como-jugar-blackjack-casino/feed/ HTTP/1.1" 200 1085 "https://hvmbertogarza.com/como-jugar-blackjack-casino/" "Mozilla/5.0 AppleWebKit/537.36 (KHTML, like Gecko; compatible; GPTBot/1.3; +https://openai.com/gptbot)"
74.7.242.14 - - [09/Mar/2026:06:36:45 +0000] "GET /%22https:/hvmbertogarza.com/zerkalo-kazino-vavada-dlia-dostupa-k-igram-onlain/embed/ HTTP/1.1" 404 52364 "https://hvmbertogarza.com/wp-json/oembed/1.0/embed?format=xml&url=https%3A%2F%2Fhvmbertogarza.com%2Fzerkalo-kazino-vavada-dlia-dostupa-k-igram-onlain%2F" "Mozilla/5.0 AppleWebKit/537.36 (KHTML, like Gecko; compatible; GPTBot/1.3; +https://openai.com/gptbot)"
74.7.242.14 - - [09/Mar/2026:06:36:48 +0000] "GET /wp-json/oembed/1.0/embed?url=https%3A%2F%2Fhvmbertogarza.com%2Fcasino-spielautomaten-gewinnchance%2F HTTP/1.1" 200 6688 "https://hvmbertogarza.com/casino-spielautomaten-gewinnchance/" "Mozilla/5.0 AppleWebKit/537.36 (KHTML, like Gecko; compatible; GPTBot/1.3; +https://openai.com/gptbot)"
74.208.176.140 - - [09/Mar/2026:06:36:51 +0000] "POST /wp-cron.php?doing_wp_cron=1773038211.6618759632110595703125 HTTP/1.1" 200 4101 "-" "WordPress/6.9.1; https://hvmbertogarza.com"
103.42.198.211 - - [09/Mar/2026:06:36:50 +0000] "POST /xmlrpc.php HTTP/1.1" 200 4454 "-" "Mozilla/5.0 (Windows NT 10.0; Win64; x64) AppleWebKit/537.36 (KHTML, like Gecko) Chrome/91.0.4472.124 Safari/537.36"
209.50.171.130 - - [09/Mar/2026:06:36:53 +0000] "POST /wp-content/plugins/gallery-1772606968/comment-section-1772606968.php HTTP/1.1" 200 3620 "https://hvmbertogarza.com" "Mozilla/5.0 (Windows NT 6.3) AppleWebKit/537.36 (KHTML, like Gecko) Chrome/64.0.2656.23 Safari/537.36"
74.7.242.14 - - [09/Mar/2026:06:36:50 +0000] "GET /%22https:/hvmbertogarza.com/gioca-panther-moon-gratis-senza-scaricare/embed/ HTTP/1.1" 404 57876 "https://hvmbertogarza.com/wp-json/oembed/1.0/embed?format=xml&url=https%3A%2F%2Fhvmbertogarza.com%2Fgioca-panther-moon-gratis-senza-scaricare%2F" "Mozilla/5.0 AppleWebKit/537.36 (KHTML, like Gecko; compatible; GPTBot/1.3; +https://openai.com/gptbot)"
74.7.242.14 - - [09/Mar/2026:06:36:53 +0000] "GET /free-united-kingdom-eagle-slots/ HTTP/1.1" 200 45770 "https://hvmbertogarza.com/author/israel-arriaga/page/20/" "Mozilla/5.0 AppleWebKit/537.36 (KHTML, like Gecko; compatible; GPTBot/1.3; +https://openai.com/gptbot)"
209.50.182.18 - - [09/Mar/2026:06:36:56 +0000] "POST /wp-content/plugins/backup-1772322415/home-1772322415.php HTTP/1.1" 200 449 "https://hvmbertogarza.com" "Mozilla/5.0 (Windows NT 10.0; Win64; x64) AppleWebKit/537.36 (KHTML, like Gecko) Chrome/63.0.2578.52 Safari/537.36"
74.7.242.14 - - [09/Mar/2026:06:36:56 +0000] "GET /%22https:/hvmbertogarza.com/bacara-con-dealer-en-vivo-con-btc/%22 HTTP/1.1" 301 456 "https://hvmbertogarza.com/wp-json/oembed/1.0/embed?format=xml&url=https%3A%2F%2Fhvmbertogarza.com%2Fbacara-con-dealer-en-vivo-con-btc%2F" "Mozilla/5.0 AppleWebKit/537.36 (KHTML, like Gecko; compatible; GPTBot/1.3; +https://openai.com/gptbot)"
104.207.56.243 - - [09/Mar/2026:06:37:00 +0000] "POST /wp-content/plugins/custom-1772763685/custom_functions_1772763685.php HTTP/1.1" 200 449 "https://hvmbertogarza.com" "Mozilla/5.0 (Windows NT 10.0) AppleWebKit/537.36 (KHTML, like Gecko) Chrome/69.0.2736.107 Safari/537.36"
74.208.176.140 - - [09/Mar/2026:06:37:00 +0000] "POST /wp-cron.php?doing_wp_cron=1773038220.8897860050201416015625 HTTP/1.1" 200 4101 "-" "WordPress/6.9.1; https://hvmbertogarza.com"
74.7.242.14 - - [09/Mar/2026:06:36:58 +0000] "GET /%22https:/hvmbertogarza.com/bacara-con-dealer-en-vivo-con-btc/ HTTP/1.1" 404 78546 "https://hvmbertogarza.com/%22https:/hvmbertogarza.com/bacara-con-dealer-en-vivo-con-btc/%22" "Mozilla/5.0 AppleWebKit/537.36 (KHTML, like Gecko; compatible; GPTBot/1.3; +https://openai.com/gptbot)"
74.7.242.14 - - [09/Mar/2026:06:37:01 +0000] "GET /gambling-in-uk-agegambling-in-your-dreams-meaning/feed/ HTTP/1.1" 200 4887 "https://hvmbertogarza.com/gambling-in-uk-agegambling-in-your-dreams-meaning/" "Mozilla/5.0 AppleWebKit/537.36 (KHTML, like Gecko; compatible; GPTBot/1.3; +https://openai.com/gptbot)"
74.7.242.14 - - [09/Mar/2026:06:37:03 +0000] "GET /%22https:/hvmbertogarza.com/casino-bonus-bez-poczatkowego-depozytu/embed/ HTTP/1.1" 404 56498 "https://hvmbertogarza.com/wp-json/oembed/1.0/embed?format=xml&url=https%3A%2F%2Fhvmbertogarza.com%2Fcasino-bonus-bez-poczatkowego-depozytu%2F" "Mozilla/5.0 AppleWebKit/537.36 (KHTML, like Gecko; compatible; GPTBot/1.3; +https://openai.com/gptbot)"
74.7.242.14 - - [09/Mar/2026:06:37:06 +0000] "GET /%22https:/hvmbertogarza.com/50-freispiele-machance-casino-ohne-einzahlung-bonus/embed/ HTTP/1.1" 404 57528 "https://hvmbertogarza.com/wp-json/oembed/1.0/embed?format=xml&url=https%3A%2F%2Fhvmbertogarza.com%2F50-freispiele-machance-casino-ohne-einzahlung-bonus%2F" "Mozilla/5.0 AppleWebKit/537.36 (KHTML, like Gecko; compatible; GPTBot/1.3; +https://openai.com/gptbot)"
74.7.242.14 - - [09/Mar/2026:06:37:09 +0000] "GET /%22https:/hvmbertogarza.com/comment-trouver-les-meilleures-machines-a-sous-au-casino/%22 HTTP/1.1" 301 4265 "https://hvmbertogarza.com/wp-json/oembed/1.0/embed?format=xml&url=https%3A%2F%2Fhvmbertogarza.com%2Fcomment-trouver-les-meilleures-machines-a-sous-au-casino%2F" "Mozilla/5.0 AppleWebKit/537.36 (KHTML, like Gecko; compatible; GPTBot/1.3; +https://openai.com/gptbot)"
74.7.242.14 - - [09/Mar/2026:06:37:11 +0000] "GET /%22https:/hvmbertogarza.com/comment-trouver-les-meilleures-machines-a-sous-au-casino/ HTTP/1.1" 404 56498 "https://hvmbertogarza.com/%22https:/hvmbertogarza.com/comment-trouver-les-meilleures-machines-a-sous-au-casino/%22" "Mozilla/5.0 AppleWebKit/537.36 (KHTML, like Gecko; compatible; GPTBot/1.3; +https://openai.com/gptbot)"
45.3.42.14 - - [09/Mar/2026:06:37:16 +0000] "POST /wp-content/plugins/gallery-1772606968/comment-section-1772606968.php HTTP/1.1" 200 449 "https://hvmbertogarza.com" "Mozilla/5.0 (Windows NT 6.1; WOW64) AppleWebKit/537.36 (KHTML, like Gecko) Chrome/62.0.3299.93 Safari/537.36"
74.7.242.14 - - [09/Mar/2026:06:37:15 +0000] "GET /%22https:/hvmbertogarza.com/comment-trouver-les-meilleures-machines-a-sous-au-casino/embed/ HTTP/1.1" 404 57528 "https://hvmbertogarza.com/wp-json/oembed/1.0/embed?format=xml&url=https%3A%2F%2Fhvmbertogarza.com%2Fcomment-trouver-les-meilleures-machines-a-sous-au-casino%2F" "Mozilla/5.0 AppleWebKit/537.36 (KHTML, like Gecko; compatible; GPTBot/1.3; +https://openai.com/gptbot)"
209.50.187.114 - - [09/Mar/2026:06:37:20 +0000] "POST /wp-content/plugins/backup-1772322415/home-1772322415.php HTTP/1.1" 200 449 "https://hvmbertogarza.com" "Mozilla/5.0 (Windows NT 6.1; rv:52.0) Gecko/20100101 Firefox/52.0"
74.7.242.14 - - [09/Mar/2026:06:37:18 +0000] "GET /%22https:/hvmbertogarza.com/casino-online-neu-2026/embed/ HTTP/1.1" 404 57528 "https://hvmbertogarza.com/wp-json/oembed/1.0/embed?format=xml&url=https%3A%2F%2Fhvmbertogarza.com%2Fcasino-online-neu-2026%2F" "Mozilla/5.0 AppleWebKit/537.36 (KHTML, like Gecko; compatible; GPTBot/1.3; +https://openai.com/gptbot)"
74.208.176.140 - - [09/Mar/2026:06:37:23 +0000] "POST /wp-cron.php?doing_wp_cron=1773038243.2474150657653808593750 HTTP/1.1" 200 4101 "-" "WordPress/6.9.1; https://hvmbertogarza.com"
74.7.242.14 - - [09/Mar/2026:06:37:20 +0000] "GET /giocare-d-azzardo-modo-di-dire/feed/ HTTP/1.1" 200 4871 "https://hvmbertogarza.com/giocare-d-azzardo-modo-di-dire/" "Mozilla/5.0 AppleWebKit/537.36 (KHTML, like Gecko; compatible; GPTBot/1.3; +https://openai.com/gptbot)"
104.207.39.133 - - [09/Mar/2026:06:37:24 +0000] "POST /wp-content/plugins/custom-1772763685/custom_functions_1772763685.php HTTP/1.1" 200 449 "https://hvmbertogarza.com" "Mozilla/5.0 (Windows NT 10.0; Win64; x64; rv:63.0) Gecko/20100101 Firefox/63.0"
74.7.242.14 - - [09/Mar/2026:06:37:23 +0000] "GET /wp-json/oembed/1.0/embed?format=xml&url=https%3A%2F%2Fhvmbertogarza.com%2Fkostenlos-spielen-wicked-witch-freispiele-ohne-einzahlung%2F HTTP/1.1" 200 2215 "https://hvmbertogarza.com/kostenlos-spielen-wicked-witch-freispiele-ohne-einzahlung/" "Mozilla/5.0 AppleWebKit/537.36 (KHTML, like Gecko; compatible; GPTBot/1.3; +https://openai.com/gptbot)"
74.7.242.14 - - [09/Mar/2026:06:37:26 +0000] "GET /%22https:/hvmbertogarza.com/jocuri-ca-la-aparate-lion-dance/embed/ HTTP/1.1" 404 52364 "https://hvmbertogarza.com/wp-json/oembed/1.0/embed?format=xml&url=https%3A%2F%2Fhvmbertogarza.com%2Fjocuri-ca-la-aparate-lion-dance%2F" "Mozilla/5.0 AppleWebKit/537.36 (KHTML, like Gecko; compatible; GPTBot/1.3; +https://openai.com/gptbot)"
