45.86.202.164 - - [10/Mar/2026:07:49:59 +0000] "POST //xmlrpc.php HTTP/1.1" 200 3997 "-" "Mozilla/5.0 (Windows NT 10.0; Win64; x64) AppleWebKit/537.36 (KHTML, like Gecko) Chrome/95.0.4638.69 Safari/537.36"
45.86.202.187 - - [10/Mar/2026:07:50:01 +0000] "POST //xmlrpc.php HTTP/1.1" 200 3997 "-" "Mozilla/5.0 (Windows NT 10.0; Win64; x64) AppleWebKit/537.36 (KHTML, like Gecko) Chrome/95.0.4638.69 Safari/537.36"
45.86.202.199 - - [10/Mar/2026:07:50:03 +0000] "POST //xmlrpc.php HTTP/1.1" 200 3997 "-" "Mozilla/5.0 (Windows NT 10.0; Win64; x64) AppleWebKit/537.36 (KHTML, like Gecko) Chrome/95.0.4638.69 Safari/537.36"
45.86.202.161 - - [10/Mar/2026:07:50:05 +0000] "POST //xmlrpc.php HTTP/1.1" 200 3997 "-" "Mozilla/5.0 (Windows NT 10.0; Win64; x64) AppleWebKit/537.36 (KHTML, like Gecko) Chrome/95.0.4638.69 Safari/537.36"
45.86.202.189 - - [10/Mar/2026:07:50:06 +0000] "POST //xmlrpc.php HTTP/1.1" 200 3997 "-" "Mozilla/5.0 (Windows NT 10.0; Win64; x64) AppleWebKit/537.36 (KHTML, like Gecko) Chrome/95.0.4638.69 Safari/537.36"
45.86.202.169 - - [10/Mar/2026:07:50:08 +0000] "POST //xmlrpc.php HTTP/1.1" 200 3997 "-" "Mozilla/5.0 (Windows NT 10.0; Win64; x64) AppleWebKit/537.36 (KHTML, like Gecko) Chrome/95.0.4638.69 Safari/537.36"
45.86.202.179 - - [10/Mar/2026:07:50:10 +0000] "POST //xmlrpc.php HTTP/1.1" 200 3997 "-" "Mozilla/5.0 (Windows NT 10.0; Win64; x64) AppleWebKit/537.36 (KHTML, like Gecko) Chrome/95.0.4638.69 Safari/537.36"
45.86.202.202 - - [10/Mar/2026:07:50:12 +0000] "POST //xmlrpc.php HTTP/1.1" 200 3997 "-" "Mozilla/5.0 (Windows NT 10.0; Win64; x64) AppleWebKit/537.36 (KHTML, like Gecko) Chrome/95.0.4638.69 Safari/537.36"
45.86.202.194 - - [10/Mar/2026:07:50:14 +0000] "POST //xmlrpc.php HTTP/1.1" 200 3997 "-" "Mozilla/5.0 (Windows NT 10.0; Win64; x64) AppleWebKit/537.36 (KHTML, like Gecko) Chrome/95.0.4638.69 Safari/537.36"
45.86.202.182 - - [10/Mar/2026:07:50:16 +0000] "POST //xmlrpc.php HTTP/1.1" 200 3997 "-" "Mozilla/5.0 (Windows NT 10.0; Win64; x64) AppleWebKit/537.36 (KHTML, like Gecko) Chrome/95.0.4638.69 Safari/537.36"
45.86.202.156 - - [10/Mar/2026:07:50:18 +0000] "POST //xmlrpc.php HTTP/1.1" 200 3997 "-" "Mozilla/5.0 (Windows NT 10.0; Win64; x64) AppleWebKit/537.36 (KHTML, like Gecko) Chrome/95.0.4638.69 Safari/537.36"
74.208.176.140 - - [10/Mar/2026:07:50:22 +0000] "POST /wp-cron.php?doing_wp_cron=1773129022.0110309123992919921875 HTTP/1.1" 200 4101 "-" "WordPress/6.9.1; https://hvmbertogarza.com"
45.86.202.224 - - [10/Mar/2026:07:50:20 +0000] "POST //xmlrpc.php HTTP/1.1" 200 3997 "-" "Mozilla/5.0 (Windows NT 10.0; Win64; x64) AppleWebKit/537.36 (KHTML, like Gecko) Chrome/95.0.4638.69 Safari/537.36"
45.86.202.168 - - [10/Mar/2026:07:50:22 +0000] "POST //xmlrpc.php HTTP/1.1" 200 3997 "-" "Mozilla/5.0 (Windows NT 10.0; Win64; x64) AppleWebKit/537.36 (KHTML, like Gecko) Chrome/95.0.4638.69 Safari/537.36"
45.86.202.204 - - [10/Mar/2026:07:50:24 +0000] "POST //xmlrpc.php HTTP/1.1" 200 3997 "-" "Mozilla/5.0 (Windows NT 10.0; Win64; x64) AppleWebKit/537.36 (KHTML, like Gecko) Chrome/95.0.4638.69 Safari/537.36"
216.73.216.131 - - [10/Mar/2026:07:50:24 +0000] "GET /1414-2 HTTP/1.1" 301 4125 "-" "Mozilla/5.0 AppleWebKit/537.36 (KHTML, like Gecko; compatible; ClaudeBot/1.0; +claudebot@anthropic.com)"
45.86.202.159 - - [10/Mar/2026:07:50:26 +0000] "POST //xmlrpc.php HTTP/1.1" 200 3997 "-" "Mozilla/5.0 (Windows NT 10.0; Win64; x64) AppleWebKit/537.36 (KHTML, like Gecko) Chrome/95.0.4638.69 Safari/537.36"
216.73.216.131 - - [10/Mar/2026:07:50:26 +0000] "GET /1414-2/ HTTP/1.1" 200 43235 "https://hvmbertogarza.com/1414-2" "Mozilla/5.0 AppleWebKit/537.36 (KHTML, like Gecko; compatible; ClaudeBot/1.0; +claudebot@anthropic.com)"
45.86.202.162 - - [10/Mar/2026:07:50:29 +0000] "POST //xmlrpc.php HTTP/1.1" 200 3997 "-" "Mozilla/5.0 (Windows NT 10.0; Win64; x64) AppleWebKit/537.36 (KHTML, like Gecko) Chrome/95.0.4638.69 Safari/537.36"
45.86.202.192 - - [10/Mar/2026:07:50:30 +0000] "POST //xmlrpc.php HTTP/1.1" 200 3997 "-" "Mozilla/5.0 (Windows NT 10.0; Win64; x64) AppleWebKit/537.36 (KHTML, like Gecko) Chrome/95.0.4638.69 Safari/537.36"
45.86.202.194 - - [10/Mar/2026:07:50:32 +0000] "POST //xmlrpc.php HTTP/1.1" 200 3997 "-" "Mozilla/5.0 (Windows NT 10.0; Win64; x64) AppleWebKit/537.36 (KHTML, like Gecko) Chrome/95.0.4638.69 Safari/537.36"
45.86.202.171 - - [10/Mar/2026:07:50:34 +0000] "POST //xmlrpc.php HTTP/1.1" 200 3997 "-" "Mozilla/5.0 (Windows NT 10.0; Win64; x64) AppleWebKit/537.36 (KHTML, like Gecko) Chrome/95.0.4638.69 Safari/537.36"
45.86.202.224 - - [10/Mar/2026:07:50:36 +0000] "POST //xmlrpc.php HTTP/1.1" 200 3997 "-" "Mozilla/5.0 (Windows NT 10.0; Win64; x64) AppleWebKit/537.36 (KHTML, like Gecko) Chrome/95.0.4638.69 Safari/537.36"
45.86.202.161 - - [10/Mar/2026:07:50:37 +0000] "POST //xmlrpc.php HTTP/1.1" 200 3997 "-" "Mozilla/5.0 (Windows NT 10.0; Win64; x64) AppleWebKit/537.36 (KHTML, like Gecko) Chrome/95.0.4638.69 Safari/537.36"
45.86.202.158 - - [10/Mar/2026:07:50:39 +0000] "POST //xmlrpc.php HTTP/1.1" 200 3997 "-" "Mozilla/5.0 (Windows NT 10.0; Win64; x64) AppleWebKit/537.36 (KHTML, like Gecko) Chrome/95.0.4638.69 Safari/537.36"
45.86.202.169 - - [10/Mar/2026:07:50:41 +0000] "POST //xmlrpc.php HTTP/1.1" 200 3997 "-" "Mozilla/5.0 (Windows NT 10.0; Win64; x64) AppleWebKit/537.36 (KHTML, like Gecko) Chrome/95.0.4638.69 Safari/537.36"
74.208.176.140 - - [10/Mar/2026:07:50:44 +0000] "POST /wp-cron.php?doing_wp_cron=1773129044.6566860675811767578125 HTTP/1.1" 200 4101 "-" "WordPress/6.9.1; https://hvmbertogarza.com"
45.86.202.189 - - [10/Mar/2026:07:50:43 +0000] "POST //xmlrpc.php HTTP/1.1" 200 3997 "-" "Mozilla/5.0 (Windows NT 10.0; Win64; x64) AppleWebKit/537.36 (KHTML, like Gecko) Chrome/95.0.4638.69 Safari/537.36"
45.86.202.183 - - [10/Mar/2026:07:50:45 +0000] "POST //xmlrpc.php HTTP/1.1" 200 3997 "-" "Mozilla/5.0 (Windows NT 10.0; Win64; x64) AppleWebKit/537.36 (KHTML, like Gecko) Chrome/95.0.4638.69 Safari/537.36"
51.222.95.176 - - [10/Mar/2026:07:50:45 +0000] "GET /shop/trehala/modernize012705670101.html HTTP/1.1" 404 142794 "-" "Mozilla/5.0 (compatible; AhrefsBot/7.0; +http://ahrefs.com/robot/)"
45.86.202.188 - - [10/Mar/2026:07:50:47 +0000] "POST //xmlrpc.php HTTP/1.1" 200 3997 "-" "Mozilla/5.0 (Windows NT 10.0; Win64; x64) AppleWebKit/537.36 (KHTML, like Gecko) Chrome/95.0.4638.69 Safari/537.36"
45.86.202.205 - - [10/Mar/2026:07:50:49 +0000] "POST //xmlrpc.php HTTP/1.1" 200 3997 "-" "Mozilla/5.0 (Windows NT 10.0; Win64; x64) AppleWebKit/537.36 (KHTML, like Gecko) Chrome/95.0.4638.69 Safari/537.36"
74.208.176.140 - - [10/Mar/2026:07:50:52 +0000] "POST /wp-cron.php?doing_wp_cron=1773129052.2474288940429687500000 HTTP/1.1" 200 4101 "-" "WordPress/6.9.1; https://hvmbertogarza.com"
45.86.202.156 - - [10/Mar/2026:07:50:51 +0000] "POST //xmlrpc.php HTTP/1.1" 200 3997 "-" "Mozilla/5.0 (Windows NT 10.0; Win64; x64) AppleWebKit/537.36 (KHTML, like Gecko) Chrome/95.0.4638.69 Safari/537.36"
45.86.202.204 - - [10/Mar/2026:07:50:52 +0000] "POST //xmlrpc.php HTTP/1.1" 200 3997 "-" "Mozilla/5.0 (Windows NT 10.0; Win64; x64) AppleWebKit/537.36 (KHTML, like Gecko) Chrome/95.0.4638.69 Safari/537.36"
45.86.202.177 - - [10/Mar/2026:07:50:54 +0000] "POST //xmlrpc.php HTTP/1.1" 200 3997 "-" "Mozilla/5.0 (Windows NT 10.0; Win64; x64) AppleWebKit/537.36 (KHTML, like Gecko) Chrome/95.0.4638.69 Safari/537.36"
45.86.202.175 - - [10/Mar/2026:07:50:56 +0000] "POST //xmlrpc.php HTTP/1.1" 200 3997 "-" "Mozilla/5.0 (Windows NT 10.0; Win64; x64) AppleWebKit/537.36 (KHTML, like Gecko) Chrome/95.0.4638.69 Safari/537.36"
74.208.176.140 - - [10/Mar/2026:07:50:59 +0000] "POST /wp-cron.php?doing_wp_cron=1773129059.2385408878326416015625 HTTP/1.1" 200 4101 "-" "WordPress/6.9.1; https://hvmbertogarza.com"
45.86.202.190 - - [10/Mar/2026:07:50:58 +0000] "POST //xmlrpc.php HTTP/1.1" 200 3997 "-" "Mozilla/5.0 (Windows NT 10.0; Win64; x64) AppleWebKit/537.36 (KHTML, like Gecko) Chrome/95.0.4638.69 Safari/537.36"
45.86.202.180 - - [10/Mar/2026:07:50:59 +0000] "POST //xmlrpc.php HTTP/1.1" 200 3997 "-" "Mozilla/5.0 (Windows NT 10.0; Win64; x64) AppleWebKit/537.36 (KHTML, like Gecko) Chrome/95.0.4638.69 Safari/537.36"
45.86.202.178 - - [10/Mar/2026:07:51:01 +0000] "POST //xmlrpc.php HTTP/1.1" 200 3997 "-" "Mozilla/5.0 (Windows NT 10.0; Win64; x64) AppleWebKit/537.36 (KHTML, like Gecko) Chrome/95.0.4638.69 Safari/537.36"
45.86.202.197 - - [10/Mar/2026:07:51:04 +0000] "POST //xmlrpc.php HTTP/1.1" 200 3997 "-" "Mozilla/5.0 (Windows NT 10.0; Win64; x64) AppleWebKit/537.36 (KHTML, like Gecko) Chrome/95.0.4638.69 Safari/537.36"
45.86.202.180 - - [10/Mar/2026:07:51:05 +0000] "POST //xmlrpc.php HTTP/1.1" 200 3997 "-" "Mozilla/5.0 (Windows NT 10.0; Win64; x64) AppleWebKit/537.36 (KHTML, like Gecko) Chrome/95.0.4638.69 Safari/537.36"
45.86.202.198 - - [10/Mar/2026:07:51:08 +0000] "POST //xmlrpc.php HTTP/1.1" 200 3997 "-" "Mozilla/5.0 (Windows NT 10.0; Win64; x64) AppleWebKit/537.36 (KHTML, like Gecko) Chrome/95.0.4638.69 Safari/537.36"
45.86.202.174 - - [10/Mar/2026:07:51:09 +0000] "POST //xmlrpc.php HTTP/1.1" 200 3997 "-" "Mozilla/5.0 (Windows NT 10.0; Win64; x64) AppleWebKit/537.36 (KHTML, like Gecko) Chrome/95.0.4638.69 Safari/537.36"
45.86.202.183 - - [10/Mar/2026:07:51:11 +0000] "POST //xmlrpc.php HTTP/1.1" 200 3997 "-" "Mozilla/5.0 (Windows NT 10.0; Win64; x64) AppleWebKit/537.36 (KHTML, like Gecko) Chrome/95.0.4638.69 Safari/537.36"
45.86.202.166 - - [10/Mar/2026:07:51:13 +0000] "POST //xmlrpc.php HTTP/1.1" 200 3997 "-" "Mozilla/5.0 (Windows NT 10.0; Win64; x64) AppleWebKit/537.36 (KHTML, like Gecko) Chrome/95.0.4638.69 Safari/537.36"
45.86.202.187 - - [10/Mar/2026:07:51:16 +0000] "POST //xmlrpc.php HTTP/1.1" 200 3997 "-" "Mozilla/5.0 (Windows NT 10.0; Win64; x64) AppleWebKit/537.36 (KHTML, like Gecko) Chrome/95.0.4638.69 Safari/537.36"
216.73.216.131 - - [10/Mar/2026:07:51:16 +0000] "GET /machine-a-sous-cleopatre/feed HTTP/1.1" 301 4246 "-" "Mozilla/5.0 AppleWebKit/537.36 (KHTML, like Gecko; compatible; ClaudeBot/1.0; +claudebot@anthropic.com)"
216.73.216.131 - - [10/Mar/2026:07:51:17 +0000] "GET /machine-a-sous-cleopatre/feed/ HTTP/1.1" 200 1089 "https://hvmbertogarza.com/machine-a-sous-cleopatre/feed" "Mozilla/5.0 AppleWebKit/537.36 (KHTML, like Gecko; compatible; ClaudeBot/1.0; +claudebot@anthropic.com)"
45.86.202.200 - - [10/Mar/2026:07:51:18 +0000] "POST //xmlrpc.php HTTP/1.1" 200 3997 "-" "Mozilla/5.0 (Windows NT 10.0; Win64; x64) AppleWebKit/537.36 (KHTML, like Gecko) Chrome/95.0.4638.69 Safari/537.36"
45.86.202.179 - - [10/Mar/2026:07:51:20 +0000] "POST //xmlrpc.php HTTP/1.1" 200 3997 "-" "Mozilla/5.0 (Windows NT 10.0; Win64; x64) AppleWebKit/537.36 (KHTML, like Gecko) Chrome/95.0.4638.69 Safari/537.36"
74.208.176.140 - - [10/Mar/2026:07:51:22 +0000] "POST /wp-cron.php?doing_wp_cron=1773129082.7105920314788818359375 HTTP/1.1" 200 4101 "-" "WordPress/6.9.1; https://hvmbertogarza.com"
45.86.202.177 - - [10/Mar/2026:07:51:21 +0000] "POST //xmlrpc.php HTTP/1.1" 200 3997 "-" "Mozilla/5.0 (Windows NT 10.0; Win64; x64) AppleWebKit/537.36 (KHTML, like Gecko) Chrome/95.0.4638.69 Safari/537.36"
45.86.202.163 - - [10/Mar/2026:07:51:23 +0000] "POST //xmlrpc.php HTTP/1.1" 200 3997 "-" "Mozilla/5.0 (Windows NT 10.0; Win64; x64) AppleWebKit/537.36 (KHTML, like Gecko) Chrome/95.0.4638.69 Safari/537.36"
45.86.202.162 - - [10/Mar/2026:07:51:25 +0000] "POST //xmlrpc.php HTTP/1.1" 200 3997 "-" "Mozilla/5.0 (Windows NT 10.0; Win64; x64) AppleWebKit/537.36 (KHTML, like Gecko) Chrome/95.0.4638.69 Safari/537.36"
45.86.202.159 - - [10/Mar/2026:07:51:27 +0000] "POST //xmlrpc.php HTTP/1.1" 200 3997 "-" "Mozilla/5.0 (Windows NT 10.0; Win64; x64) AppleWebKit/537.36 (KHTML, like Gecko) Chrome/95.0.4638.69 Safari/537.36"
45.86.202.162 - - [10/Mar/2026:07:51:29 +0000] "POST //xmlrpc.php HTTP/1.1" 200 3997 "-" "Mozilla/5.0 (Windows NT 10.0; Win64; x64) AppleWebKit/537.36 (KHTML, like Gecko) Chrome/95.0.4638.69 Safari/537.36"
45.86.202.182 - - [10/Mar/2026:07:51:31 +0000] "POST //xmlrpc.php HTTP/1.1" 200 3997 "-" "Mozilla/5.0 (Windows NT 10.0; Win64; x64) AppleWebKit/537.36 (KHTML, like Gecko) Chrome/95.0.4638.69 Safari/537.36"
45.86.202.168 - - [10/Mar/2026:07:51:33 +0000] "POST //xmlrpc.php HTTP/1.1" 200 3997 "-" "Mozilla/5.0 (Windows NT 10.0; Win64; x64) AppleWebKit/537.36 (KHTML, like Gecko) Chrome/95.0.4638.69 Safari/537.36"
45.86.202.178 - - [10/Mar/2026:07:51:35 +0000] "POST //xmlrpc.php HTTP/1.1" 200 3997 "-" "Mozilla/5.0 (Windows NT 10.0; Win64; x64) AppleWebKit/537.36 (KHTML, like Gecko) Chrome/95.0.4638.69 Safari/537.36"
45.86.202.192 - - [10/Mar/2026:07:51:37 +0000] "POST //xmlrpc.php HTTP/1.1" 200 3997 "-" "Mozilla/5.0 (Windows NT 10.0; Win64; x64) AppleWebKit/537.36 (KHTML, like Gecko) Chrome/95.0.4638.69 Safari/537.36"
45.86.202.182 - - [10/Mar/2026:07:51:39 +0000] "POST //xmlrpc.php HTTP/1.1" 200 3997 "-" "Mozilla/5.0 (Windows NT 10.0; Win64; x64) AppleWebKit/537.36 (KHTML, like Gecko) Chrome/95.0.4638.69 Safari/537.36"
45.86.202.196 - - [10/Mar/2026:07:51:41 +0000] "POST //xmlrpc.php HTTP/1.1" 200 3997 "-" "Mozilla/5.0 (Windows NT 10.0; Win64; x64) AppleWebKit/537.36 (KHTML, like Gecko) Chrome/95.0.4638.69 Safari/537.36"
45.86.202.190 - - [10/Mar/2026:07:51:43 +0000] "POST //xmlrpc.php HTTP/1.1" 200 3997 "-" "Mozilla/5.0 (Windows NT 10.0; Win64; x64) AppleWebKit/537.36 (KHTML, like Gecko) Chrome/95.0.4638.69 Safari/537.36"
45.86.202.156 - - [10/Mar/2026:07:51:44 +0000] "POST //xmlrpc.php HTTP/1.1" 200 3997 "-" "Mozilla/5.0 (Windows NT 10.0; Win64; x64) AppleWebKit/537.36 (KHTML, like Gecko) Chrome/95.0.4638.69 Safari/537.36"
45.86.202.198 - - [10/Mar/2026:07:51:46 +0000] "POST //xmlrpc.php HTTP/1.1" 200 3997 "-" "Mozilla/5.0 (Windows NT 10.0; Win64; x64) AppleWebKit/537.36 (KHTML, like Gecko) Chrome/95.0.4638.69 Safari/537.36"
146.19.125.70 - - [10/Mar/2026:07:51:44 +0000] "GET / HTTP/1.0" 200 402725 "https://hvmbertogarza.com/" "Mozilla/5.0 (Windows NT 10.0; Win64; x64) AppleWebKit/537.36 (KHTML, like Gecko) Chrome/130.0.0.0 Safari/537.36"
45.86.202.165 - - [10/Mar/2026:07:51:48 +0000] "POST //xmlrpc.php HTTP/1.1" 200 3997 "-" "Mozilla/5.0 (Windows NT 10.0; Win64; x64) AppleWebKit/537.36 (KHTML, like Gecko) Chrome/95.0.4638.69 Safari/537.36"
74.208.176.140 - - [10/Mar/2026:07:51:51 +0000] "POST /wp-cron.php?doing_wp_cron=1773129111.5831589698791503906250 HTTP/1.1" 200 4101 "-" "WordPress/6.9.1; https://hvmbertogarza.com"
45.86.202.189 - - [10/Mar/2026:07:51:50 +0000] "POST //xmlrpc.php HTTP/1.1" 200 3997 "-" "Mozilla/5.0 (Windows NT 10.0; Win64; x64) AppleWebKit/537.36 (KHTML, like Gecko) Chrome/95.0.4638.69 Safari/537.36"
146.19.125.70 - - [10/Mar/2026:07:51:51 +0000] "GET /wp-login.php?action=register HTTP/1.0" 200 8068 "https://hvmbertogarza.com/wp-login.php?action=register" "Mozilla/5.0 (Windows NT 10.0; Win64; x64) AppleWebKit/537.36 (KHTML, like Gecko) Chrome/130.0.0.0 Safari/537.36"
45.86.202.198 - - [10/Mar/2026:07:51:52 +0000] "POST //xmlrpc.php HTTP/1.1" 200 3997 "-" "Mozilla/5.0 (Windows NT 10.0; Win64; x64) AppleWebKit/537.36 (KHTML, like Gecko) Chrome/95.0.4638.69 Safari/537.36"
45.86.202.197 - - [10/Mar/2026:07:51:54 +0000] "POST //xmlrpc.php HTTP/1.1" 200 3997 "-" "Mozilla/5.0 (Windows NT 10.0; Win64; x64) AppleWebKit/537.36 (KHTML, like Gecko) Chrome/95.0.4638.69 Safari/537.36"
146.19.125.70 - - [10/Mar/2026:07:51:53 +0000] "POST /wp-login.php?action=register HTTP/1.0" 200 8514 "https://hvmbertogarza.com/wp-login.php?action=register" "Mozilla/5.0 (Windows NT 10.0; Win64; x64) AppleWebKit/537.36 (KHTML, like Gecko) Chrome/130.0.0.0 Safari/537.36"
45.86.202.182 - - [10/Mar/2026:07:51:56 +0000] "POST //xmlrpc.php HTTP/1.1" 200 3997 "-" "Mozilla/5.0 (Windows NT 10.0; Win64; x64) AppleWebKit/537.36 (KHTML, like Gecko) Chrome/95.0.4638.69 Safari/537.36"
45.86.202.203 - - [10/Mar/2026:07:51:57 +0000] "POST //xmlrpc.php HTTP/1.1" 200 3997 "-" "Mozilla/5.0 (Windows NT 10.0; Win64; x64) AppleWebKit/537.36 (KHTML, like Gecko) Chrome/95.0.4638.69 Safari/537.36"
146.19.125.70 - - [10/Mar/2026:07:51:56 +0000] "GET / HTTP/1.0" 200 402725 "https://hvmbertogarza.com/" "Mozilla/5.0 (Windows NT 10.0; Win64; x64) AppleWebKit/537.36 (KHTML, like Gecko) Chrome/130.0.0.0 Safari/537.36"
45.86.202.172 - - [10/Mar/2026:07:51:59 +0000] "POST //xmlrpc.php HTTP/1.1" 200 3997 "-" "Mozilla/5.0 (Windows NT 10.0; Win64; x64) AppleWebKit/537.36 (KHTML, like Gecko) Chrome/95.0.4638.69 Safari/537.36"
45.86.202.181 - - [10/Mar/2026:07:52:01 +0000] "POST //xmlrpc.php HTTP/1.1" 200 3997 "-" "Mozilla/5.0 (Windows NT 10.0; Win64; x64) AppleWebKit/537.36 (KHTML, like Gecko) Chrome/95.0.4638.69 Safari/537.36"
45.86.202.159 - - [10/Mar/2026:07:52:03 +0000] "POST //xmlrpc.php HTTP/1.1" 200 3997 "-" "Mozilla/5.0 (Windows NT 10.0; Win64; x64) AppleWebKit/537.36 (KHTML, like Gecko) Chrome/95.0.4638.69 Safari/537.36"
45.86.202.173 - - [10/Mar/2026:07:52:05 +0000] "POST //xmlrpc.php HTTP/1.1" 200 3997 "-" "Mozilla/5.0 (Windows NT 10.0; Win64; x64) AppleWebKit/537.36 (KHTML, like Gecko) Chrome/95.0.4638.69 Safari/537.36"
45.86.202.168 - - [10/Mar/2026:07:52:07 +0000] "POST //xmlrpc.php HTTP/1.1" 200 3997 "-" "Mozilla/5.0 (Windows NT 10.0; Win64; x64) AppleWebKit/537.36 (KHTML, like Gecko) Chrome/95.0.4638.69 Safari/537.36"
45.86.202.179 - - [10/Mar/2026:07:52:09 +0000] "POST //xmlrpc.php HTTP/1.1" 200 3997 "-" "Mozilla/5.0 (Windows NT 10.0; Win64; x64) AppleWebKit/537.36 (KHTML, like Gecko) Chrome/95.0.4638.69 Safari/537.36"
45.86.202.204 - - [10/Mar/2026:07:52:11 +0000] "POST //xmlrpc.php HTTP/1.1" 200 3997 "-" "Mozilla/5.0 (Windows NT 10.0; Win64; x64) AppleWebKit/537.36 (KHTML, like Gecko) Chrome/95.0.4638.69 Safari/537.36"
45.86.202.188 - - [10/Mar/2026:07:52:13 +0000] "POST //xmlrpc.php HTTP/1.1" 200 3997 "-" "Mozilla/5.0 (Windows NT 10.0; Win64; x64) AppleWebKit/537.36 (KHTML, like Gecko) Chrome/95.0.4638.69 Safari/537.36"
45.86.202.166 - - [10/Mar/2026:07:52:15 +0000] "POST //xmlrpc.php HTTP/1.1" 200 3997 "-" "Mozilla/5.0 (Windows NT 10.0; Win64; x64) AppleWebKit/537.36 (KHTML, like Gecko) Chrome/95.0.4638.69 Safari/537.36"
45.86.202.172 - - [10/Mar/2026:07:52:16 +0000] "POST //xmlrpc.php HTTP/1.1" 200 3997 "-" "Mozilla/5.0 (Windows NT 10.0; Win64; x64) AppleWebKit/537.36 (KHTML, like Gecko) Chrome/95.0.4638.69 Safari/537.36"
45.86.202.198 - - [10/Mar/2026:07:52:18 +0000] "POST //xmlrpc.php HTTP/1.1" 200 3997 "-" "Mozilla/5.0 (Windows NT 10.0; Win64; x64) AppleWebKit/537.36 (KHTML, like Gecko) Chrome/95.0.4638.69 Safari/537.36"
74.208.176.140 - - [10/Mar/2026:07:52:21 +0000] "POST /wp-cron.php?doing_wp_cron=1773129141.7897009849548339843750 HTTP/1.1" 200 4101 "-" "WordPress/6.9.1; https://hvmbertogarza.com"
45.86.202.163 - - [10/Mar/2026:07:52:20 +0000] "POST //xmlrpc.php HTTP/1.1" 200 3997 "-" "Mozilla/5.0 (Windows NT 10.0; Win64; x64) AppleWebKit/537.36 (KHTML, like Gecko) Chrome/95.0.4638.69 Safari/537.36"
45.86.202.196 - - [10/Mar/2026:07:52:22 +0000] "POST //xmlrpc.php HTTP/1.1" 200 3997 "-" "Mozilla/5.0 (Windows NT 10.0; Win64; x64) AppleWebKit/537.36 (KHTML, like Gecko) Chrome/95.0.4638.69 Safari/537.36"
45.86.202.176 - - [10/Mar/2026:07:52:24 +0000] "POST //xmlrpc.php HTTP/1.1" 200 3997 "-" "Mozilla/5.0 (Windows NT 10.0; Win64; x64) AppleWebKit/537.36 (KHTML, like Gecko) Chrome/95.0.4638.69 Safari/537.36"
45.86.202.174 - - [10/Mar/2026:07:52:26 +0000] "POST //xmlrpc.php HTTP/1.1" 200 3997 "-" "Mozilla/5.0 (Windows NT 10.0; Win64; x64) AppleWebKit/537.36 (KHTML, like Gecko) Chrome/95.0.4638.69 Safari/537.36"
45.86.202.198 - - [10/Mar/2026:07:52:28 +0000] "POST //xmlrpc.php HTTP/1.1" 200 3997 "-" "Mozilla/5.0 (Windows NT 10.0; Win64; x64) AppleWebKit/537.36 (KHTML, like Gecko) Chrome/95.0.4638.69 Safari/537.36"
45.86.202.191 - - [10/Mar/2026:07:52:30 +0000] "POST //xmlrpc.php HTTP/1.1" 200 3997 "-" "Mozilla/5.0 (Windows NT 10.0; Win64; x64) AppleWebKit/537.36 (KHTML, like Gecko) Chrome/95.0.4638.69 Safari/537.36"
45.86.202.195 - - [10/Mar/2026:07:52:31 +0000] "POST //xmlrpc.php HTTP/1.1" 200 3997 "-" "Mozilla/5.0 (Windows NT 10.0; Win64; x64) AppleWebKit/537.36 (KHTML, like Gecko) Chrome/95.0.4638.69 Safari/537.36"
45.86.202.189 - - [10/Mar/2026:07:52:33 +0000] "POST //xmlrpc.php HTTP/1.1" 200 3997 "-" "Mozilla/5.0 (Windows NT 10.0; Win64; x64) AppleWebKit/537.36 (KHTML, like Gecko) Chrome/95.0.4638.69 Safari/537.36"
45.86.202.192 - - [10/Mar/2026:07:52:35 +0000] "POST //xmlrpc.php HTTP/1.1" 200 3997 "-" "Mozilla/5.0 (Windows NT 10.0; Win64; x64) AppleWebKit/537.36 (KHTML, like Gecko) Chrome/95.0.4638.69 Safari/537.36"
74.208.176.140 - - [10/Mar/2026:07:52:38 +0000] "POST /wp-cron.php?doing_wp_cron=1773129158.9678969383239746093750 HTTP/1.1" 200 4101 "-" "WordPress/6.9.1; https://hvmbertogarza.com"
45.86.202.158 - - [10/Mar/2026:07:52:37 +0000] "POST //xmlrpc.php HTTP/1.1" 200 3997 "-" "Mozilla/5.0 (Windows NT 10.0; Win64; x64) AppleWebKit/537.36 (KHTML, like Gecko) Chrome/95.0.4638.69 Safari/537.36"
45.86.202.178 - - [10/Mar/2026:07:52:39 +0000] "POST //xmlrpc.php HTTP/1.1" 200 3997 "-" "Mozilla/5.0 (Windows NT 10.0; Win64; x64) AppleWebKit/537.36 (KHTML, like Gecko) Chrome/95.0.4638.69 Safari/537.36"
45.86.202.182 - - [10/Mar/2026:07:52:41 +0000] "POST //xmlrpc.php HTTP/1.1" 200 3997 "-" "Mozilla/5.0 (Windows NT 10.0; Win64; x64) AppleWebKit/537.36 (KHTML, like Gecko) Chrome/95.0.4638.69 Safari/537.36"
45.86.202.159 - - [10/Mar/2026:07:52:43 +0000] "POST //xmlrpc.php HTTP/1.1" 200 3997 "-" "Mozilla/5.0 (Windows NT 10.0; Win64; x64) AppleWebKit/537.36 (KHTML, like Gecko) Chrome/95.0.4638.69 Safari/537.36"
216.73.216.131 - - [10/Mar/2026:07:52:43 +0000] "GET /2026/02/01 HTTP/1.1" 301 4079 "-" "Mozilla/5.0 AppleWebKit/537.36 (KHTML, like Gecko; compatible; ClaudeBot/1.0; +claudebot@anthropic.com)"
45.86.202.160 - - [10/Mar/2026:07:52:45 +0000] "POST //xmlrpc.php HTTP/1.1" 200 3997 "-" "Mozilla/5.0 (Windows NT 10.0; Win64; x64) AppleWebKit/537.36 (KHTML, like Gecko) Chrome/95.0.4638.69 Safari/537.36"
216.73.216.131 - - [10/Mar/2026:07:52:45 +0000] "GET /2026/02/01/ HTTP/1.1" 200 36433 "https://hvmbertogarza.com/2026/02/01" "Mozilla/5.0 AppleWebKit/537.36 (KHTML, like Gecko; compatible; ClaudeBot/1.0; +claudebot@anthropic.com)"
45.86.202.183 - - [10/Mar/2026:07:52:47 +0000] "POST //xmlrpc.php HTTP/1.1" 200 3997 "-" "Mozilla/5.0 (Windows NT 10.0; Win64; x64) AppleWebKit/537.36 (KHTML, like Gecko) Chrome/95.0.4638.69 Safari/537.36"
45.86.202.195 - - [10/Mar/2026:07:52:49 +0000] "POST //xmlrpc.php HTTP/1.1" 200 3997 "-" "Mozilla/5.0 (Windows NT 10.0; Win64; x64) AppleWebKit/537.36 (KHTML, like Gecko) Chrome/95.0.4638.69 Safari/537.36"
74.208.176.140 - - [10/Mar/2026:07:52:51 +0000] "POST /wp-cron.php?doing_wp_cron=1773129171.9658210277557373046875 HTTP/1.1" 200 4101 "-" "WordPress/6.9.1; https://hvmbertogarza.com"
45.86.202.174 - - [10/Mar/2026:07:52:50 +0000] "POST //xmlrpc.php HTTP/1.1" 200 3997 "-" "Mozilla/5.0 (Windows NT 10.0; Win64; x64) AppleWebKit/537.36 (KHTML, like Gecko) Chrome/95.0.4638.69 Safari/537.36"
45.86.202.185 - - [10/Mar/2026:07:52:52 +0000] "POST //xmlrpc.php HTTP/1.1" 200 3997 "-" "Mozilla/5.0 (Windows NT 10.0; Win64; x64) AppleWebKit/537.36 (KHTML, like Gecko) Chrome/95.0.4638.69 Safari/537.36"
45.86.202.201 - - [10/Mar/2026:07:52:54 +0000] "POST //xmlrpc.php HTTP/1.1" 200 3997 "-" "Mozilla/5.0 (Windows NT 10.0; Win64; x64) AppleWebKit/537.36 (KHTML, like Gecko) Chrome/95.0.4638.69 Safari/537.36"
45.86.202.178 - - [10/Mar/2026:07:52:56 +0000] "POST //xmlrpc.php HTTP/1.1" 200 3997 "-" "Mozilla/5.0 (Windows NT 10.0; Win64; x64) AppleWebKit/537.36 (KHTML, like Gecko) Chrome/95.0.4638.69 Safari/537.36"
74.208.176.140 - - [10/Mar/2026:07:52:59 +0000] "POST /wp-cron.php?doing_wp_cron=1773129179.2139580249786376953125 HTTP/1.1" 200 4101 "-" "WordPress/6.9.1; https://hvmbertogarza.com"
45.86.202.182 - - [10/Mar/2026:07:52:58 +0000] "POST //xmlrpc.php HTTP/1.1" 200 3997 "-" "Mozilla/5.0 (Windows NT 10.0; Win64; x64) AppleWebKit/537.36 (KHTML, like Gecko) Chrome/95.0.4638.69 Safari/537.36"
45.86.202.169 - - [10/Mar/2026:07:52:59 +0000] "POST //xmlrpc.php HTTP/1.1" 200 3997 "-" "Mozilla/5.0 (Windows NT 10.0; Win64; x64) AppleWebKit/537.36 (KHTML, like Gecko) Chrome/95.0.4638.69 Safari/537.36"
45.86.202.198 - - [10/Mar/2026:07:53:01 +0000] "POST //xmlrpc.php HTTP/1.1" 200 3997 "-" "Mozilla/5.0 (Windows NT 10.0; Win64; x64) AppleWebKit/537.36 (KHTML, like Gecko) Chrome/95.0.4638.69 Safari/537.36"
45.86.202.158 - - [10/Mar/2026:07:53:03 +0000] "POST //xmlrpc.php HTTP/1.1" 200 3997 "-" "Mozilla/5.0 (Windows NT 10.0; Win64; x64) AppleWebKit/537.36 (KHTML, like Gecko) Chrome/95.0.4638.69 Safari/537.36"
45.86.202.179 - - [10/Mar/2026:07:53:05 +0000] "POST //xmlrpc.php HTTP/1.1" 200 3997 "-" "Mozilla/5.0 (Windows NT 10.0; Win64; x64) AppleWebKit/537.36 (KHTML, like Gecko) Chrome/95.0.4638.69 Safari/537.36"
15.235.96.173 - - [10/Mar/2026:07:53:05 +0000] "GET /shop/tradeful/strelitz011921940681.html HTTP/1.1" 404 142794 "-" "Mozilla/5.0 (compatible; AhrefsBot/7.0; +http://ahrefs.com/robot/)"
45.86.202.177 - - [10/Mar/2026:07:53:06 +0000] "POST //xmlrpc.php HTTP/1.1" 200 3997 "-" "Mozilla/5.0 (Windows NT 10.0; Win64; x64) AppleWebKit/537.36 (KHTML, like Gecko) Chrome/95.0.4638.69 Safari/537.36"
45.86.202.188 - - [10/Mar/2026:07:53:08 +0000] "POST //xmlrpc.php HTTP/1.1" 200 3997 "-" "Mozilla/5.0 (Windows NT 10.0; Win64; x64) AppleWebKit/537.36 (KHTML, like Gecko) Chrome/95.0.4638.69 Safari/537.36"
45.86.202.195 - - [10/Mar/2026:07:53:10 +0000] "POST //xmlrpc.php HTTP/1.1" 200 3997 "-" "Mozilla/5.0 (Windows NT 10.0; Win64; x64) AppleWebKit/537.36 (KHTML, like Gecko) Chrome/95.0.4638.69 Safari/537.36"
45.86.202.191 - - [10/Mar/2026:07:53:12 +0000] "POST //xmlrpc.php HTTP/1.1" 200 3997 "-" "Mozilla/5.0 (Windows NT 10.0; Win64; x64) AppleWebKit/537.36 (KHTML, like Gecko) Chrome/95.0.4638.69 Safari/537.36"
45.86.202.167 - - [10/Mar/2026:07:53:14 +0000] "POST //xmlrpc.php HTTP/1.1" 200 3997 "-" "Mozilla/5.0 (Windows NT 10.0; Win64; x64) AppleWebKit/537.36 (KHTML, like Gecko) Chrome/95.0.4638.69 Safari/537.36"
45.86.202.190 - - [10/Mar/2026:07:53:15 +0000] "POST //xmlrpc.php HTTP/1.1" 200 3997 "-" "Mozilla/5.0 (Windows NT 10.0; Win64; x64) AppleWebKit/537.36 (KHTML, like Gecko) Chrome/95.0.4638.69 Safari/537.36"
45.86.202.193 - - [10/Mar/2026:07:53:17 +0000] "POST //xmlrpc.php HTTP/1.1" 200 3997 "-" "Mozilla/5.0 (Windows NT 10.0; Win64; x64) AppleWebKit/537.36 (KHTML, like Gecko) Chrome/95.0.4638.69 Safari/537.36"
45.86.202.196 - - [10/Mar/2026:07:53:19 +0000] "POST //xmlrpc.php HTTP/1.1" 200 3997 "-" "Mozilla/5.0 (Windows NT 10.0; Win64; x64) AppleWebKit/537.36 (KHTML, like Gecko) Chrome/95.0.4638.69 Safari/537.36"
74.208.176.140 - - [10/Mar/2026:07:53:22 +0000] "POST /wp-cron.php?doing_wp_cron=1773129202.2320680618286132812500 HTTP/1.1" 200 4101 "-" "WordPress/6.9.1; https://hvmbertogarza.com"
45.86.202.164 - - [10/Mar/2026:07:53:20 +0000] "POST //xmlrpc.php HTTP/1.1" 200 3997 "-" "Mozilla/5.0 (Windows NT 10.0; Win64; x64) AppleWebKit/537.36 (KHTML, like Gecko) Chrome/95.0.4638.69 Safari/537.36"
45.86.202.184 - - [10/Mar/2026:07:53:22 +0000] "POST //xmlrpc.php HTTP/1.1" 200 3997 "-" "Mozilla/5.0 (Windows NT 10.0; Win64; x64) AppleWebKit/537.36 (KHTML, like Gecko) Chrome/95.0.4638.69 Safari/537.36"
45.86.202.159 - - [10/Mar/2026:07:53:24 +0000] "POST //xmlrpc.php HTTP/1.1" 200 3997 "-" "Mozilla/5.0 (Windows NT 10.0; Win64; x64) AppleWebKit/537.36 (KHTML, like Gecko) Chrome/95.0.4638.69 Safari/537.36"
45.86.202.174 - - [10/Mar/2026:07:53:26 +0000] "POST //xmlrpc.php HTTP/1.1" 200 3997 "-" "Mozilla/5.0 (Windows NT 10.0; Win64; x64) AppleWebKit/537.36 (KHTML, like Gecko) Chrome/95.0.4638.69 Safari/537.36"
45.86.202.163 - - [10/Mar/2026:07:53:28 +0000] "POST //xmlrpc.php HTTP/1.1" 200 3997 "-" "Mozilla/5.0 (Windows NT 10.0; Win64; x64) AppleWebKit/537.36 (KHTML, like Gecko) Chrome/95.0.4638.69 Safari/537.36"
45.86.202.161 - - [10/Mar/2026:07:53:30 +0000] "POST //xmlrpc.php HTTP/1.1" 200 3997 "-" "Mozilla/5.0 (Windows NT 10.0; Win64; x64) AppleWebKit/537.36 (KHTML, like Gecko) Chrome/95.0.4638.69 Safari/537.36"
45.86.202.225 - - [10/Mar/2026:07:53:32 +0000] "POST //xmlrpc.php HTTP/1.1" 200 3997 "-" "Mozilla/5.0 (Windows NT 10.0; Win64; x64) AppleWebKit/537.36 (KHTML, like Gecko) Chrome/95.0.4638.69 Safari/537.36"
45.86.202.224 - - [10/Mar/2026:07:53:34 +0000] "POST //xmlrpc.php HTTP/1.1" 200 3997 "-" "Mozilla/5.0 (Windows NT 10.0; Win64; x64) AppleWebKit/537.36 (KHTML, like Gecko) Chrome/95.0.4638.69 Safari/537.36"
45.86.202.225 - - [10/Mar/2026:07:53:35 +0000] "POST //xmlrpc.php HTTP/1.1" 200 3997 "-" "Mozilla/5.0 (Windows NT 10.0; Win64; x64) AppleWebKit/537.36 (KHTML, like Gecko) Chrome/95.0.4638.69 Safari/537.36"
45.86.202.179 - - [10/Mar/2026:07:53:37 +0000] "POST //xmlrpc.php HTTP/1.1" 200 3997 "-" "Mozilla/5.0 (Windows NT 10.0; Win64; x64) AppleWebKit/537.36 (KHTML, like Gecko) Chrome/95.0.4638.69 Safari/537.36"
45.86.202.182 - - [10/Mar/2026:07:53:39 +0000] "POST //xmlrpc.php HTTP/1.1" 200 3997 "-" "Mozilla/5.0 (Windows NT 10.0; Win64; x64) AppleWebKit/537.36 (KHTML, like Gecko) Chrome/95.0.4638.69 Safari/537.36"
45.86.202.197 - - [10/Mar/2026:07:53:41 +0000] "POST //xmlrpc.php HTTP/1.1" 200 3997 "-" "Mozilla/5.0 (Windows NT 10.0; Win64; x64) AppleWebKit/537.36 (KHTML, like Gecko) Chrome/95.0.4638.69 Safari/537.36"
45.86.202.169 - - [10/Mar/2026:07:53:42 +0000] "POST //xmlrpc.php HTTP/1.1" 200 3997 "-" "Mozilla/5.0 (Windows NT 10.0; Win64; x64) AppleWebKit/537.36 (KHTML, like Gecko) Chrome/95.0.4638.69 Safari/537.36"
45.86.202.193 - - [10/Mar/2026:07:53:44 +0000] "POST //xmlrpc.php HTTP/1.1" 200 3997 "-" "Mozilla/5.0 (Windows NT 10.0; Win64; x64) AppleWebKit/537.36 (KHTML, like Gecko) Chrome/95.0.4638.69 Safari/537.36"
45.86.202.198 - - [10/Mar/2026:07:53:46 +0000] "POST //xmlrpc.php HTTP/1.1" 200 3997 "-" "Mozilla/5.0 (Windows NT 10.0; Win64; x64) AppleWebKit/537.36 (KHTML, like Gecko) Chrome/95.0.4638.69 Safari/537.36"
45.86.202.180 - - [10/Mar/2026:07:53:48 +0000] "POST //xmlrpc.php HTTP/1.1" 200 3997 "-" "Mozilla/5.0 (Windows NT 10.0; Win64; x64) AppleWebKit/537.36 (KHTML, like Gecko) Chrome/95.0.4638.69 Safari/537.36"
74.208.176.140 - - [10/Mar/2026:07:53:51 +0000] "POST /wp-cron.php?doing_wp_cron=1773129231.5334630012512207031250 HTTP/1.1" 200 4101 "-" "WordPress/6.9.1; https://hvmbertogarza.com"
45.86.202.196 - - [10/Mar/2026:07:53:50 +0000] "POST //xmlrpc.php HTTP/1.1" 200 3997 "-" "Mozilla/5.0 (Windows NT 10.0; Win64; x64) AppleWebKit/537.36 (KHTML, like Gecko) Chrome/95.0.4638.69 Safari/537.36"
45.86.202.175 - - [10/Mar/2026:07:53:52 +0000] "POST //xmlrpc.php HTTP/1.1" 200 3997 "-" "Mozilla/5.0 (Windows NT 10.0; Win64; x64) AppleWebKit/537.36 (KHTML, like Gecko) Chrome/95.0.4638.69 Safari/537.36"
45.86.202.203 - - [10/Mar/2026:07:53:53 +0000] "POST //xmlrpc.php HTTP/1.1" 200 3997 "-" "Mozilla/5.0 (Windows NT 10.0; Win64; x64) AppleWebKit/537.36 (KHTML, like Gecko) Chrome/95.0.4638.69 Safari/537.36"
45.86.202.158 - - [10/Mar/2026:07:53:55 +0000] "POST //xmlrpc.php HTTP/1.1" 200 3997 "-" "Mozilla/5.0 (Windows NT 10.0; Win64; x64) AppleWebKit/537.36 (KHTML, like Gecko) Chrome/95.0.4638.69 Safari/537.36"
45.86.202.185 - - [10/Mar/2026:07:53:57 +0000] "POST //xmlrpc.php HTTP/1.1" 200 3997 "-" "Mozilla/5.0 (Windows NT 10.0; Win64; x64) AppleWebKit/537.36 (KHTML, like Gecko) Chrome/95.0.4638.69 Safari/537.36"
45.86.202.179 - - [10/Mar/2026:07:53:59 +0000] "POST //xmlrpc.php HTTP/1.1" 200 3997 "-" "Mozilla/5.0 (Windows NT 10.0; Win64; x64) AppleWebKit/537.36 (KHTML, like Gecko) Chrome/95.0.4638.69 Safari/537.36"
45.86.202.224 - - [10/Mar/2026:07:54:01 +0000] "POST //xmlrpc.php HTTP/1.1" 200 3997 "-" "Mozilla/5.0 (Windows NT 10.0; Win64; x64) AppleWebKit/537.36 (KHTML, like Gecko) Chrome/95.0.4638.69 Safari/537.36"
45.86.202.198 - - [10/Mar/2026:07:54:03 +0000] "POST //xmlrpc.php HTTP/1.1" 200 3997 "-" "Mozilla/5.0 (Windows NT 10.0; Win64; x64) AppleWebKit/537.36 (KHTML, like Gecko) Chrome/95.0.4638.69 Safari/537.36"
45.86.202.200 - - [10/Mar/2026:07:54:05 +0000] "POST //xmlrpc.php HTTP/1.1" 200 3997 "-" "Mozilla/5.0 (Windows NT 10.0; Win64; x64) AppleWebKit/537.36 (KHTML, like Gecko) Chrome/95.0.4638.69 Safari/537.36"
45.86.202.185 - - [10/Mar/2026:07:54:07 +0000] "POST //xmlrpc.php HTTP/1.1" 200 3997 "-" "Mozilla/5.0 (Windows NT 10.0; Win64; x64) AppleWebKit/537.36 (KHTML, like Gecko) Chrome/95.0.4638.69 Safari/537.36"
45.86.202.187 - - [10/Mar/2026:07:54:09 +0000] "POST //xmlrpc.php HTTP/1.1" 200 3997 "-" "Mozilla/5.0 (Windows NT 10.0; Win64; x64) AppleWebKit/537.36 (KHTML, like Gecko) Chrome/95.0.4638.69 Safari/537.36"
45.86.202.158 - - [10/Mar/2026:07:54:11 +0000] "POST //xmlrpc.php HTTP/1.1" 200 3997 "-" "Mozilla/5.0 (Windows NT 10.0; Win64; x64) AppleWebKit/537.36 (KHTML, like Gecko) Chrome/95.0.4638.69 Safari/537.36"
216.73.216.131 - - [10/Mar/2026:07:54:12 +0000] "GET /1968-2/feed HTTP/1.1" 301 4228 "-" "Mozilla/5.0 AppleWebKit/537.36 (KHTML, like Gecko; compatible; ClaudeBot/1.0; +claudebot@anthropic.com)"
45.86.202.190 - - [10/Mar/2026:07:54:13 +0000] "POST //xmlrpc.php HTTP/1.1" 200 3997 "-" "Mozilla/5.0 (Windows NT 10.0; Win64; x64) AppleWebKit/537.36 (KHTML, like Gecko) Chrome/95.0.4638.69 Safari/537.36"
216.73.216.131 - - [10/Mar/2026:07:54:13 +0000] "GET /1968-2/feed/ HTTP/1.1" 200 1053 "https://hvmbertogarza.com/1968-2/feed" "Mozilla/5.0 AppleWebKit/537.36 (KHTML, like Gecko; compatible; ClaudeBot/1.0; +claudebot@anthropic.com)"
45.86.202.174 - - [10/Mar/2026:07:54:15 +0000] "POST //xmlrpc.php HTTP/1.1" 200 3997 "-" "Mozilla/5.0 (Windows NT 10.0; Win64; x64) AppleWebKit/537.36 (KHTML, like Gecko) Chrome/95.0.4638.69 Safari/537.36"
45.86.202.196 - - [10/Mar/2026:07:54:17 +0000] "POST //xmlrpc.php HTTP/1.1" 200 3997 "-" "Mozilla/5.0 (Windows NT 10.0; Win64; x64) AppleWebKit/537.36 (KHTML, like Gecko) Chrome/95.0.4638.69 Safari/537.36"
74.208.176.140 - - [10/Mar/2026:07:54:21 +0000] "POST /wp-cron.php?doing_wp_cron=1773129261.5169529914855957031250 HTTP/1.1" 200 4101 "-" "WordPress/6.9.1; https://hvmbertogarza.com"
45.86.202.188 - - [10/Mar/2026:07:54:20 +0000] "POST //xmlrpc.php HTTP/1.1" 200 3997 "-" "Mozilla/5.0 (Windows NT 10.0; Win64; x64) AppleWebKit/537.36 (KHTML, like Gecko) Chrome/95.0.4638.69 Safari/537.36"
45.86.202.196 - - [10/Mar/2026:07:54:22 +0000] "POST //xmlrpc.php HTTP/1.1" 200 3997 "-" "Mozilla/5.0 (Windows NT 10.0; Win64; x64) AppleWebKit/537.36 (KHTML, like Gecko) Chrome/95.0.4638.69 Safari/537.36"
45.86.202.198 - - [10/Mar/2026:07:54:24 +0000] "POST //xmlrpc.php HTTP/1.1" 200 3997 "-" "Mozilla/5.0 (Windows NT 10.0; Win64; x64) AppleWebKit/537.36 (KHTML, like Gecko) Chrome/95.0.4638.69 Safari/537.36"
45.86.202.202 - - [10/Mar/2026:07:54:25 +0000] "POST //xmlrpc.php HTTP/1.1" 200 3997 "-" "Mozilla/5.0 (Windows NT 10.0; Win64; x64) AppleWebKit/537.36 (KHTML, like Gecko) Chrome/95.0.4638.69 Safari/537.36"
45.86.202.193 - - [10/Mar/2026:07:54:27 +0000] "POST //xmlrpc.php HTTP/1.1" 200 3997 "-" "Mozilla/5.0 (Windows NT 10.0; Win64; x64) AppleWebKit/537.36 (KHTML, like Gecko) Chrome/95.0.4638.69 Safari/537.36"
45.86.202.169 - - [10/Mar/2026:07:54:29 +0000] "POST //xmlrpc.php HTTP/1.1" 200 3997 "-" "Mozilla/5.0 (Windows NT 10.0; Win64; x64) AppleWebKit/537.36 (KHTML, like Gecko) Chrome/95.0.4638.69 Safari/537.36"
45.86.202.205 - - [10/Mar/2026:07:54:31 +0000] "POST //xmlrpc.php HTTP/1.1" 200 3997 "-" "Mozilla/5.0 (Windows NT 10.0; Win64; x64) AppleWebKit/537.36 (KHTML, like Gecko) Chrome/95.0.4638.69 Safari/537.36"
66.249.66.10 - - [10/Mar/2026:07:54:32 +0000] "GET /shop/selfdestructive/equiponderate10685777314.html HTTP/1.1" 200 33902 "-" "Mozilla/5.0 (Linux; Android 6.0.1; Nexus 5X Build/MMB29P) AppleWebKit/537.36 (KHTML, like Gecko) Chrome/145.0.7632.116 Mobile Safari/537.36 (compatible; GoogleOther)"
45.86.202.199 - - [10/Mar/2026:07:54:33 +0000] "POST //xmlrpc.php HTTP/1.1" 200 3997 "-" "Mozilla/5.0 (Windows NT 10.0; Win64; x64) AppleWebKit/537.36 (KHTML, like Gecko) Chrome/95.0.4638.69 Safari/537.36"
45.86.202.177 - - [10/Mar/2026:07:54:35 +0000] "POST //xmlrpc.php HTTP/1.1" 200 3997 "-" "Mozilla/5.0 (Windows NT 10.0; Win64; x64) AppleWebKit/537.36 (KHTML, like Gecko) Chrome/95.0.4638.69 Safari/537.36"
45.86.202.173 - - [10/Mar/2026:07:54:36 +0000] "POST //xmlrpc.php HTTP/1.1" 200 3997 "-" "Mozilla/5.0 (Windows NT 10.0; Win64; x64) AppleWebKit/537.36 (KHTML, like Gecko) Chrome/95.0.4638.69 Safari/537.36"
45.86.202.195 - - [10/Mar/2026:07:54:38 +0000] "POST //xmlrpc.php HTTP/1.1" 200 3997 "-" "Mozilla/5.0 (Windows NT 10.0; Win64; x64) AppleWebKit/537.36 (KHTML, like Gecko) Chrome/95.0.4638.69 Safari/537.36"
66.249.66.164 - - [10/Mar/2026:07:54:40 +0000] "GET /shop/miscellany/precedence011808610739.html HTTP/1.1" 200 33269 "-" "Mozilla/5.0 (Linux; Android 6.0.1; Nexus 5X Build/MMB29P) AppleWebKit/537.36 (KHTML, like Gecko) Chrome/145.0.7632.116 Mobile Safari/537.36 (compatible; GoogleOther)"
45.86.202.165 - - [10/Mar/2026:07:54:40 +0000] "POST //xmlrpc.php HTTP/1.1" 200 3997 "-" "Mozilla/5.0 (Windows NT 10.0; Win64; x64) AppleWebKit/537.36 (KHTML, like Gecko) Chrome/95.0.4638.69 Safari/537.36"
45.86.202.179 - - [10/Mar/2026:07:54:41 +0000] "POST //xmlrpc.php HTTP/1.1" 200 3997 "-" "Mozilla/5.0 (Windows NT 10.0; Win64; x64) AppleWebKit/537.36 (KHTML, like Gecko) Chrome/95.0.4638.69 Safari/537.36"
45.86.202.164 - - [10/Mar/2026:07:54:43 +0000] "POST //xmlrpc.php HTTP/1.1" 200 3997 "-" "Mozilla/5.0 (Windows NT 10.0; Win64; x64) AppleWebKit/537.36 (KHTML, like Gecko) Chrome/95.0.4638.69 Safari/537.36"
45.86.202.161 - - [10/Mar/2026:07:54:45 +0000] "POST //xmlrpc.php HTTP/1.1" 200 3997 "-" "Mozilla/5.0 (Windows NT 10.0; Win64; x64) AppleWebKit/537.36 (KHTML, like Gecko) Chrome/95.0.4638.69 Safari/537.36"
45.86.202.164 - - [10/Mar/2026:07:54:47 +0000] "POST //xmlrpc.php HTTP/1.1" 200 3997 "-" "Mozilla/5.0 (Windows NT 10.0; Win64; x64) AppleWebKit/537.36 (KHTML, like Gecko) Chrome/95.0.4638.69 Safari/537.36"
45.86.202.159 - - [10/Mar/2026:07:54:48 +0000] "POST //xmlrpc.php HTTP/1.1" 200 3997 "-" "Mozilla/5.0 (Windows NT 10.0; Win64; x64) AppleWebKit/537.36 (KHTML, like Gecko) Chrome/95.0.4638.69 Safari/537.36"
74.208.176.140 - - [10/Mar/2026:07:54:51 +0000] "POST /wp-cron.php?doing_wp_cron=1773129291.6636888980865478515625 HTTP/1.1" 200 4101 "-" "WordPress/6.9.1; https://hvmbertogarza.com"
45.86.202.172 - - [10/Mar/2026:07:54:50 +0000] "POST //xmlrpc.php HTTP/1.1" 200 3997 "-" "Mozilla/5.0 (Windows NT 10.0; Win64; x64) AppleWebKit/537.36 (KHTML, like Gecko) Chrome/95.0.4638.69 Safari/537.36"
45.86.202.173 - - [10/Mar/2026:07:54:52 +0000] "POST //xmlrpc.php HTTP/1.1" 200 3997 "-" "Mozilla/5.0 (Windows NT 10.0; Win64; x64) AppleWebKit/537.36 (KHTML, like Gecko) Chrome/95.0.4638.69 Safari/537.36"
216.73.216.131 - - [10/Mar/2026:07:54:52 +0000] "GET /1333-2 HTTP/1.1" 301 4125 "-" "Mozilla/5.0 AppleWebKit/537.36 (KHTML, like Gecko; compatible; ClaudeBot/1.0; +claudebot@anthropic.com)"
45.86.202.174 - - [10/Mar/2026:07:54:53 +0000] "POST //xmlrpc.php HTTP/1.1" 200 3997 "-" "Mozilla/5.0 (Windows NT 10.0; Win64; x64) AppleWebKit/537.36 (KHTML, like Gecko) Chrome/95.0.4638.69 Safari/537.36"
216.73.216.131 - - [10/Mar/2026:07:54:54 +0000] "GET /1333-2/ HTTP/1.1" 200 42931 "https://hvmbertogarza.com/1333-2" "Mozilla/5.0 AppleWebKit/537.36 (KHTML, like Gecko; compatible; ClaudeBot/1.0; +claudebot@anthropic.com)"
45.86.202.161 - - [10/Mar/2026:07:54:55 +0000] "POST //xmlrpc.php HTTP/1.1" 200 3997 "-" "Mozilla/5.0 (Windows NT 10.0; Win64; x64) AppleWebKit/537.36 (KHTML, like Gecko) Chrome/95.0.4638.69 Safari/537.36"
45.86.202.187 - - [10/Mar/2026:07:54:57 +0000] "POST //xmlrpc.php HTTP/1.1" 200 3997 "-" "Mozilla/5.0 (Windows NT 10.0; Win64; x64) AppleWebKit/537.36 (KHTML, like Gecko) Chrome/95.0.4638.69 Safari/537.36"
74.208.176.140 - - [10/Mar/2026:07:55:00 +0000] "POST /wp-cron.php?doing_wp_cron=1773129300.5156359672546386718750 HTTP/1.1" 200 4101 "-" "WordPress/6.9.1; https://hvmbertogarza.com"
45.86.202.192 - - [10/Mar/2026:07:54:59 +0000] "POST //xmlrpc.php HTTP/1.1" 200 3997 "-" "Mozilla/5.0 (Windows NT 10.0; Win64; x64) AppleWebKit/537.36 (KHTML, like Gecko) Chrome/95.0.4638.69 Safari/537.36"
45.86.202.201 - - [10/Mar/2026:07:55:01 +0000] "POST //xmlrpc.php HTTP/1.1" 200 3997 "-" "Mozilla/5.0 (Windows NT 10.0; Win64; x64) AppleWebKit/537.36 (KHTML, like Gecko) Chrome/95.0.4638.69 Safari/537.36"
74.208.176.140 - - [10/Mar/2026:07:55:04 +0000] "POST /wp-cron.php?doing_wp_cron=1773129304.0388638973236083984375 HTTP/1.1" 200 4101 "-" "WordPress/6.9.1; https://hvmbertogarza.com"
54.39.6.195 - - [10/Mar/2026:07:55:00 +0000] "GET /shop/sprain/meliorism011803815247.html HTTP/1.1" 404 142794 "-" "Mozilla/5.0 (compatible; AhrefsBot/7.0; +http://ahrefs.com/robot/)"
45.86.202.166 - - [10/Mar/2026:07:55:03 +0000] "POST //xmlrpc.php HTTP/1.1" 200 3997 "-" "Mozilla/5.0 (Windows NT 10.0; Win64; x64) AppleWebKit/537.36 (KHTML, like Gecko) Chrome/95.0.4638.69 Safari/537.36"
45.86.202.159 - - [10/Mar/2026:07:55:05 +0000] "POST //xmlrpc.php HTTP/1.1" 200 3997 "-" "Mozilla/5.0 (Windows NT 10.0; Win64; x64) AppleWebKit/537.36 (KHTML, like Gecko) Chrome/95.0.4638.69 Safari/537.36"
45.86.202.224 - - [10/Mar/2026:07:55:08 +0000] "POST //xmlrpc.php HTTP/1.1" 200 3997 "-" "Mozilla/5.0 (Windows NT 10.0; Win64; x64) AppleWebKit/537.36 (KHTML, like Gecko) Chrome/95.0.4638.69 Safari/537.36"
45.86.202.201 - - [10/Mar/2026:07:55:10 +0000] "POST //xmlrpc.php HTTP/1.1" 200 3997 "-" "Mozilla/5.0 (Windows NT 10.0; Win64; x64) AppleWebKit/537.36 (KHTML, like Gecko) Chrome/95.0.4638.69 Safari/537.36"
45.86.202.173 - - [10/Mar/2026:07:55:12 +0000] "POST //xmlrpc.php HTTP/1.1" 200 3997 "-" "Mozilla/5.0 (Windows NT 10.0; Win64; x64) AppleWebKit/537.36 (KHTML, like Gecko) Chrome/95.0.4638.69 Safari/537.36"
45.86.202.169 - - [10/Mar/2026:07:55:13 +0000] "POST //xmlrpc.php HTTP/1.1" 200 3997 "-" "Mozilla/5.0 (Windows NT 10.0; Win64; x64) AppleWebKit/537.36 (KHTML, like Gecko) Chrome/95.0.4638.69 Safari/537.36"
45.86.202.157 - - [10/Mar/2026:07:55:15 +0000] "POST //xmlrpc.php HTTP/1.1" 200 3997 "-" "Mozilla/5.0 (Windows NT 10.0; Win64; x64) AppleWebKit/537.36 (KHTML, like Gecko) Chrome/95.0.4638.69 Safari/537.36"
45.86.202.203 - - [10/Mar/2026:07:55:17 +0000] "POST //xmlrpc.php HTTP/1.1" 200 3997 "-" "Mozilla/5.0 (Windows NT 10.0; Win64; x64) AppleWebKit/537.36 (KHTML, like Gecko) Chrome/95.0.4638.69 Safari/537.36"
45.86.202.159 - - [10/Mar/2026:07:55:19 +0000] "POST //xmlrpc.php HTTP/1.1" 200 3997 "-" "Mozilla/5.0 (Windows NT 10.0; Win64; x64) AppleWebKit/537.36 (KHTML, like Gecko) Chrome/95.0.4638.69 Safari/537.36"
45.86.202.165 - - [10/Mar/2026:07:55:21 +0000] "POST //xmlrpc.php HTTP/1.1" 200 3997 "-" "Mozilla/5.0 (Windows NT 10.0; Win64; x64) AppleWebKit/537.36 (KHTML, like Gecko) Chrome/95.0.4638.69 Safari/537.36"
45.86.202.157 - - [10/Mar/2026:07:55:23 +0000] "POST //xmlrpc.php HTTP/1.1" 200 3997 "-" "Mozilla/5.0 (Windows NT 10.0; Win64; x64) AppleWebKit/537.36 (KHTML, like Gecko) Chrome/95.0.4638.69 Safari/537.36"
74.91.223.129 - - [10/Mar/2026:07:55:24 +0000] "POST /xmlrpc.php HTTP/1.1" 200 4248 "-" "Mozilla/4.0 (compatible; MSIE 7.0; Windows NT 10.0; Win64; x64; Trident/7.0; .NET4.0C; .NET4.0E; .NET CLR 2.0.50727; .NET CLR 3.0.30729; .NET CLR 3.5.30729)"
45.86.202.192 - - [10/Mar/2026:07:55:25 +0000] "POST //xmlrpc.php HTTP/1.1" 200 3997 "-" "Mozilla/5.0 (Windows NT 10.0; Win64; x64) AppleWebKit/537.36 (KHTML, like Gecko) Chrome/95.0.4638.69 Safari/537.36"
45.86.202.225 - - [10/Mar/2026:07:55:27 +0000] "POST //xmlrpc.php HTTP/1.1" 200 3997 "-" "Mozilla/5.0 (Windows NT 10.0; Win64; x64) AppleWebKit/537.36 (KHTML, like Gecko) Chrome/95.0.4638.69 Safari/537.36"
45.86.202.177 - - [10/Mar/2026:07:55:28 +0000] "POST //xmlrpc.php HTTP/1.1" 200 3997 "-" "Mozilla/5.0 (Windows NT 10.0; Win64; x64) AppleWebKit/537.36 (KHTML, like Gecko) Chrome/95.0.4638.69 Safari/537.36"
45.86.202.196 - - [10/Mar/2026:07:55:30 +0000] "POST //xmlrpc.php HTTP/1.1" 200 3997 "-" "Mozilla/5.0 (Windows NT 10.0; Win64; x64) AppleWebKit/537.36 (KHTML, like Gecko) Chrome/95.0.4638.69 Safari/537.36"
45.86.202.161 - - [10/Mar/2026:07:55:32 +0000] "POST //xmlrpc.php HTTP/1.1" 200 3997 "-" "Mozilla/5.0 (Windows NT 10.0; Win64; x64) AppleWebKit/537.36 (KHTML, like Gecko) Chrome/95.0.4638.69 Safari/537.36"
45.86.202.160 - - [10/Mar/2026:07:55:34 +0000] "POST //xmlrpc.php HTTP/1.1" 200 3997 "-" "Mozilla/5.0 (Windows NT 10.0; Win64; x64) AppleWebKit/537.36 (KHTML, like Gecko) Chrome/95.0.4638.69 Safari/537.36"
45.86.202.182 - - [10/Mar/2026:07:55:36 +0000] "POST //xmlrpc.php HTTP/1.1" 200 3997 "-" "Mozilla/5.0 (Windows NT 10.0; Win64; x64) AppleWebKit/537.36 (KHTML, like Gecko) Chrome/95.0.4638.69 Safari/537.36"
45.86.202.166 - - [10/Mar/2026:07:55:37 +0000] "POST //xmlrpc.php HTTP/1.1" 200 3997 "-" "Mozilla/5.0 (Windows NT 10.0; Win64; x64) AppleWebKit/537.36 (KHTML, like Gecko) Chrome/95.0.4638.69 Safari/537.36"
45.86.202.195 - - [10/Mar/2026:07:55:39 +0000] "POST //xmlrpc.php HTTP/1.1" 200 3997 "-" "Mozilla/5.0 (Windows NT 10.0; Win64; x64) AppleWebKit/537.36 (KHTML, like Gecko) Chrome/95.0.4638.69 Safari/537.36"
45.86.202.164 - - [10/Mar/2026:07:55:41 +0000] "POST //xmlrpc.php HTTP/1.1" 200 3997 "-" "Mozilla/5.0 (Windows NT 10.0; Win64; x64) AppleWebKit/537.36 (KHTML, like Gecko) Chrome/95.0.4638.69 Safari/537.36"
45.86.202.188 - - [10/Mar/2026:07:55:43 +0000] "POST //xmlrpc.php HTTP/1.1" 200 3997 "-" "Mozilla/5.0 (Windows NT 10.0; Win64; x64) AppleWebKit/537.36 (KHTML, like Gecko) Chrome/95.0.4638.69 Safari/537.36"
45.86.202.184 - - [10/Mar/2026:07:55:44 +0000] "POST //xmlrpc.php HTTP/1.1" 200 3997 "-" "Mozilla/5.0 (Windows NT 10.0; Win64; x64) AppleWebKit/537.36 (KHTML, like Gecko) Chrome/95.0.4638.69 Safari/537.36"
45.86.202.180 - - [10/Mar/2026:07:55:46 +0000] "POST //xmlrpc.php HTTP/1.1" 200 3997 "-" "Mozilla/5.0 (Windows NT 10.0; Win64; x64) AppleWebKit/537.36 (KHTML, like Gecko) Chrome/95.0.4638.69 Safari/537.36"
45.86.202.176 - - [10/Mar/2026:07:55:48 +0000] "POST //xmlrpc.php HTTP/1.1" 200 3997 "-" "Mozilla/5.0 (Windows NT 10.0; Win64; x64) AppleWebKit/537.36 (KHTML, like Gecko) Chrome/95.0.4638.69 Safari/537.36"
216.73.216.131 - - [10/Mar/2026:07:55:48 +0000] "GET /?p=1922 HTTP/1.1" 301 4143 "-" "Mozilla/5.0 AppleWebKit/537.36 (KHTML, like Gecko; compatible; ClaudeBot/1.0; +claudebot@anthropic.com)"
45.86.202.205 - - [10/Mar/2026:07:55:49 +0000] "POST //xmlrpc.php HTTP/1.1" 200 3997 "-" "Mozilla/5.0 (Windows NT 10.0; Win64; x64) AppleWebKit/537.36 (KHTML, like Gecko) Chrome/95.0.4638.69 Safari/537.36"
216.73.216.131 - - [10/Mar/2026:07:55:49 +0000] "GET /machine-a-sous-cleopatre/ HTTP/1.1" 200 43532 "https://hvmbertogarza.com/?p=1922" "Mozilla/5.0 AppleWebKit/537.36 (KHTML, like Gecko; compatible; ClaudeBot/1.0; +claudebot@anthropic.com)"
45.86.202.156 - - [10/Mar/2026:07:55:51 +0000] "POST //xmlrpc.php HTTP/1.1" 200 3997 "-" "Mozilla/5.0 (Windows NT 10.0; Win64; x64) AppleWebKit/537.36 (KHTML, like Gecko) Chrome/95.0.4638.69 Safari/537.36"
45.86.202.198 - - [10/Mar/2026:07:55:53 +0000] "POST //xmlrpc.php HTTP/1.1" 200 3997 "-" "Mozilla/5.0 (Windows NT 10.0; Win64; x64) AppleWebKit/537.36 (KHTML, like Gecko) Chrome/95.0.4638.69 Safari/537.36"
45.86.202.166 - - [10/Mar/2026:07:55:55 +0000] "POST //xmlrpc.php HTTP/1.1" 200 3997 "-" "Mozilla/5.0 (Windows NT 10.0; Win64; x64) AppleWebKit/537.36 (KHTML, like Gecko) Chrome/95.0.4638.69 Safari/537.36"
45.86.202.190 - - [10/Mar/2026:07:55:57 +0000] "POST //xmlrpc.php HTTP/1.1" 200 3997 "-" "Mozilla/5.0 (Windows NT 10.0; Win64; x64) AppleWebKit/537.36 (KHTML, like Gecko) Chrome/95.0.4638.69 Safari/537.36"
45.86.202.185 - - [10/Mar/2026:07:55:59 +0000] "POST //xmlrpc.php HTTP/1.1" 200 3997 "-" "Mozilla/5.0 (Windows NT 10.0; Win64; x64) AppleWebKit/537.36 (KHTML, like Gecko) Chrome/95.0.4638.69 Safari/537.36"
45.86.202.203 - - [10/Mar/2026:07:56:00 +0000] "POST //xmlrpc.php HTTP/1.1" 200 3997 "-" "Mozilla/5.0 (Windows NT 10.0; Win64; x64) AppleWebKit/537.36 (KHTML, like Gecko) Chrome/95.0.4638.69 Safari/537.36"
74.208.176.140 - - [10/Mar/2026:07:56:04 +0000] "POST /wp-cron.php?doing_wp_cron=1773129364.2402501106262207031250 HTTP/1.1" 200 4101 "-" "WordPress/6.9.1; https://hvmbertogarza.com"
45.86.202.199 - - [10/Mar/2026:07:56:02 +0000] "POST //xmlrpc.php HTTP/1.1" 200 3997 "-" "Mozilla/5.0 (Windows NT 10.0; Win64; x64) AppleWebKit/537.36 (KHTML, like Gecko) Chrome/95.0.4638.69 Safari/537.36"
74.208.176.140 - - [10/Mar/2026:07:56:04 +0000] "POST /wp-cron.php?doing_wp_cron=1773129364.3105080127716064453125 HTTP/1.1" 200 4101 "-" "WordPress/6.9.1; https://hvmbertogarza.com"
209.235.136.135 - - [10/Mar/2026:07:56:02 +0000] "POST /xmlrpc.php HTTP/1.1" 200 4248 "-" "Mozilla/5.0 (Windows NT 6.1; WOW64; Trident/7.0; EIE10;ENUSMSE; rv:11.0) like Gecko"
45.86.202.181 - - [10/Mar/2026:07:56:04 +0000] "POST //xmlrpc.php HTTP/1.1" 200 3997 "-" "Mozilla/5.0 (Windows NT 10.0; Win64; x64) AppleWebKit/537.36 (KHTML, like Gecko) Chrome/95.0.4638.69 Safari/537.36"
74.208.176.140 - - [10/Mar/2026:07:56:08 +0000] "POST /wp-cron.php?doing_wp_cron=1773129368.3467340469360351562500 HTTP/1.1" 200 4101 "-" "WordPress/6.9.1; https://hvmbertogarza.com"
45.86.202.187 - - [10/Mar/2026:07:56:07 +0000] "POST //xmlrpc.php HTTP/1.1" 200 3997 "-" "Mozilla/5.0 (Windows NT 10.0; Win64; x64) AppleWebKit/537.36 (KHTML, like Gecko) Chrome/95.0.4638.69 Safari/537.36"
45.86.202.183 - - [10/Mar/2026:07:56:09 +0000] "POST //xmlrpc.php HTTP/1.1" 200 3997 "-" "Mozilla/5.0 (Windows NT 10.0; Win64; x64) AppleWebKit/537.36 (KHTML, like Gecko) Chrome/95.0.4638.69 Safari/537.36"
45.86.202.197 - - [10/Mar/2026:07:56:10 +0000] "POST //xmlrpc.php HTTP/1.1" 200 3997 "-" "Mozilla/5.0 (Windows NT 10.0; Win64; x64) AppleWebKit/537.36 (KHTML, like Gecko) Chrome/95.0.4638.69 Safari/537.36"
45.86.202.197 - - [10/Mar/2026:07:56:12 +0000] "POST //xmlrpc.php HTTP/1.1" 200 3997 "-" "Mozilla/5.0 (Windows NT 10.0; Win64; x64) AppleWebKit/537.36 (KHTML, like Gecko) Chrome/95.0.4638.69 Safari/537.36"
