143.198.220.252 - - [10/Mar/2026:08:22:56 +0000] "GET /wp-admin/index.php HTTP/1.1" 302 525 "https://hvmbertogarza.com/wp-login.php" "Mozilla/5.0 (Windows NT 10.0; Win64; x64) AppleWebKit/537.36 (KHTML, like Gecko) Chrome/119.0.0.0 Safari/537.36"
45.86.202.225 - - [10/Mar/2026:08:22:57 +0000] "POST //xmlrpc.php HTTP/1.1" 200 3997 "-" "Mozilla/5.0 (Windows NT 10.0; Win64; x64) AppleWebKit/537.36 (KHTML, like Gecko) Chrome/95.0.4638.69 Safari/537.36"
143.198.220.252 - - [10/Mar/2026:08:22:57 +0000] "GET /wp-login.php?redirect_to=https%3A%2F%2Fhvmbertogarza.com%2Fwp-admin%2Findex.php&reauth=1 HTTP/1.1" 200 5797 "https://hvmbertogarza.com/wp-login.php" "Mozilla/5.0 (Windows NT 10.0; Win64; x64) AppleWebKit/537.36 (KHTML, like Gecko) Chrome/119.0.0.0 Safari/537.36"
74.208.176.140 - - [10/Mar/2026:08:22:59 +0000] "POST /wp-cron.php?doing_wp_cron=1773130979.4759519100189208984375 HTTP/1.1" 200 4101 "-" "WordPress/6.9.1; https://hvmbertogarza.com"
45.86.202.179 - - [10/Mar/2026:08:22:58 +0000] "POST //xmlrpc.php HTTP/1.1" 200 3997 "-" "Mozilla/5.0 (Windows NT 10.0; Win64; x64) AppleWebKit/537.36 (KHTML, like Gecko) Chrome/95.0.4638.69 Safari/537.36"
143.198.220.252 - - [10/Mar/2026:08:22:58 +0000] "POST /wp-login.php HTTP/1.1" 200 3864 "https://hvmbertogarza.com/wp-login.php" "Mozilla/5.0 (Macintosh; Intel Mac OS X 13_6_1) AppleWebKit/537.36 (KHTML, like Gecko) Chrome/118.0.0.0 Safari/537.36"
45.86.202.197 - - [10/Mar/2026:08:23:00 +0000] "POST //xmlrpc.php HTTP/1.1" 200 3997 "-" "Mozilla/5.0 (Windows NT 10.0; Win64; x64) AppleWebKit/537.36 (KHTML, like Gecko) Chrome/95.0.4638.69 Safari/537.36"
143.198.220.252 - - [10/Mar/2026:08:23:00 +0000] "GET /wp-admin/index.php HTTP/1.1" 302 525 "https://hvmbertogarza.com/wp-login.php" "Mozilla/5.0 (Macintosh; Intel Mac OS X 10_15_7) AppleWebKit/605.1.15 (KHTML, like Gecko) Version/17.2 Safari/605.1.15"
45.86.202.202 - - [10/Mar/2026:08:23:01 +0000] "POST //xmlrpc.php HTTP/1.1" 200 3997 "-" "Mozilla/5.0 (Windows NT 10.0; Win64; x64) AppleWebKit/537.36 (KHTML, like Gecko) Chrome/95.0.4638.69 Safari/537.36"
143.198.220.252 - - [10/Mar/2026:08:23:01 +0000] "GET /wp-login.php?redirect_to=https%3A%2F%2Fhvmbertogarza.com%2Fwp-admin%2Findex.php&reauth=1 HTTP/1.1" 200 5797 "https://hvmbertogarza.com/wp-login.php" "Mozilla/5.0 (Macintosh; Intel Mac OS X 10_15_7) AppleWebKit/605.1.15 (KHTML, like Gecko) Version/17.2 Safari/605.1.15"
143.198.220.252 - - [10/Mar/2026:08:23:03 +0000] "POST /wp-login.php HTTP/1.1" 200 3855 "https://hvmbertogarza.com/wp-login.php" "Mozilla/5.0 (Macintosh; Intel Mac OS X 13_6_1) AppleWebKit/537.36 (KHTML, like Gecko) Chrome/120.0.0.0 Safari/537.36"
45.86.202.163 - - [10/Mar/2026:08:23:03 +0000] "POST //xmlrpc.php HTTP/1.1" 200 3997 "-" "Mozilla/5.0 (Windows NT 10.0; Win64; x64) AppleWebKit/537.36 (KHTML, like Gecko) Chrome/95.0.4638.69 Safari/537.36"
143.198.220.252 - - [10/Mar/2026:08:23:05 +0000] "GET /wp-admin/index.php HTTP/1.1" 302 525 "https://hvmbertogarza.com/wp-login.php" "Mozilla/5.0 (Windows NT 11.0; Win64; x64; rv:120.0) Gecko/20100101 Firefox/120.0"
45.86.202.188 - - [10/Mar/2026:08:23:06 +0000] "POST //xmlrpc.php HTTP/1.1" 200 3997 "-" "Mozilla/5.0 (Windows NT 10.0; Win64; x64) AppleWebKit/537.36 (KHTML, like Gecko) Chrome/95.0.4638.69 Safari/537.36"
143.198.220.252 - - [10/Mar/2026:08:23:07 +0000] "GET /wp-login.php?redirect_to=https%3A%2F%2Fhvmbertogarza.com%2Fwp-admin%2Findex.php&reauth=1 HTTP/1.1" 200 5797 "https://hvmbertogarza.com/wp-login.php" "Mozilla/5.0 (Windows NT 11.0; Win64; x64; rv:120.0) Gecko/20100101 Firefox/120.0"
45.86.202.197 - - [10/Mar/2026:08:23:08 +0000] "POST //xmlrpc.php HTTP/1.1" 200 3997 "-" "Mozilla/5.0 (Windows NT 10.0; Win64; x64) AppleWebKit/537.36 (KHTML, like Gecko) Chrome/95.0.4638.69 Safari/537.36"
143.198.220.252 - - [10/Mar/2026:08:23:09 +0000] "POST /wp-login.php HTTP/1.1" 200 3857 "https://hvmbertogarza.com/wp-login.php" "Mozilla/5.0 (X11; Ubuntu; Linux x86_64) AppleWebKit/537.36 (KHTML, like Gecko) Chrome/119.0.0.0 Safari/537.36"
45.86.202.200 - - [10/Mar/2026:08:23:09 +0000] "POST //xmlrpc.php HTTP/1.1" 200 3997 "-" "Mozilla/5.0 (Windows NT 10.0; Win64; x64) AppleWebKit/537.36 (KHTML, like Gecko) Chrome/95.0.4638.69 Safari/537.36"
143.198.220.252 - - [10/Mar/2026:08:23:10 +0000] "GET /wp-admin/index.php HTTP/1.1" 302 525 "https://hvmbertogarza.com/wp-login.php" "Mozilla/5.0 (Windows NT 10.0; Win64; x64) AppleWebKit/537.36 (KHTML, like Gecko) Chrome/119.0.0.0 Safari/537.36"
45.86.202.178 - - [10/Mar/2026:08:23:11 +0000] "POST //xmlrpc.php HTTP/1.1" 200 3997 "-" "Mozilla/5.0 (Windows NT 10.0; Win64; x64) AppleWebKit/537.36 (KHTML, like Gecko) Chrome/95.0.4638.69 Safari/537.36"
143.198.220.252 - - [10/Mar/2026:08:23:11 +0000] "GET /wp-login.php?redirect_to=https%3A%2F%2Fhvmbertogarza.com%2Fwp-admin%2Findex.php&reauth=1 HTTP/1.1" 200 5797 "https://hvmbertogarza.com/wp-login.php" "Mozilla/5.0 (Windows NT 10.0; Win64; x64) AppleWebKit/537.36 (KHTML, like Gecko) Chrome/119.0.0.0 Safari/537.36"
45.86.202.203 - - [10/Mar/2026:08:23:13 +0000] "POST //xmlrpc.php HTTP/1.1" 200 3997 "-" "Mozilla/5.0 (Windows NT 10.0; Win64; x64) AppleWebKit/537.36 (KHTML, like Gecko) Chrome/95.0.4638.69 Safari/537.36"
143.198.220.252 - - [10/Mar/2026:08:23:13 +0000] "POST /wp-login.php HTTP/1.1" 200 3864 "https://hvmbertogarza.com/wp-login.php" "Mozilla/5.0 (Windows NT 11.0; Win64; x64) AppleWebKit/537.36 (KHTML, like Gecko) Chrome/118.0.0.0 Safari/537.36"
45.86.202.157 - - [10/Mar/2026:08:23:14 +0000] "POST //xmlrpc.php HTTP/1.1" 200 3997 "-" "Mozilla/5.0 (Windows NT 10.0; Win64; x64) AppleWebKit/537.36 (KHTML, like Gecko) Chrome/95.0.4638.69 Safari/537.36"
143.198.220.252 - - [10/Mar/2026:08:23:15 +0000] "GET /wp-admin/index.php HTTP/1.1" 302 525 "https://hvmbertogarza.com/wp-login.php" "Mozilla/5.0 (Windows NT 10.0; Win64; x64) AppleWebKit/537.36 (KHTML, like Gecko) Chrome/119.0.0.0 Safari/537.36"
143.198.220.252 - - [10/Mar/2026:08:23:16 +0000] "GET /wp-login.php?redirect_to=https%3A%2F%2Fhvmbertogarza.com%2Fwp-admin%2Findex.php&reauth=1 HTTP/1.1" 200 5797 "https://hvmbertogarza.com/wp-login.php" "Mozilla/5.0 (Windows NT 10.0; Win64; x64) AppleWebKit/537.36 (KHTML, like Gecko) Chrome/119.0.0.0 Safari/537.36"
45.86.202.161 - - [10/Mar/2026:08:23:16 +0000] "POST //xmlrpc.php HTTP/1.1" 200 3997 "-" "Mozilla/5.0 (Windows NT 10.0; Win64; x64) AppleWebKit/537.36 (KHTML, like Gecko) Chrome/95.0.4638.69 Safari/537.36"
143.198.220.252 - - [10/Mar/2026:08:23:17 +0000] "POST /wp-login.php HTTP/1.1" 200 3857 "https://hvmbertogarza.com/wp-login.php" "Mozilla/5.0 (Windows NT 11.0; Win64; x64) AppleWebKit/537.36 (KHTML, like Gecko) Chrome/120.0.0.0 Safari/537.36"
45.86.202.198 - - [10/Mar/2026:08:23:18 +0000] "POST //xmlrpc.php HTTP/1.1" 200 3997 "-" "Mozilla/5.0 (Windows NT 10.0; Win64; x64) AppleWebKit/537.36 (KHTML, like Gecko) Chrome/95.0.4638.69 Safari/537.36"
143.198.220.252 - - [10/Mar/2026:08:23:19 +0000] "GET /wp-admin/index.php HTTP/1.1" 302 525 "https://hvmbertogarza.com/wp-login.php" "Mozilla/5.0 (Macintosh; Intel Mac OS X 10_15_7; rv:120.0) Gecko/20100101 Firefox/120.0"
74.208.176.140 - - [10/Mar/2026:08:23:21 +0000] "POST /wp-cron.php?doing_wp_cron=1773131001.8516380786895751953125 HTTP/1.1" 200 4101 "-" "WordPress/6.9.1; https://hvmbertogarza.com"
45.86.202.178 - - [10/Mar/2026:08:23:20 +0000] "POST //xmlrpc.php HTTP/1.1" 200 3997 "-" "Mozilla/5.0 (Windows NT 10.0; Win64; x64) AppleWebKit/537.36 (KHTML, like Gecko) Chrome/95.0.4638.69 Safari/537.36"
143.198.220.252 - - [10/Mar/2026:08:23:20 +0000] "GET /wp-login.php?redirect_to=https%3A%2F%2Fhvmbertogarza.com%2Fwp-admin%2Findex.php&reauth=1 HTTP/1.1" 200 5797 "https://hvmbertogarza.com/wp-login.php" "Mozilla/5.0 (Macintosh; Intel Mac OS X 10_15_7; rv:120.0) Gecko/20100101 Firefox/120.0"
143.198.220.252 - - [10/Mar/2026:08:23:22 +0000] "POST /wp-login.php HTTP/1.1" 200 3864 "https://hvmbertogarza.com/wp-login.php" "Mozilla/5.0 (X11; Linux x86_64) AppleWebKit/537.36 (KHTML, like Gecko) Chrome/118.0.0.0 Safari/537.36"
45.86.202.183 - - [10/Mar/2026:08:23:22 +0000] "POST //xmlrpc.php HTTP/1.1" 200 3997 "-" "Mozilla/5.0 (Windows NT 10.0; Win64; x64) AppleWebKit/537.36 (KHTML, like Gecko) Chrome/95.0.4638.69 Safari/537.36"
45.86.202.203 - - [10/Mar/2026:08:23:24 +0000] "POST //xmlrpc.php HTTP/1.1" 200 3997 "-" "Mozilla/5.0 (Windows NT 10.0; Win64; x64) AppleWebKit/537.36 (KHTML, like Gecko) Chrome/95.0.4638.69 Safari/537.36"
143.198.220.252 - - [10/Mar/2026:08:23:24 +0000] "GET /wp-admin/index.php HTTP/1.1" 302 525 "https://hvmbertogarza.com/wp-login.php" "Mozilla/5.0 (X11; Linux x86_64) AppleWebKit/537.36 (KHTML, like Gecko) Chrome/118.0.0.0 Safari/537.36"
143.198.220.252 - - [10/Mar/2026:08:23:25 +0000] "GET /wp-login.php?redirect_to=https%3A%2F%2Fhvmbertogarza.com%2Fwp-admin%2Findex.php&reauth=1 HTTP/1.1" 200 5797 "https://hvmbertogarza.com/wp-login.php" "Mozilla/5.0 (X11; Linux x86_64) AppleWebKit/537.36 (KHTML, like Gecko) Chrome/118.0.0.0 Safari/537.36"
45.86.202.197 - - [10/Mar/2026:08:23:26 +0000] "POST //xmlrpc.php HTTP/1.1" 200 3997 "-" "Mozilla/5.0 (Windows NT 10.0; Win64; x64) AppleWebKit/537.36 (KHTML, like Gecko) Chrome/95.0.4638.69 Safari/537.36"
143.198.220.252 - - [10/Mar/2026:08:23:27 +0000] "POST /wp-login.php HTTP/1.1" 200 3855 "https://hvmbertogarza.com/wp-login.php" "Mozilla/5.0 (Windows NT 11.0; Win64; x64) AppleWebKit/537.36 (KHTML, like Gecko) Chrome/121.0.0.0 Safari/537.36"
45.86.202.174 - - [10/Mar/2026:08:23:28 +0000] "POST //xmlrpc.php HTTP/1.1" 200 3997 "-" "Mozilla/5.0 (Windows NT 10.0; Win64; x64) AppleWebKit/537.36 (KHTML, like Gecko) Chrome/95.0.4638.69 Safari/537.36"
143.198.220.252 - - [10/Mar/2026:08:23:28 +0000] "GET /wp-admin/index.php HTTP/1.1" 302 525 "https://hvmbertogarza.com/wp-login.php" "Mozilla/5.0 (Windows NT 10.0; Win64; x64; rv:120.0) Gecko/20100101 Firefox/120.0"
45.86.202.173 - - [10/Mar/2026:08:23:30 +0000] "POST //xmlrpc.php HTTP/1.1" 200 3997 "-" "Mozilla/5.0 (Windows NT 10.0; Win64; x64) AppleWebKit/537.36 (KHTML, like Gecko) Chrome/95.0.4638.69 Safari/537.36"
143.198.220.252 - - [10/Mar/2026:08:23:30 +0000] "GET /wp-login.php?redirect_to=https%3A%2F%2Fhvmbertogarza.com%2Fwp-admin%2Findex.php&reauth=1 HTTP/1.1" 200 5797 "https://hvmbertogarza.com/wp-login.php" "Mozilla/5.0 (Windows NT 10.0; Win64; x64; rv:120.0) Gecko/20100101 Firefox/120.0"
45.86.202.181 - - [10/Mar/2026:08:23:31 +0000] "POST //xmlrpc.php HTTP/1.1" 200 3997 "-" "Mozilla/5.0 (Windows NT 10.0; Win64; x64) AppleWebKit/537.36 (KHTML, like Gecko) Chrome/95.0.4638.69 Safari/537.36"
143.198.220.252 - - [10/Mar/2026:08:23:31 +0000] "POST /wp-login.php HTTP/1.1" 200 3857 "https://hvmbertogarza.com/wp-login.php" "Mozilla/5.0 (X11; Ubuntu; Linux x86_64) AppleWebKit/537.36 (KHTML, like Gecko) Chrome/120.0.0.0 Safari/537.36"
54.39.203.71 - - [10/Mar/2026:08:23:31 +0000] "GET /shop/longlasting/tablespoonfuls01277679456.html HTTP/1.1" 404 180130 "-" "Mozilla/5.0 (compatible; AhrefsBot/7.0; +http://ahrefs.com/robot/)"
45.86.202.159 - - [10/Mar/2026:08:23:33 +0000] "POST //xmlrpc.php HTTP/1.1" 200 3997 "-" "Mozilla/5.0 (Windows NT 10.0; Win64; x64) AppleWebKit/537.36 (KHTML, like Gecko) Chrome/95.0.4638.69 Safari/537.36"
143.198.220.252 - - [10/Mar/2026:08:23:33 +0000] "GET /wp-admin/index.php HTTP/1.1" 302 525 "https://hvmbertogarza.com/wp-login.php" "Mozilla/5.0 (Macintosh; Intel Mac OS X 10_15_7) AppleWebKit/605.1.15 (KHTML, like Gecko) Version/17.0 Safari/605.1.15"
143.198.220.252 - - [10/Mar/2026:08:23:35 +0000] "GET /wp-login.php?redirect_to=https%3A%2F%2Fhvmbertogarza.com%2Fwp-admin%2Findex.php&reauth=1 HTTP/1.1" 200 5797 "https://hvmbertogarza.com/wp-login.php" "Mozilla/5.0 (Macintosh; Intel Mac OS X 10_15_7) AppleWebKit/605.1.15 (KHTML, like Gecko) Version/17.0 Safari/605.1.15"
45.86.202.200 - - [10/Mar/2026:08:23:35 +0000] "POST //xmlrpc.php HTTP/1.1" 200 3997 "-" "Mozilla/5.0 (Windows NT 10.0; Win64; x64) AppleWebKit/537.36 (KHTML, like Gecko) Chrome/95.0.4638.69 Safari/537.36"
143.198.220.252 - - [10/Mar/2026:08:23:36 +0000] "POST /wp-login.php HTTP/1.1" 200 3864 "https://hvmbertogarza.com/wp-login.php" "Mozilla/5.0 (Macintosh; Intel Mac OS X 10_15_7) AppleWebKit/537.36 (KHTML, like Gecko) Chrome/119.0.0.0 Safari/537.36"
45.86.202.205 - - [10/Mar/2026:08:23:37 +0000] "POST //xmlrpc.php HTTP/1.1" 200 3997 "-" "Mozilla/5.0 (Windows NT 10.0; Win64; x64) AppleWebKit/537.36 (KHTML, like Gecko) Chrome/95.0.4638.69 Safari/537.36"
143.198.220.252 - - [10/Mar/2026:08:23:38 +0000] "GET /wp-admin/index.php HTTP/1.1" 302 525 "https://hvmbertogarza.com/wp-login.php" "Mozilla/5.0 (Windows NT 10.0; Win64; x64) AppleWebKit/537.36 (KHTML, like Gecko) Chrome/121.0.0.0 Safari/537.36"
45.86.202.202 - - [10/Mar/2026:08:23:39 +0000] "POST //xmlrpc.php HTTP/1.1" 200 3997 "-" "Mozilla/5.0 (Windows NT 10.0; Win64; x64) AppleWebKit/537.36 (KHTML, like Gecko) Chrome/95.0.4638.69 Safari/537.36"
143.198.220.252 - - [10/Mar/2026:08:23:40 +0000] "GET /wp-login.php?redirect_to=https%3A%2F%2Fhvmbertogarza.com%2Fwp-admin%2Findex.php&reauth=1 HTTP/1.1" 200 5797 "https://hvmbertogarza.com/wp-login.php" "Mozilla/5.0 (Windows NT 10.0; Win64; x64) AppleWebKit/537.36 (KHTML, like Gecko) Chrome/121.0.0.0 Safari/537.36"
45.86.202.205 - - [10/Mar/2026:08:23:41 +0000] "POST //xmlrpc.php HTTP/1.1" 200 3997 "-" "Mozilla/5.0 (Windows NT 10.0; Win64; x64) AppleWebKit/537.36 (KHTML, like Gecko) Chrome/95.0.4638.69 Safari/537.36"
143.198.220.252 - - [10/Mar/2026:08:23:41 +0000] "POST /wp-login.php HTTP/1.1" 200 3857 "https://hvmbertogarza.com/wp-login.php" "Mozilla/5.0 (X11; Linux x86_64) AppleWebKit/537.36 (KHTML, like Gecko) Chrome/118.0.0.0 Safari/537.36"
143.198.220.252 - - [10/Mar/2026:08:23:43 +0000] "GET /wp-admin/index.php HTTP/1.1" 302 525 "https://hvmbertogarza.com/wp-login.php" "Mozilla/5.0 (X11; Linux x86_64) AppleWebKit/537.36 (KHTML, like Gecko) Chrome/121.0.0.0 Safari/537.36"
45.86.202.203 - - [10/Mar/2026:08:23:43 +0000] "POST //xmlrpc.php HTTP/1.1" 200 3997 "-" "Mozilla/5.0 (Windows NT 10.0; Win64; x64) AppleWebKit/537.36 (KHTML, like Gecko) Chrome/95.0.4638.69 Safari/537.36"
143.198.220.252 - - [10/Mar/2026:08:23:44 +0000] "GET /wp-login.php?redirect_to=https%3A%2F%2Fhvmbertogarza.com%2Fwp-admin%2Findex.php&reauth=1 HTTP/1.1" 200 5797 "https://hvmbertogarza.com/wp-login.php" "Mozilla/5.0 (X11; Linux x86_64) AppleWebKit/537.36 (KHTML, like Gecko) Chrome/121.0.0.0 Safari/537.36"
45.86.202.183 - - [10/Mar/2026:08:23:45 +0000] "POST //xmlrpc.php HTTP/1.1" 200 3997 "-" "Mozilla/5.0 (Windows NT 10.0; Win64; x64) AppleWebKit/537.36 (KHTML, like Gecko) Chrome/95.0.4638.69 Safari/537.36"
143.198.220.252 - - [10/Mar/2026:08:23:46 +0000] "POST /wp-login.php HTTP/1.1" 200 3857 "https://hvmbertogarza.com/wp-login.php" "Mozilla/5.0 (Windows NT 10.0; Win64; x64; rv:120.0) Gecko/20100101 Firefox/120.0"
45.86.202.205 - - [10/Mar/2026:08:23:47 +0000] "POST //xmlrpc.php HTTP/1.1" 200 3997 "-" "Mozilla/5.0 (Windows NT 10.0; Win64; x64) AppleWebKit/537.36 (KHTML, like Gecko) Chrome/95.0.4638.69 Safari/537.36"
143.198.220.252 - - [10/Mar/2026:08:23:47 +0000] "GET /wp-admin/index.php HTTP/1.1" 302 525 "https://hvmbertogarza.com/wp-login.php" "Mozilla/5.0 (Macintosh; Intel Mac OS X 10_15_7; rv:121.0) Gecko/20100101 Firefox/121.0"
45.86.202.192 - - [10/Mar/2026:08:23:48 +0000] "POST //xmlrpc.php HTTP/1.1" 200 3997 "-" "Mozilla/5.0 (Windows NT 10.0; Win64; x64) AppleWebKit/537.36 (KHTML, like Gecko) Chrome/95.0.4638.69 Safari/537.36"
143.198.220.252 - - [10/Mar/2026:08:23:49 +0000] "GET /wp-login.php?redirect_to=https%3A%2F%2Fhvmbertogarza.com%2Fwp-admin%2Findex.php&reauth=1 HTTP/1.1" 200 5797 "https://hvmbertogarza.com/wp-login.php" "Mozilla/5.0 (Macintosh; Intel Mac OS X 10_15_7; rv:121.0) Gecko/20100101 Firefox/121.0"
74.208.176.140 - - [10/Mar/2026:08:23:51 +0000] "POST /wp-cron.php?doing_wp_cron=1773131031.7820320129394531250000 HTTP/1.1" 200 4101 "-" "WordPress/6.9.1; https://hvmbertogarza.com"
45.86.202.158 - - [10/Mar/2026:08:23:50 +0000] "POST //xmlrpc.php HTTP/1.1" 200 3997 "-" "Mozilla/5.0 (Windows NT 10.0; Win64; x64) AppleWebKit/537.36 (KHTML, like Gecko) Chrome/95.0.4638.69 Safari/537.36"
143.198.220.252 - - [10/Mar/2026:08:23:50 +0000] "POST /wp-login.php HTTP/1.1" 200 3855 "https://hvmbertogarza.com/wp-login.php" "Mozilla/5.0 (Windows NT 11.0; Win64; x64) AppleWebKit/537.36 (KHTML, like Gecko) Chrome/119.0.0.0 Safari/537.36"
45.86.202.175 - - [10/Mar/2026:08:23:52 +0000] "POST //xmlrpc.php HTTP/1.1" 200 3997 "-" "Mozilla/5.0 (Windows NT 10.0; Win64; x64) AppleWebKit/537.36 (KHTML, like Gecko) Chrome/95.0.4638.69 Safari/537.36"
143.198.220.252 - - [10/Mar/2026:08:23:52 +0000] "GET /wp-admin/index.php HTTP/1.1" 302 525 "https://hvmbertogarza.com/wp-login.php" "Mozilla/5.0 (Macintosh; Intel Mac OS X 10_15_7) AppleWebKit/537.36 (KHTML, like Gecko) Chrome/118.0.0.0 Safari/537.36"
143.198.220.252 - - [10/Mar/2026:08:23:53 +0000] "GET /wp-login.php?redirect_to=https%3A%2F%2Fhvmbertogarza.com%2Fwp-admin%2Findex.php&reauth=1 HTTP/1.1" 200 5797 "https://hvmbertogarza.com/wp-login.php" "Mozilla/5.0 (Macintosh; Intel Mac OS X 10_15_7) AppleWebKit/537.36 (KHTML, like Gecko) Chrome/118.0.0.0 Safari/537.36"
45.86.202.167 - - [10/Mar/2026:08:23:54 +0000] "POST //xmlrpc.php HTTP/1.1" 200 3997 "-" "Mozilla/5.0 (Windows NT 10.0; Win64; x64) AppleWebKit/537.36 (KHTML, like Gecko) Chrome/95.0.4638.69 Safari/537.36"
143.198.220.252 - - [10/Mar/2026:08:23:55 +0000] "POST /wp-login.php HTTP/1.1" 200 3857 "https://hvmbertogarza.com/wp-login.php" "Mozilla/5.0 (Macintosh; Intel Mac OS X 13_6_1) AppleWebKit/605.1.15 (KHTML, like Gecko) Version/17.2 Safari/605.1.15"
45.86.202.190 - - [10/Mar/2026:08:23:56 +0000] "POST //xmlrpc.php HTTP/1.1" 200 3997 "-" "Mozilla/5.0 (Windows NT 10.0; Win64; x64) AppleWebKit/537.36 (KHTML, like Gecko) Chrome/95.0.4638.69 Safari/537.36"
143.198.220.252 - - [10/Mar/2026:08:23:56 +0000] "GET /wp-admin/index.php HTTP/1.1" 302 525 "https://hvmbertogarza.com/wp-login.php" "Mozilla/5.0 (Macintosh; Intel Mac OS X 13_6_1) AppleWebKit/537.36 (KHTML, like Gecko) Chrome/118.0.0.0 Safari/537.36"
45.86.202.188 - - [10/Mar/2026:08:23:58 +0000] "POST //xmlrpc.php HTTP/1.1" 200 3997 "-" "Mozilla/5.0 (Windows NT 10.0; Win64; x64) AppleWebKit/537.36 (KHTML, like Gecko) Chrome/95.0.4638.69 Safari/537.36"
143.198.220.252 - - [10/Mar/2026:08:23:57 +0000] "GET /wp-login.php?redirect_to=https%3A%2F%2Fhvmbertogarza.com%2Fwp-admin%2Findex.php&reauth=1 HTTP/1.1" 200 5797 "https://hvmbertogarza.com/wp-login.php" "Mozilla/5.0 (Macintosh; Intel Mac OS X 13_6_1) AppleWebKit/537.36 (KHTML, like Gecko) Chrome/118.0.0.0 Safari/537.36"
45.86.202.168 - - [10/Mar/2026:08:23:59 +0000] "POST //xmlrpc.php HTTP/1.1" 200 3997 "-" "Mozilla/5.0 (Windows NT 10.0; Win64; x64) AppleWebKit/537.36 (KHTML, like Gecko) Chrome/95.0.4638.69 Safari/537.36"
143.198.220.252 - - [10/Mar/2026:08:23:59 +0000] "POST /wp-login.php HTTP/1.1" 200 3864 "https://hvmbertogarza.com/wp-login.php" "Mozilla/5.0 (Macintosh; Intel Mac OS X 13_6_1) AppleWebKit/537.36 (KHTML, like Gecko) Chrome/120.0.0.0 Safari/537.36"
143.198.220.252 - - [10/Mar/2026:08:24:01 +0000] "GET /wp-admin/index.php HTTP/1.1" 302 525 "https://hvmbertogarza.com/wp-login.php" "Mozilla/5.0 (Macintosh; Intel Mac OS X 13_6_1; rv:119.0) Gecko/20100101 Firefox/119.0"
45.86.202.171 - - [10/Mar/2026:08:24:01 +0000] "POST //xmlrpc.php HTTP/1.1" 200 3997 "-" "Mozilla/5.0 (Windows NT 10.0; Win64; x64) AppleWebKit/537.36 (KHTML, like Gecko) Chrome/95.0.4638.69 Safari/537.36"
143.198.220.252 - - [10/Mar/2026:08:24:02 +0000] "GET /wp-login.php?redirect_to=https%3A%2F%2Fhvmbertogarza.com%2Fwp-admin%2Findex.php&reauth=1 HTTP/1.1" 200 5797 "https://hvmbertogarza.com/wp-login.php" "Mozilla/5.0 (Macintosh; Intel Mac OS X 13_6_1; rv:119.0) Gecko/20100101 Firefox/119.0"
45.86.202.172 - - [10/Mar/2026:08:24:03 +0000] "POST //xmlrpc.php HTTP/1.1" 200 3997 "-" "Mozilla/5.0 (Windows NT 10.0; Win64; x64) AppleWebKit/537.36 (KHTML, like Gecko) Chrome/95.0.4638.69 Safari/537.36"
143.198.220.252 - - [10/Mar/2026:08:24:04 +0000] "POST /wp-login.php HTTP/1.1" 200 3855 "https://hvmbertogarza.com/wp-login.php" "Mozilla/5.0 (X11; Linux x86_64) AppleWebKit/537.36 (KHTML, like Gecko) Chrome/119.0.0.0 Safari/537.36"
45.86.202.176 - - [10/Mar/2026:08:24:05 +0000] "POST //xmlrpc.php HTTP/1.1" 200 3997 "-" "Mozilla/5.0 (Windows NT 10.0; Win64; x64) AppleWebKit/537.36 (KHTML, like Gecko) Chrome/95.0.4638.69 Safari/537.36"
143.198.220.252 - - [10/Mar/2026:08:24:05 +0000] "GET /wp-admin/index.php HTTP/1.1" 302 525 "https://hvmbertogarza.com/wp-login.php" "Mozilla/5.0 (Windows NT 10.0; Win64; x64) AppleWebKit/537.36 (KHTML, like Gecko) Chrome/119.0.0.0 Safari/537.36"
45.86.202.201 - - [10/Mar/2026:08:24:06 +0000] "POST //xmlrpc.php HTTP/1.1" 200 3997 "-" "Mozilla/5.0 (Windows NT 10.0; Win64; x64) AppleWebKit/537.36 (KHTML, like Gecko) Chrome/95.0.4638.69 Safari/537.36"
143.198.220.252 - - [10/Mar/2026:08:24:07 +0000] "GET /wp-login.php?redirect_to=https%3A%2F%2Fhvmbertogarza.com%2Fwp-admin%2Findex.php&reauth=1 HTTP/1.1" 200 5797 "https://hvmbertogarza.com/wp-login.php" "Mozilla/5.0 (Windows NT 10.0; Win64; x64) AppleWebKit/537.36 (KHTML, like Gecko) Chrome/119.0.0.0 Safari/537.36"
45.86.202.225 - - [10/Mar/2026:08:24:08 +0000] "POST //xmlrpc.php HTTP/1.1" 200 3997 "-" "Mozilla/5.0 (Windows NT 10.0; Win64; x64) AppleWebKit/537.36 (KHTML, like Gecko) Chrome/95.0.4638.69 Safari/537.36"
143.198.220.252 - - [10/Mar/2026:08:24:08 +0000] "POST /wp-login.php HTTP/1.1" 200 3857 "https://hvmbertogarza.com/wp-login.php" "Mozilla/5.0 (Windows NT 10.0; Win64; x64; rv:120.0) Gecko/20100101 Firefox/120.0"
143.198.220.252 - - [10/Mar/2026:08:24:10 +0000] "GET /wp-admin/index.php HTTP/1.1" 302 525 "https://hvmbertogarza.com/wp-login.php" "Mozilla/5.0 (Macintosh; Intel Mac OS X 10_15_7; rv:120.0) Gecko/20100101 Firefox/120.0"
45.86.202.178 - - [10/Mar/2026:08:24:10 +0000] "POST //xmlrpc.php HTTP/1.1" 200 3997 "-" "Mozilla/5.0 (Windows NT 10.0; Win64; x64) AppleWebKit/537.36 (KHTML, like Gecko) Chrome/95.0.4638.69 Safari/537.36"
143.198.220.252 - - [10/Mar/2026:08:24:12 +0000] "GET /wp-login.php?redirect_to=https%3A%2F%2Fhvmbertogarza.com%2Fwp-admin%2Findex.php&reauth=1 HTTP/1.1" 200 5797 "https://hvmbertogarza.com/wp-login.php" "Mozilla/5.0 (Macintosh; Intel Mac OS X 10_15_7; rv:120.0) Gecko/20100101 Firefox/120.0"
45.86.202.170 - - [10/Mar/2026:08:24:12 +0000] "POST //xmlrpc.php HTTP/1.1" 200 3997 "-" "Mozilla/5.0 (Windows NT 10.0; Win64; x64) AppleWebKit/537.36 (KHTML, like Gecko) Chrome/95.0.4638.69 Safari/537.36"
143.198.220.252 - - [10/Mar/2026:08:24:13 +0000] "POST /wp-login.php HTTP/1.1" 200 3864 "https://hvmbertogarza.com/wp-login.php" "Mozilla/5.0 (Windows NT 10.0; Win64; x64) AppleWebKit/537.36 (KHTML, like Gecko) Chrome/118.0.0.0 Safari/537.36"
45.86.202.177 - - [10/Mar/2026:08:24:14 +0000] "POST //xmlrpc.php HTTP/1.1" 200 3997 "-" "Mozilla/5.0 (Windows NT 10.0; Win64; x64) AppleWebKit/537.36 (KHTML, like Gecko) Chrome/95.0.4638.69 Safari/537.36"
180.94.88.230 - - [10/Mar/2026:08:24:15 +0000] "POST /xmlrpc.php HTTP/1.1" 200 4385 "-" "Mozilla/5.0 (Windows NT 10.0; WOW64) AppleWebKit/537.36 (KHTML, like Gecko) Chrome/114.0.0.0 YaBrowser/22.7.0 Yowser/2.5 Safari/537.36"
143.198.220.252 - - [10/Mar/2026:08:24:15 +0000] "GET /wp-admin/index.php HTTP/1.1" 302 525 "https://hvmbertogarza.com/wp-login.php" "Mozilla/5.0 (Windows NT 11.0; Win64; x64; rv:119.0) Gecko/20100101 Firefox/119.0"
45.86.202.172 - - [10/Mar/2026:08:24:16 +0000] "POST //xmlrpc.php HTTP/1.1" 200 3997 "-" "Mozilla/5.0 (Windows NT 10.0; Win64; x64) AppleWebKit/537.36 (KHTML, like Gecko) Chrome/95.0.4638.69 Safari/537.36"
143.198.220.252 - - [10/Mar/2026:08:24:17 +0000] "GET /wp-login.php?redirect_to=https%3A%2F%2Fhvmbertogarza.com%2Fwp-admin%2Findex.php&reauth=1 HTTP/1.1" 200 5797 "https://hvmbertogarza.com/wp-login.php" "Mozilla/5.0 (Windows NT 11.0; Win64; x64; rv:119.0) Gecko/20100101 Firefox/119.0"
45.86.202.183 - - [10/Mar/2026:08:24:18 +0000] "POST //xmlrpc.php HTTP/1.1" 200 3997 "-" "Mozilla/5.0 (Windows NT 10.0; Win64; x64) AppleWebKit/537.36 (KHTML, like Gecko) Chrome/95.0.4638.69 Safari/537.36"
143.198.220.252 - - [10/Mar/2026:08:24:18 +0000] "POST /wp-login.php HTTP/1.1" 200 3855 "https://hvmbertogarza.com/wp-login.php" "Mozilla/5.0 (Macintosh; Intel Mac OS X 10_15_7) AppleWebKit/605.1.15 (KHTML, like Gecko) Version/17.2 Safari/605.1.15"
74.208.176.140 - - [10/Mar/2026:08:24:21 +0000] "POST /wp-cron.php?doing_wp_cron=1773131061.5597810745239257812500 HTTP/1.1" 200 4101 "-" "WordPress/6.9.1; https://hvmbertogarza.com"
143.198.220.252 - - [10/Mar/2026:08:24:20 +0000] "GET /wp-admin/index.php HTTP/1.1" 302 525 "https://hvmbertogarza.com/wp-login.php" "Mozilla/5.0 (Macintosh; Intel Mac OS X 10_15_7) AppleWebKit/537.36 (KHTML, like Gecko) Chrome/121.0.0.0 Safari/537.36"
45.86.202.158 - - [10/Mar/2026:08:24:20 +0000] "POST //xmlrpc.php HTTP/1.1" 200 3997 "-" "Mozilla/5.0 (Windows NT 10.0; Win64; x64) AppleWebKit/537.36 (KHTML, like Gecko) Chrome/95.0.4638.69 Safari/537.36"
143.198.220.252 - - [10/Mar/2026:08:24:21 +0000] "GET /wp-login.php?redirect_to=https%3A%2F%2Fhvmbertogarza.com%2Fwp-admin%2Findex.php&reauth=1 HTTP/1.1" 200 5797 "https://hvmbertogarza.com/wp-login.php" "Mozilla/5.0 (Macintosh; Intel Mac OS X 10_15_7) AppleWebKit/537.36 (KHTML, like Gecko) Chrome/121.0.0.0 Safari/537.36"
45.86.202.196 - - [10/Mar/2026:08:24:22 +0000] "POST //xmlrpc.php HTTP/1.1" 200 3997 "-" "Mozilla/5.0 (Windows NT 10.0; Win64; x64) AppleWebKit/537.36 (KHTML, like Gecko) Chrome/95.0.4638.69 Safari/537.36"
143.198.220.252 - - [10/Mar/2026:08:24:22 +0000] "POST /wp-login.php HTTP/1.1" 200 3857 "https://hvmbertogarza.com/wp-login.php" "Mozilla/5.0 (Windows NT 10.0; Win64; x64) AppleWebKit/537.36 (KHTML, like Gecko) Chrome/120.0.0.0 Safari/537.36"
143.198.220.252 - - [10/Mar/2026:08:24:24 +0000] "GET /wp-admin/index.php HTTP/1.1" 302 525 "https://hvmbertogarza.com/wp-login.php" "Mozilla/5.0 (Macintosh; Intel Mac OS X 10_15_7) AppleWebKit/537.36 (KHTML, like Gecko) Chrome/121.0.0.0 Safari/537.36"
45.86.202.196 - - [10/Mar/2026:08:24:24 +0000] "POST //xmlrpc.php HTTP/1.1" 200 3997 "-" "Mozilla/5.0 (Windows NT 10.0; Win64; x64) AppleWebKit/537.36 (KHTML, like Gecko) Chrome/95.0.4638.69 Safari/537.36"
102.66.147.187 - - [10/Mar/2026:08:24:26 +0000] "POST /xmlrpc.php HTTP/1.1" 200 4136 "-" "Mozilla/5.0 (Windows NT 10.0; WOW64) AppleWebKit/537.36 (KHTML, like Gecko) Chrome/114.0.0.0 YaBrowser/22.7.0 Yowser/2.5 Safari/537.36"
143.198.220.252 - - [10/Mar/2026:08:24:26 +0000] "GET /wp-login.php?redirect_to=https%3A%2F%2Fhvmbertogarza.com%2Fwp-admin%2Findex.php&reauth=1 HTTP/1.1" 200 5797 "https://hvmbertogarza.com/wp-login.php" "Mozilla/5.0 (Macintosh; Intel Mac OS X 10_15_7) AppleWebKit/537.36 (KHTML, like Gecko) Chrome/121.0.0.0 Safari/537.36"
45.86.202.161 - - [10/Mar/2026:08:24:27 +0000] "POST //xmlrpc.php HTTP/1.1" 200 3997 "-" "Mozilla/5.0 (Windows NT 10.0; Win64; x64) AppleWebKit/537.36 (KHTML, like Gecko) Chrome/95.0.4638.69 Safari/537.36"
143.198.220.252 - - [10/Mar/2026:08:24:28 +0000] "POST /wp-login.php HTTP/1.1" 200 3864 "https://hvmbertogarza.com/wp-login.php" "Mozilla/5.0 (Windows NT 10.0; Win64; x64) AppleWebKit/537.36 (KHTML, like Gecko) Chrome/120.0.0.0 Safari/537.36"
45.86.202.166 - - [10/Mar/2026:08:24:29 +0000] "POST //xmlrpc.php HTTP/1.1" 200 3997 "-" "Mozilla/5.0 (Windows NT 10.0; Win64; x64) AppleWebKit/537.36 (KHTML, like Gecko) Chrome/95.0.4638.69 Safari/537.36"
143.198.220.252 - - [10/Mar/2026:08:24:29 +0000] "GET /wp-admin/index.php HTTP/1.1" 302 525 "https://hvmbertogarza.com/wp-login.php" "Mozilla/5.0 (Macintosh; Intel Mac OS X 13_6_1) AppleWebKit/537.36 (KHTML, like Gecko) Chrome/118.0.0.0 Safari/537.36"
143.198.220.252 - - [10/Mar/2026:08:24:31 +0000] "GET /wp-login.php?redirect_to=https%3A%2F%2Fhvmbertogarza.com%2Fwp-admin%2Findex.php&reauth=1 HTTP/1.1" 200 5797 "https://hvmbertogarza.com/wp-login.php" "Mozilla/5.0 (Macintosh; Intel Mac OS X 13_6_1) AppleWebKit/537.36 (KHTML, like Gecko) Chrome/118.0.0.0 Safari/537.36"
45.86.202.164 - - [10/Mar/2026:08:24:31 +0000] "POST //xmlrpc.php HTTP/1.1" 200 3997 "-" "Mozilla/5.0 (Windows NT 10.0; Win64; x64) AppleWebKit/537.36 (KHTML, like Gecko) Chrome/95.0.4638.69 Safari/537.36"
143.198.220.252 - - [10/Mar/2026:08:24:33 +0000] "POST /wp-login.php HTTP/1.1" 200 3855 "https://hvmbertogarza.com/wp-login.php" "Mozilla/5.0 (X11; Linux x86_64) AppleWebKit/537.36 (KHTML, like Gecko) Chrome/121.0.0.0 Safari/537.36"
45.86.202.192 - - [10/Mar/2026:08:24:34 +0000] "POST //xmlrpc.php HTTP/1.1" 200 3997 "-" "Mozilla/5.0 (Windows NT 10.0; Win64; x64) AppleWebKit/537.36 (KHTML, like Gecko) Chrome/95.0.4638.69 Safari/537.36"
143.198.220.252 - - [10/Mar/2026:08:24:35 +0000] "GET /wp-admin/index.php HTTP/1.1" 302 525 "https://hvmbertogarza.com/wp-login.php" "Mozilla/5.0 (Macintosh; Intel Mac OS X 13_6_1; rv:118.0) Gecko/20100101 Firefox/118.0"
45.86.202.158 - - [10/Mar/2026:08:24:35 +0000] "POST //xmlrpc.php HTTP/1.1" 200 3997 "-" "Mozilla/5.0 (Windows NT 10.0; Win64; x64) AppleWebKit/537.36 (KHTML, like Gecko) Chrome/95.0.4638.69 Safari/537.36"
185.132.187.114 - - [10/Mar/2026:08:24:35 +0000] "POST /xmlrpc.php HTTP/1.1" 200 4616 "-" "Mozilla/5.0 (Macintosh; Intel Mac OS X 10_15_3) AppleWebKit/537.36 (KHTML, like Gecko) Chrome/80.0.3987.149 Safari/537.36"
143.198.220.252 - - [10/Mar/2026:08:24:37 +0000] "GET /wp-login.php?redirect_to=https%3A%2F%2Fhvmbertogarza.com%2Fwp-admin%2Findex.php&reauth=1 HTTP/1.1" 200 5797 "https://hvmbertogarza.com/wp-login.php" "Mozilla/5.0 (Macintosh; Intel Mac OS X 13_6_1; rv:118.0) Gecko/20100101 Firefox/118.0"
66.249.66.165 - - [10/Mar/2026:08:24:38 +0000] "GET /shop/connectively/infratrochlear014013235291.html HTTP/1.1" 200 33244 "-" "Mozilla/5.0 (Linux; Android 6.0.1; Nexus 5X Build/MMB29P) AppleWebKit/537.36 (KHTML, like Gecko) Chrome/145.0.7632.116 Mobile Safari/537.36 (compatible; GoogleOther)"
45.86.202.160 - - [10/Mar/2026:08:24:37 +0000] "POST //xmlrpc.php HTTP/1.1" 200 3997 "-" "Mozilla/5.0 (Windows NT 10.0; Win64; x64) AppleWebKit/537.36 (KHTML, like Gecko) Chrome/95.0.4638.69 Safari/537.36"
37.59.29.69 - - [10/Mar/2026:08:24:38 +0000] "GET /wp-login.php HTTP/1.1" 200 7389 "-" "Mozilla/4.0 (compatible; MSIE 7.0; Windows NT 6.2; WOW64; Trident/7.0; .NET4.0E; .NET4.0C)"
74.208.176.140 - - [10/Mar/2026:08:24:40 +0000] "POST /wp-cron.php?doing_wp_cron=1773131080.1058380603790283203125 HTTP/1.1" 200 4101 "-" "WordPress/6.9.1; https://hvmbertogarza.com"
143.198.220.252 - - [10/Mar/2026:08:24:38 +0000] "POST /wp-login.php HTTP/1.1" 200 3857 "https://hvmbertogarza.com/wp-login.php" "Mozilla/5.0 (X11; Ubuntu; Linux x86_64) AppleWebKit/537.36 (KHTML, like Gecko) Chrome/121.0.0.0 Safari/537.36"
45.86.202.169 - - [10/Mar/2026:08:24:39 +0000] "POST //xmlrpc.php HTTP/1.1" 200 3997 "-" "Mozilla/5.0 (Windows NT 10.0; Win64; x64) AppleWebKit/537.36 (KHTML, like Gecko) Chrome/95.0.4638.69 Safari/537.36"
37.59.29.69 - - [10/Mar/2026:08:24:39 +0000] "POST /wp-login.php HTTP/1.1" 200 3781 "https://hvmbertogarza.com/wp-login.php" "Mozilla/4.0 (compatible; MSIE 7.0; Windows NT 6.2; WOW64; Trident/7.0; .NET4.0E; .NET4.0C)"
143.198.220.252 - - [10/Mar/2026:08:24:40 +0000] "GET /wp-admin/index.php HTTP/1.1" 302 525 "https://hvmbertogarza.com/wp-login.php" "Mozilla/5.0 (Macintosh; Intel Mac OS X 13_6_1; rv:118.0) Gecko/20100101 Firefox/118.0"
45.86.202.172 - - [10/Mar/2026:08:24:41 +0000] "POST //xmlrpc.php HTTP/1.1" 200 3997 "-" "Mozilla/5.0 (Windows NT 10.0; Win64; x64) AppleWebKit/537.36 (KHTML, like Gecko) Chrome/95.0.4638.69 Safari/537.36"
143.198.220.252 - - [10/Mar/2026:08:24:41 +0000] "GET /wp-login.php?redirect_to=https%3A%2F%2Fhvmbertogarza.com%2Fwp-admin%2Findex.php&reauth=1 HTTP/1.1" 200 5797 "https://hvmbertogarza.com/wp-login.php" "Mozilla/5.0 (Macintosh; Intel Mac OS X 13_6_1; rv:118.0) Gecko/20100101 Firefox/118.0"
45.86.202.159 - - [10/Mar/2026:08:24:43 +0000] "POST //xmlrpc.php HTTP/1.1" 200 3997 "-" "Mozilla/5.0 (Windows NT 10.0; Win64; x64) AppleWebKit/537.36 (KHTML, like Gecko) Chrome/95.0.4638.69 Safari/537.36"
143.198.220.252 - - [10/Mar/2026:08:24:43 +0000] "POST /wp-login.php HTTP/1.1" 200 3864 "https://hvmbertogarza.com/wp-login.php" "Mozilla/5.0 (Macintosh; Intel Mac OS X 10_15_7) AppleWebKit/537.36 (KHTML, like Gecko) Chrome/119.0.0.0 Safari/537.36"
45.86.202.197 - - [10/Mar/2026:08:24:44 +0000] "POST //xmlrpc.php HTTP/1.1" 200 3997 "-" "Mozilla/5.0 (Windows NT 10.0; Win64; x64) AppleWebKit/537.36 (KHTML, like Gecko) Chrome/95.0.4638.69 Safari/537.36"
143.198.220.252 - - [10/Mar/2026:08:24:44 +0000] "GET /wp-admin/index.php HTTP/1.1" 302 525 "https://hvmbertogarza.com/wp-login.php" "Mozilla/5.0 (Macintosh; Intel Mac OS X 13_6_1) AppleWebKit/537.36 (KHTML, like Gecko) Chrome/118.0.0.0 Safari/537.36"
143.198.220.252 - - [10/Mar/2026:08:24:46 +0000] "GET /wp-login.php?redirect_to=https%3A%2F%2Fhvmbertogarza.com%2Fwp-admin%2Findex.php&reauth=1 HTTP/1.1" 200 5796 "https://hvmbertogarza.com/wp-login.php" "Mozilla/5.0 (Macintosh; Intel Mac OS X 13_6_1) AppleWebKit/537.36 (KHTML, like Gecko) Chrome/118.0.0.0 Safari/537.36"
45.86.202.167 - - [10/Mar/2026:08:24:46 +0000] "POST //xmlrpc.php HTTP/1.1" 200 3997 "-" "Mozilla/5.0 (Windows NT 10.0; Win64; x64) AppleWebKit/537.36 (KHTML, like Gecko) Chrome/95.0.4638.69 Safari/537.36"
116.204.242.96 - - [10/Mar/2026:08:24:46 +0000] "POST /xmlrpc.php HTTP/1.1" 200 11585 "-" "Mozilla/5.0 (Windows NT 10.0; WOW64) AppleWebKit/537.36 (KHTML, like Gecko) Chrome/114.0.0.0 YaBrowser/22.7.0 Yowser/2.5 Safari/537.36"
143.198.220.252 - - [10/Mar/2026:08:24:48 +0000] "POST /wp-login.php HTTP/1.1" 200 3854 "https://hvmbertogarza.com/wp-login.php" "Mozilla/5.0 (Windows NT 11.0; Win64; x64) AppleWebKit/537.36 (KHTML, like Gecko) Chrome/118.0.0.0 Safari/537.36"
45.86.202.171 - - [10/Mar/2026:08:24:48 +0000] "POST //xmlrpc.php HTTP/1.1" 200 3997 "-" "Mozilla/5.0 (Windows NT 10.0; Win64; x64) AppleWebKit/537.36 (KHTML, like Gecko) Chrome/95.0.4638.69 Safari/537.36"
74.208.176.140 - - [10/Mar/2026:08:24:51 +0000] "POST /wp-cron.php?doing_wp_cron=1773131091.2251029014587402343750 HTTP/1.1" 200 4101 "-" "WordPress/6.9.1; https://hvmbertogarza.com"
143.198.220.252 - - [10/Mar/2026:08:24:49 +0000] "GET /wp-admin/index.php HTTP/1.1" 302 524 "https://hvmbertogarza.com/wp-login.php" "Mozilla/5.0 (Windows NT 11.0; Win64; x64) AppleWebKit/537.36 (KHTML, like Gecko) Chrome/121.0.0.0 Safari/537.36"
45.86.202.180 - - [10/Mar/2026:08:24:50 +0000] "POST //xmlrpc.php HTTP/1.1" 200 3997 "-" "Mozilla/5.0 (Windows NT 10.0; Win64; x64) AppleWebKit/537.36 (KHTML, like Gecko) Chrome/95.0.4638.69 Safari/537.36"
143.198.220.252 - - [10/Mar/2026:08:24:51 +0000] "GET /wp-login.php?redirect_to=https%3A%2F%2Fhvmbertogarza.com%2Fwp-admin%2Findex.php&reauth=1 HTTP/1.1" 200 5796 "https://hvmbertogarza.com/wp-login.php" "Mozilla/5.0 (Windows NT 11.0; Win64; x64) AppleWebKit/537.36 (KHTML, like Gecko) Chrome/121.0.0.0 Safari/537.36"
45.86.202.204 - - [10/Mar/2026:08:24:52 +0000] "POST //xmlrpc.php HTTP/1.1" 200 3997 "-" "Mozilla/5.0 (Windows NT 10.0; Win64; x64) AppleWebKit/537.36 (KHTML, like Gecko) Chrome/95.0.4638.69 Safari/537.36"
143.198.220.252 - - [10/Mar/2026:08:24:53 +0000] "POST /wp-login.php HTTP/1.1" 200 3856 "https://hvmbertogarza.com/wp-login.php" "Mozilla/5.0 (Windows NT 10.0; Win64; x64; rv:120.0) Gecko/20100101 Firefox/120.0"
45.86.202.177 - - [10/Mar/2026:08:24:54 +0000] "POST //xmlrpc.php HTTP/1.1" 200 3997 "-" "Mozilla/5.0 (Windows NT 10.0; Win64; x64) AppleWebKit/537.36 (KHTML, like Gecko) Chrome/95.0.4638.69 Safari/537.36"
143.198.220.252 - - [10/Mar/2026:08:24:54 +0000] "GET /wp-admin/index.php HTTP/1.1" 302 524 "https://hvmbertogarza.com/wp-login.php" "Mozilla/5.0 (Windows NT 10.0; Win64; x64) AppleWebKit/537.36 (KHTML, like Gecko) Chrome/118.0.0.0 Safari/537.36"
143.198.220.252 - - [10/Mar/2026:08:24:55 +0000] "GET /wp-login.php?redirect_to=https%3A%2F%2Fhvmbertogarza.com%2Fwp-admin%2Findex.php&reauth=1 HTTP/1.1" 200 5796 "https://hvmbertogarza.com/wp-login.php" "Mozilla/5.0 (Windows NT 10.0; Win64; x64) AppleWebKit/537.36 (KHTML, like Gecko) Chrome/118.0.0.0 Safari/537.36"
45.86.202.205 - - [10/Mar/2026:08:24:56 +0000] "POST //xmlrpc.php HTTP/1.1" 200 3997 "-" "Mozilla/5.0 (Windows NT 10.0; Win64; x64) AppleWebKit/537.36 (KHTML, like Gecko) Chrome/95.0.4638.69 Safari/537.36"
143.198.220.252 - - [10/Mar/2026:08:24:57 +0000] "POST /wp-login.php HTTP/1.1" 200 3863 "https://hvmbertogarza.com/wp-login.php" "Mozilla/5.0 (Macintosh; Intel Mac OS X 10_15_7) AppleWebKit/537.36 (KHTML, like Gecko) Chrome/119.0.0.0 Safari/537.36"
45.86.202.192 - - [10/Mar/2026:08:24:57 +0000] "POST //xmlrpc.php HTTP/1.1" 200 3997 "-" "Mozilla/5.0 (Windows NT 10.0; Win64; x64) AppleWebKit/537.36 (KHTML, like Gecko) Chrome/95.0.4638.69 Safari/537.36"
74.208.176.140 - - [10/Mar/2026:08:25:00 +0000] "POST /wp-cron.php?doing_wp_cron=1773131100.0809290409088134765625 HTTP/1.1" 200 4101 "-" "WordPress/6.9.1; https://hvmbertogarza.com"
143.198.220.252 - - [10/Mar/2026:08:24:58 +0000] "GET /wp-admin/index.php HTTP/1.1" 302 524 "https://hvmbertogarza.com/wp-login.php" "Mozilla/5.0 (Macintosh; Intel Mac OS X 10_15_7) AppleWebKit/605.1.15 (KHTML, like Gecko) Version/17.0 Safari/605.1.15"
45.86.202.195 - - [10/Mar/2026:08:24:59 +0000] "POST //xmlrpc.php HTTP/1.1" 200 3997 "-" "Mozilla/5.0 (Windows NT 10.0; Win64; x64) AppleWebKit/537.36 (KHTML, like Gecko) Chrome/95.0.4638.69 Safari/537.36"
143.198.220.252 - - [10/Mar/2026:08:25:00 +0000] "GET /wp-login.php?redirect_to=https%3A%2F%2Fhvmbertogarza.com%2Fwp-admin%2Findex.php&reauth=1 HTTP/1.1" 200 5761 "https://hvmbertogarza.com/wp-login.php" "Mozilla/5.0 (Macintosh; Intel Mac OS X 10_15_7) AppleWebKit/605.1.15 (KHTML, like Gecko) Version/17.0 Safari/605.1.15"
45.86.202.165 - - [10/Mar/2026:08:25:01 +0000] "POST //xmlrpc.php HTTP/1.1" 200 3997 "-" "Mozilla/5.0 (Windows NT 10.0; Win64; x64) AppleWebKit/537.36 (KHTML, like Gecko) Chrome/95.0.4638.69 Safari/537.36"
143.198.220.252 - - [10/Mar/2026:08:25:03 +0000] "POST /wp-login.php HTTP/1.1" 200 7642 "https://hvmbertogarza.com/wp-login.php" "Mozilla/5.0 (Windows NT 10.0; Win64; x64) AppleWebKit/537.36 (KHTML, like Gecko) Chrome/120.0.0.0 Safari/537.36"
45.86.202.225 - - [10/Mar/2026:08:25:04 +0000] "POST //xmlrpc.php HTTP/1.1" 200 3997 "-" "Mozilla/5.0 (Windows NT 10.0; Win64; x64) AppleWebKit/537.36 (KHTML, like Gecko) Chrome/95.0.4638.69 Safari/537.36"
143.198.220.252 - - [10/Mar/2026:08:25:04 +0000] "GET /wp-admin/index.php HTTP/1.1" 302 525 "https://hvmbertogarza.com/wp-login.php" "Mozilla/5.0 (Macintosh; Intel Mac OS X 13_6_1; rv:120.0) Gecko/20100101 Firefox/120.0"
45.86.202.171 - - [10/Mar/2026:08:25:06 +0000] "POST //xmlrpc.php HTTP/1.1" 200 3997 "-" "Mozilla/5.0 (Windows NT 10.0; Win64; x64) AppleWebKit/537.36 (KHTML, like Gecko) Chrome/95.0.4638.69 Safari/537.36"
143.198.220.252 - - [10/Mar/2026:08:25:06 +0000] "GET /wp-login.php?redirect_to=https%3A%2F%2Fhvmbertogarza.com%2Fwp-admin%2Findex.php&reauth=1 HTTP/1.1" 200 5797 "https://hvmbertogarza.com/wp-login.php" "Mozilla/5.0 (Macintosh; Intel Mac OS X 13_6_1; rv:120.0) Gecko/20100101 Firefox/120.0"
45.86.202.183 - - [10/Mar/2026:08:25:08 +0000] "POST //xmlrpc.php HTTP/1.1" 200 3997 "-" "Mozilla/5.0 (Windows NT 10.0; Win64; x64) AppleWebKit/537.36 (KHTML, like Gecko) Chrome/95.0.4638.69 Safari/537.36"
143.198.220.252 - - [10/Mar/2026:08:25:08 +0000] "POST /wp-login.php HTTP/1.1" 200 3857 "https://hvmbertogarza.com/wp-login.php" "Mozilla/5.0 (Windows NT 11.0; Win64; x64; rv:121.0) Gecko/20100101 Firefox/121.0"
143.198.220.252 - - [10/Mar/2026:08:25:10 +0000] "GET /wp-admin/index.php HTTP/1.1" 302 525 "https://hvmbertogarza.com/wp-login.php" "Mozilla/5.0 (Windows NT 10.0; Win64; x64; rv:120.0) Gecko/20100101 Firefox/120.0"
45.86.202.202 - - [10/Mar/2026:08:25:10 +0000] "POST //xmlrpc.php HTTP/1.1" 200 3997 "-" "Mozilla/5.0 (Windows NT 10.0; Win64; x64) AppleWebKit/537.36 (KHTML, like Gecko) Chrome/95.0.4638.69 Safari/537.36"
143.198.220.252 - - [10/Mar/2026:08:25:12 +0000] "GET /wp-login.php?redirect_to=https%3A%2F%2Fhvmbertogarza.com%2Fwp-admin%2Findex.php&reauth=1 HTTP/1.1" 200 5797 "https://hvmbertogarza.com/wp-login.php" "Mozilla/5.0 (Windows NT 10.0; Win64; x64; rv:120.0) Gecko/20100101 Firefox/120.0"
45.86.202.158 - - [10/Mar/2026:08:25:12 +0000] "POST //xmlrpc.php HTTP/1.1" 200 3997 "-" "Mozilla/5.0 (Windows NT 10.0; Win64; x64) AppleWebKit/537.36 (KHTML, like Gecko) Chrome/95.0.4638.69 Safari/537.36"
143.198.220.252 - - [10/Mar/2026:08:25:14 +0000] "POST /wp-login.php HTTP/1.1" 200 3864 "https://hvmbertogarza.com/wp-login.php" "Mozilla/5.0 (Macintosh; Intel Mac OS X 13_6_1; rv:119.0) Gecko/20100101 Firefox/119.0"
45.86.202.191 - - [10/Mar/2026:08:25:15 +0000] "POST //xmlrpc.php HTTP/1.1" 200 3997 "-" "Mozilla/5.0 (Windows NT 10.0; Win64; x64) AppleWebKit/537.36 (KHTML, like Gecko) Chrome/95.0.4638.69 Safari/537.36"
143.198.220.252 - - [10/Mar/2026:08:25:15 +0000] "GET /wp-admin/index.php HTTP/1.1" 302 525 "https://hvmbertogarza.com/wp-login.php" "Mozilla/5.0 (Macintosh; Intel Mac OS X 13_6_1) AppleWebKit/537.36 (KHTML, like Gecko) Chrome/118.0.0.0 Safari/537.36"
45.86.202.225 - - [10/Mar/2026:08:25:17 +0000] "POST //xmlrpc.php HTTP/1.1" 200 3997 "-" "Mozilla/5.0 (Windows NT 10.0; Win64; x64) AppleWebKit/537.36 (KHTML, like Gecko) Chrome/95.0.4638.69 Safari/537.36"
143.198.220.252 - - [10/Mar/2026:08:25:17 +0000] "GET /wp-login.php?redirect_to=https%3A%2F%2Fhvmbertogarza.com%2Fwp-admin%2Findex.php&reauth=1 HTTP/1.1" 200 5797 "https://hvmbertogarza.com/wp-login.php" "Mozilla/5.0 (Macintosh; Intel Mac OS X 13_6_1) AppleWebKit/537.36 (KHTML, like Gecko) Chrome/118.0.0.0 Safari/537.36"
143.198.220.252 - - [10/Mar/2026:08:25:18 +0000] "POST /wp-login.php HTTP/1.1" 200 3857 "https://hvmbertogarza.com/wp-login.php" "Mozilla/5.0 (Macintosh; Intel Mac OS X 13_6_1) AppleWebKit/605.1.15 (KHTML, like Gecko) Version/17.1 Safari/605.1.15"
45.86.202.200 - - [10/Mar/2026:08:25:19 +0000] "POST //xmlrpc.php HTTP/1.1" 200 3997 "-" "Mozilla/5.0 (Windows NT 10.0; Win64; x64) AppleWebKit/537.36 (KHTML, like Gecko) Chrome/95.0.4638.69 Safari/537.36"
142.44.233.0 - - [10/Mar/2026:08:25:19 +0000] "GET /shop/liveliness/saufly013025892831.html HTTP/1.1" 404 83426 "-" "Mozilla/5.0 (compatible; AhrefsBot/7.0; +http://ahrefs.com/robot/)"
74.208.176.140 - - [10/Mar/2026:08:25:22 +0000] "POST /wp-cron.php?doing_wp_cron=1773131121.9832930564880371093750 HTTP/1.1" 200 4101 "-" "WordPress/6.9.1; https://hvmbertogarza.com"
143.198.220.252 - - [10/Mar/2026:08:25:20 +0000] "GET /wp-admin/index.php HTTP/1.1" 302 525 "https://hvmbertogarza.com/wp-login.php" "Mozilla/5.0 (X11; Ubuntu; Linux x86_64) AppleWebKit/537.36 (KHTML, like Gecko) Chrome/118.0.0.0 Safari/537.36"
45.86.202.165 - - [10/Mar/2026:08:25:21 +0000] "POST //xmlrpc.php HTTP/1.1" 200 3997 "-" "Mozilla/5.0 (Windows NT 10.0; Win64; x64) AppleWebKit/537.36 (KHTML, like Gecko) Chrome/95.0.4638.69 Safari/537.36"
143.198.220.252 - - [10/Mar/2026:08:25:22 +0000] "GET /wp-login.php?redirect_to=https%3A%2F%2Fhvmbertogarza.com%2Fwp-admin%2Findex.php&reauth=1 HTTP/1.1" 200 5797 "https://hvmbertogarza.com/wp-login.php" "Mozilla/5.0 (X11; Ubuntu; Linux x86_64) AppleWebKit/537.36 (KHTML, like Gecko) Chrome/118.0.0.0 Safari/537.36"
45.86.202.197 - - [10/Mar/2026:08:25:23 +0000] "POST //xmlrpc.php HTTP/1.1" 200 3997 "-" "Mozilla/5.0 (Windows NT 10.0; Win64; x64) AppleWebKit/537.36 (KHTML, like Gecko) Chrome/95.0.4638.69 Safari/537.36"
143.198.220.252 - - [10/Mar/2026:08:25:23 +0000] "POST /wp-login.php HTTP/1.1" 200 3857 "https://hvmbertogarza.com/wp-login.php" "Mozilla/5.0 (X11; Ubuntu; Linux x86_64) AppleWebKit/537.36 (KHTML, like Gecko) Chrome/120.0.0.0 Safari/537.36"
45.86.202.160 - - [10/Mar/2026:08:25:25 +0000] "POST //xmlrpc.php HTTP/1.1" 200 3997 "-" "Mozilla/5.0 (Windows NT 10.0; Win64; x64) AppleWebKit/537.36 (KHTML, like Gecko) Chrome/95.0.4638.69 Safari/537.36"
143.198.220.252 - - [10/Mar/2026:08:25:25 +0000] "GET /wp-admin/index.php HTTP/1.1" 302 525 "https://hvmbertogarza.com/wp-login.php" "Mozilla/5.0 (Macintosh; Intel Mac OS X 10_15_7) AppleWebKit/537.36 (KHTML, like Gecko) Chrome/119.0.0.0 Safari/537.36"
143.198.220.252 - - [10/Mar/2026:08:25:27 +0000] "GET /wp-login.php?redirect_to=https%3A%2F%2Fhvmbertogarza.com%2Fwp-admin%2Findex.php&reauth=1 HTTP/1.1" 200 5797 "https://hvmbertogarza.com/wp-login.php" "Mozilla/5.0 (Macintosh; Intel Mac OS X 10_15_7) AppleWebKit/537.36 (KHTML, like Gecko) Chrome/119.0.0.0 Safari/537.36"
45.86.202.182 - - [10/Mar/2026:08:25:26 +0000] "POST //xmlrpc.php HTTP/1.1" 200 3997 "-" "Mozilla/5.0 (Windows NT 10.0; Win64; x64) AppleWebKit/537.36 (KHTML, like Gecko) Chrome/95.0.4638.69 Safari/537.36"
143.198.220.252 - - [10/Mar/2026:08:25:28 +0000] "POST /wp-login.php HTTP/1.1" 200 3864 "https://hvmbertogarza.com/wp-login.php" "Mozilla/5.0 (Windows NT 11.0; Win64; x64; rv:120.0) Gecko/20100101 Firefox/120.0"
45.86.202.176 - - [10/Mar/2026:08:25:28 +0000] "POST //xmlrpc.php HTTP/1.1" 200 3997 "-" "Mozilla/5.0 (Windows NT 10.0; Win64; x64) AppleWebKit/537.36 (KHTML, like Gecko) Chrome/95.0.4638.69 Safari/537.36"
143.198.220.252 - - [10/Mar/2026:08:25:29 +0000] "GET /wp-admin/index.php HTTP/1.1" 302 525 "https://hvmbertogarza.com/wp-login.php" "Mozilla/5.0 (Macintosh; Intel Mac OS X 13_6_1) AppleWebKit/605.1.15 (KHTML, like Gecko) Version/16.6 Safari/605.1.15"
45.86.202.170 - - [10/Mar/2026:08:25:30 +0000] "POST //xmlrpc.php HTTP/1.1" 200 3997 "-" "Mozilla/5.0 (Windows NT 10.0; Win64; x64) AppleWebKit/537.36 (KHTML, like Gecko) Chrome/95.0.4638.69 Safari/537.36"
143.198.220.252 - - [10/Mar/2026:08:25:31 +0000] "GET /wp-login.php?redirect_to=https%3A%2F%2Fhvmbertogarza.com%2Fwp-admin%2Findex.php&reauth=1 HTTP/1.1" 200 5797 "https://hvmbertogarza.com/wp-login.php" "Mozilla/5.0 (Macintosh; Intel Mac OS X 13_6_1) AppleWebKit/605.1.15 (KHTML, like Gecko) Version/16.6 Safari/605.1.15"
45.86.202.165 - - [10/Mar/2026:08:25:32 +0000] "POST //xmlrpc.php HTTP/1.1" 200 3997 "-" "Mozilla/5.0 (Windows NT 10.0; Win64; x64) AppleWebKit/537.36 (KHTML, like Gecko) Chrome/95.0.4638.69 Safari/537.36"
143.198.220.252 - - [10/Mar/2026:08:25:32 +0000] "POST /wp-login.php HTTP/1.1" 200 3857 "https://hvmbertogarza.com/wp-login.php" "Mozilla/5.0 (Windows NT 11.0; Win64; x64) AppleWebKit/537.36 (KHTML, like Gecko) Chrome/120.0.0.0 Safari/537.36"
45.86.202.160 - - [10/Mar/2026:08:25:33 +0000] "POST //xmlrpc.php HTTP/1.1" 200 3997 "-" "Mozilla/5.0 (Windows NT 10.0; Win64; x64) AppleWebKit/537.36 (KHTML, like Gecko) Chrome/95.0.4638.69 Safari/537.36"
143.198.220.252 - - [10/Mar/2026:08:25:34 +0000] "GET /wp-admin/index.php HTTP/1.1" 302 525 "https://hvmbertogarza.com/wp-login.php" "Mozilla/5.0 (Windows NT 10.0; Win64; x64; rv:121.0) Gecko/20100101 Firefox/121.0"
45.86.202.204 - - [10/Mar/2026:08:25:35 +0000] "POST //xmlrpc.php HTTP/1.1" 200 3997 "-" "Mozilla/5.0 (Windows NT 10.0; Win64; x64) AppleWebKit/537.36 (KHTML, like Gecko) Chrome/95.0.4638.69 Safari/537.36"
143.198.220.252 - - [10/Mar/2026:08:25:35 +0000] "GET /wp-login.php?redirect_to=https%3A%2F%2Fhvmbertogarza.com%2Fwp-admin%2Findex.php&reauth=1 HTTP/1.1" 200 5797 "https://hvmbertogarza.com/wp-login.php" "Mozilla/5.0 (Windows NT 10.0; Win64; x64; rv:121.0) Gecko/20100101 Firefox/121.0"
45.86.202.186 - - [10/Mar/2026:08:25:37 +0000] "POST //xmlrpc.php HTTP/1.1" 200 3997 "-" "Mozilla/5.0 (Windows NT 10.0; Win64; x64) AppleWebKit/537.36 (KHTML, like Gecko) Chrome/95.0.4638.69 Safari/537.36"
143.198.220.252 - - [10/Mar/2026:08:25:37 +0000] "POST /wp-login.php HTTP/1.1" 200 3864 "https://hvmbertogarza.com/wp-login.php" "Mozilla/5.0 (Windows NT 10.0; Win64; x64) AppleWebKit/537.36 (KHTML, like Gecko) Chrome/118.0.0.0 Safari/537.36"
143.198.220.252 - - [10/Mar/2026:08:25:39 +0000] "GET /wp-admin/index.php HTTP/1.1" 302 525 "https://hvmbertogarza.com/wp-login.php" "Mozilla/5.0 (Windows NT 10.0; Win64; x64; rv:118.0) Gecko/20100101 Firefox/118.0"
45.86.202.167 - - [10/Mar/2026:08:25:39 +0000] "POST //xmlrpc.php HTTP/1.1" 200 3997 "-" "Mozilla/5.0 (Windows NT 10.0; Win64; x64) AppleWebKit/537.36 (KHTML, like Gecko) Chrome/95.0.4638.69 Safari/537.36"
143.198.220.252 - - [10/Mar/2026:08:25:40 +0000] "GET /wp-login.php?redirect_to=https%3A%2F%2Fhvmbertogarza.com%2Fwp-admin%2Findex.php&reauth=1 HTTP/1.1" 200 5797 "https://hvmbertogarza.com/wp-login.php" "Mozilla/5.0 (Windows NT 10.0; Win64; x64; rv:118.0) Gecko/20100101 Firefox/118.0"
45.86.202.188 - - [10/Mar/2026:08:25:41 +0000] "POST //xmlrpc.php HTTP/1.1" 200 3997 "-" "Mozilla/5.0 (Windows NT 10.0; Win64; x64) AppleWebKit/537.36 (KHTML, like Gecko) Chrome/95.0.4638.69 Safari/537.36"
74.208.176.140 - - [10/Mar/2026:08:25:43 +0000] "POST /wp-cron.php?doing_wp_cron=1773131143.0071740150451660156250 HTTP/1.1" 200 4101 "-" "WordPress/6.9.1; https://hvmbertogarza.com"
143.198.220.252 - - [10/Mar/2026:08:25:41 +0000] "POST /wp-login.php HTTP/1.1" 200 3855 "https://hvmbertogarza.com/wp-login.php" "Mozilla/5.0 (X11; Ubuntu; Linux x86_64) AppleWebKit/537.36 (KHTML, like Gecko) Chrome/119.0.0.0 Safari/537.36"
143.198.220.252 - - [10/Mar/2026:08:25:43 +0000] "GET /wp-admin/index.php HTTP/1.1" 302 525 "https://hvmbertogarza.com/wp-login.php" "Mozilla/5.0 (Windows NT 10.0; Win64; x64; rv:119.0) Gecko/20100101 Firefox/119.0"
45.86.202.194 - - [10/Mar/2026:08:25:43 +0000] "POST //xmlrpc.php HTTP/1.1" 200 3997 "-" "Mozilla/5.0 (Windows NT 10.0; Win64; x64) AppleWebKit/537.36 (KHTML, like Gecko) Chrome/95.0.4638.69 Safari/537.36"
143.198.220.252 - - [10/Mar/2026:08:25:44 +0000] "GET /wp-login.php?redirect_to=https%3A%2F%2Fhvmbertogarza.com%2Fwp-admin%2Findex.php&reauth=1 HTTP/1.1" 200 5797 "https://hvmbertogarza.com/wp-login.php" "Mozilla/5.0 (Windows NT 10.0; Win64; x64; rv:119.0) Gecko/20100101 Firefox/119.0"
45.86.202.196 - - [10/Mar/2026:08:25:45 +0000] "POST //xmlrpc.php HTTP/1.1" 200 3997 "-" "Mozilla/5.0 (Windows NT 10.0; Win64; x64) AppleWebKit/537.36 (KHTML, like Gecko) Chrome/95.0.4638.69 Safari/537.36"
