45.86.202.168 - - [10/Mar/2026:09:08:25 +0000] "POST //xmlrpc.php HTTP/1.1" 200 3997 "-" "Mozilla/5.0 (Windows NT 10.0; Win64; x64) AppleWebKit/537.36 (KHTML, like Gecko) Chrome/95.0.4638.69 Safari/537.36"
45.86.202.190 - - [10/Mar/2026:09:08:27 +0000] "POST //xmlrpc.php HTTP/1.1" 200 3997 "-" "Mozilla/5.0 (Windows NT 10.0; Win64; x64) AppleWebKit/537.36 (KHTML, like Gecko) Chrome/95.0.4638.69 Safari/537.36"
45.86.202.189 - - [10/Mar/2026:09:08:29 +0000] "POST //xmlrpc.php HTTP/1.1" 200 3997 "-" "Mozilla/5.0 (Windows NT 10.0; Win64; x64) AppleWebKit/537.36 (KHTML, like Gecko) Chrome/95.0.4638.69 Safari/537.36"
45.86.202.187 - - [10/Mar/2026:09:08:31 +0000] "POST //xmlrpc.php HTTP/1.1" 200 3997 "-" "Mozilla/5.0 (Windows NT 10.0; Win64; x64) AppleWebKit/537.36 (KHTML, like Gecko) Chrome/95.0.4638.69 Safari/537.36"
45.86.202.186 - - [10/Mar/2026:09:08:33 +0000] "POST //xmlrpc.php HTTP/1.1" 200 3997 "-" "Mozilla/5.0 (Windows NT 10.0; Win64; x64) AppleWebKit/537.36 (KHTML, like Gecko) Chrome/95.0.4638.69 Safari/537.36"
45.86.202.182 - - [10/Mar/2026:09:08:35 +0000] "POST //xmlrpc.php HTTP/1.1" 200 3997 "-" "Mozilla/5.0 (Windows NT 10.0; Win64; x64) AppleWebKit/537.36 (KHTML, like Gecko) Chrome/95.0.4638.69 Safari/537.36"
45.86.202.191 - - [10/Mar/2026:09:08:37 +0000] "POST //xmlrpc.php HTTP/1.1" 200 3997 "-" "Mozilla/5.0 (Windows NT 10.0; Win64; x64) AppleWebKit/537.36 (KHTML, like Gecko) Chrome/95.0.4638.69 Safari/537.36"
45.86.202.198 - - [10/Mar/2026:09:08:39 +0000] "POST //xmlrpc.php HTTP/1.1" 200 3997 "-" "Mozilla/5.0 (Windows NT 10.0; Win64; x64) AppleWebKit/537.36 (KHTML, like Gecko) Chrome/95.0.4638.69 Safari/537.36"
45.86.202.187 - - [10/Mar/2026:09:08:41 +0000] "POST //xmlrpc.php HTTP/1.1" 200 3997 "-" "Mozilla/5.0 (Windows NT 10.0; Win64; x64) AppleWebKit/537.36 (KHTML, like Gecko) Chrome/95.0.4638.69 Safari/537.36"
45.86.202.181 - - [10/Mar/2026:09:08:42 +0000] "POST //xmlrpc.php HTTP/1.1" 200 3997 "-" "Mozilla/5.0 (Windows NT 10.0; Win64; x64) AppleWebKit/537.36 (KHTML, like Gecko) Chrome/95.0.4638.69 Safari/537.36"
45.86.202.156 - - [10/Mar/2026:09:08:44 +0000] "POST //xmlrpc.php HTTP/1.1" 200 3997 "-" "Mozilla/5.0 (Windows NT 10.0; Win64; x64) AppleWebKit/537.36 (KHTML, like Gecko) Chrome/95.0.4638.69 Safari/537.36"
51.222.168.74 - - [10/Mar/2026:09:08:45 +0000] "GET /shop/credendum/iciness013020091928.html HTTP/1.1" 404 142794 "-" "Mozilla/5.0 (compatible; AhrefsBot/7.0; +http://ahrefs.com/robot/)"
45.86.202.178 - - [10/Mar/2026:09:08:46 +0000] "POST //xmlrpc.php HTTP/1.1" 200 3997 "-" "Mozilla/5.0 (Windows NT 10.0; Win64; x64) AppleWebKit/537.36 (KHTML, like Gecko) Chrome/95.0.4638.69 Safari/537.36"
45.86.202.192 - - [10/Mar/2026:09:08:48 +0000] "POST //xmlrpc.php HTTP/1.1" 200 3997 "-" "Mozilla/5.0 (Windows NT 10.0; Win64; x64) AppleWebKit/537.36 (KHTML, like Gecko) Chrome/95.0.4638.69 Safari/537.36"
74.208.176.140 - - [10/Mar/2026:09:08:51 +0000] "POST /wp-cron.php?doing_wp_cron=1773133731.5827639102935791015625 HTTP/1.1" 200 4101 "-" "WordPress/6.9.1; https://hvmbertogarza.com"
45.86.202.180 - - [10/Mar/2026:09:08:50 +0000] "POST //xmlrpc.php HTTP/1.1" 200 3997 "-" "Mozilla/5.0 (Windows NT 10.0; Win64; x64) AppleWebKit/537.36 (KHTML, like Gecko) Chrome/95.0.4638.69 Safari/537.36"
45.86.202.193 - - [10/Mar/2026:09:08:52 +0000] "POST //xmlrpc.php HTTP/1.1" 200 3997 "-" "Mozilla/5.0 (Windows NT 10.0; Win64; x64) AppleWebKit/537.36 (KHTML, like Gecko) Chrome/95.0.4638.69 Safari/537.36"
45.86.202.163 - - [10/Mar/2026:09:08:54 +0000] "POST //xmlrpc.php HTTP/1.1" 200 3997 "-" "Mozilla/5.0 (Windows NT 10.0; Win64; x64) AppleWebKit/537.36 (KHTML, like Gecko) Chrome/95.0.4638.69 Safari/537.36"
52.167.144.211 - - [10/Mar/2026:09:08:55 +0000] "GET /txag-25781vetidm38p HTTP/1.1" 200 33771 "-" "Mozilla/5.0 AppleWebKit/537.36 (KHTML, like Gecko; compatible; bingbot/2.0; +http://www.bing.com/bingbot.htm) Chrome/116.0.1938.76 Safari/537.36"
45.86.202.192 - - [10/Mar/2026:09:08:55 +0000] "POST //xmlrpc.php HTTP/1.1" 200 3997 "-" "Mozilla/5.0 (Windows NT 10.0; Win64; x64) AppleWebKit/537.36 (KHTML, like Gecko) Chrome/95.0.4638.69 Safari/537.36"
45.86.202.160 - - [10/Mar/2026:09:08:57 +0000] "POST //xmlrpc.php HTTP/1.1" 200 3997 "-" "Mozilla/5.0 (Windows NT 10.0; Win64; x64) AppleWebKit/537.36 (KHTML, like Gecko) Chrome/95.0.4638.69 Safari/537.36"
74.208.176.140 - - [10/Mar/2026:09:09:00 +0000] "POST /wp-cron.php?doing_wp_cron=1773133740.3207139968872070312500 HTTP/1.1" 200 4101 "-" "WordPress/6.9.1; https://hvmbertogarza.com"
45.86.202.182 - - [10/Mar/2026:09:08:59 +0000] "POST //xmlrpc.php HTTP/1.1" 200 3997 "-" "Mozilla/5.0 (Windows NT 10.0; Win64; x64) AppleWebKit/537.36 (KHTML, like Gecko) Chrome/95.0.4638.69 Safari/537.36"
45.86.202.169 - - [10/Mar/2026:09:09:01 +0000] "POST //xmlrpc.php HTTP/1.1" 200 3997 "-" "Mozilla/5.0 (Windows NT 10.0; Win64; x64) AppleWebKit/537.36 (KHTML, like Gecko) Chrome/95.0.4638.69 Safari/537.36"
45.86.202.185 - - [10/Mar/2026:09:09:03 +0000] "POST //xmlrpc.php HTTP/1.1" 200 3997 "-" "Mozilla/5.0 (Windows NT 10.0; Win64; x64) AppleWebKit/537.36 (KHTML, like Gecko) Chrome/95.0.4638.69 Safari/537.36"
43.130.47.33 - - [10/Mar/2026:09:09:04 +0000] "GET / HTTP/1.1" 301 4024 "http://www.hvmbertogarza.com" "Mozilla/5.0 (iPhone; CPU iPhone OS 13_2_3 like Mac OS X) AppleWebKit/605.1.15 (KHTML, like Gecko) Version/13.0.3 Mobile/15E148 Safari/604.1"
45.86.202.178 - - [10/Mar/2026:09:09:05 +0000] "POST //xmlrpc.php HTTP/1.1" 200 3997 "-" "Mozilla/5.0 (Windows NT 10.0; Win64; x64) AppleWebKit/537.36 (KHTML, like Gecko) Chrome/95.0.4638.69 Safari/537.36"
45.86.202.225 - - [10/Mar/2026:09:09:07 +0000] "POST //xmlrpc.php HTTP/1.1" 200 3997 "-" "Mozilla/5.0 (Windows NT 10.0; Win64; x64) AppleWebKit/537.36 (KHTML, like Gecko) Chrome/95.0.4638.69 Safari/537.36"
43.130.47.33 - - [10/Mar/2026:09:09:06 +0000] "GET / HTTP/1.1" 200 54435 "https://www.hvmbertogarza.com/" "Mozilla/5.0 (iPhone; CPU iPhone OS 13_2_3 like Mac OS X) AppleWebKit/605.1.15 (KHTML, like Gecko) Version/13.0.3 Mobile/15E148 Safari/604.1"
45.86.202.180 - - [10/Mar/2026:09:09:09 +0000] "POST //xmlrpc.php HTTP/1.1" 200 3997 "-" "Mozilla/5.0 (Windows NT 10.0; Win64; x64) AppleWebKit/537.36 (KHTML, like Gecko) Chrome/95.0.4638.69 Safari/537.36"
45.86.202.189 - - [10/Mar/2026:09:09:11 +0000] "POST //xmlrpc.php HTTP/1.1" 200 3997 "-" "Mozilla/5.0 (Windows NT 10.0; Win64; x64) AppleWebKit/537.36 (KHTML, like Gecko) Chrome/95.0.4638.69 Safari/537.36"
45.86.202.198 - - [10/Mar/2026:09:09:13 +0000] "POST //xmlrpc.php HTTP/1.1" 200 3997 "-" "Mozilla/5.0 (Windows NT 10.0; Win64; x64) AppleWebKit/537.36 (KHTML, like Gecko) Chrome/95.0.4638.69 Safari/537.36"
45.86.202.169 - - [10/Mar/2026:09:09:15 +0000] "POST //xmlrpc.php HTTP/1.1" 200 3997 "-" "Mozilla/5.0 (Windows NT 10.0; Win64; x64) AppleWebKit/537.36 (KHTML, like Gecko) Chrome/95.0.4638.69 Safari/537.36"
45.86.202.193 - - [10/Mar/2026:09:09:18 +0000] "POST //xmlrpc.php HTTP/1.1" 200 3997 "-" "Mozilla/5.0 (Windows NT 10.0; Win64; x64) AppleWebKit/537.36 (KHTML, like Gecko) Chrome/95.0.4638.69 Safari/537.36"
74.208.176.140 - - [10/Mar/2026:09:09:22 +0000] "POST /wp-cron.php?doing_wp_cron=1773133762.4497818946838378906250 HTTP/1.1" 200 4101 "-" "WordPress/6.9.1; https://hvmbertogarza.com"
45.86.202.202 - - [10/Mar/2026:09:09:20 +0000] "POST //xmlrpc.php HTTP/1.1" 200 3997 "-" "Mozilla/5.0 (Windows NT 10.0; Win64; x64) AppleWebKit/537.36 (KHTML, like Gecko) Chrome/95.0.4638.69 Safari/537.36"
45.86.202.158 - - [10/Mar/2026:09:09:23 +0000] "POST //xmlrpc.php HTTP/1.1" 200 3997 "-" "Mozilla/5.0 (Windows NT 10.0; Win64; x64) AppleWebKit/537.36 (KHTML, like Gecko) Chrome/95.0.4638.69 Safari/537.36"
45.86.202.167 - - [10/Mar/2026:09:09:24 +0000] "POST //xmlrpc.php HTTP/1.1" 200 3997 "-" "Mozilla/5.0 (Windows NT 10.0; Win64; x64) AppleWebKit/537.36 (KHTML, like Gecko) Chrome/95.0.4638.69 Safari/537.36"
45.86.202.173 - - [10/Mar/2026:09:09:27 +0000] "POST //xmlrpc.php HTTP/1.1" 200 3997 "-" "Mozilla/5.0 (Windows NT 10.0; Win64; x64) AppleWebKit/537.36 (KHTML, like Gecko) Chrome/95.0.4638.69 Safari/537.36"
45.86.202.182 - - [10/Mar/2026:09:09:29 +0000] "POST //xmlrpc.php HTTP/1.1" 200 3997 "-" "Mozilla/5.0 (Windows NT 10.0; Win64; x64) AppleWebKit/537.36 (KHTML, like Gecko) Chrome/95.0.4638.69 Safari/537.36"
45.86.202.158 - - [10/Mar/2026:09:09:30 +0000] "POST //xmlrpc.php HTTP/1.1" 200 3997 "-" "Mozilla/5.0 (Windows NT 10.0; Win64; x64) AppleWebKit/537.36 (KHTML, like Gecko) Chrome/95.0.4638.69 Safari/537.36"
45.86.202.204 - - [10/Mar/2026:09:09:32 +0000] "POST //xmlrpc.php HTTP/1.1" 200 3997 "-" "Mozilla/5.0 (Windows NT 10.0; Win64; x64) AppleWebKit/537.36 (KHTML, like Gecko) Chrome/95.0.4638.69 Safari/537.36"
45.86.202.162 - - [10/Mar/2026:09:09:34 +0000] "POST //xmlrpc.php HTTP/1.1" 200 3997 "-" "Mozilla/5.0 (Windows NT 10.0; Win64; x64) AppleWebKit/537.36 (KHTML, like Gecko) Chrome/95.0.4638.69 Safari/537.36"
45.86.202.193 - - [10/Mar/2026:09:09:36 +0000] "POST //xmlrpc.php HTTP/1.1" 200 3997 "-" "Mozilla/5.0 (Windows NT 10.0; Win64; x64) AppleWebKit/537.36 (KHTML, like Gecko) Chrome/95.0.4638.69 Safari/537.36"
45.86.202.171 - - [10/Mar/2026:09:09:38 +0000] "POST //xmlrpc.php HTTP/1.1" 200 3997 "-" "Mozilla/5.0 (Windows NT 10.0; Win64; x64) AppleWebKit/537.36 (KHTML, like Gecko) Chrome/95.0.4638.69 Safari/537.36"
45.86.202.199 - - [10/Mar/2026:09:09:40 +0000] "POST //xmlrpc.php HTTP/1.1" 200 3997 "-" "Mozilla/5.0 (Windows NT 10.0; Win64; x64) AppleWebKit/537.36 (KHTML, like Gecko) Chrome/95.0.4638.69 Safari/537.36"
45.86.202.177 - - [10/Mar/2026:09:09:42 +0000] "POST //xmlrpc.php HTTP/1.1" 200 3997 "-" "Mozilla/5.0 (Windows NT 10.0; Win64; x64) AppleWebKit/537.36 (KHTML, like Gecko) Chrome/95.0.4638.69 Safari/537.36"
45.86.202.163 - - [10/Mar/2026:09:09:43 +0000] "POST //xmlrpc.php HTTP/1.1" 200 3997 "-" "Mozilla/5.0 (Windows NT 10.0; Win64; x64) AppleWebKit/537.36 (KHTML, like Gecko) Chrome/95.0.4638.69 Safari/537.36"
45.86.202.204 - - [10/Mar/2026:09:09:45 +0000] "POST //xmlrpc.php HTTP/1.1" 200 3997 "-" "Mozilla/5.0 (Windows NT 10.0; Win64; x64) AppleWebKit/537.36 (KHTML, like Gecko) Chrome/95.0.4638.69 Safari/537.36"
45.86.202.197 - - [10/Mar/2026:09:09:47 +0000] "POST //xmlrpc.php HTTP/1.1" 200 3997 "-" "Mozilla/5.0 (Windows NT 10.0; Win64; x64) AppleWebKit/537.36 (KHTML, like Gecko) Chrome/95.0.4638.69 Safari/537.36"
45.86.202.188 - - [10/Mar/2026:09:09:49 +0000] "POST //xmlrpc.php HTTP/1.1" 200 3997 "-" "Mozilla/5.0 (Windows NT 10.0; Win64; x64) AppleWebKit/537.36 (KHTML, like Gecko) Chrome/95.0.4638.69 Safari/537.36"
74.208.176.140 - - [10/Mar/2026:09:09:52 +0000] "POST /wp-cron.php?doing_wp_cron=1773133792.2757420539855957031250 HTTP/1.1" 200 4101 "-" "WordPress/6.9.1; https://hvmbertogarza.com"
45.86.202.172 - - [10/Mar/2026:09:09:51 +0000] "POST //xmlrpc.php HTTP/1.1" 200 3997 "-" "Mozilla/5.0 (Windows NT 10.0; Win64; x64) AppleWebKit/537.36 (KHTML, like Gecko) Chrome/95.0.4638.69 Safari/537.36"
45.86.202.170 - - [10/Mar/2026:09:09:52 +0000] "POST //xmlrpc.php HTTP/1.1" 200 3997 "-" "Mozilla/5.0 (Windows NT 10.0; Win64; x64) AppleWebKit/537.36 (KHTML, like Gecko) Chrome/95.0.4638.69 Safari/537.36"
45.86.202.156 - - [10/Mar/2026:09:09:54 +0000] "POST //xmlrpc.php HTTP/1.1" 200 3997 "-" "Mozilla/5.0 (Windows NT 10.0; Win64; x64) AppleWebKit/537.36 (KHTML, like Gecko) Chrome/95.0.4638.69 Safari/537.36"
45.86.202.183 - - [10/Mar/2026:09:09:56 +0000] "POST //xmlrpc.php HTTP/1.1" 200 3997 "-" "Mozilla/5.0 (Windows NT 10.0; Win64; x64) AppleWebKit/537.36 (KHTML, like Gecko) Chrome/95.0.4638.69 Safari/537.36"
45.86.202.183 - - [10/Mar/2026:09:09:58 +0000] "POST //xmlrpc.php HTTP/1.1" 200 3997 "-" "Mozilla/5.0 (Windows NT 10.0; Win64; x64) AppleWebKit/537.36 (KHTML, like Gecko) Chrome/95.0.4638.69 Safari/537.36"
45.86.202.168 - - [10/Mar/2026:09:10:00 +0000] "POST //xmlrpc.php HTTP/1.1" 200 3997 "-" "Mozilla/5.0 (Windows NT 10.0; Win64; x64) AppleWebKit/537.36 (KHTML, like Gecko) Chrome/95.0.4638.69 Safari/537.36"
45.86.202.202 - - [10/Mar/2026:09:10:02 +0000] "POST //xmlrpc.php HTTP/1.1" 200 3997 "-" "Mozilla/5.0 (Windows NT 10.0; Win64; x64) AppleWebKit/537.36 (KHTML, like Gecko) Chrome/95.0.4638.69 Safari/537.36"
45.86.202.177 - - [10/Mar/2026:09:10:05 +0000] "POST //xmlrpc.php HTTP/1.1" 200 3997 "-" "Mozilla/5.0 (Windows NT 10.0; Win64; x64) AppleWebKit/537.36 (KHTML, like Gecko) Chrome/95.0.4638.69 Safari/537.36"
45.86.202.193 - - [10/Mar/2026:09:10:07 +0000] "POST //xmlrpc.php HTTP/1.1" 200 3997 "-" "Mozilla/5.0 (Windows NT 10.0; Win64; x64) AppleWebKit/537.36 (KHTML, like Gecko) Chrome/95.0.4638.69 Safari/537.36"
45.86.202.169 - - [10/Mar/2026:09:10:09 +0000] "POST //xmlrpc.php HTTP/1.1" 200 3997 "-" "Mozilla/5.0 (Windows NT 10.0; Win64; x64) AppleWebKit/537.36 (KHTML, like Gecko) Chrome/95.0.4638.69 Safari/537.36"
45.86.202.178 - - [10/Mar/2026:09:10:11 +0000] "POST //xmlrpc.php HTTP/1.1" 200 3997 "-" "Mozilla/5.0 (Windows NT 10.0; Win64; x64) AppleWebKit/537.36 (KHTML, like Gecko) Chrome/95.0.4638.69 Safari/537.36"
45.86.202.177 - - [10/Mar/2026:09:10:13 +0000] "POST //xmlrpc.php HTTP/1.1" 200 3997 "-" "Mozilla/5.0 (Windows NT 10.0; Win64; x64) AppleWebKit/537.36 (KHTML, like Gecko) Chrome/95.0.4638.69 Safari/537.36"
45.86.202.204 - - [10/Mar/2026:09:10:15 +0000] "POST //xmlrpc.php HTTP/1.1" 200 3997 "-" "Mozilla/5.0 (Windows NT 10.0; Win64; x64) AppleWebKit/537.36 (KHTML, like Gecko) Chrome/95.0.4638.69 Safari/537.36"
45.86.202.196 - - [10/Mar/2026:09:10:17 +0000] "POST //xmlrpc.php HTTP/1.1" 200 3997 "-" "Mozilla/5.0 (Windows NT 10.0; Win64; x64) AppleWebKit/537.36 (KHTML, like Gecko) Chrome/95.0.4638.69 Safari/537.36"
142.44.220.240 - - [10/Mar/2026:09:10:16 +0000] "GET /shop/cracknel/labiatae011765219585.html HTTP/1.1" 404 142794 "-" "Mozilla/5.0 (compatible; AhrefsBot/7.0; +http://ahrefs.com/robot/)"
45.86.202.170 - - [10/Mar/2026:09:10:18 +0000] "POST //xmlrpc.php HTTP/1.1" 200 3997 "-" "Mozilla/5.0 (Windows NT 10.0; Win64; x64) AppleWebKit/537.36 (KHTML, like Gecko) Chrome/95.0.4638.69 Safari/537.36"
74.208.176.140 - - [10/Mar/2026:09:10:22 +0000] "POST /wp-cron.php?doing_wp_cron=1773133822.0207779407501220703125 HTTP/1.1" 200 4101 "-" "WordPress/6.9.1; https://hvmbertogarza.com"
45.86.202.168 - - [10/Mar/2026:09:10:20 +0000] "POST //xmlrpc.php HTTP/1.1" 200 3997 "-" "Mozilla/5.0 (Windows NT 10.0; Win64; x64) AppleWebKit/537.36 (KHTML, like Gecko) Chrome/95.0.4638.69 Safari/537.36"
45.86.202.163 - - [10/Mar/2026:09:10:22 +0000] "POST //xmlrpc.php HTTP/1.1" 200 3997 "-" "Mozilla/5.0 (Windows NT 10.0; Win64; x64) AppleWebKit/537.36 (KHTML, like Gecko) Chrome/95.0.4638.69 Safari/537.36"
45.86.202.173 - - [10/Mar/2026:09:10:24 +0000] "POST //xmlrpc.php HTTP/1.1" 200 3997 "-" "Mozilla/5.0 (Windows NT 10.0; Win64; x64) AppleWebKit/537.36 (KHTML, like Gecko) Chrome/95.0.4638.69 Safari/537.36"
45.86.202.179 - - [10/Mar/2026:09:10:27 +0000] "POST //xmlrpc.php HTTP/1.1" 200 3997 "-" "Mozilla/5.0 (Windows NT 10.0; Win64; x64) AppleWebKit/537.36 (KHTML, like Gecko) Chrome/95.0.4638.69 Safari/537.36"
45.86.202.186 - - [10/Mar/2026:09:10:29 +0000] "POST //xmlrpc.php HTTP/1.1" 200 3997 "-" "Mozilla/5.0 (Windows NT 10.0; Win64; x64) AppleWebKit/537.36 (KHTML, like Gecko) Chrome/95.0.4638.69 Safari/537.36"
160.250.186.93 - - [10/Mar/2026:09:10:28 +0000] "GET / HTTP/1.1" 200 54504 "-" "Mozilla/5.0 (Macintosh; Intel Mac OS X 12_5) AppleWebKit/537.36 (KHTML, like Gecko) Chrome/114.0.0.0 Safari/537.36 Edg/114.0.1264.71"
45.86.202.203 - - [10/Mar/2026:09:10:31 +0000] "POST //xmlrpc.php HTTP/1.1" 200 3997 "-" "Mozilla/5.0 (Windows NT 10.0; Win64; x64) AppleWebKit/537.36 (KHTML, like Gecko) Chrome/95.0.4638.69 Safari/537.36"
45.86.202.200 - - [10/Mar/2026:09:10:33 +0000] "POST //xmlrpc.php HTTP/1.1" 200 3997 "-" "Mozilla/5.0 (Windows NT 10.0; Win64; x64) AppleWebKit/537.36 (KHTML, like Gecko) Chrome/95.0.4638.69 Safari/537.36"
45.86.202.183 - - [10/Mar/2026:09:10:35 +0000] "POST //xmlrpc.php HTTP/1.1" 200 3997 "-" "Mozilla/5.0 (Windows NT 10.0; Win64; x64) AppleWebKit/537.36 (KHTML, like Gecko) Chrome/95.0.4638.69 Safari/537.36"
160.250.186.93 - - [10/Mar/2026:09:10:33 +0000] "GET /?p=795 HTTP/1.1" 404 180159 "https://hvmbertogarza.com/" "Mozilla/5.0 (Macintosh; Intel Mac OS X 12_5) AppleWebKit/537.36 (KHTML, like Gecko) Chrome/114.0.0.0 Safari/537.36 Edg/114.0.1264.71"
45.86.202.166 - - [10/Mar/2026:09:10:37 +0000] "POST //xmlrpc.php HTTP/1.1" 200 3997 "-" "Mozilla/5.0 (Windows NT 10.0; Win64; x64) AppleWebKit/537.36 (KHTML, like Gecko) Chrome/95.0.4638.69 Safari/537.36"
45.86.202.178 - - [10/Mar/2026:09:10:39 +0000] "POST //xmlrpc.php HTTP/1.1" 200 3997 "-" "Mozilla/5.0 (Windows NT 10.0; Win64; x64) AppleWebKit/537.36 (KHTML, like Gecko) Chrome/95.0.4638.69 Safari/537.36"
160.250.186.93 - - [10/Mar/2026:09:10:37 +0000] "GET / HTTP/1.1" 200 54481 "https://hvmbertogarza.com/" "Mozilla/5.0 (Macintosh; Intel Mac OS X 12_5) AppleWebKit/537.36 (KHTML, like Gecko) Chrome/114.0.0.0 Safari/537.36 Edg/114.0.1264.71"
45.86.202.205 - - [10/Mar/2026:09:10:41 +0000] "POST //xmlrpc.php HTTP/1.1" 200 3997 "-" "Mozilla/5.0 (Windows NT 10.0; Win64; x64) AppleWebKit/537.36 (KHTML, like Gecko) Chrome/95.0.4638.69 Safari/537.36"
74.208.176.140 - - [10/Mar/2026:09:10:44 +0000] "POST /wp-cron.php?doing_wp_cron=1773133844.1268560886383056640625 HTTP/1.1" 200 4101 "-" "WordPress/6.9.1; https://hvmbertogarza.com"
45.86.202.168 - - [10/Mar/2026:09:10:42 +0000] "POST //xmlrpc.php HTTP/1.1" 200 3997 "-" "Mozilla/5.0 (Windows NT 10.0; Win64; x64) AppleWebKit/537.36 (KHTML, like Gecko) Chrome/95.0.4638.69 Safari/537.36"
45.86.202.202 - - [10/Mar/2026:09:10:44 +0000] "POST //xmlrpc.php HTTP/1.1" 200 3997 "-" "Mozilla/5.0 (Windows NT 10.0; Win64; x64) AppleWebKit/537.36 (KHTML, like Gecko) Chrome/95.0.4638.69 Safari/537.36"
45.86.202.194 - - [10/Mar/2026:09:10:46 +0000] "POST //xmlrpc.php HTTP/1.1" 200 3997 "-" "Mozilla/5.0 (Windows NT 10.0; Win64; x64) AppleWebKit/537.36 (KHTML, like Gecko) Chrome/95.0.4638.69 Safari/537.36"
45.86.202.176 - - [10/Mar/2026:09:10:48 +0000] "POST //xmlrpc.php HTTP/1.1" 200 3997 "-" "Mozilla/5.0 (Windows NT 10.0; Win64; x64) AppleWebKit/537.36 (KHTML, like Gecko) Chrome/95.0.4638.69 Safari/537.36"
74.208.176.140 - - [10/Mar/2026:09:10:51 +0000] "POST /wp-cron.php?doing_wp_cron=1773133851.4463620185852050781250 HTTP/1.1" 200 4101 "-" "WordPress/6.9.1; https://hvmbertogarza.com"
45.86.202.185 - - [10/Mar/2026:09:10:50 +0000] "POST //xmlrpc.php HTTP/1.1" 200 3997 "-" "Mozilla/5.0 (Windows NT 10.0; Win64; x64) AppleWebKit/537.36 (KHTML, like Gecko) Chrome/95.0.4638.69 Safari/537.36"
45.86.202.156 - - [10/Mar/2026:09:10:52 +0000] "POST //xmlrpc.php HTTP/1.1" 200 3997 "-" "Mozilla/5.0 (Windows NT 10.0; Win64; x64) AppleWebKit/537.36 (KHTML, like Gecko) Chrome/95.0.4638.69 Safari/537.36"
45.86.202.198 - - [10/Mar/2026:09:10:53 +0000] "POST //xmlrpc.php HTTP/1.1" 200 3997 "-" "Mozilla/5.0 (Windows NT 10.0; Win64; x64) AppleWebKit/537.36 (KHTML, like Gecko) Chrome/95.0.4638.69 Safari/537.36"
45.86.202.162 - - [10/Mar/2026:09:10:55 +0000] "POST //xmlrpc.php HTTP/1.1" 200 3997 "-" "Mozilla/5.0 (Windows NT 10.0; Win64; x64) AppleWebKit/537.36 (KHTML, like Gecko) Chrome/95.0.4638.69 Safari/537.36"
45.86.202.224 - - [10/Mar/2026:09:10:57 +0000] "POST //xmlrpc.php HTTP/1.1" 200 3997 "-" "Mozilla/5.0 (Windows NT 10.0; Win64; x64) AppleWebKit/537.36 (KHTML, like Gecko) Chrome/95.0.4638.69 Safari/537.36"
74.208.176.140 - - [10/Mar/2026:09:11:00 +0000] "POST /wp-cron.php?doing_wp_cron=1773133860.2658410072326660156250 HTTP/1.1" 200 4101 "-" "WordPress/6.9.1; https://hvmbertogarza.com"
45.86.202.178 - - [10/Mar/2026:09:10:59 +0000] "POST //xmlrpc.php HTTP/1.1" 200 3997 "-" "Mozilla/5.0 (Windows NT 10.0; Win64; x64) AppleWebKit/537.36 (KHTML, like Gecko) Chrome/95.0.4638.69 Safari/537.36"
45.86.202.161 - - [10/Mar/2026:09:11:00 +0000] "POST //xmlrpc.php HTTP/1.1" 200 3997 "-" "Mozilla/5.0 (Windows NT 10.0; Win64; x64) AppleWebKit/537.36 (KHTML, like Gecko) Chrome/95.0.4638.69 Safari/537.36"
193.24.211.70 - - [10/Mar/2026:09:11:02 +0000] "GET /wp-login.php HTTP/1.1" 200 7445 "-" "Mozilla/5.0 (Windows NT 10.0; Win64; x64) AppleWebKit/537.36 (KHTML, like Gecko) Chrome/124.0.6367.207 Safari/537.36"
45.86.202.195 - - [10/Mar/2026:09:11:03 +0000] "POST //xmlrpc.php HTTP/1.1" 200 3997 "-" "Mozilla/5.0 (Windows NT 10.0; Win64; x64) AppleWebKit/537.36 (KHTML, like Gecko) Chrome/95.0.4638.69 Safari/537.36"
45.86.202.171 - - [10/Mar/2026:09:11:05 +0000] "POST //xmlrpc.php HTTP/1.1" 200 3997 "-" "Mozilla/5.0 (Windows NT 10.0; Win64; x64) AppleWebKit/537.36 (KHTML, like Gecko) Chrome/95.0.4638.69 Safari/537.36"
185.59.48.89 - - [10/Mar/2026:09:11:06 +0000] "POST /xmlrpc.php HTTP/1.1" 200 4248 "-" "Mozilla/5.0 (Windows NT 6.2; Win64; x64) AppleWebKit/537.36 (KHTML, like Gecko) Chrome/52.0.2743.116 Safari/537.36 Edge/15.15063"
45.86.202.166 - - [10/Mar/2026:09:11:07 +0000] "POST //xmlrpc.php HTTP/1.1" 200 3997 "-" "Mozilla/5.0 (Windows NT 10.0; Win64; x64) AppleWebKit/537.36 (KHTML, like Gecko) Chrome/95.0.4638.69 Safari/537.36"
45.86.202.191 - - [10/Mar/2026:09:11:09 +0000] "POST //xmlrpc.php HTTP/1.1" 200 3997 "-" "Mozilla/5.0 (Windows NT 10.0; Win64; x64) AppleWebKit/537.36 (KHTML, like Gecko) Chrome/95.0.4638.69 Safari/537.36"
45.86.202.187 - - [10/Mar/2026:09:11:12 +0000] "POST //xmlrpc.php HTTP/1.1" 200 3997 "-" "Mozilla/5.0 (Windows NT 10.0; Win64; x64) AppleWebKit/537.36 (KHTML, like Gecko) Chrome/95.0.4638.69 Safari/537.36"
45.86.202.171 - - [10/Mar/2026:09:11:14 +0000] "POST //xmlrpc.php HTTP/1.1" 200 3997 "-" "Mozilla/5.0 (Windows NT 10.0; Win64; x64) AppleWebKit/537.36 (KHTML, like Gecko) Chrome/95.0.4638.69 Safari/537.36"
45.86.202.205 - - [10/Mar/2026:09:11:16 +0000] "POST //xmlrpc.php HTTP/1.1" 200 3997 "-" "Mozilla/5.0 (Windows NT 10.0; Win64; x64) AppleWebKit/537.36 (KHTML, like Gecko) Chrome/95.0.4638.69 Safari/537.36"
66.249.66.32 - - [10/Mar/2026:09:11:18 +0000] "GET /shop/flintiest/mateology012738931204.html HTTP/1.1" 200 32916 "-" "Mozilla/5.0 (Linux; Android 6.0.1; Nexus 5X Build/MMB29P) AppleWebKit/537.36 (KHTML, like Gecko) Chrome/145.0.7632.116 Mobile Safari/537.36 (compatible; GoogleOther)"
45.86.202.189 - - [10/Mar/2026:09:11:18 +0000] "POST //xmlrpc.php HTTP/1.1" 200 3997 "-" "Mozilla/5.0 (Windows NT 10.0; Win64; x64) AppleWebKit/537.36 (KHTML, like Gecko) Chrome/95.0.4638.69 Safari/537.36"
74.208.176.140 - - [10/Mar/2026:09:11:22 +0000] "POST /wp-cron.php?doing_wp_cron=1773133882.7110819816589355468750 HTTP/1.1" 200 4101 "-" "WordPress/6.9.1; https://hvmbertogarza.com"
45.86.202.176 - - [10/Mar/2026:09:11:21 +0000] "POST //xmlrpc.php HTTP/1.1" 200 3997 "-" "Mozilla/5.0 (Windows NT 10.0; Win64; x64) AppleWebKit/537.36 (KHTML, like Gecko) Chrome/95.0.4638.69 Safari/537.36"
45.86.202.181 - - [10/Mar/2026:09:11:23 +0000] "POST //xmlrpc.php HTTP/1.1" 200 3997 "-" "Mozilla/5.0 (Windows NT 10.0; Win64; x64) AppleWebKit/537.36 (KHTML, like Gecko) Chrome/95.0.4638.69 Safari/537.36"
45.86.202.183 - - [10/Mar/2026:09:11:25 +0000] "POST //xmlrpc.php HTTP/1.1" 200 3997 "-" "Mozilla/5.0 (Windows NT 10.0; Win64; x64) AppleWebKit/537.36 (KHTML, like Gecko) Chrome/95.0.4638.69 Safari/537.36"
45.86.202.156 - - [10/Mar/2026:09:11:26 +0000] "POST //xmlrpc.php HTTP/1.1" 200 3997 "-" "Mozilla/5.0 (Windows NT 10.0; Win64; x64) AppleWebKit/537.36 (KHTML, like Gecko) Chrome/95.0.4638.69 Safari/537.36"
45.86.202.174 - - [10/Mar/2026:09:11:28 +0000] "POST //xmlrpc.php HTTP/1.1" 200 3997 "-" "Mozilla/5.0 (Windows NT 10.0; Win64; x64) AppleWebKit/537.36 (KHTML, like Gecko) Chrome/95.0.4638.69 Safari/537.36"
45.86.202.169 - - [10/Mar/2026:09:11:30 +0000] "POST //xmlrpc.php HTTP/1.1" 200 3997 "-" "Mozilla/5.0 (Windows NT 10.0; Win64; x64) AppleWebKit/537.36 (KHTML, like Gecko) Chrome/95.0.4638.69 Safari/537.36"
45.86.202.181 - - [10/Mar/2026:09:11:32 +0000] "POST //xmlrpc.php HTTP/1.1" 200 3997 "-" "Mozilla/5.0 (Windows NT 10.0; Win64; x64) AppleWebKit/537.36 (KHTML, like Gecko) Chrome/95.0.4638.69 Safari/537.36"
45.86.202.167 - - [10/Mar/2026:09:11:34 +0000] "POST //xmlrpc.php HTTP/1.1" 200 3997 "-" "Mozilla/5.0 (Windows NT 10.0; Win64; x64) AppleWebKit/537.36 (KHTML, like Gecko) Chrome/95.0.4638.69 Safari/537.36"
45.86.202.182 - - [10/Mar/2026:09:11:35 +0000] "POST //xmlrpc.php HTTP/1.1" 200 3997 "-" "Mozilla/5.0 (Windows NT 10.0; Win64; x64) AppleWebKit/537.36 (KHTML, like Gecko) Chrome/95.0.4638.69 Safari/537.36"
45.86.202.187 - - [10/Mar/2026:09:11:37 +0000] "POST //xmlrpc.php HTTP/1.1" 200 3997 "-" "Mozilla/5.0 (Windows NT 10.0; Win64; x64) AppleWebKit/537.36 (KHTML, like Gecko) Chrome/95.0.4638.69 Safari/537.36"
45.86.202.158 - - [10/Mar/2026:09:11:39 +0000] "POST //xmlrpc.php HTTP/1.1" 200 3997 "-" "Mozilla/5.0 (Windows NT 10.0; Win64; x64) AppleWebKit/537.36 (KHTML, like Gecko) Chrome/95.0.4638.69 Safari/537.36"
45.86.202.181 - - [10/Mar/2026:09:11:40 +0000] "POST //xmlrpc.php HTTP/1.1" 200 3997 "-" "Mozilla/5.0 (Windows NT 10.0; Win64; x64) AppleWebKit/537.36 (KHTML, like Gecko) Chrome/95.0.4638.69 Safari/537.36"
45.86.202.156 - - [10/Mar/2026:09:11:42 +0000] "POST //xmlrpc.php HTTP/1.1" 200 3997 "-" "Mozilla/5.0 (Windows NT 10.0; Win64; x64) AppleWebKit/537.36 (KHTML, like Gecko) Chrome/95.0.4638.69 Safari/537.36"
45.86.202.178 - - [10/Mar/2026:09:11:43 +0000] "POST //xmlrpc.php HTTP/1.1" 200 3997 "-" "Mozilla/5.0 (Windows NT 10.0; Win64; x64) AppleWebKit/537.36 (KHTML, like Gecko) Chrome/95.0.4638.69 Safari/537.36"
45.86.202.191 - - [10/Mar/2026:09:11:45 +0000] "POST //xmlrpc.php HTTP/1.1" 200 3997 "-" "Mozilla/5.0 (Windows NT 10.0; Win64; x64) AppleWebKit/537.36 (KHTML, like Gecko) Chrome/95.0.4638.69 Safari/537.36"
45.86.202.197 - - [10/Mar/2026:09:11:47 +0000] "POST //xmlrpc.php HTTP/1.1" 200 3997 "-" "Mozilla/5.0 (Windows NT 10.0; Win64; x64) AppleWebKit/537.36 (KHTML, like Gecko) Chrome/95.0.4638.69 Safari/537.36"
45.86.202.205 - - [10/Mar/2026:09:11:48 +0000] "POST //xmlrpc.php HTTP/1.1" 200 3997 "-" "Mozilla/5.0 (Windows NT 10.0; Win64; x64) AppleWebKit/537.36 (KHTML, like Gecko) Chrome/95.0.4638.69 Safari/537.36"
142.44.228.199 - - [10/Mar/2026:09:11:48 +0000] "GET /shop/cousin/blether011215905946.html HTTP/1.1" 404 83426 "-" "Mozilla/5.0 (compatible; AhrefsBot/7.0; +http://ahrefs.com/robot/)"
74.208.176.140 - - [10/Mar/2026:09:11:51 +0000] "POST /wp-cron.php?doing_wp_cron=1773133911.5538549423217773437500 HTTP/1.1" 200 4101 "-" "WordPress/6.9.1; https://hvmbertogarza.com"
45.86.202.170 - - [10/Mar/2026:09:11:50 +0000] "POST //xmlrpc.php HTTP/1.1" 200 3997 "-" "Mozilla/5.0 (Windows NT 10.0; Win64; x64) AppleWebKit/537.36 (KHTML, like Gecko) Chrome/95.0.4638.69 Safari/537.36"
45.86.202.204 - - [10/Mar/2026:09:11:52 +0000] "POST //xmlrpc.php HTTP/1.1" 200 3997 "-" "Mozilla/5.0 (Windows NT 10.0; Win64; x64) AppleWebKit/537.36 (KHTML, like Gecko) Chrome/95.0.4638.69 Safari/537.36"
45.86.202.164 - - [10/Mar/2026:09:11:54 +0000] "POST //xmlrpc.php HTTP/1.1" 200 3997 "-" "Mozilla/5.0 (Windows NT 10.0; Win64; x64) AppleWebKit/537.36 (KHTML, like Gecko) Chrome/95.0.4638.69 Safari/537.36"
45.86.202.157 - - [10/Mar/2026:09:11:56 +0000] "POST //xmlrpc.php HTTP/1.1" 200 3997 "-" "Mozilla/5.0 (Windows NT 10.0; Win64; x64) AppleWebKit/537.36 (KHTML, like Gecko) Chrome/95.0.4638.69 Safari/537.36"
45.86.202.182 - - [10/Mar/2026:09:11:57 +0000] "POST //xmlrpc.php HTTP/1.1" 200 3997 "-" "Mozilla/5.0 (Windows NT 10.0; Win64; x64) AppleWebKit/537.36 (KHTML, like Gecko) Chrome/95.0.4638.69 Safari/537.36"
45.86.202.180 - - [10/Mar/2026:09:11:59 +0000] "POST //xmlrpc.php HTTP/1.1" 200 3997 "-" "Mozilla/5.0 (Windows NT 10.0; Win64; x64) AppleWebKit/537.36 (KHTML, like Gecko) Chrome/95.0.4638.69 Safari/537.36"
168.144.23.14 - - [10/Mar/2026:09:11:58 +0000] "GET / HTTP/1.1" 200 54488 "-" "Mozilla/5.0 (X11; Linux x86_64) AppleWebKit/537.36 (KHTML, like Gecko) Chrome/142.0.0.0 Safari/537.36"
45.86.202.171 - - [10/Mar/2026:09:12:01 +0000] "POST //xmlrpc.php HTTP/1.1" 200 3997 "-" "Mozilla/5.0 (Windows NT 10.0; Win64; x64) AppleWebKit/537.36 (KHTML, like Gecko) Chrome/95.0.4638.69 Safari/537.36"
45.86.202.181 - - [10/Mar/2026:09:12:03 +0000] "POST //xmlrpc.php HTTP/1.1" 200 3997 "-" "Mozilla/5.0 (Windows NT 10.0; Win64; x64) AppleWebKit/537.36 (KHTML, like Gecko) Chrome/95.0.4638.69 Safari/537.36"
45.86.202.184 - - [10/Mar/2026:09:12:05 +0000] "POST //xmlrpc.php HTTP/1.1" 200 3997 "-" "Mozilla/5.0 (Windows NT 10.0; Win64; x64) AppleWebKit/537.36 (KHTML, like Gecko) Chrome/95.0.4638.69 Safari/537.36"
45.86.202.201 - - [10/Mar/2026:09:12:07 +0000] "POST //xmlrpc.php HTTP/1.1" 200 3997 "-" "Mozilla/5.0 (Windows NT 10.0; Win64; x64) AppleWebKit/537.36 (KHTML, like Gecko) Chrome/95.0.4638.69 Safari/537.36"
45.86.202.175 - - [10/Mar/2026:09:12:09 +0000] "POST //xmlrpc.php HTTP/1.1" 200 3997 "-" "Mozilla/5.0 (Windows NT 10.0; Win64; x64) AppleWebKit/537.36 (KHTML, like Gecko) Chrome/95.0.4638.69 Safari/537.36"
45.86.202.197 - - [10/Mar/2026:09:12:11 +0000] "POST //xmlrpc.php HTTP/1.1" 200 3997 "-" "Mozilla/5.0 (Windows NT 10.0; Win64; x64) AppleWebKit/537.36 (KHTML, like Gecko) Chrome/95.0.4638.69 Safari/537.36"
45.86.202.159 - - [10/Mar/2026:09:12:13 +0000] "POST //xmlrpc.php HTTP/1.1" 200 3997 "-" "Mozilla/5.0 (Windows NT 10.0; Win64; x64) AppleWebKit/537.36 (KHTML, like Gecko) Chrome/95.0.4638.69 Safari/537.36"
45.86.202.191 - - [10/Mar/2026:09:12:15 +0000] "POST //xmlrpc.php HTTP/1.1" 200 3997 "-" "Mozilla/5.0 (Windows NT 10.0; Win64; x64) AppleWebKit/537.36 (KHTML, like Gecko) Chrome/95.0.4638.69 Safari/537.36"
45.86.202.180 - - [10/Mar/2026:09:12:17 +0000] "POST //xmlrpc.php HTTP/1.1" 200 3997 "-" "Mozilla/5.0 (Windows NT 10.0; Win64; x64) AppleWebKit/537.36 (KHTML, like Gecko) Chrome/95.0.4638.69 Safari/537.36"
74.208.176.140 - - [10/Mar/2026:09:12:21 +0000] "POST /wp-cron.php?doing_wp_cron=1773133941.2294690608978271484375 HTTP/1.1" 200 4101 "-" "WordPress/6.9.1; https://hvmbertogarza.com"
45.86.202.157 - - [10/Mar/2026:09:12:19 +0000] "POST //xmlrpc.php HTTP/1.1" 200 3997 "-" "Mozilla/5.0 (Windows NT 10.0; Win64; x64) AppleWebKit/537.36 (KHTML, like Gecko) Chrome/95.0.4638.69 Safari/537.36"
45.86.202.182 - - [10/Mar/2026:09:12:21 +0000] "POST //xmlrpc.php HTTP/1.1" 200 3997 "-" "Mozilla/5.0 (Windows NT 10.0; Win64; x64) AppleWebKit/537.36 (KHTML, like Gecko) Chrome/95.0.4638.69 Safari/537.36"
45.86.202.182 - - [10/Mar/2026:09:12:23 +0000] "POST //xmlrpc.php HTTP/1.1" 200 3997 "-" "Mozilla/5.0 (Windows NT 10.0; Win64; x64) AppleWebKit/537.36 (KHTML, like Gecko) Chrome/95.0.4638.69 Safari/537.36"
45.86.202.171 - - [10/Mar/2026:09:12:25 +0000] "POST //xmlrpc.php HTTP/1.1" 200 3997 "-" "Mozilla/5.0 (Windows NT 10.0; Win64; x64) AppleWebKit/537.36 (KHTML, like Gecko) Chrome/95.0.4638.69 Safari/537.36"
45.86.202.196 - - [10/Mar/2026:09:12:27 +0000] "POST //xmlrpc.php HTTP/1.1" 200 3997 "-" "Mozilla/5.0 (Windows NT 10.0; Win64; x64) AppleWebKit/537.36 (KHTML, like Gecko) Chrome/95.0.4638.69 Safari/537.36"
45.86.202.156 - - [10/Mar/2026:09:12:29 +0000] "POST //xmlrpc.php HTTP/1.1" 200 3997 "-" "Mozilla/5.0 (Windows NT 10.0; Win64; x64) AppleWebKit/537.36 (KHTML, like Gecko) Chrome/95.0.4638.69 Safari/537.36"
45.86.202.163 - - [10/Mar/2026:09:12:30 +0000] "POST //xmlrpc.php HTTP/1.1" 200 3997 "-" "Mozilla/5.0 (Windows NT 10.0; Win64; x64) AppleWebKit/537.36 (KHTML, like Gecko) Chrome/95.0.4638.69 Safari/537.36"
45.86.202.224 - - [10/Mar/2026:09:12:32 +0000] "POST //xmlrpc.php HTTP/1.1" 200 3997 "-" "Mozilla/5.0 (Windows NT 10.0; Win64; x64) AppleWebKit/537.36 (KHTML, like Gecko) Chrome/95.0.4638.69 Safari/537.36"
45.86.202.176 - - [10/Mar/2026:09:12:34 +0000] "POST //xmlrpc.php HTTP/1.1" 200 3997 "-" "Mozilla/5.0 (Windows NT 10.0; Win64; x64) AppleWebKit/537.36 (KHTML, like Gecko) Chrome/95.0.4638.69 Safari/537.36"
45.86.202.181 - - [10/Mar/2026:09:12:35 +0000] "POST //xmlrpc.php HTTP/1.1" 200 3997 "-" "Mozilla/5.0 (Windows NT 10.0; Win64; x64) AppleWebKit/537.36 (KHTML, like Gecko) Chrome/95.0.4638.69 Safari/537.36"
64.182.127.140 - - [10/Mar/2026:09:12:36 +0000] "POST /xmlrpc.php HTTP/1.1" 200 4248 "-" "Mozilla/5.0 (Windows NT 6.1; Win64; x64) AppleWebKit/537.36 (KHTML, like Gecko) Chrome/65.0.3325.181 Safari/537.36 OPR/52.0.2871.40"
45.86.202.173 - - [10/Mar/2026:09:12:37 +0000] "POST //xmlrpc.php HTTP/1.1" 200 3997 "-" "Mozilla/5.0 (Windows NT 10.0; Win64; x64) AppleWebKit/537.36 (KHTML, like Gecko) Chrome/95.0.4638.69 Safari/537.36"
45.86.202.159 - - [10/Mar/2026:09:12:39 +0000] "POST //xmlrpc.php HTTP/1.1" 200 3997 "-" "Mozilla/5.0 (Windows NT 10.0; Win64; x64) AppleWebKit/537.36 (KHTML, like Gecko) Chrome/95.0.4638.69 Safari/537.36"
45.86.202.166 - - [10/Mar/2026:09:12:41 +0000] "POST //xmlrpc.php HTTP/1.1" 200 3997 "-" "Mozilla/5.0 (Windows NT 10.0; Win64; x64) AppleWebKit/537.36 (KHTML, like Gecko) Chrome/95.0.4638.69 Safari/537.36"
45.86.202.203 - - [10/Mar/2026:09:12:43 +0000] "POST //xmlrpc.php HTTP/1.1" 200 3997 "-" "Mozilla/5.0 (Windows NT 10.0; Win64; x64) AppleWebKit/537.36 (KHTML, like Gecko) Chrome/95.0.4638.69 Safari/537.36"
45.86.202.186 - - [10/Mar/2026:09:12:44 +0000] "POST //xmlrpc.php HTTP/1.1" 200 3997 "-" "Mozilla/5.0 (Windows NT 10.0; Win64; x64) AppleWebKit/537.36 (KHTML, like Gecko) Chrome/95.0.4638.69 Safari/537.36"
45.86.202.171 - - [10/Mar/2026:09:12:46 +0000] "POST //xmlrpc.php HTTP/1.1" 200 3997 "-" "Mozilla/5.0 (Windows NT 10.0; Win64; x64) AppleWebKit/537.36 (KHTML, like Gecko) Chrome/95.0.4638.69 Safari/537.36"
45.86.202.158 - - [10/Mar/2026:09:12:48 +0000] "POST //xmlrpc.php HTTP/1.1" 200 3997 "-" "Mozilla/5.0 (Windows NT 10.0; Win64; x64) AppleWebKit/537.36 (KHTML, like Gecko) Chrome/95.0.4638.69 Safari/537.36"
74.208.176.140 - - [10/Mar/2026:09:12:52 +0000] "POST /wp-cron.php?doing_wp_cron=1773133972.2660961151123046875000 HTTP/1.1" 200 4101 "-" "WordPress/6.9.1; https://hvmbertogarza.com"
45.86.202.180 - - [10/Mar/2026:09:12:50 +0000] "POST //xmlrpc.php HTTP/1.1" 200 3997 "-" "Mozilla/5.0 (Windows NT 10.0; Win64; x64) AppleWebKit/537.36 (KHTML, like Gecko) Chrome/95.0.4638.69 Safari/537.36"
45.86.202.178 - - [10/Mar/2026:09:12:52 +0000] "POST //xmlrpc.php HTTP/1.1" 200 3997 "-" "Mozilla/5.0 (Windows NT 10.0; Win64; x64) AppleWebKit/537.36 (KHTML, like Gecko) Chrome/95.0.4638.69 Safari/537.36"
45.86.202.189 - - [10/Mar/2026:09:12:54 +0000] "POST //xmlrpc.php HTTP/1.1" 200 3997 "-" "Mozilla/5.0 (Windows NT 10.0; Win64; x64) AppleWebKit/537.36 (KHTML, like Gecko) Chrome/95.0.4638.69 Safari/537.36"
45.86.202.178 - - [10/Mar/2026:09:12:56 +0000] "POST //xmlrpc.php HTTP/1.1" 200 3997 "-" "Mozilla/5.0 (Windows NT 10.0; Win64; x64) AppleWebKit/537.36 (KHTML, like Gecko) Chrome/95.0.4638.69 Safari/537.36"
74.208.176.140 - - [10/Mar/2026:09:12:59 +0000] "POST /wp-cron.php?doing_wp_cron=1773133979.7659280300140380859375 HTTP/1.1" 200 4101 "-" "WordPress/6.9.1; https://hvmbertogarza.com"
45.86.202.158 - - [10/Mar/2026:09:12:58 +0000] "POST //xmlrpc.php HTTP/1.1" 200 3997 "-" "Mozilla/5.0 (Windows NT 10.0; Win64; x64) AppleWebKit/537.36 (KHTML, like Gecko) Chrome/95.0.4638.69 Safari/537.36"
45.86.202.193 - - [10/Mar/2026:09:13:00 +0000] "POST //xmlrpc.php HTTP/1.1" 200 3997 "-" "Mozilla/5.0 (Windows NT 10.0; Win64; x64) AppleWebKit/537.36 (KHTML, like Gecko) Chrome/95.0.4638.69 Safari/537.36"
45.86.202.164 - - [10/Mar/2026:09:13:02 +0000] "POST //xmlrpc.php HTTP/1.1" 200 3997 "-" "Mozilla/5.0 (Windows NT 10.0; Win64; x64) AppleWebKit/537.36 (KHTML, like Gecko) Chrome/95.0.4638.69 Safari/537.36"
45.86.202.173 - - [10/Mar/2026:09:13:03 +0000] "POST //xmlrpc.php HTTP/1.1" 200 3997 "-" "Mozilla/5.0 (Windows NT 10.0; Win64; x64) AppleWebKit/537.36 (KHTML, like Gecko) Chrome/95.0.4638.69 Safari/537.36"
45.86.202.161 - - [10/Mar/2026:09:13:05 +0000] "POST //xmlrpc.php HTTP/1.1" 200 3997 "-" "Mozilla/5.0 (Windows NT 10.0; Win64; x64) AppleWebKit/537.36 (KHTML, like Gecko) Chrome/95.0.4638.69 Safari/537.36"
45.86.202.183 - - [10/Mar/2026:09:13:07 +0000] "POST //xmlrpc.php HTTP/1.1" 200 3997 "-" "Mozilla/5.0 (Windows NT 10.0; Win64; x64) AppleWebKit/537.36 (KHTML, like Gecko) Chrome/95.0.4638.69 Safari/537.36"
45.86.202.195 - - [10/Mar/2026:09:13:09 +0000] "POST //xmlrpc.php HTTP/1.1" 200 3997 "-" "Mozilla/5.0 (Windows NT 10.0; Win64; x64) AppleWebKit/537.36 (KHTML, like Gecko) Chrome/95.0.4638.69 Safari/537.36"
45.86.202.176 - - [10/Mar/2026:09:13:11 +0000] "POST //xmlrpc.php HTTP/1.1" 200 3997 "-" "Mozilla/5.0 (Windows NT 10.0; Win64; x64) AppleWebKit/537.36 (KHTML, like Gecko) Chrome/95.0.4638.69 Safari/537.36"
45.86.202.178 - - [10/Mar/2026:09:13:13 +0000] "POST //xmlrpc.php HTTP/1.1" 200 3997 "-" "Mozilla/5.0 (Windows NT 10.0; Win64; x64) AppleWebKit/537.36 (KHTML, like Gecko) Chrome/95.0.4638.69 Safari/537.36"
45.86.202.204 - - [10/Mar/2026:09:13:15 +0000] "POST //xmlrpc.php HTTP/1.1" 200 3997 "-" "Mozilla/5.0 (Windows NT 10.0; Win64; x64) AppleWebKit/537.36 (KHTML, like Gecko) Chrome/95.0.4638.69 Safari/537.36"
45.86.202.163 - - [10/Mar/2026:09:13:17 +0000] "POST //xmlrpc.php HTTP/1.1" 200 3997 "-" "Mozilla/5.0 (Windows NT 10.0; Win64; x64) AppleWebKit/537.36 (KHTML, like Gecko) Chrome/95.0.4638.69 Safari/537.36"
45.86.202.157 - - [10/Mar/2026:09:13:19 +0000] "POST //xmlrpc.php HTTP/1.1" 200 3997 "-" "Mozilla/5.0 (Windows NT 10.0; Win64; x64) AppleWebKit/537.36 (KHTML, like Gecko) Chrome/95.0.4638.69 Safari/537.36"
74.208.176.140 - - [10/Mar/2026:09:13:22 +0000] "POST /wp-cron.php?doing_wp_cron=1773134002.1904509067535400390625 HTTP/1.1" 200 4101 "-" "WordPress/6.9.1; https://hvmbertogarza.com"
45.86.202.161 - - [10/Mar/2026:09:13:21 +0000] "POST //xmlrpc.php HTTP/1.1" 200 3997 "-" "Mozilla/5.0 (Windows NT 10.0; Win64; x64) AppleWebKit/537.36 (KHTML, like Gecko) Chrome/95.0.4638.69 Safari/537.36"
45.86.202.158 - - [10/Mar/2026:09:13:22 +0000] "POST //xmlrpc.php HTTP/1.1" 200 3997 "-" "Mozilla/5.0 (Windows NT 10.0; Win64; x64) AppleWebKit/537.36 (KHTML, like Gecko) Chrome/95.0.4638.69 Safari/537.36"
45.86.202.171 - - [10/Mar/2026:09:13:24 +0000] "POST //xmlrpc.php HTTP/1.1" 200 3997 "-" "Mozilla/5.0 (Windows NT 10.0; Win64; x64) AppleWebKit/537.36 (KHTML, like Gecko) Chrome/95.0.4638.69 Safari/537.36"
167.114.139.214 - - [10/Mar/2026:09:13:24 +0000] "GET /shop/cottonmouth/interferer013201630524.html HTTP/1.1" 404 142794 "-" "Mozilla/5.0 (compatible; AhrefsBot/7.0; +http://ahrefs.com/robot/)"
74.208.176.140 - - [10/Mar/2026:09:13:28 +0000] "POST /wp-cron.php?doing_wp_cron=1773134008.0851199626922607421875 HTTP/1.1" 200 4101 "-" "WordPress/6.9.1; https://hvmbertogarza.com"
45.86.202.195 - - [10/Mar/2026:09:13:26 +0000] "POST //xmlrpc.php HTTP/1.1" 200 3997 "-" "Mozilla/5.0 (Windows NT 10.0; Win64; x64) AppleWebKit/537.36 (KHTML, like Gecko) Chrome/95.0.4638.69 Safari/537.36"
45.86.202.163 - - [10/Mar/2026:09:13:28 +0000] "POST //xmlrpc.php HTTP/1.1" 200 3997 "-" "Mozilla/5.0 (Windows NT 10.0; Win64; x64) AppleWebKit/537.36 (KHTML, like Gecko) Chrome/95.0.4638.69 Safari/537.36"
45.86.202.158 - - [10/Mar/2026:09:13:30 +0000] "POST //xmlrpc.php HTTP/1.1" 200 3997 "-" "Mozilla/5.0 (Windows NT 10.0; Win64; x64) AppleWebKit/537.36 (KHTML, like Gecko) Chrome/95.0.4638.69 Safari/537.36"
146.19.125.70 - - [10/Mar/2026:09:13:28 +0000] "GET / HTTP/1.0" 200 402723 "https://hvmbertogarza.com/" "Mozilla/5.0 (Windows NT 10.0; Win64; x64) AppleWebKit/537.36 (KHTML, like Gecko) Chrome/130.0.0.0 Safari/537.36 CCleaner/130.0.0.0"
45.86.202.159 - - [10/Mar/2026:09:13:32 +0000] "POST //xmlrpc.php HTTP/1.1" 200 3997 "-" "Mozilla/5.0 (Windows NT 10.0; Win64; x64) AppleWebKit/537.36 (KHTML, like Gecko) Chrome/95.0.4638.69 Safari/537.36"
45.86.202.191 - - [10/Mar/2026:09:13:34 +0000] "POST //xmlrpc.php HTTP/1.1" 200 3997 "-" "Mozilla/5.0 (Windows NT 10.0; Win64; x64) AppleWebKit/537.36 (KHTML, like Gecko) Chrome/95.0.4638.69 Safari/537.36"
149.202.48.220 - - [10/Mar/2026:09:13:33 +0000] "GET /fursa-teleza-inakungoja-jinsi-ya-kuongeza-mapato/ HTTP/1.1" 200 47657 "-" "Mozilla/5.0 (Windows NT 10.0; Win64; x64) AppleWebKit/537.36 (KHTML, like Gecko) Chrome/139.0.0.0 Safari/537.36"
45.86.202.204 - - [10/Mar/2026:09:13:36 +0000] "POST //xmlrpc.php HTTP/1.1" 200 3997 "-" "Mozilla/5.0 (Windows NT 10.0; Win64; x64) AppleWebKit/537.36 (KHTML, like Gecko) Chrome/95.0.4638.69 Safari/537.36"
146.19.125.70 - - [10/Mar/2026:09:13:36 +0000] "GET /wp-login.php?action=register HTTP/1.0" 200 8068 "https://hvmbertogarza.com/wp-login.php?action=register" "Mozilla/5.0 (Windows NT 10.0; Win64; x64) AppleWebKit/537.36 (KHTML, like Gecko) Chrome/130.0.0.0 Safari/537.36 CCleaner/130.0.0.0"
45.86.202.164 - - [10/Mar/2026:09:13:38 +0000] "POST //xmlrpc.php HTTP/1.1" 200 3997 "-" "Mozilla/5.0 (Windows NT 10.0; Win64; x64) AppleWebKit/537.36 (KHTML, like Gecko) Chrome/95.0.4638.69 Safari/537.36"
146.19.125.70 - - [10/Mar/2026:09:13:39 +0000] "POST /wp-login.php?action=register HTTP/1.0" 200 8514 "https://hvmbertogarza.com/wp-login.php?action=register" "Mozilla/5.0 (Windows NT 10.0; Win64; x64) AppleWebKit/537.36 (KHTML, like Gecko) Chrome/130.0.0.0 Safari/537.36 CCleaner/130.0.0.0"
45.86.202.165 - - [10/Mar/2026:09:13:40 +0000] "POST //xmlrpc.php HTTP/1.1" 200 3997 "-" "Mozilla/5.0 (Windows NT 10.0; Win64; x64) AppleWebKit/537.36 (KHTML, like Gecko) Chrome/95.0.4638.69 Safari/537.36"
45.86.202.184 - - [10/Mar/2026:09:13:42 +0000] "POST //xmlrpc.php HTTP/1.1" 200 3997 "-" "Mozilla/5.0 (Windows NT 10.0; Win64; x64) AppleWebKit/537.36 (KHTML, like Gecko) Chrome/95.0.4638.69 Safari/537.36"
146.19.125.70 - - [10/Mar/2026:09:13:41 +0000] "GET / HTTP/1.0" 200 402723 "https://hvmbertogarza.com/" "Mozilla/5.0 (Windows NT 10.0; Win64; x64) AppleWebKit/537.36 (KHTML, like Gecko) Chrome/130.0.0.0 Safari/537.36 CCleaner/130.0.0.0"
45.86.202.160 - - [10/Mar/2026:09:13:44 +0000] "POST //xmlrpc.php HTTP/1.1" 200 3997 "-" "Mozilla/5.0 (Windows NT 10.0; Win64; x64) AppleWebKit/537.36 (KHTML, like Gecko) Chrome/95.0.4638.69 Safari/537.36"
45.86.202.174 - - [10/Mar/2026:09:13:45 +0000] "POST //xmlrpc.php HTTP/1.1" 200 3997 "-" "Mozilla/5.0 (Windows NT 10.0; Win64; x64) AppleWebKit/537.36 (KHTML, like Gecko) Chrome/95.0.4638.69 Safari/537.36"
45.86.202.169 - - [10/Mar/2026:09:13:47 +0000] "POST //xmlrpc.php HTTP/1.1" 200 3997 "-" "Mozilla/5.0 (Windows NT 10.0; Win64; x64) AppleWebKit/537.36 (KHTML, like Gecko) Chrome/95.0.4638.69 Safari/537.36"
45.86.202.175 - - [10/Mar/2026:09:13:49 +0000] "POST //xmlrpc.php HTTP/1.1" 200 3997 "-" "Mozilla/5.0 (Windows NT 10.0; Win64; x64) AppleWebKit/537.36 (KHTML, like Gecko) Chrome/95.0.4638.69 Safari/537.36"
74.208.176.140 - - [10/Mar/2026:09:13:52 +0000] "POST /wp-cron.php?doing_wp_cron=1773134032.5429968833923339843750 HTTP/1.1" 200 4101 "-" "WordPress/6.9.1; https://hvmbertogarza.com"
45.86.202.170 - - [10/Mar/2026:09:13:51 +0000] "POST //xmlrpc.php HTTP/1.1" 200 3997 "-" "Mozilla/5.0 (Windows NT 10.0; Win64; x64) AppleWebKit/537.36 (KHTML, like Gecko) Chrome/95.0.4638.69 Safari/537.36"
45.86.202.190 - - [10/Mar/2026:09:13:53 +0000] "POST //xmlrpc.php HTTP/1.1" 200 3997 "-" "Mozilla/5.0 (Windows NT 10.0; Win64; x64) AppleWebKit/537.36 (KHTML, like Gecko) Chrome/95.0.4638.69 Safari/537.36"
45.86.202.162 - - [10/Mar/2026:09:13:54 +0000] "POST //xmlrpc.php HTTP/1.1" 200 3997 "-" "Mozilla/5.0 (Windows NT 10.0; Win64; x64) AppleWebKit/537.36 (KHTML, like Gecko) Chrome/95.0.4638.69 Safari/537.36"
45.86.202.181 - - [10/Mar/2026:09:13:56 +0000] "POST //xmlrpc.php HTTP/1.1" 200 3997 "-" "Mozilla/5.0 (Windows NT 10.0; Win64; x64) AppleWebKit/537.36 (KHTML, like Gecko) Chrome/95.0.4638.69 Safari/537.36"
45.86.202.172 - - [10/Mar/2026:09:13:57 +0000] "POST //xmlrpc.php HTTP/1.1" 200 3997 "-" "Mozilla/5.0 (Windows NT 10.0; Win64; x64) AppleWebKit/537.36 (KHTML, like Gecko) Chrome/95.0.4638.69 Safari/537.36"
45.86.202.162 - - [10/Mar/2026:09:13:59 +0000] "POST //xmlrpc.php HTTP/1.1" 200 3997 "-" "Mozilla/5.0 (Windows NT 10.0; Win64; x64) AppleWebKit/537.36 (KHTML, like Gecko) Chrome/95.0.4638.69 Safari/537.36"
45.86.202.179 - - [10/Mar/2026:09:14:01 +0000] "POST //xmlrpc.php HTTP/1.1" 200 3997 "-" "Mozilla/5.0 (Windows NT 10.0; Win64; x64) AppleWebKit/537.36 (KHTML, like Gecko) Chrome/95.0.4638.69 Safari/537.36"
45.86.202.194 - - [10/Mar/2026:09:14:04 +0000] "POST //xmlrpc.php HTTP/1.1" 200 3997 "-" "Mozilla/5.0 (Windows NT 10.0; Win64; x64) AppleWebKit/537.36 (KHTML, like Gecko) Chrome/95.0.4638.69 Safari/537.36"
45.86.202.181 - - [10/Mar/2026:09:14:06 +0000] "POST //xmlrpc.php HTTP/1.1" 200 3997 "-" "Mozilla/5.0 (Windows NT 10.0; Win64; x64) AppleWebKit/537.36 (KHTML, like Gecko) Chrome/95.0.4638.69 Safari/537.36"
51.75.23.120 - - [10/Mar/2026:09:14:05 +0000] "GET /2100-2/ HTTP/1.1" 200 47221 "-" "Mozilla/5.0 (Windows NT 10.0; Win64; x64) AppleWebKit/537.36 (KHTML, like Gecko) Chrome/139.0.0.0 Safari/537.36"
45.86.202.171 - - [10/Mar/2026:09:14:08 +0000] "POST //xmlrpc.php HTTP/1.1" 200 3997 "-" "Mozilla/5.0 (Windows NT 10.0; Win64; x64) AppleWebKit/537.36 (KHTML, like Gecko) Chrome/95.0.4638.69 Safari/537.36"
45.86.202.201 - - [10/Mar/2026:09:14:10 +0000] "POST //xmlrpc.php HTTP/1.1" 200 3997 "-" "Mozilla/5.0 (Windows NT 10.0; Win64; x64) AppleWebKit/537.36 (KHTML, like Gecko) Chrome/95.0.4638.69 Safari/537.36"
45.86.202.202 - - [10/Mar/2026:09:14:12 +0000] "POST //xmlrpc.php HTTP/1.1" 200 3997 "-" "Mozilla/5.0 (Windows NT 10.0; Win64; x64) AppleWebKit/537.36 (KHTML, like Gecko) Chrome/95.0.4638.69 Safari/537.36"
45.86.202.182 - - [10/Mar/2026:09:14:13 +0000] "POST //xmlrpc.php HTTP/1.1" 200 3997 "-" "Mozilla/5.0 (Windows NT 10.0; Win64; x64) AppleWebKit/537.36 (KHTML, like Gecko) Chrome/95.0.4638.69 Safari/537.36"
45.86.202.158 - - [10/Mar/2026:09:14:16 +0000] "POST //xmlrpc.php HTTP/1.1" 200 3997 "-" "Mozilla/5.0 (Windows NT 10.0; Win64; x64) AppleWebKit/537.36 (KHTML, like Gecko) Chrome/95.0.4638.69 Safari/537.36"
45.86.202.201 - - [10/Mar/2026:09:14:18 +0000] "POST //xmlrpc.php HTTP/1.1" 200 3997 "-" "Mozilla/5.0 (Windows NT 10.0; Win64; x64) AppleWebKit/537.36 (KHTML, like Gecko) Chrome/95.0.4638.69 Safari/537.36"
74.208.176.140 - - [10/Mar/2026:09:14:21 +0000] "POST /wp-cron.php?doing_wp_cron=1773134061.7711720466613769531250 HTTP/1.1" 200 4101 "-" "WordPress/6.9.1; https://hvmbertogarza.com"
45.86.202.185 - - [10/Mar/2026:09:14:20 +0000] "POST //xmlrpc.php HTTP/1.1" 200 3997 "-" "Mozilla/5.0 (Windows NT 10.0; Win64; x64) AppleWebKit/537.36 (KHTML, like Gecko) Chrome/95.0.4638.69 Safari/537.36"
45.86.202.193 - - [10/Mar/2026:09:14:22 +0000] "POST //xmlrpc.php HTTP/1.1" 200 3997 "-" "Mozilla/5.0 (Windows NT 10.0; Win64; x64) AppleWebKit/537.36 (KHTML, like Gecko) Chrome/95.0.4638.69 Safari/537.36"
45.86.202.166 - - [10/Mar/2026:09:14:24 +0000] "POST //xmlrpc.php HTTP/1.1" 200 3997 "-" "Mozilla/5.0 (Windows NT 10.0; Win64; x64) AppleWebKit/537.36 (KHTML, like Gecko) Chrome/95.0.4638.69 Safari/537.36"
45.86.202.168 - - [10/Mar/2026:09:14:26 +0000] "POST //xmlrpc.php HTTP/1.1" 200 3997 "-" "Mozilla/5.0 (Windows NT 10.0; Win64; x64) AppleWebKit/537.36 (KHTML, like Gecko) Chrome/95.0.4638.69 Safari/537.36"
45.86.202.168 - - [10/Mar/2026:09:14:27 +0000] "POST //xmlrpc.php HTTP/1.1" 200 3997 "-" "Mozilla/5.0 (Windows NT 10.0; Win64; x64) AppleWebKit/537.36 (KHTML, like Gecko) Chrome/95.0.4638.69 Safari/537.36"
45.86.202.202 - - [10/Mar/2026:09:14:29 +0000] "POST //xmlrpc.php HTTP/1.1" 200 3997 "-" "Mozilla/5.0 (Windows NT 10.0; Win64; x64) AppleWebKit/537.36 (KHTML, like Gecko) Chrome/95.0.4638.69 Safari/537.36"
45.86.202.205 - - [10/Mar/2026:09:14:31 +0000] "POST //xmlrpc.php HTTP/1.1" 200 3997 "-" "Mozilla/5.0 (Windows NT 10.0; Win64; x64) AppleWebKit/537.36 (KHTML, like Gecko) Chrome/95.0.4638.69 Safari/537.36"
45.86.202.190 - - [10/Mar/2026:09:14:33 +0000] "POST //xmlrpc.php HTTP/1.1" 200 3997 "-" "Mozilla/5.0 (Windows NT 10.0; Win64; x64) AppleWebKit/537.36 (KHTML, like Gecko) Chrome/95.0.4638.69 Safari/537.36"
45.86.202.156 - - [10/Mar/2026:09:14:34 +0000] "POST //xmlrpc.php HTTP/1.1" 200 3997 "-" "Mozilla/5.0 (Windows NT 10.0; Win64; x64) AppleWebKit/537.36 (KHTML, like Gecko) Chrome/95.0.4638.69 Safari/537.36"
51.222.168.252 - - [10/Mar/2026:09:14:35 +0000] "GET /shop/cosmoplastic/hobbies014273347426.html HTTP/1.1" 404 157274 "-" "Mozilla/5.0 (compatible; AhrefsBot/7.0; +http://ahrefs.com/robot/)"
45.86.202.195 - - [10/Mar/2026:09:14:36 +0000] "POST //xmlrpc.php HTTP/1.1" 200 3997 "-" "Mozilla/5.0 (Windows NT 10.0; Win64; x64) AppleWebKit/537.36 (KHTML, like Gecko) Chrome/95.0.4638.69 Safari/537.36"
45.86.202.177 - - [10/Mar/2026:09:14:38 +0000] "POST //xmlrpc.php HTTP/1.1" 200 3997 "-" "Mozilla/5.0 (Windows NT 10.0; Win64; x64) AppleWebKit/537.36 (KHTML, like Gecko) Chrome/95.0.4638.69 Safari/537.36"
45.86.202.177 - - [10/Mar/2026:09:14:39 +0000] "POST //xmlrpc.php HTTP/1.1" 200 3997 "-" "Mozilla/5.0 (Windows NT 10.0; Win64; x64) AppleWebKit/537.36 (KHTML, like Gecko) Chrome/95.0.4638.69 Safari/537.36"
45.86.202.203 - - [10/Mar/2026:09:14:41 +0000] "POST //xmlrpc.php HTTP/1.1" 200 3997 "-" "Mozilla/5.0 (Windows NT 10.0; Win64; x64) AppleWebKit/537.36 (KHTML, like Gecko) Chrome/95.0.4638.69 Safari/537.36"
45.86.202.171 - - [10/Mar/2026:09:14:43 +0000] "POST //xmlrpc.php HTTP/1.1" 200 3997 "-" "Mozilla/5.0 (Windows NT 10.0; Win64; x64) AppleWebKit/537.36 (KHTML, like Gecko) Chrome/95.0.4638.69 Safari/537.36"
45.86.202.164 - - [10/Mar/2026:09:14:44 +0000] "POST //xmlrpc.php HTTP/1.1" 200 3997 "-" "Mozilla/5.0 (Windows NT 10.0; Win64; x64) AppleWebKit/537.36 (KHTML, like Gecko) Chrome/95.0.4638.69 Safari/537.36"
45.86.202.170 - - [10/Mar/2026:09:14:46 +0000] "POST //xmlrpc.php HTTP/1.1" 200 3997 "-" "Mozilla/5.0 (Windows NT 10.0; Win64; x64) AppleWebKit/537.36 (KHTML, like Gecko) Chrome/95.0.4638.69 Safari/537.36"
45.86.202.170 - - [10/Mar/2026:09:14:48 +0000] "POST //xmlrpc.php HTTP/1.1" 200 3997 "-" "Mozilla/5.0 (Windows NT 10.0; Win64; x64) AppleWebKit/537.36 (KHTML, like Gecko) Chrome/95.0.4638.69 Safari/537.36"
45.86.202.156 - - [10/Mar/2026:09:14:49 +0000] "POST //xmlrpc.php HTTP/1.1" 200 3997 "-" "Mozilla/5.0 (Windows NT 10.0; Win64; x64) AppleWebKit/537.36 (KHTML, like Gecko) Chrome/95.0.4638.69 Safari/537.36"
