45.86.202.203 - - [10/Mar/2026:08:02:19 +0000] "POST //xmlrpc.php HTTP/1.1" 200 3997 "-" "Mozilla/5.0 (Windows NT 10.0; Win64; x64) AppleWebKit/537.36 (KHTML, like Gecko) Chrome/95.0.4638.69 Safari/537.36"
45.86.202.181 - - [10/Mar/2026:08:02:22 +0000] "POST //xmlrpc.php HTTP/1.1" 200 3997 "-" "Mozilla/5.0 (Windows NT 10.0; Win64; x64) AppleWebKit/537.36 (KHTML, like Gecko) Chrome/95.0.4638.69 Safari/537.36"
45.86.202.193 - - [10/Mar/2026:08:02:24 +0000] "POST //xmlrpc.php HTTP/1.1" 200 3997 "-" "Mozilla/5.0 (Windows NT 10.0; Win64; x64) AppleWebKit/537.36 (KHTML, like Gecko) Chrome/95.0.4638.69 Safari/537.36"
45.86.202.174 - - [10/Mar/2026:08:02:26 +0000] "POST //xmlrpc.php HTTP/1.1" 200 3997 "-" "Mozilla/5.0 (Windows NT 10.0; Win64; x64) AppleWebKit/537.36 (KHTML, like Gecko) Chrome/95.0.4638.69 Safari/537.36"
45.86.202.169 - - [10/Mar/2026:08:02:28 +0000] "POST //xmlrpc.php HTTP/1.1" 200 3997 "-" "Mozilla/5.0 (Windows NT 10.0; Win64; x64) AppleWebKit/537.36 (KHTML, like Gecko) Chrome/95.0.4638.69 Safari/537.36"
45.86.202.177 - - [10/Mar/2026:08:02:30 +0000] "POST //xmlrpc.php HTTP/1.1" 200 3997 "-" "Mozilla/5.0 (Windows NT 10.0; Win64; x64) AppleWebKit/537.36 (KHTML, like Gecko) Chrome/95.0.4638.69 Safari/537.36"
45.86.202.188 - - [10/Mar/2026:08:02:32 +0000] "POST //xmlrpc.php HTTP/1.1" 200 3997 "-" "Mozilla/5.0 (Windows NT 10.0; Win64; x64) AppleWebKit/537.36 (KHTML, like Gecko) Chrome/95.0.4638.69 Safari/537.36"
45.86.202.205 - - [10/Mar/2026:08:02:34 +0000] "POST //xmlrpc.php HTTP/1.1" 200 3997 "-" "Mozilla/5.0 (Windows NT 10.0; Win64; x64) AppleWebKit/537.36 (KHTML, like Gecko) Chrome/95.0.4638.69 Safari/537.36"
45.86.202.198 - - [10/Mar/2026:08:02:36 +0000] "POST //xmlrpc.php HTTP/1.1" 200 3997 "-" "Mozilla/5.0 (Windows NT 10.0; Win64; x64) AppleWebKit/537.36 (KHTML, like Gecko) Chrome/95.0.4638.69 Safari/537.36"
45.86.202.175 - - [10/Mar/2026:08:02:38 +0000] "POST //xmlrpc.php HTTP/1.1" 200 3997 "-" "Mozilla/5.0 (Windows NT 10.0; Win64; x64) AppleWebKit/537.36 (KHTML, like Gecko) Chrome/95.0.4638.69 Safari/537.36"
45.86.202.204 - - [10/Mar/2026:08:02:40 +0000] "POST //xmlrpc.php HTTP/1.1" 200 3997 "-" "Mozilla/5.0 (Windows NT 10.0; Win64; x64) AppleWebKit/537.36 (KHTML, like Gecko) Chrome/95.0.4638.69 Safari/537.36"
45.86.202.184 - - [10/Mar/2026:08:02:41 +0000] "POST //xmlrpc.php HTTP/1.1" 200 3997 "-" "Mozilla/5.0 (Windows NT 10.0; Win64; x64) AppleWebKit/537.36 (KHTML, like Gecko) Chrome/95.0.4638.69 Safari/537.36"
45.86.202.186 - - [10/Mar/2026:08:02:43 +0000] "POST //xmlrpc.php HTTP/1.1" 200 3997 "-" "Mozilla/5.0 (Windows NT 10.0; Win64; x64) AppleWebKit/537.36 (KHTML, like Gecko) Chrome/95.0.4638.69 Safari/537.36"
45.86.202.173 - - [10/Mar/2026:08:02:45 +0000] "POST //xmlrpc.php HTTP/1.1" 200 3997 "-" "Mozilla/5.0 (Windows NT 10.0; Win64; x64) AppleWebKit/537.36 (KHTML, like Gecko) Chrome/95.0.4638.69 Safari/537.36"
45.86.202.194 - - [10/Mar/2026:08:02:47 +0000] "POST //xmlrpc.php HTTP/1.1" 200 3997 "-" "Mozilla/5.0 (Windows NT 10.0; Win64; x64) AppleWebKit/537.36 (KHTML, like Gecko) Chrome/95.0.4638.69 Safari/537.36"
45.86.202.172 - - [10/Mar/2026:08:02:49 +0000] "POST //xmlrpc.php HTTP/1.1" 200 3997 "-" "Mozilla/5.0 (Windows NT 10.0; Win64; x64) AppleWebKit/537.36 (KHTML, like Gecko) Chrome/95.0.4638.69 Safari/537.36"
74.208.176.140 - - [10/Mar/2026:08:02:51 +0000] "POST /wp-cron.php?doing_wp_cron=1773129771.7655370235443115234375 HTTP/1.1" 200 4101 "-" "WordPress/6.9.1; https://hvmbertogarza.com"
45.86.202.157 - - [10/Mar/2026:08:02:50 +0000] "POST //xmlrpc.php HTTP/1.1" 200 3997 "-" "Mozilla/5.0 (Windows NT 10.0; Win64; x64) AppleWebKit/537.36 (KHTML, like Gecko) Chrome/95.0.4638.69 Safari/537.36"
45.86.202.181 - - [10/Mar/2026:08:02:52 +0000] "POST //xmlrpc.php HTTP/1.1" 200 3997 "-" "Mozilla/5.0 (Windows NT 10.0; Win64; x64) AppleWebKit/537.36 (KHTML, like Gecko) Chrome/95.0.4638.69 Safari/537.36"
45.86.202.205 - - [10/Mar/2026:08:02:54 +0000] "POST //xmlrpc.php HTTP/1.1" 200 3997 "-" "Mozilla/5.0 (Windows NT 10.0; Win64; x64) AppleWebKit/537.36 (KHTML, like Gecko) Chrome/95.0.4638.69 Safari/537.36"
45.86.202.202 - - [10/Mar/2026:08:02:56 +0000] "POST //xmlrpc.php HTTP/1.1" 200 3997 "-" "Mozilla/5.0 (Windows NT 10.0; Win64; x64) AppleWebKit/537.36 (KHTML, like Gecko) Chrome/95.0.4638.69 Safari/537.36"
45.86.202.188 - - [10/Mar/2026:08:02:57 +0000] "POST //xmlrpc.php HTTP/1.1" 200 3997 "-" "Mozilla/5.0 (Windows NT 10.0; Win64; x64) AppleWebKit/537.36 (KHTML, like Gecko) Chrome/95.0.4638.69 Safari/537.36"
74.208.176.140 - - [10/Mar/2026:08:03:00 +0000] "POST /wp-cron.php?doing_wp_cron=1773129780.7735350131988525390625 HTTP/1.1" 200 4101 "-" "WordPress/6.9.1; https://hvmbertogarza.com"
45.86.202.168 - - [10/Mar/2026:08:02:59 +0000] "POST //xmlrpc.php HTTP/1.1" 200 3997 "-" "Mozilla/5.0 (Windows NT 10.0; Win64; x64) AppleWebKit/537.36 (KHTML, like Gecko) Chrome/95.0.4638.69 Safari/537.36"
45.86.202.166 - - [10/Mar/2026:08:03:01 +0000] "POST //xmlrpc.php HTTP/1.1" 200 3997 "-" "Mozilla/5.0 (Windows NT 10.0; Win64; x64) AppleWebKit/537.36 (KHTML, like Gecko) Chrome/95.0.4638.69 Safari/537.36"
45.86.202.164 - - [10/Mar/2026:08:03:03 +0000] "POST //xmlrpc.php HTTP/1.1" 200 3997 "-" "Mozilla/5.0 (Windows NT 10.0; Win64; x64) AppleWebKit/537.36 (KHTML, like Gecko) Chrome/95.0.4638.69 Safari/537.36"
45.86.202.159 - - [10/Mar/2026:08:03:05 +0000] "POST //xmlrpc.php HTTP/1.1" 200 3997 "-" "Mozilla/5.0 (Windows NT 10.0; Win64; x64) AppleWebKit/537.36 (KHTML, like Gecko) Chrome/95.0.4638.69 Safari/537.36"
45.86.202.203 - - [10/Mar/2026:08:03:07 +0000] "POST //xmlrpc.php HTTP/1.1" 200 3997 "-" "Mozilla/5.0 (Windows NT 10.0; Win64; x64) AppleWebKit/537.36 (KHTML, like Gecko) Chrome/95.0.4638.69 Safari/537.36"
45.86.202.178 - - [10/Mar/2026:08:03:10 +0000] "POST //xmlrpc.php HTTP/1.1" 200 3997 "-" "Mozilla/5.0 (Windows NT 10.0; Win64; x64) AppleWebKit/537.36 (KHTML, like Gecko) Chrome/95.0.4638.69 Safari/537.36"
45.86.202.204 - - [10/Mar/2026:08:03:11 +0000] "POST //xmlrpc.php HTTP/1.1" 200 3997 "-" "Mozilla/5.0 (Windows NT 10.0; Win64; x64) AppleWebKit/537.36 (KHTML, like Gecko) Chrome/95.0.4638.69 Safari/537.36"
54.39.210.101 - - [10/Mar/2026:08:03:10 +0000] "GET /shop/scalenohedral/rakestale014143381904.html HTTP/1.1" 404 142794 "-" "Mozilla/5.0 (compatible; AhrefsBot/7.0; +http://ahrefs.com/robot/)"
45.86.202.197 - - [10/Mar/2026:08:03:14 +0000] "POST //xmlrpc.php HTTP/1.1" 200 3997 "-" "Mozilla/5.0 (Windows NT 10.0; Win64; x64) AppleWebKit/537.36 (KHTML, like Gecko) Chrome/95.0.4638.69 Safari/537.36"
45.86.202.204 - - [10/Mar/2026:08:03:16 +0000] "POST //xmlrpc.php HTTP/1.1" 200 3997 "-" "Mozilla/5.0 (Windows NT 10.0; Win64; x64) AppleWebKit/537.36 (KHTML, like Gecko) Chrome/95.0.4638.69 Safari/537.36"
45.86.202.204 - - [10/Mar/2026:08:03:18 +0000] "POST //xmlrpc.php HTTP/1.1" 200 3997 "-" "Mozilla/5.0 (Windows NT 10.0; Win64; x64) AppleWebKit/537.36 (KHTML, like Gecko) Chrome/95.0.4638.69 Safari/537.36"
74.208.176.140 - - [10/Mar/2026:08:03:21 +0000] "POST /wp-cron.php?doing_wp_cron=1773129801.7103741168975830078125 HTTP/1.1" 200 4101 "-" "WordPress/6.9.1; https://hvmbertogarza.com"
45.86.202.187 - - [10/Mar/2026:08:03:20 +0000] "POST //xmlrpc.php HTTP/1.1" 200 3997 "-" "Mozilla/5.0 (Windows NT 10.0; Win64; x64) AppleWebKit/537.36 (KHTML, like Gecko) Chrome/95.0.4638.69 Safari/537.36"
45.86.202.197 - - [10/Mar/2026:08:03:22 +0000] "POST //xmlrpc.php HTTP/1.1" 200 3997 "-" "Mozilla/5.0 (Windows NT 10.0; Win64; x64) AppleWebKit/537.36 (KHTML, like Gecko) Chrome/95.0.4638.69 Safari/537.36"
45.86.202.181 - - [10/Mar/2026:08:03:24 +0000] "POST //xmlrpc.php HTTP/1.1" 200 3997 "-" "Mozilla/5.0 (Windows NT 10.0; Win64; x64) AppleWebKit/537.36 (KHTML, like Gecko) Chrome/95.0.4638.69 Safari/537.36"
45.86.202.181 - - [10/Mar/2026:08:03:26 +0000] "POST //xmlrpc.php HTTP/1.1" 200 3997 "-" "Mozilla/5.0 (Windows NT 10.0; Win64; x64) AppleWebKit/537.36 (KHTML, like Gecko) Chrome/95.0.4638.69 Safari/537.36"
45.86.202.186 - - [10/Mar/2026:08:03:27 +0000] "POST //xmlrpc.php HTTP/1.1" 200 3997 "-" "Mozilla/5.0 (Windows NT 10.0; Win64; x64) AppleWebKit/537.36 (KHTML, like Gecko) Chrome/95.0.4638.69 Safari/537.36"
45.86.202.167 - - [10/Mar/2026:08:03:29 +0000] "POST //xmlrpc.php HTTP/1.1" 200 3997 "-" "Mozilla/5.0 (Windows NT 10.0; Win64; x64) AppleWebKit/537.36 (KHTML, like Gecko) Chrome/95.0.4638.69 Safari/537.36"
45.86.202.168 - - [10/Mar/2026:08:03:31 +0000] "POST //xmlrpc.php HTTP/1.1" 200 3997 "-" "Mozilla/5.0 (Windows NT 10.0; Win64; x64) AppleWebKit/537.36 (KHTML, like Gecko) Chrome/95.0.4638.69 Safari/537.36"
45.86.202.174 - - [10/Mar/2026:08:03:32 +0000] "POST //xmlrpc.php HTTP/1.1" 200 3997 "-" "Mozilla/5.0 (Windows NT 10.0; Win64; x64) AppleWebKit/537.36 (KHTML, like Gecko) Chrome/95.0.4638.69 Safari/537.36"
45.86.202.171 - - [10/Mar/2026:08:03:34 +0000] "POST //xmlrpc.php HTTP/1.1" 200 3997 "-" "Mozilla/5.0 (Windows NT 10.0; Win64; x64) AppleWebKit/537.36 (KHTML, like Gecko) Chrome/95.0.4638.69 Safari/537.36"
45.86.202.180 - - [10/Mar/2026:08:03:36 +0000] "POST //xmlrpc.php HTTP/1.1" 200 3997 "-" "Mozilla/5.0 (Windows NT 10.0; Win64; x64) AppleWebKit/537.36 (KHTML, like Gecko) Chrome/95.0.4638.69 Safari/537.36"
45.86.202.166 - - [10/Mar/2026:08:03:38 +0000] "POST //xmlrpc.php HTTP/1.1" 200 3997 "-" "Mozilla/5.0 (Windows NT 10.0; Win64; x64) AppleWebKit/537.36 (KHTML, like Gecko) Chrome/95.0.4638.69 Safari/537.36"
45.86.202.169 - - [10/Mar/2026:08:03:40 +0000] "POST //xmlrpc.php HTTP/1.1" 200 3997 "-" "Mozilla/5.0 (Windows NT 10.0; Win64; x64) AppleWebKit/537.36 (KHTML, like Gecko) Chrome/95.0.4638.69 Safari/537.36"
45.86.202.178 - - [10/Mar/2026:08:03:41 +0000] "POST //xmlrpc.php HTTP/1.1" 200 3997 "-" "Mozilla/5.0 (Windows NT 10.0; Win64; x64) AppleWebKit/537.36 (KHTML, like Gecko) Chrome/95.0.4638.69 Safari/537.36"
45.86.202.204 - - [10/Mar/2026:08:03:43 +0000] "POST //xmlrpc.php HTTP/1.1" 200 3997 "-" "Mozilla/5.0 (Windows NT 10.0; Win64; x64) AppleWebKit/537.36 (KHTML, like Gecko) Chrome/95.0.4638.69 Safari/537.36"
45.86.202.156 - - [10/Mar/2026:08:03:45 +0000] "POST //xmlrpc.php HTTP/1.1" 200 3997 "-" "Mozilla/5.0 (Windows NT 10.0; Win64; x64) AppleWebKit/537.36 (KHTML, like Gecko) Chrome/95.0.4638.69 Safari/537.36"
45.86.202.180 - - [10/Mar/2026:08:03:47 +0000] "POST //xmlrpc.php HTTP/1.1" 200 3997 "-" "Mozilla/5.0 (Windows NT 10.0; Win64; x64) AppleWebKit/537.36 (KHTML, like Gecko) Chrome/95.0.4638.69 Safari/537.36"
45.86.202.197 - - [10/Mar/2026:08:03:48 +0000] "POST //xmlrpc.php HTTP/1.1" 200 3997 "-" "Mozilla/5.0 (Windows NT 10.0; Win64; x64) AppleWebKit/537.36 (KHTML, like Gecko) Chrome/95.0.4638.69 Safari/537.36"
74.208.176.140 - - [10/Mar/2026:08:03:51 +0000] "POST /wp-cron.php?doing_wp_cron=1773129831.5238239765167236328125 HTTP/1.1" 200 4101 "-" "WordPress/6.9.1; https://hvmbertogarza.com"
45.86.202.185 - - [10/Mar/2026:08:03:50 +0000] "POST //xmlrpc.php HTTP/1.1" 200 3997 "-" "Mozilla/5.0 (Windows NT 10.0; Win64; x64) AppleWebKit/537.36 (KHTML, like Gecko) Chrome/95.0.4638.69 Safari/537.36"
45.86.202.180 - - [10/Mar/2026:08:03:52 +0000] "POST //xmlrpc.php HTTP/1.1" 200 3997 "-" "Mozilla/5.0 (Windows NT 10.0; Win64; x64) AppleWebKit/537.36 (KHTML, like Gecko) Chrome/95.0.4638.69 Safari/537.36"
45.86.202.174 - - [10/Mar/2026:08:03:54 +0000] "POST //xmlrpc.php HTTP/1.1" 200 3997 "-" "Mozilla/5.0 (Windows NT 10.0; Win64; x64) AppleWebKit/537.36 (KHTML, like Gecko) Chrome/95.0.4638.69 Safari/537.36"
45.86.202.172 - - [10/Mar/2026:08:03:55 +0000] "POST //xmlrpc.php HTTP/1.1" 200 3997 "-" "Mozilla/5.0 (Windows NT 10.0; Win64; x64) AppleWebKit/537.36 (KHTML, like Gecko) Chrome/95.0.4638.69 Safari/537.36"
45.86.202.203 - - [10/Mar/2026:08:03:57 +0000] "POST //xmlrpc.php HTTP/1.1" 200 3997 "-" "Mozilla/5.0 (Windows NT 10.0; Win64; x64) AppleWebKit/537.36 (KHTML, like Gecko) Chrome/95.0.4638.69 Safari/537.36"
45.86.202.197 - - [10/Mar/2026:08:03:59 +0000] "POST //xmlrpc.php HTTP/1.1" 200 3997 "-" "Mozilla/5.0 (Windows NT 10.0; Win64; x64) AppleWebKit/537.36 (KHTML, like Gecko) Chrome/95.0.4638.69 Safari/537.36"
45.86.202.163 - - [10/Mar/2026:08:04:01 +0000] "POST //xmlrpc.php HTTP/1.1" 200 3997 "-" "Mozilla/5.0 (Windows NT 10.0; Win64; x64) AppleWebKit/537.36 (KHTML, like Gecko) Chrome/95.0.4638.69 Safari/537.36"
45.86.202.163 - - [10/Mar/2026:08:04:03 +0000] "POST //xmlrpc.php HTTP/1.1" 200 3997 "-" "Mozilla/5.0 (Windows NT 10.0; Win64; x64) AppleWebKit/537.36 (KHTML, like Gecko) Chrome/95.0.4638.69 Safari/537.36"
45.86.202.191 - - [10/Mar/2026:08:04:05 +0000] "POST //xmlrpc.php HTTP/1.1" 200 3997 "-" "Mozilla/5.0 (Windows NT 10.0; Win64; x64) AppleWebKit/537.36 (KHTML, like Gecko) Chrome/95.0.4638.69 Safari/537.36"
45.86.202.156 - - [10/Mar/2026:08:04:07 +0000] "POST //xmlrpc.php HTTP/1.1" 200 3997 "-" "Mozilla/5.0 (Windows NT 10.0; Win64; x64) AppleWebKit/537.36 (KHTML, like Gecko) Chrome/95.0.4638.69 Safari/537.36"
45.86.202.197 - - [10/Mar/2026:08:04:09 +0000] "POST //xmlrpc.php HTTP/1.1" 200 3997 "-" "Mozilla/5.0 (Windows NT 10.0; Win64; x64) AppleWebKit/537.36 (KHTML, like Gecko) Chrome/95.0.4638.69 Safari/537.36"
45.86.202.163 - - [10/Mar/2026:08:04:11 +0000] "POST //xmlrpc.php HTTP/1.1" 200 3997 "-" "Mozilla/5.0 (Windows NT 10.0; Win64; x64) AppleWebKit/537.36 (KHTML, like Gecko) Chrome/95.0.4638.69 Safari/537.36"
45.86.202.160 - - [10/Mar/2026:08:04:13 +0000] "POST //xmlrpc.php HTTP/1.1" 200 3997 "-" "Mozilla/5.0 (Windows NT 10.0; Win64; x64) AppleWebKit/537.36 (KHTML, like Gecko) Chrome/95.0.4638.69 Safari/537.36"
45.86.202.184 - - [10/Mar/2026:08:04:15 +0000] "POST //xmlrpc.php HTTP/1.1" 200 3997 "-" "Mozilla/5.0 (Windows NT 10.0; Win64; x64) AppleWebKit/537.36 (KHTML, like Gecko) Chrome/95.0.4638.69 Safari/537.36"
45.86.202.172 - - [10/Mar/2026:08:04:16 +0000] "POST //xmlrpc.php HTTP/1.1" 200 3997 "-" "Mozilla/5.0 (Windows NT 10.0; Win64; x64) AppleWebKit/537.36 (KHTML, like Gecko) Chrome/95.0.4638.69 Safari/537.36"
45.86.202.192 - - [10/Mar/2026:08:04:18 +0000] "POST //xmlrpc.php HTTP/1.1" 200 3997 "-" "Mozilla/5.0 (Windows NT 10.0; Win64; x64) AppleWebKit/537.36 (KHTML, like Gecko) Chrome/95.0.4638.69 Safari/537.36"
74.208.176.140 - - [10/Mar/2026:08:04:21 +0000] "POST /wp-cron.php?doing_wp_cron=1773129861.6560928821563720703125 HTTP/1.1" 200 4101 "-" "WordPress/6.9.1; https://hvmbertogarza.com"
45.86.202.166 - - [10/Mar/2026:08:04:20 +0000] "POST //xmlrpc.php HTTP/1.1" 200 3997 "-" "Mozilla/5.0 (Windows NT 10.0; Win64; x64) AppleWebKit/537.36 (KHTML, like Gecko) Chrome/95.0.4638.69 Safari/537.36"
45.86.202.200 - - [10/Mar/2026:08:04:22 +0000] "POST //xmlrpc.php HTTP/1.1" 200 3997 "-" "Mozilla/5.0 (Windows NT 10.0; Win64; x64) AppleWebKit/537.36 (KHTML, like Gecko) Chrome/95.0.4638.69 Safari/537.36"
45.86.202.157 - - [10/Mar/2026:08:04:24 +0000] "POST //xmlrpc.php HTTP/1.1" 200 3997 "-" "Mozilla/5.0 (Windows NT 10.0; Win64; x64) AppleWebKit/537.36 (KHTML, like Gecko) Chrome/95.0.4638.69 Safari/537.36"
45.86.202.184 - - [10/Mar/2026:08:04:26 +0000] "POST //xmlrpc.php HTTP/1.1" 200 3997 "-" "Mozilla/5.0 (Windows NT 10.0; Win64; x64) AppleWebKit/537.36 (KHTML, like Gecko) Chrome/95.0.4638.69 Safari/537.36"
45.86.202.180 - - [10/Mar/2026:08:04:28 +0000] "POST //xmlrpc.php HTTP/1.1" 200 3997 "-" "Mozilla/5.0 (Windows NT 10.0; Win64; x64) AppleWebKit/537.36 (KHTML, like Gecko) Chrome/95.0.4638.69 Safari/537.36"
45.86.202.157 - - [10/Mar/2026:08:04:30 +0000] "POST //xmlrpc.php HTTP/1.1" 200 3997 "-" "Mozilla/5.0 (Windows NT 10.0; Win64; x64) AppleWebKit/537.36 (KHTML, like Gecko) Chrome/95.0.4638.69 Safari/537.36"
45.86.202.177 - - [10/Mar/2026:08:04:32 +0000] "POST //xmlrpc.php HTTP/1.1" 200 3997 "-" "Mozilla/5.0 (Windows NT 10.0; Win64; x64) AppleWebKit/537.36 (KHTML, like Gecko) Chrome/95.0.4638.69 Safari/537.36"
45.86.202.196 - - [10/Mar/2026:08:04:34 +0000] "POST //xmlrpc.php HTTP/1.1" 200 3997 "-" "Mozilla/5.0 (Windows NT 10.0; Win64; x64) AppleWebKit/537.36 (KHTML, like Gecko) Chrome/95.0.4638.69 Safari/537.36"
45.86.202.200 - - [10/Mar/2026:08:04:35 +0000] "POST //xmlrpc.php HTTP/1.1" 200 3997 "-" "Mozilla/5.0 (Windows NT 10.0; Win64; x64) AppleWebKit/537.36 (KHTML, like Gecko) Chrome/95.0.4638.69 Safari/537.36"
45.86.202.197 - - [10/Mar/2026:08:04:37 +0000] "POST //xmlrpc.php HTTP/1.1" 200 3997 "-" "Mozilla/5.0 (Windows NT 10.0; Win64; x64) AppleWebKit/537.36 (KHTML, like Gecko) Chrome/95.0.4638.69 Safari/537.36"
45.86.202.181 - - [10/Mar/2026:08:04:39 +0000] "POST //xmlrpc.php HTTP/1.1" 200 3997 "-" "Mozilla/5.0 (Windows NT 10.0; Win64; x64) AppleWebKit/537.36 (KHTML, like Gecko) Chrome/95.0.4638.69 Safari/537.36"
45.86.202.157 - - [10/Mar/2026:08:04:41 +0000] "POST //xmlrpc.php HTTP/1.1" 200 3997 "-" "Mozilla/5.0 (Windows NT 10.0; Win64; x64) AppleWebKit/537.36 (KHTML, like Gecko) Chrome/95.0.4638.69 Safari/537.36"
45.86.202.178 - - [10/Mar/2026:08:04:43 +0000] "POST //xmlrpc.php HTTP/1.1" 200 3997 "-" "Mozilla/5.0 (Windows NT 10.0; Win64; x64) AppleWebKit/537.36 (KHTML, like Gecko) Chrome/95.0.4638.69 Safari/537.36"
45.86.202.175 - - [10/Mar/2026:08:04:44 +0000] "POST //xmlrpc.php HTTP/1.1" 200 3997 "-" "Mozilla/5.0 (Windows NT 10.0; Win64; x64) AppleWebKit/537.36 (KHTML, like Gecko) Chrome/95.0.4638.69 Safari/537.36"
45.86.202.159 - - [10/Mar/2026:08:04:46 +0000] "POST //xmlrpc.php HTTP/1.1" 200 3997 "-" "Mozilla/5.0 (Windows NT 10.0; Win64; x64) AppleWebKit/537.36 (KHTML, like Gecko) Chrome/95.0.4638.69 Safari/537.36"
45.86.202.156 - - [10/Mar/2026:08:04:48 +0000] "POST //xmlrpc.php HTTP/1.1" 200 3997 "-" "Mozilla/5.0 (Windows NT 10.0; Win64; x64) AppleWebKit/537.36 (KHTML, like Gecko) Chrome/95.0.4638.69 Safari/537.36"
74.208.176.140 - - [10/Mar/2026:08:04:51 +0000] "POST /wp-cron.php?doing_wp_cron=1773129891.2649459838867187500000 HTTP/1.1" 200 4101 "-" "WordPress/6.9.1; https://hvmbertogarza.com"
45.86.202.205 - - [10/Mar/2026:08:04:50 +0000] "POST //xmlrpc.php HTTP/1.1" 200 3997 "-" "Mozilla/5.0 (Windows NT 10.0; Win64; x64) AppleWebKit/537.36 (KHTML, like Gecko) Chrome/95.0.4638.69 Safari/537.36"
45.86.202.197 - - [10/Mar/2026:08:04:51 +0000] "POST //xmlrpc.php HTTP/1.1" 200 3997 "-" "Mozilla/5.0 (Windows NT 10.0; Win64; x64) AppleWebKit/537.36 (KHTML, like Gecko) Chrome/95.0.4638.69 Safari/537.36"
45.86.202.205 - - [10/Mar/2026:08:04:53 +0000] "POST //xmlrpc.php HTTP/1.1" 200 3997 "-" "Mozilla/5.0 (Windows NT 10.0; Win64; x64) AppleWebKit/537.36 (KHTML, like Gecko) Chrome/95.0.4638.69 Safari/537.36"
45.86.202.199 - - [10/Mar/2026:08:04:55 +0000] "POST //xmlrpc.php HTTP/1.1" 200 3997 "-" "Mozilla/5.0 (Windows NT 10.0; Win64; x64) AppleWebKit/537.36 (KHTML, like Gecko) Chrome/95.0.4638.69 Safari/537.36"
45.86.202.167 - - [10/Mar/2026:08:04:57 +0000] "POST //xmlrpc.php HTTP/1.1" 200 3997 "-" "Mozilla/5.0 (Windows NT 10.0; Win64; x64) AppleWebKit/537.36 (KHTML, like Gecko) Chrome/95.0.4638.69 Safari/537.36"
51.161.37.135 - - [10/Mar/2026:08:04:56 +0000] "GET /shop/pseudoigniarius/refiner011918244947.html HTTP/1.1" 404 161325 "-" "Mozilla/5.0 (compatible; AhrefsBot/7.0; +http://ahrefs.com/robot/)"
74.208.176.140 - - [10/Mar/2026:08:04:59 +0000] "POST /wp-cron.php?doing_wp_cron=1773129899.1928470134735107421875 HTTP/1.1" 200 4101 "-" "WordPress/6.9.1; https://hvmbertogarza.com"
45.86.202.170 - - [10/Mar/2026:08:04:59 +0000] "POST //xmlrpc.php HTTP/1.1" 200 3997 "-" "Mozilla/5.0 (Windows NT 10.0; Win64; x64) AppleWebKit/537.36 (KHTML, like Gecko) Chrome/95.0.4638.69 Safari/537.36"
45.86.202.197 - - [10/Mar/2026:08:05:00 +0000] "POST //xmlrpc.php HTTP/1.1" 200 3997 "-" "Mozilla/5.0 (Windows NT 10.0; Win64; x64) AppleWebKit/537.36 (KHTML, like Gecko) Chrome/95.0.4638.69 Safari/537.36"
45.86.202.197 - - [10/Mar/2026:08:05:02 +0000] "POST //xmlrpc.php HTTP/1.1" 200 3997 "-" "Mozilla/5.0 (Windows NT 10.0; Win64; x64) AppleWebKit/537.36 (KHTML, like Gecko) Chrome/95.0.4638.69 Safari/537.36"
45.86.202.198 - - [10/Mar/2026:08:05:04 +0000] "POST //xmlrpc.php HTTP/1.1" 200 3997 "-" "Mozilla/5.0 (Windows NT 10.0; Win64; x64) AppleWebKit/537.36 (KHTML, like Gecko) Chrome/95.0.4638.69 Safari/537.36"
45.86.202.170 - - [10/Mar/2026:08:05:06 +0000] "POST //xmlrpc.php HTTP/1.1" 200 3997 "-" "Mozilla/5.0 (Windows NT 10.0; Win64; x64) AppleWebKit/537.36 (KHTML, like Gecko) Chrome/95.0.4638.69 Safari/537.36"
45.86.202.164 - - [10/Mar/2026:08:05:09 +0000] "POST //xmlrpc.php HTTP/1.1" 200 3997 "-" "Mozilla/5.0 (Windows NT 10.0; Win64; x64) AppleWebKit/537.36 (KHTML, like Gecko) Chrome/95.0.4638.69 Safari/537.36"
45.86.202.157 - - [10/Mar/2026:08:05:11 +0000] "POST //xmlrpc.php HTTP/1.1" 200 3997 "-" "Mozilla/5.0 (Windows NT 10.0; Win64; x64) AppleWebKit/537.36 (KHTML, like Gecko) Chrome/95.0.4638.69 Safari/537.36"
45.86.202.174 - - [10/Mar/2026:08:05:12 +0000] "POST //xmlrpc.php HTTP/1.1" 200 3997 "-" "Mozilla/5.0 (Windows NT 10.0; Win64; x64) AppleWebKit/537.36 (KHTML, like Gecko) Chrome/95.0.4638.69 Safari/537.36"
45.86.202.178 - - [10/Mar/2026:08:05:14 +0000] "POST //xmlrpc.php HTTP/1.1" 200 3997 "-" "Mozilla/5.0 (Windows NT 10.0; Win64; x64) AppleWebKit/537.36 (KHTML, like Gecko) Chrome/95.0.4638.69 Safari/537.36"
45.86.202.161 - - [10/Mar/2026:08:05:16 +0000] "POST //xmlrpc.php HTTP/1.1" 200 3997 "-" "Mozilla/5.0 (Windows NT 10.0; Win64; x64) AppleWebKit/537.36 (KHTML, like Gecko) Chrome/95.0.4638.69 Safari/537.36"
45.86.202.156 - - [10/Mar/2026:08:05:18 +0000] "POST //xmlrpc.php HTTP/1.1" 200 3997 "-" "Mozilla/5.0 (Windows NT 10.0; Win64; x64) AppleWebKit/537.36 (KHTML, like Gecko) Chrome/95.0.4638.69 Safari/537.36"
74.208.176.140 - - [10/Mar/2026:08:05:22 +0000] "POST /wp-cron.php?doing_wp_cron=1773129921.9945249557495117187500 HTTP/1.1" 200 4101 "-" "WordPress/6.9.1; https://hvmbertogarza.com"
45.86.202.195 - - [10/Mar/2026:08:05:20 +0000] "POST //xmlrpc.php HTTP/1.1" 200 3997 "-" "Mozilla/5.0 (Windows NT 10.0; Win64; x64) AppleWebKit/537.36 (KHTML, like Gecko) Chrome/95.0.4638.69 Safari/537.36"
74.208.176.140 - - [10/Mar/2026:08:05:23 +0000] "POST /wp-cron.php?doing_wp_cron=1773129923.1528220176696777343750 HTTP/1.1" 200 4101 "-" "WordPress/6.9.1; https://hvmbertogarza.com"
47.128.121.83 - - [10/Mar/2026:08:05:21 +0000] "GET /index.php/producto/playera-ilumi-nasty-9999-mortem-by-dosak-moreno/ HTTP/1.1" 301 4245 "-" "Mozilla/5.0 (Linux; Android 5.0) AppleWebKit/537.36 (KHTML, like Gecko) Mobile Safari/537.36 (compatible; TikTokSpider; ttspider-feedback@tiktok.com)"
45.86.202.165 - - [10/Mar/2026:08:05:22 +0000] "POST //xmlrpc.php HTTP/1.1" 200 3997 "-" "Mozilla/5.0 (Windows NT 10.0; Win64; x64) AppleWebKit/537.36 (KHTML, like Gecko) Chrome/95.0.4638.69 Safari/537.36"
45.86.202.156 - - [10/Mar/2026:08:05:24 +0000] "POST //xmlrpc.php HTTP/1.1" 200 3997 "-" "Mozilla/5.0 (Windows NT 10.0; Win64; x64) AppleWebKit/537.36 (KHTML, like Gecko) Chrome/95.0.4638.69 Safari/537.36"
47.128.121.83 - - [10/Mar/2026:08:05:23 +0000] "GET /producto/playera-ilumi-nasty-9999-mortem-by-dosak-moreno/ HTTP/1.1" 404 176384 "-" "Mozilla/5.0 (Linux; Android 5.0) AppleWebKit/537.36 (KHTML, like Gecko) Mobile Safari/537.36 (compatible; TikTokSpider; ttspider-feedback@tiktok.com)"
47.128.121.83 - - [10/Mar/2026:08:05:27 +0000] "GET /wp-content/plugins/shopengine/modules/swatches/loop-product-support/assets/swatches.css?ver=1773129926 HTTP/1.1" 200 309 "https://hvmbertogarza.com/producto/playera-ilumi-nasty-9999-mortem-by-dosak-moreno/" "Mozilla/5.0 (Linux; Android 5.0) AppleWebKit/537.36 (KHTML, like Gecko) Mobile Safari/537.36 (compatible; TikTokSpider; ttspider-feedback@tiktok.com)"
45.86.202.168 - - [10/Mar/2026:08:05:26 +0000] "POST //xmlrpc.php HTTP/1.1" 200 3997 "-" "Mozilla/5.0 (Windows NT 10.0; Win64; x64) AppleWebKit/537.36 (KHTML, like Gecko) Chrome/95.0.4638.69 Safari/537.36"
47.128.121.83 - - [10/Mar/2026:08:05:28 +0000] "GET /wp-content/uploads/elementor/thumbs/PROFECO-qjvmsuybqvq2apry3ufohikkik4tg430ynb65zrm68.png HTTP/1.1" 206 861 "https://hvmbertogarza.com/producto/playera-ilumi-nasty-9999-mortem-by-dosak-moreno/" "Mozilla/5.0 (Linux; Android 5.0) AppleWebKit/537.36 (KHTML, like Gecko) Mobile Safari/537.36 (compatible; TikTokSpider; ttspider-feedback@tiktok.com)"
47.128.121.83 - - [10/Mar/2026:08:05:28 +0000] "GET /wp-content/uploads/elementor/thumbs/condusef-qjvmqpvk6gsjuovwlx49t20rsyopwxl1c1tctaxwcg.png HTTP/1.1" 206 1393 "https://hvmbertogarza.com/producto/playera-ilumi-nasty-9999-mortem-by-dosak-moreno/" "Mozilla/5.0 (Linux; Android 5.0) AppleWebKit/537.36 (KHTML, like Gecko) Mobile Safari/537.36 (compatible; TikTokSpider; ttspider-feedback@tiktok.com)"
45.86.202.166 - - [10/Mar/2026:08:05:28 +0000] "POST //xmlrpc.php HTTP/1.1" 200 3997 "-" "Mozilla/5.0 (Windows NT 10.0; Win64; x64) AppleWebKit/537.36 (KHTML, like Gecko) Chrome/95.0.4638.69 Safari/537.36"
45.86.202.164 - - [10/Mar/2026:08:05:30 +0000] "POST //xmlrpc.php HTTP/1.1" 200 3997 "-" "Mozilla/5.0 (Windows NT 10.0; Win64; x64) AppleWebKit/537.36 (KHTML, like Gecko) Chrome/95.0.4638.69 Safari/537.36"
198.20.177.178 - - [10/Mar/2026:08:05:30 +0000] "GET /wp-login.php HTTP/1.1" 200 7389 "-" "Mozilla/5.0 (Windows NT 10.0; Win64; x64) AppleWebKit/537.36 (KHTML, like Gecko) Chrome/67.0.3396.62 Safari/537.36"
198.20.177.178 - - [10/Mar/2026:08:05:31 +0000] "POST /wp-login.php HTTP/1.1" 200 3781 "https://hvmbertogarza.com/wp-login.php" "Mozilla/5.0 (Windows NT 10.0; Win64; x64) AppleWebKit/537.36 (KHTML, like Gecko) Chrome/67.0.3396.62 Safari/537.36"
45.86.202.189 - - [10/Mar/2026:08:05:32 +0000] "POST //xmlrpc.php HTTP/1.1" 200 3997 "-" "Mozilla/5.0 (Windows NT 10.0; Win64; x64) AppleWebKit/537.36 (KHTML, like Gecko) Chrome/95.0.4638.69 Safari/537.36"
45.86.202.160 - - [10/Mar/2026:08:05:34 +0000] "POST //xmlrpc.php HTTP/1.1" 200 3997 "-" "Mozilla/5.0 (Windows NT 10.0; Win64; x64) AppleWebKit/537.36 (KHTML, like Gecko) Chrome/95.0.4638.69 Safari/537.36"
45.86.202.175 - - [10/Mar/2026:08:05:35 +0000] "POST //xmlrpc.php HTTP/1.1" 200 3997 "-" "Mozilla/5.0 (Windows NT 10.0; Win64; x64) AppleWebKit/537.36 (KHTML, like Gecko) Chrome/95.0.4638.69 Safari/537.36"
45.86.202.201 - - [10/Mar/2026:08:05:37 +0000] "POST //xmlrpc.php HTTP/1.1" 200 3997 "-" "Mozilla/5.0 (Windows NT 10.0; Win64; x64) AppleWebKit/537.36 (KHTML, like Gecko) Chrome/95.0.4638.69 Safari/537.36"
45.86.202.193 - - [10/Mar/2026:08:05:39 +0000] "POST //xmlrpc.php HTTP/1.1" 200 3997 "-" "Mozilla/5.0 (Windows NT 10.0; Win64; x64) AppleWebKit/537.36 (KHTML, like Gecko) Chrome/95.0.4638.69 Safari/537.36"
45.86.202.163 - - [10/Mar/2026:08:05:41 +0000] "POST //xmlrpc.php HTTP/1.1" 200 3997 "-" "Mozilla/5.0 (Windows NT 10.0; Win64; x64) AppleWebKit/537.36 (KHTML, like Gecko) Chrome/95.0.4638.69 Safari/537.36"
45.86.202.201 - - [10/Mar/2026:08:05:43 +0000] "POST //xmlrpc.php HTTP/1.1" 200 3997 "-" "Mozilla/5.0 (Windows NT 10.0; Win64; x64) AppleWebKit/537.36 (KHTML, like Gecko) Chrome/95.0.4638.69 Safari/537.36"
45.86.202.189 - - [10/Mar/2026:08:05:44 +0000] "POST //xmlrpc.php HTTP/1.1" 200 3997 "-" "Mozilla/5.0 (Windows NT 10.0; Win64; x64) AppleWebKit/537.36 (KHTML, like Gecko) Chrome/95.0.4638.69 Safari/537.36"
45.86.202.169 - - [10/Mar/2026:08:05:46 +0000] "POST //xmlrpc.php HTTP/1.1" 200 3997 "-" "Mozilla/5.0 (Windows NT 10.0; Win64; x64) AppleWebKit/537.36 (KHTML, like Gecko) Chrome/95.0.4638.69 Safari/537.36"
45.86.202.180 - - [10/Mar/2026:08:05:48 +0000] "POST //xmlrpc.php HTTP/1.1" 200 3997 "-" "Mozilla/5.0 (Windows NT 10.0; Win64; x64) AppleWebKit/537.36 (KHTML, like Gecko) Chrome/95.0.4638.69 Safari/537.36"
45.86.202.186 - - [10/Mar/2026:08:05:50 +0000] "POST //xmlrpc.php HTTP/1.1" 200 3997 "-" "Mozilla/5.0 (Windows NT 10.0; Win64; x64) AppleWebKit/537.36 (KHTML, like Gecko) Chrome/95.0.4638.69 Safari/537.36"
45.86.202.163 - - [10/Mar/2026:08:05:52 +0000] "POST //xmlrpc.php HTTP/1.1" 200 3997 "-" "Mozilla/5.0 (Windows NT 10.0; Win64; x64) AppleWebKit/537.36 (KHTML, like Gecko) Chrome/95.0.4638.69 Safari/537.36"
45.86.202.160 - - [10/Mar/2026:08:05:54 +0000] "POST //xmlrpc.php HTTP/1.1" 200 3997 "-" "Mozilla/5.0 (Windows NT 10.0; Win64; x64) AppleWebKit/537.36 (KHTML, like Gecko) Chrome/95.0.4638.69 Safari/537.36"
45.86.202.160 - - [10/Mar/2026:08:05:56 +0000] "POST //xmlrpc.php HTTP/1.1" 200 3997 "-" "Mozilla/5.0 (Windows NT 10.0; Win64; x64) AppleWebKit/537.36 (KHTML, like Gecko) Chrome/95.0.4638.69 Safari/537.36"
45.86.202.224 - - [10/Mar/2026:08:05:57 +0000] "POST //xmlrpc.php HTTP/1.1" 200 3997 "-" "Mozilla/5.0 (Windows NT 10.0; Win64; x64) AppleWebKit/537.36 (KHTML, like Gecko) Chrome/95.0.4638.69 Safari/537.36"
45.86.202.168 - - [10/Mar/2026:08:05:59 +0000] "POST //xmlrpc.php HTTP/1.1" 200 3997 "-" "Mozilla/5.0 (Windows NT 10.0; Win64; x64) AppleWebKit/537.36 (KHTML, like Gecko) Chrome/95.0.4638.69 Safari/537.36"
143.198.220.252 - - [10/Mar/2026:08:06:00 +0000] "GET /wp-login.php HTTP/1.1" 200 7493 "https://www.bing.com/" "Mozilla/5.0 (X11; Ubuntu; Linux x86_64) AppleWebKit/537.36 (KHTML, like Gecko) Chrome/119.0.0.0 Safari/537.36"
45.86.202.168 - - [10/Mar/2026:08:06:01 +0000] "POST //xmlrpc.php HTTP/1.1" 200 3997 "-" "Mozilla/5.0 (Windows NT 10.0; Win64; x64) AppleWebKit/537.36 (KHTML, like Gecko) Chrome/95.0.4638.69 Safari/537.36"
45.86.202.170 - - [10/Mar/2026:08:06:03 +0000] "POST //xmlrpc.php HTTP/1.1" 200 3997 "-" "Mozilla/5.0 (Windows NT 10.0; Win64; x64) AppleWebKit/537.36 (KHTML, like Gecko) Chrome/95.0.4638.69 Safari/537.36"
143.198.220.252 - - [10/Mar/2026:08:06:03 +0000] "POST /xmlrpc.php HTTP/1.1" 200 4190 "-" "Mozilla/5.0 (Windows NT 10.0; Win64; x64) AppleWebKit/537.36"
45.86.202.164 - - [10/Mar/2026:08:06:05 +0000] "POST //xmlrpc.php HTTP/1.1" 200 3997 "-" "Mozilla/5.0 (Windows NT 10.0; Win64; x64) AppleWebKit/537.36 (KHTML, like Gecko) Chrome/95.0.4638.69 Safari/537.36"
143.198.220.252 - - [10/Mar/2026:08:06:06 +0000] "POST /xmlrpc.php HTTP/1.1" 200 4714 "-" "Mozilla/5.0 (Windows NT 10.0; Win64; x64) AppleWebKit/537.36"
45.86.202.172 - - [10/Mar/2026:08:06:06 +0000] "POST //xmlrpc.php HTTP/1.1" 200 3997 "-" "Mozilla/5.0 (Windows NT 10.0; Win64; x64) AppleWebKit/537.36 (KHTML, like Gecko) Chrome/95.0.4638.69 Safari/537.36"
45.86.202.194 - - [10/Mar/2026:08:06:08 +0000] "POST //xmlrpc.php HTTP/1.1" 200 3997 "-" "Mozilla/5.0 (Windows NT 10.0; Win64; x64) AppleWebKit/537.36 (KHTML, like Gecko) Chrome/95.0.4638.69 Safari/537.36"
45.86.202.159 - - [10/Mar/2026:08:06:10 +0000] "POST //xmlrpc.php HTTP/1.1" 200 3997 "-" "Mozilla/5.0 (Windows NT 10.0; Win64; x64) AppleWebKit/537.36 (KHTML, like Gecko) Chrome/95.0.4638.69 Safari/537.36"
143.198.220.252 - - [10/Mar/2026:08:06:10 +0000] "GET /?author=1 HTTP/1.1" 301 4146 "https://www.google.com/" "Mozilla/5.0 (X11; Linux x86_64) AppleWebKit/537.36 (KHTML, like Gecko) Chrome/118.0.0.0 Safari/537.36"
45.86.202.224 - - [10/Mar/2026:08:06:12 +0000] "POST //xmlrpc.php HTTP/1.1" 200 3997 "-" "Mozilla/5.0 (Windows NT 10.0; Win64; x64) AppleWebKit/537.36 (KHTML, like Gecko) Chrome/95.0.4638.69 Safari/537.36"
143.198.220.252 - - [10/Mar/2026:08:06:12 +0000] "GET /author/israel-arriaga/ HTTP/1.1" 200 39471 "https://www.google.com/" "Mozilla/5.0 (X11; Linux x86_64) AppleWebKit/537.36 (KHTML, like Gecko) Chrome/118.0.0.0 Safari/537.36"
45.86.202.198 - - [10/Mar/2026:08:06:14 +0000] "POST //xmlrpc.php HTTP/1.1" 200 3997 "-" "Mozilla/5.0 (Windows NT 10.0; Win64; x64) AppleWebKit/537.36 (KHTML, like Gecko) Chrome/95.0.4638.69 Safari/537.36"
45.86.202.190 - - [10/Mar/2026:08:06:15 +0000] "POST //xmlrpc.php HTTP/1.1" 200 3997 "-" "Mozilla/5.0 (Windows NT 10.0; Win64; x64) AppleWebKit/537.36 (KHTML, like Gecko) Chrome/95.0.4638.69 Safari/537.36"
143.198.220.252 - - [10/Mar/2026:08:06:15 +0000] "GET /?author=2 HTTP/1.1" 200 36236 "-" "Mozilla/5.0 (Macintosh; Intel Mac OS X 13_6_1) AppleWebKit/605.1.15 (KHTML, like Gecko) Version/17.2 Safari/605.1.15"
45.86.202.200 - - [10/Mar/2026:08:06:18 +0000] "POST //xmlrpc.php HTTP/1.1" 200 3997 "-" "Mozilla/5.0 (Windows NT 10.0; Win64; x64) AppleWebKit/537.36 (KHTML, like Gecko) Chrome/95.0.4638.69 Safari/537.36"
143.198.220.252 - - [10/Mar/2026:08:06:18 +0000] "GET /?author=3 HTTP/1.1" 200 36311 "https://wordpress.org/" "Mozilla/5.0 (Macintosh; Intel Mac OS X 10_15_7; rv:119.0) Gecko/20100101 Firefox/119.0"
45.86.202.179 - - [10/Mar/2026:08:06:19 +0000] "POST //xmlrpc.php HTTP/1.1" 200 3997 "-" "Mozilla/5.0 (Windows NT 10.0; Win64; x64) AppleWebKit/537.36 (KHTML, like Gecko) Chrome/95.0.4638.69 Safari/537.36"
45.86.202.172 - - [10/Mar/2026:08:06:21 +0000] "POST //xmlrpc.php HTTP/1.1" 200 3997 "-" "Mozilla/5.0 (Windows NT 10.0; Win64; x64) AppleWebKit/537.36 (KHTML, like Gecko) Chrome/95.0.4638.69 Safari/537.36"
74.208.176.140 - - [10/Mar/2026:08:06:23 +0000] "POST /wp-cron.php?doing_wp_cron=1773129983.6423130035400390625000 HTTP/1.1" 200 4101 "-" "WordPress/6.9.1; https://hvmbertogarza.com"
143.198.220.252 - - [10/Mar/2026:08:06:21 +0000] "GET /?author=4 HTTP/1.1" 200 36411 "-" "Mozilla/5.0 (Windows NT 10.0; Win64; x64) AppleWebKit/537.36 (KHTML, like Gecko) Chrome/120.0.0.0 Safari/537.36"
45.86.202.200 - - [10/Mar/2026:08:06:23 +0000] "POST //xmlrpc.php HTTP/1.1" 200 3997 "-" "Mozilla/5.0 (Windows NT 10.0; Win64; x64) AppleWebKit/537.36 (KHTML, like Gecko) Chrome/95.0.4638.69 Safari/537.36"
143.198.220.252 - - [10/Mar/2026:08:06:24 +0000] "GET /?author=5 HTTP/1.1" 200 36419 "" "Mozilla/5.0 (Macintosh; Intel Mac OS X 13_6_1) AppleWebKit/605.1.15 (KHTML, like Gecko) Version/17.1 Safari/605.1.15"
45.86.202.177 - - [10/Mar/2026:08:06:25 +0000] "POST //xmlrpc.php HTTP/1.1" 200 3997 "-" "Mozilla/5.0 (Windows NT 10.0; Win64; x64) AppleWebKit/537.36 (KHTML, like Gecko) Chrome/95.0.4638.69 Safari/537.36"
45.86.202.198 - - [10/Mar/2026:08:06:27 +0000] "POST //xmlrpc.php HTTP/1.1" 200 3997 "-" "Mozilla/5.0 (Windows NT 10.0; Win64; x64) AppleWebKit/537.36 (KHTML, like Gecko) Chrome/95.0.4638.69 Safari/537.36"
143.198.220.252 - - [10/Mar/2026:08:06:26 +0000] "GET /?author=6 HTTP/1.1" 200 36410 "" "Mozilla/5.0 (Macintosh; Intel Mac OS X 10_15_7; rv:120.0) Gecko/20100101 Firefox/120.0"
45.86.202.171 - - [10/Mar/2026:08:06:29 +0000] "POST //xmlrpc.php HTTP/1.1" 200 3997 "-" "Mozilla/5.0 (Windows NT 10.0; Win64; x64) AppleWebKit/537.36 (KHTML, like Gecko) Chrome/95.0.4638.69 Safari/537.36"
143.198.220.252 - - [10/Mar/2026:08:06:29 +0000] "GET /?author=7 HTTP/1.1" 200 36406 "https://wordpress.org/" "Mozilla/5.0 (Windows NT 11.0; Win64; x64) AppleWebKit/537.36 (KHTML, like Gecko) Chrome/118.0.0.0 Safari/537.36"
45.86.202.157 - - [10/Mar/2026:08:06:31 +0000] "POST //xmlrpc.php HTTP/1.1" 200 3997 "-" "Mozilla/5.0 (Windows NT 10.0; Win64; x64) AppleWebKit/537.36 (KHTML, like Gecko) Chrome/95.0.4638.69 Safari/537.36"
45.86.202.186 - - [10/Mar/2026:08:06:33 +0000] "POST //xmlrpc.php HTTP/1.1" 200 3997 "-" "Mozilla/5.0 (Windows NT 10.0; Win64; x64) AppleWebKit/537.36 (KHTML, like Gecko) Chrome/95.0.4638.69 Safari/537.36"
143.198.220.252 - - [10/Mar/2026:08:06:32 +0000] "GET /?author=8 HTTP/1.1" 200 36415 "https://www.facebook.com/" "Mozilla/5.0 (Macintosh; Intel Mac OS X 13_6_1) AppleWebKit/605.1.15 (KHTML, like Gecko) Version/17.0 Safari/605.1.15"
45.86.202.169 - - [10/Mar/2026:08:06:35 +0000] "POST //xmlrpc.php HTTP/1.1" 200 3997 "-" "Mozilla/5.0 (Windows NT 10.0; Win64; x64) AppleWebKit/537.36 (KHTML, like Gecko) Chrome/95.0.4638.69 Safari/537.36"
143.198.220.252 - - [10/Mar/2026:08:06:35 +0000] "GET /?author=9 HTTP/1.1" 200 36417 "https://duckduckgo.com/" "Mozilla/5.0 (Macintosh; Intel Mac OS X 10_15_7) AppleWebKit/537.36 (KHTML, like Gecko) Chrome/119.0.0.0 Safari/537.36"
45.86.202.190 - - [10/Mar/2026:08:06:37 +0000] "POST //xmlrpc.php HTTP/1.1" 200 3997 "-" "Mozilla/5.0 (Windows NT 10.0; Win64; x64) AppleWebKit/537.36 (KHTML, like Gecko) Chrome/95.0.4638.69 Safari/537.36"
143.198.220.252 - - [10/Mar/2026:08:06:37 +0000] "GET /wp-json/wp/v2/users HTTP/1.1" 200 2367 "-" "Mozilla/5.0 (X11; Linux x86_64) AppleWebKit/537.36 (KHTML, like Gecko) Chrome/118.0.0.0 Safari/537.36"
45.86.202.173 - - [10/Mar/2026:08:06:38 +0000] "POST //xmlrpc.php HTTP/1.1" 200 3997 "-" "Mozilla/5.0 (Windows NT 10.0; Win64; x64) AppleWebKit/537.36 (KHTML, like Gecko) Chrome/95.0.4638.69 Safari/537.36"
45.86.202.190 - - [10/Mar/2026:08:06:40 +0000] "POST //xmlrpc.php HTTP/1.1" 200 3997 "-" "Mozilla/5.0 (Windows NT 10.0; Win64; x64) AppleWebKit/537.36 (KHTML, like Gecko) Chrome/95.0.4638.69 Safari/537.36"
143.198.220.252 - - [10/Mar/2026:08:06:39 +0000] "GET / HTTP/1.1" 200 50718 "https://wordpress.org/" "Mozilla/5.0 (Macintosh; Intel Mac OS X 13_6_1; rv:121.0) Gecko/20100101 Firefox/121.0"
45.86.202.178 - - [10/Mar/2026:08:06:42 +0000] "POST //xmlrpc.php HTTP/1.1" 200 3997 "-" "Mozilla/5.0 (Windows NT 10.0; Win64; x64) AppleWebKit/537.36 (KHTML, like Gecko) Chrome/95.0.4638.69 Safari/537.36"
143.198.220.252 - - [10/Mar/2026:08:06:44 +0000] "POST /xmlrpc.php HTTP/1.1" 200 4329 "-" "Mozilla/5.0 (Windows NT 10.0; Win64; x64) AppleWebKit/537.36"
45.86.202.166 - - [10/Mar/2026:08:06:44 +0000] "POST //xmlrpc.php HTTP/1.1" 200 3997 "-" "Mozilla/5.0 (Windows NT 10.0; Win64; x64) AppleWebKit/537.36 (KHTML, like Gecko) Chrome/95.0.4638.69 Safari/537.36"
143.198.220.252 - - [10/Mar/2026:08:06:46 +0000] "POST /xmlrpc.php HTTP/1.1" 200 4329 "-" "Mozilla/5.0 (Windows NT 10.0; Win64; x64) AppleWebKit/537.36"
45.86.202.174 - - [10/Mar/2026:08:06:46 +0000] "POST //xmlrpc.php HTTP/1.1" 200 3997 "-" "Mozilla/5.0 (Windows NT 10.0; Win64; x64) AppleWebKit/537.36 (KHTML, like Gecko) Chrome/95.0.4638.69 Safari/537.36"
15.235.98.247 - - [10/Mar/2026:08:06:45 +0000] "GET /shop/precollection/tronage01156013794.html HTTP/1.1" 404 161325 "-" "Mozilla/5.0 (compatible; AhrefsBot/7.0; +http://ahrefs.com/robot/)"
45.86.202.181 - - [10/Mar/2026:08:06:48 +0000] "POST //xmlrpc.php HTTP/1.1" 200 3997 "-" "Mozilla/5.0 (Windows NT 10.0; Win64; x64) AppleWebKit/537.36 (KHTML, like Gecko) Chrome/95.0.4638.69 Safari/537.36"
143.198.220.252 - - [10/Mar/2026:08:06:48 +0000] "POST /xmlrpc.php HTTP/1.1" 200 4329 "-" "Mozilla/5.0 (Windows NT 10.0; Win64; x64) AppleWebKit/537.36"
74.208.176.140 - - [10/Mar/2026:08:06:51 +0000] "POST /wp-cron.php?doing_wp_cron=1773130011.2579898834228515625000 HTTP/1.1" 200 4101 "-" "WordPress/6.9.1; https://hvmbertogarza.com"
45.86.202.184 - - [10/Mar/2026:08:06:49 +0000] "POST //xmlrpc.php HTTP/1.1" 200 3997 "-" "Mozilla/5.0 (Windows NT 10.0; Win64; x64) AppleWebKit/537.36 (KHTML, like Gecko) Chrome/95.0.4638.69 Safari/537.36"
143.198.220.252 - - [10/Mar/2026:08:06:50 +0000] "POST /xmlrpc.php HTTP/1.1" 200 4264 "-" "Mozilla/5.0 (Windows NT 10.0; Win64; x64) AppleWebKit/537.36"
45.86.202.170 - - [10/Mar/2026:08:06:51 +0000] "POST //xmlrpc.php HTTP/1.1" 200 3997 "-" "Mozilla/5.0 (Windows NT 10.0; Win64; x64) AppleWebKit/537.36 (KHTML, like Gecko) Chrome/95.0.4638.69 Safari/537.36"
143.198.220.252 - - [10/Mar/2026:08:06:53 +0000] "POST /xmlrpc.php HTTP/1.1" 200 4329 "-" "Mozilla/5.0 (Windows NT 10.0; Win64; x64) AppleWebKit/537.36"
45.86.202.196 - - [10/Mar/2026:08:06:54 +0000] "POST //xmlrpc.php HTTP/1.1" 200 3997 "-" "Mozilla/5.0 (Windows NT 10.0; Win64; x64) AppleWebKit/537.36 (KHTML, like Gecko) Chrome/95.0.4638.69 Safari/537.36"
143.198.220.252 - - [10/Mar/2026:08:06:55 +0000] "POST /xmlrpc.php HTTP/1.1" 200 4329 "-" "Mozilla/5.0 (Windows NT 10.0; Win64; x64) AppleWebKit/537.36"
45.86.202.168 - - [10/Mar/2026:08:06:55 +0000] "POST //xmlrpc.php HTTP/1.1" 200 3997 "-" "Mozilla/5.0 (Windows NT 10.0; Win64; x64) AppleWebKit/537.36 (KHTML, like Gecko) Chrome/95.0.4638.69 Safari/537.36"
143.198.220.252 - - [10/Mar/2026:08:06:57 +0000] "POST /xmlrpc.php HTTP/1.1" 200 4329 "-" "Mozilla/5.0 (Windows NT 10.0; Win64; x64) AppleWebKit/537.36"
74.208.176.140 - - [10/Mar/2026:08:06:59 +0000] "POST /wp-cron.php?doing_wp_cron=1773130019.0128109455108642578125 HTTP/1.1" 200 4101 "-" "WordPress/6.9.1; https://hvmbertogarza.com"
45.86.202.162 - - [10/Mar/2026:08:06:57 +0000] "POST //xmlrpc.php HTTP/1.1" 200 3997 "-" "Mozilla/5.0 (Windows NT 10.0; Win64; x64) AppleWebKit/537.36 (KHTML, like Gecko) Chrome/95.0.4638.69 Safari/537.36"
45.86.202.161 - - [10/Mar/2026:08:06:59 +0000] "POST //xmlrpc.php HTTP/1.1" 200 3997 "-" "Mozilla/5.0 (Windows NT 10.0; Win64; x64) AppleWebKit/537.36 (KHTML, like Gecko) Chrome/95.0.4638.69 Safari/537.36"
143.198.220.252 - - [10/Mar/2026:08:06:59 +0000] "POST /xmlrpc.php HTTP/1.1" 200 4329 "-" "Mozilla/5.0 (Windows NT 10.0; Win64; x64) AppleWebKit/537.36"
45.86.202.166 - - [10/Mar/2026:08:07:01 +0000] "POST //xmlrpc.php HTTP/1.1" 200 3997 "-" "Mozilla/5.0 (Windows NT 10.0; Win64; x64) AppleWebKit/537.36 (KHTML, like Gecko) Chrome/95.0.4638.69 Safari/537.36"
143.198.220.252 - - [10/Mar/2026:08:07:01 +0000] "POST /xmlrpc.php HTTP/1.1" 200 4329 "-" "Mozilla/5.0 (Windows NT 10.0; Win64; x64) AppleWebKit/537.36"
45.86.202.193 - - [10/Mar/2026:08:07:03 +0000] "POST //xmlrpc.php HTTP/1.1" 200 3997 "-" "Mozilla/5.0 (Windows NT 10.0; Win64; x64) AppleWebKit/537.36 (KHTML, like Gecko) Chrome/95.0.4638.69 Safari/537.36"
143.198.220.252 - - [10/Mar/2026:08:07:03 +0000] "POST /xmlrpc.php HTTP/1.1" 200 4329 "-" "Mozilla/5.0 (Windows NT 10.0; Win64; x64) AppleWebKit/537.36"
45.86.202.225 - - [10/Mar/2026:08:07:05 +0000] "POST //xmlrpc.php HTTP/1.1" 200 3997 "-" "Mozilla/5.0 (Windows NT 10.0; Win64; x64) AppleWebKit/537.36 (KHTML, like Gecko) Chrome/95.0.4638.69 Safari/537.36"
143.198.220.252 - - [10/Mar/2026:08:07:06 +0000] "POST /xmlrpc.php HTTP/1.1" 200 4329 "-" "Mozilla/5.0 (Windows NT 10.0; Win64; x64) AppleWebKit/537.36"
45.86.202.180 - - [10/Mar/2026:08:07:06 +0000] "POST //xmlrpc.php HTTP/1.1" 200 3997 "-" "Mozilla/5.0 (Windows NT 10.0; Win64; x64) AppleWebKit/537.36 (KHTML, like Gecko) Chrome/95.0.4638.69 Safari/537.36"
45.86.202.178 - - [10/Mar/2026:08:07:08 +0000] "POST //xmlrpc.php HTTP/1.1" 200 3997 "-" "Mozilla/5.0 (Windows NT 10.0; Win64; x64) AppleWebKit/537.36 (KHTML, like Gecko) Chrome/95.0.4638.69 Safari/537.36"
143.198.220.252 - - [10/Mar/2026:08:07:09 +0000] "POST /xmlrpc.php HTTP/1.1" 200 4329 "-" "Mozilla/5.0 (Windows NT 10.0; Win64; x64) AppleWebKit/537.36"
45.86.202.190 - - [10/Mar/2026:08:07:10 +0000] "POST //xmlrpc.php HTTP/1.1" 200 3997 "-" "Mozilla/5.0 (Windows NT 10.0; Win64; x64) AppleWebKit/537.36 (KHTML, like Gecko) Chrome/95.0.4638.69 Safari/537.36"
143.198.220.252 - - [10/Mar/2026:08:07:11 +0000] "POST /xmlrpc.php HTTP/1.1" 200 4329 "-" "Mozilla/5.0 (Windows NT 10.0; Win64; x64) AppleWebKit/537.36"
45.86.202.167 - - [10/Mar/2026:08:07:12 +0000] "POST //xmlrpc.php HTTP/1.1" 200 3997 "-" "Mozilla/5.0 (Windows NT 10.0; Win64; x64) AppleWebKit/537.36 (KHTML, like Gecko) Chrome/95.0.4638.69 Safari/537.36"
143.198.220.252 - - [10/Mar/2026:08:07:13 +0000] "POST /xmlrpc.php HTTP/1.1" 200 4329 "-" "Mozilla/5.0 (Windows NT 10.0; Win64; x64) AppleWebKit/537.36"
143.198.220.252 - - [10/Mar/2026:08:07:15 +0000] "POST /xmlrpc.php HTTP/1.1" 200 4329 "-" "Mozilla/5.0 (Windows NT 10.0; Win64; x64) AppleWebKit/537.36"
45.86.202.190 - - [10/Mar/2026:08:07:14 +0000] "POST //xmlrpc.php HTTP/1.1" 200 3997 "-" "Mozilla/5.0 (Windows NT 10.0; Win64; x64) AppleWebKit/537.36 (KHTML, like Gecko) Chrome/95.0.4638.69 Safari/537.36"
143.198.220.252 - - [10/Mar/2026:08:07:17 +0000] "POST /xmlrpc.php HTTP/1.1" 200 4329 "-" "Mozilla/5.0 (Windows NT 10.0; Win64; x64) AppleWebKit/537.36"
45.86.202.182 - - [10/Mar/2026:08:07:17 +0000] "POST //xmlrpc.php HTTP/1.1" 200 3997 "-" "Mozilla/5.0 (Windows NT 10.0; Win64; x64) AppleWebKit/537.36 (KHTML, like Gecko) Chrome/95.0.4638.69 Safari/537.36"
45.86.202.170 - - [10/Mar/2026:08:07:19 +0000] "POST //xmlrpc.php HTTP/1.1" 200 3997 "-" "Mozilla/5.0 (Windows NT 10.0; Win64; x64) AppleWebKit/537.36 (KHTML, like Gecko) Chrome/95.0.4638.69 Safari/537.36"
74.208.176.140 - - [10/Mar/2026:08:07:21 +0000] "POST /wp-cron.php?doing_wp_cron=1773130041.1755590438842773437500 HTTP/1.1" 200 4101 "-" "WordPress/6.9.1; https://hvmbertogarza.com"
143.198.220.252 - - [10/Mar/2026:08:07:19 +0000] "POST /xmlrpc.php HTTP/1.1" 200 4329 "-" "Mozilla/5.0 (Windows NT 10.0; Win64; x64) AppleWebKit/537.36"
45.86.202.159 - - [10/Mar/2026:08:07:20 +0000] "POST //xmlrpc.php HTTP/1.1" 200 3997 "-" "Mozilla/5.0 (Windows NT 10.0; Win64; x64) AppleWebKit/537.36 (KHTML, like Gecko) Chrome/95.0.4638.69 Safari/537.36"
143.198.220.252 - - [10/Mar/2026:08:07:21 +0000] "POST /xmlrpc.php HTTP/1.1" 200 4329 "-" "Mozilla/5.0 (Windows NT 10.0; Win64; x64) AppleWebKit/537.36"
45.86.202.174 - - [10/Mar/2026:08:07:22 +0000] "POST //xmlrpc.php HTTP/1.1" 200 3997 "-" "Mozilla/5.0 (Windows NT 10.0; Win64; x64) AppleWebKit/537.36 (KHTML, like Gecko) Chrome/95.0.4638.69 Safari/537.36"
143.198.220.252 - - [10/Mar/2026:08:07:24 +0000] "POST /xmlrpc.php HTTP/1.1" 200 4329 "-" "Mozilla/5.0 (Windows NT 10.0; Win64; x64) AppleWebKit/537.36"
45.86.202.173 - - [10/Mar/2026:08:07:24 +0000] "POST //xmlrpc.php HTTP/1.1" 200 3997 "-" "Mozilla/5.0 (Windows NT 10.0; Win64; x64) AppleWebKit/537.36 (KHTML, like Gecko) Chrome/95.0.4638.69 Safari/537.36"
143.198.220.252 - - [10/Mar/2026:08:07:26 +0000] "POST /xmlrpc.php HTTP/1.1" 200 4329 "-" "Mozilla/5.0 (Windows NT 10.0; Win64; x64) AppleWebKit/537.36"
45.86.202.167 - - [10/Mar/2026:08:07:26 +0000] "POST //xmlrpc.php HTTP/1.1" 200 3997 "-" "Mozilla/5.0 (Windows NT 10.0; Win64; x64) AppleWebKit/537.36 (KHTML, like Gecko) Chrome/95.0.4638.69 Safari/537.36"
143.198.220.252 - - [10/Mar/2026:08:07:28 +0000] "POST /xmlrpc.php HTTP/1.1" 200 4329 "-" "Mozilla/5.0 (Windows NT 10.0; Win64; x64) AppleWebKit/537.36"
45.86.202.170 - - [10/Mar/2026:08:07:28 +0000] "POST //xmlrpc.php HTTP/1.1" 200 3997 "-" "Mozilla/5.0 (Windows NT 10.0; Win64; x64) AppleWebKit/537.36 (KHTML, like Gecko) Chrome/95.0.4638.69 Safari/537.36"
45.86.202.191 - - [10/Mar/2026:08:07:30 +0000] "POST //xmlrpc.php HTTP/1.1" 200 3997 "-" "Mozilla/5.0 (Windows NT 10.0; Win64; x64) AppleWebKit/537.36 (KHTML, like Gecko) Chrome/95.0.4638.69 Safari/537.36"
143.198.220.252 - - [10/Mar/2026:08:07:30 +0000] "POST /xmlrpc.php HTTP/1.1" 200 4329 "-" "Mozilla/5.0 (Windows NT 10.0; Win64; x64) AppleWebKit/537.36"
52.167.144.216 - - [10/Mar/2026:08:07:31 +0000] "GET /producto/dr-peste/judiciary_110014.html HTTP/1.1" 200 34039 "-" "Mozilla/5.0 AppleWebKit/537.36 (KHTML, like Gecko; compatible; bingbot/2.0; +http://www.bing.com/bingbot.htm) Chrome/116.0.1938.76 Safari/537.36"
45.86.202.193 - - [10/Mar/2026:08:07:32 +0000] "POST //xmlrpc.php HTTP/1.1" 200 3997 "-" "Mozilla/5.0 (Windows NT 10.0; Win64; x64) AppleWebKit/537.36 (KHTML, like Gecko) Chrome/95.0.4638.69 Safari/537.36"
143.198.220.252 - - [10/Mar/2026:08:07:32 +0000] "POST /xmlrpc.php HTTP/1.1" 200 4264 "-" "Mozilla/5.0 (Windows NT 10.0; Win64; x64) AppleWebKit/537.36"
45.86.202.196 - - [10/Mar/2026:08:07:33 +0000] "POST //xmlrpc.php HTTP/1.1" 200 3997 "-" "Mozilla/5.0 (Windows NT 10.0; Win64; x64) AppleWebKit/537.36 (KHTML, like Gecko) Chrome/95.0.4638.69 Safari/537.36"
143.198.220.252 - - [10/Mar/2026:08:07:34 +0000] "POST /xmlrpc.php HTTP/1.1" 200 4329 "-" "Mozilla/5.0 (Windows NT 10.0; Win64; x64) AppleWebKit/537.36"
45.86.202.191 - - [10/Mar/2026:08:07:35 +0000] "POST //xmlrpc.php HTTP/1.1" 200 3997 "-" "Mozilla/5.0 (Windows NT 10.0; Win64; x64) AppleWebKit/537.36 (KHTML, like Gecko) Chrome/95.0.4638.69 Safari/537.36"
143.198.220.252 - - [10/Mar/2026:08:07:36 +0000] "POST /xmlrpc.php HTTP/1.1" 200 4329 "-" "Mozilla/5.0 (Windows NT 10.0; Win64; x64) AppleWebKit/537.36"
45.86.202.177 - - [10/Mar/2026:08:07:37 +0000] "POST //xmlrpc.php HTTP/1.1" 200 3997 "-" "Mozilla/5.0 (Windows NT 10.0; Win64; x64) AppleWebKit/537.36 (KHTML, like Gecko) Chrome/95.0.4638.69 Safari/537.36"
45.86.202.188 - - [10/Mar/2026:08:07:38 +0000] "POST //xmlrpc.php HTTP/1.1" 200 3997 "-" "Mozilla/5.0 (Windows NT 10.0; Win64; x64) AppleWebKit/537.36 (KHTML, like Gecko) Chrome/95.0.4638.69 Safari/537.36"
143.198.220.252 - - [10/Mar/2026:08:07:38 +0000] "POST /xmlrpc.php HTTP/1.1" 200 4264 "-" "Mozilla/5.0 (Windows NT 10.0; Win64; x64) AppleWebKit/537.36"
143.198.220.252 - - [10/Mar/2026:08:07:41 +0000] "POST /xmlrpc.php HTTP/1.1" 200 4329 "-" "Mozilla/5.0 (Windows NT 10.0; Win64; x64) AppleWebKit/537.36"
45.86.202.176 - - [10/Mar/2026:08:07:40 +0000] "POST //xmlrpc.php HTTP/1.1" 200 3997 "-" "Mozilla/5.0 (Windows NT 10.0; Win64; x64) AppleWebKit/537.36 (KHTML, like Gecko) Chrome/95.0.4638.69 Safari/537.36"
216.73.216.131 - - [10/Mar/2026:08:07:42 +0000] "GET /rotiri-fara-depunere-fortuna/feed HTTP/1.1" 301 4250 "-" "Mozilla/5.0 AppleWebKit/537.36 (KHTML, like Gecko; compatible; ClaudeBot/1.0; +claudebot@anthropic.com)"
45.86.202.190 - - [10/Mar/2026:08:07:42 +0000] "POST //xmlrpc.php HTTP/1.1" 200 3997 "-" "Mozilla/5.0 (Windows NT 10.0; Win64; x64) AppleWebKit/537.36 (KHTML, like Gecko) Chrome/95.0.4638.69 Safari/537.36"
143.198.220.252 - - [10/Mar/2026:08:07:42 +0000] "POST /xmlrpc.php HTTP/1.1" 200 4264 "-" "Mozilla/5.0 (Windows NT 10.0; Win64; x64) AppleWebKit/537.36"
216.73.216.131 - - [10/Mar/2026:08:07:43 +0000] "GET /rotiri-fara-depunere-fortuna/feed/ HTTP/1.1" 200 1081 "https://hvmbertogarza.com/rotiri-fara-depunere-fortuna/feed" "Mozilla/5.0 AppleWebKit/537.36 (KHTML, like Gecko; compatible; ClaudeBot/1.0; +claudebot@anthropic.com)"
45.86.202.177 - - [10/Mar/2026:08:07:44 +0000] "POST //xmlrpc.php HTTP/1.1" 200 3997 "-" "Mozilla/5.0 (Windows NT 10.0; Win64; x64) AppleWebKit/537.36 (KHTML, like Gecko) Chrome/95.0.4638.69 Safari/537.36"
143.198.220.252 - - [10/Mar/2026:08:07:45 +0000] "POST /xmlrpc.php HTTP/1.1" 200 4329 "-" "Mozilla/5.0 (Windows NT 10.0; Win64; x64) AppleWebKit/537.36"
45.86.202.197 - - [10/Mar/2026:08:07:46 +0000] "POST //xmlrpc.php HTTP/1.1" 200 3997 "-" "Mozilla/5.0 (Windows NT 10.0; Win64; x64) AppleWebKit/537.36 (KHTML, like Gecko) Chrome/95.0.4638.69 Safari/537.36"
143.198.220.252 - - [10/Mar/2026:08:07:47 +0000] "POST /xmlrpc.php HTTP/1.1" 200 4264 "-" "Mozilla/5.0 (Windows NT 10.0; Win64; x64) AppleWebKit/537.36"
45.86.202.205 - - [10/Mar/2026:08:07:48 +0000] "POST //xmlrpc.php HTTP/1.1" 200 3997 "-" "Mozilla/5.0 (Windows NT 10.0; Win64; x64) AppleWebKit/537.36 (KHTML, like Gecko) Chrome/95.0.4638.69 Safari/537.36"
